This is the mail archive of the
gcc-testresults@gcc.gnu.org
mailing list for the GCC project.
Results for 4.7.3 20130111 (prerelease) [gcc-4_7-branch revision 195101] (GCC) testsuite on i386-pc-solaris2.11
- From: Rainer Orth <ro at CeBiTec dot Uni-Bielefeld dot DE>
- To: gcc-testresults at gcc dot gnu dot org
- Date: Sat, 12 Jan 2013 09:16:07 +0100 (MET)
- Subject: Results for 4.7.3 20130111 (prerelease) [gcc-4_7-branch revision 195101] (GCC) testsuite on i386-pc-solaris2.11
LAST_UPDATED: Fri Jan 11 14:28:09 UTC 2013 (revision 195101)
=== acats tests ===
=== acats Summary ===
# of expected passes 2320
# of unexpected failures 0
Native configuration is i386-pc-solaris2.11
=== g++ tests ===
Running target unix
=== g++ Summary for unix ===
# of expected passes 47270
# of expected failures 288
# of unsupported tests 404
Running target unix/-m64
=== g++ Summary for unix/-m64 ===
# of expected passes 48051
# of expected failures 288
# of unsupported tests 644
=== g++ Summary ===
# of expected passes 95321
# of expected failures 576
# of unsupported tests 1048
/var/gcc/regression/gcc-4.7-branch/11-gcc-gas/build/gcc/testsuite/g++/../../g++ version 4.7.3 20130111 (prerelease) [gcc-4_7-branch revision 195101] (GCC)
=== gcc tests ===
Running target unix
=== gcc Summary for unix ===
# of expected passes 84309
# of expected failures 257
# of unsupported tests 1033
Running target unix/-m64
=== gcc Summary for unix/-m64 ===
# of expected passes 84577
# of expected failures 257
# of unsupported tests 1387
=== gcc Summary ===
# of expected passes 168886
# of expected failures 514
# of unsupported tests 2420
/var/gcc/regression/gcc-4.7-branch/11-gcc-gas/build/gcc/xgcc version 4.7.3 20130111 (prerelease) [gcc-4_7-branch revision 195101] (GCC)
=== gfortran tests ===
Running target unix
=== gfortran Summary for unix ===
# of expected passes 40662
# of expected failures 42
# of unsupported tests 227
Running target unix/-m64
=== gfortran Summary for unix/-m64 ===
# of expected passes 40967
# of expected failures 42
# of unsupported tests 79
=== gfortran Summary ===
# of expected passes 81629
# of expected failures 84
# of unsupported tests 306
/var/gcc/regression/gcc-4.7-branch/11-gcc-gas/build/gcc/testsuite/gfortran/../../gfortran version 4.7.3 20130111 (prerelease) [gcc-4_7-branch revision 195101] (GCC)
=== gnat tests ===
Running target unix
=== gnat Summary for unix ===
# of expected passes 1114
# of expected failures 14
# of unsupported tests 6
Running target unix/-m64
=== gnat Summary for unix/-m64 ===
# of expected passes 1114
# of expected failures 14
# of unsupported tests 6
=== gnat Summary ===
# of expected passes 2228
# of expected failures 28
# of unsupported tests 12
/var/gcc/regression/gcc-4.7-branch/11-gcc-gas/build/gcc/gnatmake version 4.7.3 20130111 (prerelease) [gcc-4_7-branch revision 195101]
=== go tests ===
Running target unix
=== go Summary for unix ===
# of expected passes 3290
# of expected failures 4
# of untested testcases 6
Running target unix/-m64
FAIL: go.test/test/chan/powser1.go execution, -O2 -g
=== go Summary for unix/-m64 ===
# of expected passes 3289
# of unexpected failures 1
# of expected failures 4
# of untested testcases 6
=== go Summary ===
# of expected passes 6579
# of unexpected failures 1
# of expected failures 8
# of untested testcases 12
/var/gcc/regression/gcc-4.7-branch/11-gcc-gas/build/gcc/testsuite/go/../../gccgo version 4.7.3 20130111 (prerelease) [gcc-4_7-branch revision 195101] (GCC)
=== obj-c++ tests ===
Running target unix
=== obj-c++ Summary for unix ===
# of expected passes 1450
# of expected failures 2
# of unsupported tests 86
Running target unix/-m64
=== obj-c++ Summary for unix/-m64 ===
# of expected passes 1442
# of expected failures 10
# of unsupported tests 86
=== obj-c++ Summary ===
# of expected passes 2892
# of expected failures 12
# of unsupported tests 172
/var/gcc/regression/gcc-4.7-branch/11-gcc-gas/build/gcc/testsuite/obj-c++/../../g++ version 4.7.3 20130111 (prerelease) [gcc-4_7-branch revision 195101] (GCC)
=== objc tests ===
Running target unix
=== objc Summary for unix ===
# of expected passes 2988
# of expected failures 6
# of unsupported tests 74
Running target unix/-m64
=== objc Summary for unix/-m64 ===
# of expected passes 2988
# of expected failures 6
# of unsupported tests 74
=== objc Summary ===
# of expected passes 5976
# of expected failures 12
# of unsupported tests 148
/var/gcc/regression/gcc-4.7-branch/11-gcc-gas/build/gcc/xgcc version 4.7.3 20130111 (prerelease) [gcc-4_7-branch revision 195101] (GCC)
=== boehm-gc tests ===
Running target unix
FAIL: boehm-gc.c/gctest.c -O2 execution test
FAIL: boehm-gc.c/leak_test.c -O2 execution test
FAIL: boehm-gc.c/thread_leak_test.c -O2 execution test
FAIL: boehm-gc.lib/staticrootstest.c -O2 execution test
=== boehm-gc Summary for unix ===
# of expected passes 8
# of unexpected failures 4
# of unsupported tests 1
Running target unix/-m64
=== boehm-gc Summary for unix/-m64 ===
# of expected passes 12
# of unsupported tests 1
=== boehm-gc Summary ===
# of expected passes 20
# of unexpected failures 4
# of unsupported tests 2
=== libffi tests ===
Running target unix
=== libffi Summary for unix ===
# of expected passes 1634
# of expected failures 10
# of unsupported tests 55
Running target unix/-m64
=== libffi Summary for unix/-m64 ===
# of expected passes 1634
# of expected failures 10
# of unsupported tests 55
=== libffi Summary ===
# of expected passes 3268
# of expected failures 20
# of unsupported tests 110
=== libgo tests ===
Running target unix
=== libgo Summary for unix ===
# of expected passes 124
Running target unix/-m64
FAIL: bufio
FAIL: bytes
FAIL: flag
FAIL: html
FAIL: image
FAIL: io
FAIL: log
FAIL: mime
FAIL: net
FAIL: path
FAIL: reflect
FAIL: regexp
FAIL: runtime
FAIL: sync
FAIL: time
FAIL: unicode
FAIL: archive/tar
FAIL: archive/zip
FAIL: compress/bzip2
FAIL: compress/flate
FAIL: compress/gzip
FAIL: compress/lzw
FAIL: compress/zlib
FAIL: crypto/aes
FAIL: crypto/cipher
FAIL: crypto/des
FAIL: crypto/ecdsa
FAIL: crypto/hmac
FAIL: crypto/md5
FAIL: crypto/rand
FAIL: crypto/rc4
FAIL: crypto/rsa
FAIL: crypto/sha1
FAIL: crypto/sha256
FAIL: crypto/sha512
FAIL: crypto/subtle
FAIL: crypto/x509
FAIL: database/sql
FAIL: debug/dwarf
FAIL: debug/elf
FAIL: debug/macho
FAIL: debug/pe
FAIL: encoding/ascii85
FAIL: encoding/asn1
FAIL: encoding/csv
FAIL: encoding/gob
FAIL: encoding/hex
FAIL: encoding/json
FAIL: encoding/pem
FAIL: encoding/xml
FAIL: exp/ebnf
FAIL: exp/html
FAIL: exp/norm
FAIL: exp/proxy
FAIL: exp/terminal
FAIL: html/template
FAIL: go/printer
FAIL: go/scanner
FAIL: go/token
FAIL: hash/adler32
FAIL: hash/crc32
FAIL: hash/crc64
FAIL: image/color
FAIL: image/draw
FAIL: image/jpeg
FAIL: index/suffixarray
FAIL: log/syslog
FAIL: math/big
FAIL: math/rand
FAIL: net/http
FAIL: net/http/cgi
FAIL: net/http/fcgi
FAIL: net/http/httptest
FAIL: net/http/httputil
FAIL: net/mail
FAIL: net/rpc
FAIL: net/smtp
FAIL: net/textproto
FAIL: net/url
FAIL: old/netchan
FAIL: old/regexp
FAIL: old/template
FAIL: os/user
FAIL: path/filepath
FAIL: regexp/syntax
FAIL: runtime/pprof
FAIL: sync/atomic
FAIL: text/scanner
FAIL: text/template
FAIL: testing/quick
FAIL: unicode/utf16
FAIL: unicode/utf8
=== libgo Summary for unix/-m64 ===
# of expected passes 32
# of unexpected failures 92
=== libgo Summary ===
# of expected passes 156
# of unexpected failures 92
/var/gcc/regression/gcc-4.7-branch/11-gcc-gas/build/./gcc/gccgo version 4.7.3 20130111 (prerelease) [gcc-4_7-branch revision 195101] (GCC)
=== libgomp tests ===
Running target unix
=== libgomp Summary for unix ===
# of expected passes 2924
# of unsupported tests 3
Running target unix/-m64
=== libgomp Summary for unix/-m64 ===
# of expected passes 2924
# of unsupported tests 3
=== libgomp Summary ===
# of expected passes 5848
# of unsupported tests 6
=== libitm tests ===
Running target unix
=== libitm Summary for unix ===
# of expected passes 26
# of expected failures 3
# of unsupported tests 1
Running target unix/-m64
=== libitm Summary for unix/-m64 ===
# of expected passes 26
# of expected failures 3
# of unsupported tests 1
=== libitm Summary ===
# of expected passes 52
# of expected failures 6
# of unsupported tests 2
=== libjava tests ===
Running target unix
=== libjava Summary for unix ===
# of expected passes 2574
Running target unix/-m64
=== libjava Summary for unix/-m64 ===
# of expected passes 2574
=== libjava Summary ===
# of expected passes 5148
=== libmudflap tests ===
Running target unix
=== libmudflap Summary for unix ===
# of expected passes 1442
Running target unix/-m64
FAIL: libmudflap.c++/pass55-frag.cxx ( -O) execution test
=== libmudflap Summary for unix/-m64 ===
# of expected passes 1441
# of unexpected failures 1
=== libmudflap Summary ===
# of expected passes 2883
# of unexpected failures 1
=== libstdc++ tests ===
Running target unix
FAIL: libstdc++-prettyprinters/shared_ptr.cc print esp
FAIL: libstdc++-prettyprinters/shared_ptr.cc print ewp1
FAIL: libstdc++-prettyprinters/shared_ptr.cc print ewp2
FAIL: libstdc++-prettyprinters/shared_ptr.cc print sp1
FAIL: libstdc++-prettyprinters/shared_ptr.cc print wp1
FAIL: libstdc++-prettyprinters/shared_ptr.cc print wp2
=== libstdc++ Summary for unix ===
# of expected passes 8005
# of unexpected failures 6
# of expected failures 43
# of unsupported tests 514
Running target unix/-m64
FAIL: libstdc++-prettyprinters/shared_ptr.cc print esp
FAIL: libstdc++-prettyprinters/shared_ptr.cc print ewp1
FAIL: libstdc++-prettyprinters/shared_ptr.cc print ewp2
FAIL: libstdc++-prettyprinters/shared_ptr.cc print sp1
FAIL: libstdc++-prettyprinters/shared_ptr.cc print wp1
FAIL: libstdc++-prettyprinters/shared_ptr.cc print wp2
=== libstdc++ Summary for unix/-m64 ===
# of expected passes 8005
# of unexpected failures 6
# of expected failures 43
# of unsupported tests 514
=== libstdc++ Summary ===
# of expected passes 16010
# of unexpected failures 12
# of expected failures 86
# of unsupported tests 1028
Compiler version: 4.7.3 20130111 (prerelease) [gcc-4_7-branch revision 195101] (GCC)
Platform: i386-pc-solaris2.11
configure flags: --prefix=/vol/gcc --target=i386-pc-solaris2.11 --enable-objc-gc --enable-libmudflap --with-as=/vol/gcc/bin/gas-2.23.1 --with-gnu-as --with-gmp-include=/vol/gcc/include --with-gmp-lib=/vol/gcc/lib --with-mpfr-include=/vol/gcc/include --with-mpfr-lib=/vol/gcc/lib --with-mpc-include=/vol/gcc/include --with-mpc-lib=/vol/gcc/lib --enable-languages=all,ada,obj-c++,go --without-ppl --without-isl --without-cloog
BOOT_CFLAGS=-g -O2