This is the mail archive of the
gcc-testresults@gcc.gnu.org
mailing list for the GCC project.
Results for 4.8.0 20130101 (experimental) (GCC) testsuite on m32r-unknown-rtems4.11
- From: joel at baltimore dot localdomain (Joel Sherrill)
- To: gcc-testresults at gcc dot gnu dot org
- Date: Wed, 02 Jan 2013 21:14:35 -0600
- Subject: Results for 4.8.0 20130101 (experimental) (GCC) testsuite on m32r-unknown-rtems4.11
Target is m32r-unknown-rtems4.11
Host is i686-pc-linux-gnu
=== gcc tests ===
Running target rtems-m32r-m32rsim
FAIL: gcc.c-torture/execute/builtins/20010124-1.c compilation, -O2 -flto -fuse-linker-plugin -fno-fat-lto-objects
UNRESOLVED: gcc.c-torture/execute/builtins/20010124-1.c execution, -O2 -flto -fuse-linker-plugin -fno-fat-lto-objects
FAIL: gcc.c-torture/execute/builtins/memcpy-chk.c compilation, -O2 -flto -fuse-linker-plugin -fno-fat-lto-objects
UNRESOLVED: gcc.c-torture/execute/builtins/memcpy-chk.c execution, -O2 -flto -fuse-linker-plugin -fno-fat-lto-objects
FAIL: gcc.c-torture/execute/builtins/memmove-chk.c compilation, -O2 -flto -fuse-linker-plugin -fno-fat-lto-objects
UNRESOLVED: gcc.c-torture/execute/builtins/memmove-chk.c execution, -O2 -flto -fuse-linker-plugin -fno-fat-lto-objects
FAIL: gcc.c-torture/execute/builtins/memops-asm.c compilation, -O2 -flto -fuse-linker-plugin -fno-fat-lto-objects
UNRESOLVED: gcc.c-torture/execute/builtins/memops-asm.c execution, -O2 -flto -fuse-linker-plugin -fno-fat-lto-objects
FAIL: gcc.c-torture/execute/builtins/mempcpy-chk.c compilation, -O2 -flto -fuse-linker-plugin -fno-fat-lto-objects
UNRESOLVED: gcc.c-torture/execute/builtins/mempcpy-chk.c execution, -O2 -flto -fuse-linker-plugin -fno-fat-lto-objects
FAIL: gcc.c-torture/execute/builtins/memset-chk.c compilation, -O2 -flto -fuse-linker-plugin -fno-fat-lto-objects
UNRESOLVED: gcc.c-torture/execute/builtins/memset-chk.c execution, -O2 -flto -fuse-linker-plugin -fno-fat-lto-objects
FAIL: gcc.c-torture/execute/builtins/memset.c compilation, -O2 -flto -fuse-linker-plugin -fno-fat-lto-objects
UNRESOLVED: gcc.c-torture/execute/builtins/memset.c execution, -O2 -flto -fuse-linker-plugin -fno-fat-lto-objects
FAIL: gcc.c-torture/execute/builtins/pr22237.c compilation, -O2 -flto -fuse-linker-plugin -fno-fat-lto-objects
UNRESOLVED: gcc.c-torture/execute/builtins/pr22237.c execution, -O2 -flto -fuse-linker-plugin -fno-fat-lto-objects
FAIL: gcc.c-torture/execute/builtins/pr23484-chk.c compilation, -O2 -flto -fuse-linker-plugin -fno-fat-lto-objects
UNRESOLVED: gcc.c-torture/execute/builtins/pr23484-chk.c execution, -O2 -flto -fuse-linker-plugin -fno-fat-lto-objects
FAIL: gcc.c-torture/execute/builtins/snprintf-chk.c compilation, -O2 -flto -fuse-linker-plugin -fno-fat-lto-objects
UNRESOLVED: gcc.c-torture/execute/builtins/snprintf-chk.c execution, -O2 -flto -fuse-linker-plugin -fno-fat-lto-objects
FAIL: gcc.c-torture/execute/builtins/sprintf-chk.c compilation, -O2 -flto -fuse-linker-plugin -fno-fat-lto-objects
UNRESOLVED: gcc.c-torture/execute/builtins/sprintf-chk.c execution, -O2 -flto -fuse-linker-plugin -fno-fat-lto-objects
FAIL: gcc.c-torture/execute/builtins/stpcpy-chk.c compilation, -O2 -flto -fuse-linker-plugin -fno-fat-lto-objects
UNRESOLVED: gcc.c-torture/execute/builtins/stpcpy-chk.c execution, -O2 -flto -fuse-linker-plugin -fno-fat-lto-objects
FAIL: gcc.c-torture/execute/builtins/stpncpy-chk.c compilation, -O2 -flto -fuse-linker-plugin -fno-fat-lto-objects
UNRESOLVED: gcc.c-torture/execute/builtins/stpncpy-chk.c execution, -O2 -flto -fuse-linker-plugin -fno-fat-lto-objects
FAIL: gcc.c-torture/execute/builtins/strcat-chk.c compilation, -O2 -flto -fuse-linker-plugin -fno-fat-lto-objects
UNRESOLVED: gcc.c-torture/execute/builtins/strcat-chk.c execution, -O2 -flto -fuse-linker-plugin -fno-fat-lto-objects
FAIL: gcc.c-torture/execute/builtins/strcmp.c compilation, -O2 -flto -fuse-linker-plugin -fno-fat-lto-objects
UNRESOLVED: gcc.c-torture/execute/builtins/strcmp.c execution, -O2 -flto -fuse-linker-plugin -fno-fat-lto-objects
FAIL: gcc.c-torture/execute/builtins/strcpy-chk.c compilation, -O2 -flto -fuse-linker-plugin -fno-fat-lto-objects
UNRESOLVED: gcc.c-torture/execute/builtins/strcpy-chk.c execution, -O2 -flto -fuse-linker-plugin -fno-fat-lto-objects
FAIL: gcc.c-torture/execute/builtins/strlen-2.c compilation, -O2 -flto -fuse-linker-plugin -fno-fat-lto-objects
UNRESOLVED: gcc.c-torture/execute/builtins/strlen-2.c execution, -O2 -flto -fuse-linker-plugin -fno-fat-lto-objects
FAIL: gcc.c-torture/execute/builtins/strlen-3.c compilation, -O2 -flto -fuse-linker-plugin -fno-fat-lto-objects
UNRESOLVED: gcc.c-torture/execute/builtins/strlen-3.c execution, -O2 -flto -fuse-linker-plugin -fno-fat-lto-objects
FAIL: gcc.c-torture/execute/builtins/strlen.c compilation, -O2 -flto -fuse-linker-plugin -fno-fat-lto-objects
UNRESOLVED: gcc.c-torture/execute/builtins/strlen.c execution, -O2 -flto -fuse-linker-plugin -fno-fat-lto-objects
FAIL: gcc.c-torture/execute/builtins/strncat-chk.c compilation, -O2 -flto -fuse-linker-plugin -fno-fat-lto-objects
UNRESOLVED: gcc.c-torture/execute/builtins/strncat-chk.c execution, -O2 -flto -fuse-linker-plugin -fno-fat-lto-objects
FAIL: gcc.c-torture/execute/builtins/strncmp-2.c compilation, -O2 -flto -fuse-linker-plugin -fno-fat-lto-objects
UNRESOLVED: gcc.c-torture/execute/builtins/strncmp-2.c execution, -O2 -flto -fuse-linker-plugin -fno-fat-lto-objects
FAIL: gcc.c-torture/execute/builtins/strncmp.c compilation, -O2 -flto -fuse-linker-plugin -fno-fat-lto-objects
UNRESOLVED: gcc.c-torture/execute/builtins/strncmp.c execution, -O2 -flto -fuse-linker-plugin -fno-fat-lto-objects
FAIL: gcc.c-torture/execute/builtins/strncpy-chk.c compilation, -O2 -flto -fuse-linker-plugin -fno-fat-lto-objects
UNRESOLVED: gcc.c-torture/execute/builtins/strncpy-chk.c execution, -O2 -flto -fuse-linker-plugin -fno-fat-lto-objects
FAIL: gcc.c-torture/execute/builtins/vsnprintf-chk.c compilation, -O2 -flto -fuse-linker-plugin -fno-fat-lto-objects
UNRESOLVED: gcc.c-torture/execute/builtins/vsnprintf-chk.c execution, -O2 -flto -fuse-linker-plugin -fno-fat-lto-objects
FAIL: gcc.c-torture/execute/builtins/vsprintf-chk.c compilation, -O2 -flto -fuse-linker-plugin -fno-fat-lto-objects
UNRESOLVED: gcc.c-torture/execute/builtins/vsprintf-chk.c execution, -O2 -flto -fuse-linker-plugin -fno-fat-lto-objects
FAIL: gcc.c-torture/execute/20101011-1.c execution, -O0
FAIL: gcc.c-torture/execute/20101011-1.c execution, -O1
FAIL: gcc.c-torture/execute/20101011-1.c execution, -O2
FAIL: gcc.c-torture/execute/20101011-1.c execution, -O3 -fomit-frame-pointer
FAIL: gcc.c-torture/execute/20101011-1.c execution, -O3 -g
FAIL: gcc.c-torture/execute/20101011-1.c execution, -Os
FAIL: gcc.c-torture/execute/20101011-1.c execution, -Og -g
FAIL: gcc.c-torture/execute/20101011-1.c execution, -O2 -flto -fno-use-linker-plugin -flto-partition=none
FAIL: gcc.c-torture/execute/20101011-1.c execution, -O2 -flto -fuse-linker-plugin -fno-fat-lto-objects
XPASS: gcc.c-torture/execute/981130-1.c execution, -O0
XPASS: gcc.c-torture/execute/981130-1.c execution, -O1
XPASS: gcc.c-torture/execute/981130-1.c execution, -O2
XPASS: gcc.c-torture/execute/981130-1.c execution, -Os
XPASS: gcc.c-torture/execute/981130-1.c execution, -O2 -flto -fno-use-linker-plugin -flto-partition=none
XPASS: gcc.c-torture/execute/981130-1.c execution, -O2 -flto -fuse-linker-plugin -fno-fat-lto-objects
FAIL: gcc.dg/initpri1.c execution test
FAIL: gcc.dg/initpri3.c execution test
FAIL: gcc.dg/stack-usage-1.c (test for excess errors)
FAIL: gcc.dg/stack-usage-1.c scan-file foo\\t(256|264)\\tstatic
FAIL: gcc.dg/stack-usage-2.c (test for bogus messages, line 9)
FAIL: gcc.dg/stack-usage-2.c (test for warnings, line 16)
FAIL: gcc.dg/stack-usage-2.c (test for warnings, line 26)
FAIL: gcc.dg/stack-usage-2.c (test for warnings, line 33)
FAIL: gcc.dg/graphite/id-pr46845.c (internal compiler error)
FAIL: gcc.dg/graphite/id-pr46845.c (test for excess errors)
FAIL: gcc.dg/graphite/run-id-1.c execution test
FAIL: gcc.dg/graphite/interchange-1.c execution test
FAIL: gcc.dg/graphite/interchange-10.c execution test
FAIL: gcc.dg/graphite/interchange-11.c execution test
FAIL: gcc.dg/graphite/interchange-15.c execution test
FAIL: gcc.dg/graphite/interchange-2.c execution test
FAIL: gcc.dg/graphite/interchange-3.c execution test
FAIL: gcc.dg/graphite/interchange-4.c execution test
FAIL: gcc.dg/graphite/interchange-7.c execution test
FAIL: gcc.dg/graphite/interchange-mvt.c execution test
FAIL: gcc.dg/graphite/pr46185.c execution test
FAIL: gcc.dg/lto/pr54709 c_lto_pr54709_0.o-c_lto_pr54709_1.o link, -fPIC -fvisibility=hidden -flto
UNRESOLVED: gcc.dg/lto/pr54709 c_lto_pr54709_0.o-c_lto_pr54709_1.o execute -fPIC -fvisibility=hidden -flto
FAIL: c-c++-common/torture/vector-compare-1.c -O3 -fomit-frame-pointer (internal compiler error)
FAIL: c-c++-common/torture/vector-compare-1.c -O3 -fomit-frame-pointer (test for excess errors)
WARNING: c-c++-common/torture/vector-compare-1.c -O3 -fomit-frame-pointer compilation failed to produce executable
FAIL: c-c++-common/torture/vector-compare-1.c -O3 -fomit-frame-pointer -funroll-loops (internal compiler error)
FAIL: c-c++-common/torture/vector-compare-1.c -O3 -fomit-frame-pointer -funroll-loops (test for excess errors)
WARNING: c-c++-common/torture/vector-compare-1.c -O3 -fomit-frame-pointer -funroll-loops compilation failed to produce executable
FAIL: c-c++-common/torture/vector-compare-1.c -O3 -fomit-frame-pointer -funroll-all-loops -finline-functions (internal compiler error)
FAIL: c-c++-common/torture/vector-compare-1.c -O3 -fomit-frame-pointer -funroll-all-loops -finline-functions (test for excess errors)
WARNING: c-c++-common/torture/vector-compare-1.c -O3 -fomit-frame-pointer -funroll-all-loops -finline-functions compilation failed to produce executable
FAIL: c-c++-common/torture/vector-compare-1.c -O3 -g (internal compiler error)
FAIL: c-c++-common/torture/vector-compare-1.c -O3 -g (test for excess errors)
WARNING: c-c++-common/torture/vector-compare-1.c -O3 -g compilation failed to produce executable
XPASS: gcc.dg/tree-ssa/20040204-1.c scan-tree-dump-times optimized "link_error" 0
FAIL: gcc.dg/tree-ssa/pr42585.c scan-tree-dump-times optimized "struct _fat_ptr _ans" 0
FAIL: gcc.dg/tree-ssa/pr42585.c scan-tree-dump-times optimized "struct _fat_ptr _T2" 0
FAIL: gcc.dg/tree-ssa/sra-12.c scan-tree-dump-times release_ssa "l;" 0
FAIL: gcc.dg/tree-ssa/ssa-dom-thread-4.c scan-tree-dump-times dom1 "Threaded" 3
FAIL: gcc.dg/tree-ssa/vrp47.c scan-tree-dump-times vrp1 "[xy][^ ]* !=" 0
FAIL: gcc.dg/tree-ssa/vrp47.c scan-tree-dump-times dom2 "x[^ ]* & y" 1
FAIL: gcc.dg/tree-ssa/vrp47.c scan-tree-dump-times vrp1 "x[^ ]* [|] y" 1
=== gcc Summary ===
# of expected passes 77443
# of unexpected failures 71
# of unexpected successes 7
# of expected failures 104
# of unresolved testcases 26
# of unsupported tests 1420
/home/joel/test-gcc/b-m32r-gcc/gcc/xgcc version 4.8.0 20130101 (experimental) (GCC)
Host is i686-pc-linux-gnu
=== g++ tests ===
Running target rtems-m32r-m32rsim
FAIL: g++.dg/compat/init/init-ref2 cp_compat_x_tst.o-cp_compat_y_tst.o execute
FAIL: g++.dg/debug/dwarf2/non-virtual-thunk.C -std=gnu++98 scan-assembler thunk.C:30
FAIL: g++.dg/debug/dwarf2/non-virtual-thunk.C -std=gnu++11 scan-assembler thunk.C:30
FAIL: g++.dg/cpp0x/initlist25.C execution test
FAIL: g++.dg/cpp0x/udlit-general.C execution test
FAIL: g++.dg/cpp0x/variadic-tuple.C execution test
FAIL: g++.dg/eh/crossjump1.C -std=gnu++98 execution test
FAIL: g++.dg/eh/crossjump1.C -std=gnu++11 execution test
FAIL: g++.dg/eh/omit-frame-pointer.C -std=gnu++98 execution test
FAIL: g++.dg/eh/omit-frame-pointer.C -std=gnu++11 execution test
FAIL: g++.dg/init/dtor3.C -std=c++98 execution test
FAIL: g++.dg/init/dtor3.C -std=c++11 execution test
FAIL: g++.dg/init/init-ref2.C -std=c++98 execution test
FAIL: g++.dg/init/init-ref2.C -std=c++11 execution test
FAIL: g++.dg/opt/pr15551.C -std=gnu++98 execution test
FAIL: g++.dg/opt/pr15551.C -std=gnu++11 execution test
FAIL: g++.dg/opt/pr23478.C -std=gnu++98 execution test
FAIL: g++.dg/opt/pr23478.C -std=gnu++11 execution test
FAIL: g++.dg/opt/static5.C -std=gnu++98 execution test
FAIL: g++.dg/opt/static5.C -std=gnu++11 execution test
FAIL: g++.dg/rtti/typeid4.C -std=gnu++98 execution test
FAIL: g++.dg/rtti/typeid4.C -std=gnu++11 execution test
FAIL: g++.dg/template/friend10.C -std=c++98 execution test
FAIL: g++.dg/template/friend10.C -std=c++11 execution test
FAIL: g++.dg/tree-ssa/pr20458.C -std=gnu++98 execution test
FAIL: g++.dg/tree-ssa/pr20458.C -std=gnu++11 execution test
FAIL: g++.dg/lto/20091219 cp_lto_20091219_0.o-cp_lto_20091219_0.o execute -O3 -flto
FAIL: g++.dg/special/conpr-1.C execution test
FAIL: g++.dg/special/conpr-2.C execution test
FAIL: g++.dg/special/conpr-3.C execution test
FAIL: g++.dg/special/conpr-4.C execution test
FAIL: g++.dg/special/initp1.C execution test
FAIL: g++.dg/special/initpri1.C execution test
FAIL: g++.dg/tls/thread_local6.C (test for excess errors)
WARNING: g++.dg/tls/thread_local6.C compilation failed to produce executable
FAIL: c-c++-common/torture/vector-compare-1.c -O3 -fomit-frame-pointer (internal compiler error)
FAIL: c-c++-common/torture/vector-compare-1.c -O3 -fomit-frame-pointer (test for excess errors)
WARNING: c-c++-common/torture/vector-compare-1.c -O3 -fomit-frame-pointer compilation failed to produce executable
FAIL: c-c++-common/torture/vector-compare-1.c -O3 -fomit-frame-pointer -funroll-loops (internal compiler error)
FAIL: c-c++-common/torture/vector-compare-1.c -O3 -fomit-frame-pointer -funroll-loops (test for excess errors)
WARNING: c-c++-common/torture/vector-compare-1.c -O3 -fomit-frame-pointer -funroll-loops compilation failed to produce executable
FAIL: c-c++-common/torture/vector-compare-1.c -O3 -fomit-frame-pointer -funroll-all-loops -finline-functions (internal compiler error)
FAIL: c-c++-common/torture/vector-compare-1.c -O3 -fomit-frame-pointer -funroll-all-loops -finline-functions (test for excess errors)
WARNING: c-c++-common/torture/vector-compare-1.c -O3 -fomit-frame-pointer -funroll-all-loops -finline-functions compilation failed to produce executable
FAIL: c-c++-common/torture/vector-compare-1.c -O3 -g (internal compiler error)
FAIL: c-c++-common/torture/vector-compare-1.c -O3 -g (test for excess errors)
WARNING: c-c++-common/torture/vector-compare-1.c -O3 -g compilation failed to produce executable
FAIL: g++.old-deja/g++.benjamin/15071.C -std=c++98 execution test
FAIL: g++.old-deja/g++.benjamin/15071.C -std=c++11 execution test
FAIL: g++.old-deja/g++.brendan/copy9.C -std=c++98 execution test
FAIL: g++.old-deja/g++.brendan/copy9.C -std=c++11 execution test
FAIL: g++.old-deja/g++.brendan/nest21.C -std=c++98 execution test
FAIL: g++.old-deja/g++.brendan/nest21.C -std=c++11 execution test
FAIL: g++.old-deja/g++.brendan/ptolemy2.C -std=c++98 execution test
FAIL: g++.old-deja/g++.brendan/ptolemy2.C -std=c++11 execution test
FAIL: g++.old-deja/g++.jason/2371.C -std=gnu++98 execution test
FAIL: g++.old-deja/g++.jason/2371.C -std=gnu++11 execution test
FAIL: g++.old-deja/g++.jason/pmf7.C -std=c++98 execution test
FAIL: g++.old-deja/g++.jason/template24.C -std=c++98 execution test
FAIL: g++.old-deja/g++.jason/template24.C -std=c++11 execution test
FAIL: g++.old-deja/g++.jason/template31.C -std=c++98 execution test
FAIL: g++.old-deja/g++.jason/template31.C -std=c++11 execution test
FAIL: g++.old-deja/g++.law/arg8.C -std=c++98 execution test
FAIL: g++.old-deja/g++.law/arg8.C -std=c++11 execution test
FAIL: g++.old-deja/g++.law/code-gen5.C -std=c++98 execution test
FAIL: g++.old-deja/g++.law/code-gen5.C -std=c++11 execution test
FAIL: g++.old-deja/g++.law/ctors12.C -std=c++98 execution test
FAIL: g++.old-deja/g++.law/ctors12.C -std=c++11 execution test
FAIL: g++.old-deja/g++.law/cvt2.C -std=c++98 execution test
FAIL: g++.old-deja/g++.law/cvt2.C -std=c++11 execution test
FAIL: g++.old-deja/g++.law/virtual3.C -std=c++98 execution test
FAIL: g++.old-deja/g++.law/virtual3.C -std=c++11 execution test
FAIL: g++.old-deja/g++.mike/eh2.C -std=gnu++98 execution test
FAIL: g++.old-deja/g++.mike/eh2.C -std=gnu++11 execution test
FAIL: g++.old-deja/g++.mike/init1.C -std=c++98 execution test
FAIL: g++.old-deja/g++.mike/init1.C -std=c++11 execution test
FAIL: g++.old-deja/g++.mike/leak1.C -std=c++98 execution test
FAIL: g++.old-deja/g++.mike/leak1.C -std=c++11 execution test
FAIL: g++.old-deja/g++.mike/net34.C -std=gnu++98 execution test
FAIL: g++.old-deja/g++.mike/net34.C -std=gnu++11 execution test
FAIL: g++.old-deja/g++.mike/net46.C -std=c++98 execution test
FAIL: g++.old-deja/g++.mike/net46.C -std=c++11 execution test
FAIL: g++.old-deja/g++.mike/p2736.C -std=c++98 execution test
FAIL: g++.old-deja/g++.mike/p2736.C -std=c++11 execution test
FAIL: g++.old-deja/g++.mike/p3041.C -std=c++98 execution test
FAIL: g++.old-deja/g++.mike/p3041.C -std=c++11 execution test
FAIL: g++.old-deja/g++.mike/p658.C -std=c++98 execution test
FAIL: g++.old-deja/g++.mike/p658.C -std=c++11 execution test
FAIL: g++.old-deja/g++.mike/p783b.C -std=c++98 execution test
FAIL: g++.old-deja/g++.mike/p783b.C -std=c++11 execution test
FAIL: g++.old-deja/g++.mike/p9732b.C -std=c++98 execution test
FAIL: g++.old-deja/g++.mike/p9732b.C -std=c++11 execution test
FAIL: g++.old-deja/g++.other/dtor11.C -std=c++98 execution test
FAIL: g++.old-deja/g++.other/dtor11.C -std=c++11 execution test
FAIL: g++.old-deja/g++.other/headers1.C -std=c++98 execution test
FAIL: g++.old-deja/g++.other/headers1.C -std=c++11 execution test
FAIL: g++.old-deja/g++.other/init7.C -std=c++98 execution test
FAIL: g++.old-deja/g++.other/init7.C -std=c++11 execution test
WARNING: program timed out.
WARNING: program timed out.
FAIL: g++.old-deja/g++.other/inline8.C -std=gnu++98 execution test
FAIL: g++.old-deja/g++.other/inline8.C -std=gnu++11 execution test
FAIL: g++.old-deja/g++.other/sibcall1.C -std=gnu++98 execution test
FAIL: g++.old-deja/g++.other/sibcall1.C -std=gnu++11 execution test
FAIL: g++.old-deja/g++.other/singleton.C -std=c++98 execution test
FAIL: g++.old-deja/g++.other/singleton.C -std=c++11 execution test
FAIL: g++.old-deja/g++.other/static7.C -std=c++98 execution test
FAIL: g++.old-deja/g++.other/static7.C -std=c++11 execution test
FAIL: g++.old-deja/g++.other/unchanging1.C -std=gnu++98 execution test
FAIL: g++.old-deja/g++.other/unchanging1.C -std=gnu++11 execution test
FAIL: g++.old-deja/g++.robertl/eb115.C -std=gnu++98 execution test
FAIL: g++.old-deja/g++.robertl/eb115.C -std=gnu++11 execution test
FAIL: g++.old-deja/g++.robertl/eb21.C -std=c++98 execution test
FAIL: g++.old-deja/g++.robertl/eb21.C -std=c++11 execution test
FAIL: g++.old-deja/g++.robertl/eb31.C -std=c++98 execution test
FAIL: g++.old-deja/g++.robertl/eb31.C -std=c++11 execution test
FAIL: g++.old-deja/g++.robertl/eb41.C -std=c++98 execution test
FAIL: g++.old-deja/g++.robertl/eb41.C -std=c++11 execution test
FAIL: g++.old-deja/g++.robertl/eb46.C -std=c++98 execution test
FAIL: g++.old-deja/g++.robertl/eb46.C -std=c++11 execution test
FAIL: g++.old-deja/g++.robertl/eb54.C -std=c++98 execution test
FAIL: g++.old-deja/g++.robertl/eb54.C -std=c++11 execution test
FAIL: g++.old-deja/g++.robertl/eb66.C -std=c++98 execution test
FAIL: g++.old-deja/g++.robertl/eb66.C -std=c++11 execution test
FAIL: g++.old-deja/g++.robertl/eb73.C -std=gnu++98 execution test
FAIL: g++.old-deja/g++.robertl/eb73.C -std=gnu++11 execution test
FAIL: g++.old-deja/g++.robertl/eb77.C -std=c++98 execution test
FAIL: g++.old-deja/g++.robertl/eb77.C -std=c++11 execution test
=== g++ Summary ===
# of expected passes 47671
# of unexpected failures 121
# of expected failures 287
# of unsupported tests 1000
/home/joel/test-gcc/b-m32r-gcc/gcc/testsuite/g++/../../xg++ version 4.8.0 20130101 (experimental) (GCC)
Compiler version: 4.8.0 20130101 (experimental) (GCC)
Platform: m32r-unknown-rtems4.11
configure flags: --disable-werror --enable-threads=rtems --with-gnu-as --enable-multilib --enable-newlib-mb --enable-newlib-iconv --with-gnu-ld --with-newlib --verbose --with-system-zlib --disable-nls --enable-version-specific-runtime-libs --enable-languages=c,c++ --target=m32r-rtems4.11 --prefix=/home/joel/test-gcc/install-svn