This is the mail archive of the gcc-testresults@gcc.gnu.org mailing list for the GCC project.


Index Nav: [Date Index] [Subject Index] [Author Index] [Thread Index]
Message Nav: [Date Prev] [Date Next] [Thread Prev] [Thread Next]
Other format: [Raw text]

Results for 4.8.0 20121231 (experimental) [trunk revision 194760] (GCC) testsuite on powerpc64-unknown-linux-gnu


Linux 2.6.16.60-0.83.2-ppc64 ppc64
GNU C Library stable release version 2.4 (20110922)
GNU ld (GNU Binutils) 2.21.1
GNU assembler (GNU Binutils) 2.21.1
GNU Make 3.80

DejaGnu:
	Expect version is	5.43.0
	Tcl version is		8.4
	Framework version is	1.4.4

32-bit biarch default32

LAST_UPDATED: Mon Dec 31 02:16:27 UTC 2012 (revision 194760)

Native configuration is powerpc64-unknown-linux-gnu

		=== gcc tests ===


Running target unix/-m32
FAIL: c-c++-common/asan/clone-test-1.c  -O1  execution test
FAIL: c-c++-common/asan/clone-test-1.c  -O2  execution test
FAIL: c-c++-common/asan/clone-test-1.c  -O3 -fomit-frame-pointer  execution test
FAIL: c-c++-common/asan/clone-test-1.c  -O3 -fomit-frame-pointer -funroll-loops  execution test
FAIL: c-c++-common/asan/clone-test-1.c  -O3 -fomit-frame-pointer -funroll-all-loops -finline-functions  execution test
FAIL: c-c++-common/asan/clone-test-1.c  -O3 -g  execution test
FAIL: c-c++-common/asan/clone-test-1.c  -Os  execution test
FAIL: c-c++-common/asan/clone-test-1.c  -O2 -flto -fno-use-linker-plugin -flto-partition=none  execution test
FAIL: c-c++-common/asan/clone-test-1.c  -O2 -flto -fuse-linker-plugin -fno-fat-lto-objects  execution test
FAIL: c-c++-common/asan/global-overflow-1.c  -O0  output pattern test, is =================================================================
FAIL: c-c++-common/asan/global-overflow-1.c  -O1  output pattern test, is ==25886== AddressSanitizer CHECK failed: /home/gccbuild/gcc_trunk_anonsvn/gcc/libsanitizer/asan/asan_globals.cc:86 "((AddrIsAlignedByGranularity(g->beg))) != (0)" (0x0, 0x0)
FAIL: c-c++-common/asan/global-overflow-1.c  -O2  output pattern test, is ==25918== AddressSanitizer CHECK failed: /home/gccbuild/gcc_trunk_anonsvn/gcc/libsanitizer/asan/asan_globals.cc:86 "((AddrIsAlignedByGranularity(g->beg))) != (0)" (0x0, 0x0)
FAIL: c-c++-common/asan/global-overflow-1.c  -O3 -fomit-frame-pointer  output pattern test, is ==25951== AddressSanitizer CHECK failed: /home/gccbuild/gcc_trunk_anonsvn/gcc/libsanitizer/asan/asan_globals.cc:86 "((AddrIsAlignedByGranularity(g->beg))) != (0)" (0x0, 0x0)
FAIL: c-c++-common/asan/global-overflow-1.c  -O3 -g  output pattern test, is ==25982== AddressSanitizer CHECK failed: /home/gccbuild/gcc_trunk_anonsvn/gcc/libsanitizer/asan/asan_globals.cc:86 "((AddrIsAlignedByGranularity(g->beg))) != (0)" (0x0, 0x0)
FAIL: c-c++-common/asan/global-overflow-1.c  -Os  output pattern test, is ==26010== AddressSanitizer CHECK failed: /home/gccbuild/gcc_trunk_anonsvn/gcc/libsanitizer/asan/asan_globals.cc:86 "((AddrIsAlignedByGranularity(g->beg))) != (0)" (0x0, 0x0)
FAIL: c-c++-common/asan/global-overflow-1.c  -O2 -flto -fno-use-linker-plugin -flto-partition=none  output pattern test, is ==26071== AddressSanitizer CHECK failed: /home/gccbuild/gcc_trunk_anonsvn/gcc/libsanitizer/asan/asan_globals.cc:86 "((AddrIsAlignedByGranularity(g->beg))) != (0)" (0x0, 0x0)
FAIL: c-c++-common/asan/global-overflow-1.c  -O2 -flto -fuse-linker-plugin -fno-fat-lto-objects  output pattern test, is ==26111== AddressSanitizer CHECK failed: /home/gccbuild/gcc_trunk_anonsvn/gcc/libsanitizer/asan/asan_globals.cc:86 "((AddrIsAlignedByGranularity(g->beg))) != (0)" (0x0, 0x0)
FAIL: c-c++-common/asan/heap-overflow-1.c  -O0  output pattern test, is =================================================================
FAIL: c-c++-common/asan/heap-overflow-1.c  -O1  output pattern test, is =================================================================
FAIL: c-c++-common/asan/heap-overflow-1.c  -O2  output pattern test, is =================================================================
FAIL: c-c++-common/asan/heap-overflow-1.c  -O3 -fomit-frame-pointer  output pattern test, is =================================================================
FAIL: c-c++-common/asan/heap-overflow-1.c  -O3 -g  output pattern test, is =================================================================
FAIL: c-c++-common/asan/heap-overflow-1.c  -Os  output pattern test, is =================================================================
FAIL: c-c++-common/asan/heap-overflow-1.c  -O2 -flto -fno-use-linker-plugin -flto-partition=none  output pattern test, is =================================================================
FAIL: c-c++-common/asan/heap-overflow-1.c  -O2 -flto -fuse-linker-plugin -fno-fat-lto-objects  output pattern test, is =================================================================
FAIL: c-c++-common/asan/null-deref-1.c  -O0  output pattern test, is ASAN:SIGSEGV
FAIL: c-c++-common/asan/null-deref-1.c  -O1  output pattern test, is ASAN:SIGSEGV
FAIL: c-c++-common/asan/null-deref-1.c  -O2  output pattern test, is ASAN:SIGSEGV
FAIL: c-c++-common/asan/null-deref-1.c  -O3 -fomit-frame-pointer  output pattern test, is ASAN:SIGSEGV
FAIL: c-c++-common/asan/null-deref-1.c  -O3 -g  output pattern test, is ASAN:SIGSEGV
FAIL: c-c++-common/asan/null-deref-1.c  -Os  output pattern test, is ASAN:SIGSEGV
FAIL: c-c++-common/asan/null-deref-1.c  -O2 -flto -fno-use-linker-plugin -flto-partition=none  output pattern test, is ASAN:SIGSEGV
FAIL: c-c++-common/asan/null-deref-1.c  -O2 -flto -fuse-linker-plugin -fno-fat-lto-objects  output pattern test, is ASAN:SIGSEGV
FAIL: c-c++-common/asan/sanity-check-pure-c-1.c  -O0  output pattern test, is =================================================================
FAIL: c-c++-common/asan/sanity-check-pure-c-1.c  -O1  output pattern test, is =================================================================
FAIL: c-c++-common/asan/sanity-check-pure-c-1.c  -O2  output pattern test, is =================================================================
FAIL: c-c++-common/asan/sanity-check-pure-c-1.c  -O3 -fomit-frame-pointer  output pattern test, is =================================================================
FAIL: c-c++-common/asan/sanity-check-pure-c-1.c  -O3 -g  output pattern test, is =================================================================
FAIL: c-c++-common/asan/sanity-check-pure-c-1.c  -Os  output pattern test, is =================================================================
FAIL: c-c++-common/asan/sanity-check-pure-c-1.c  -O2 -flto -fno-use-linker-plugin -flto-partition=none  output pattern test, is =================================================================
FAIL: c-c++-common/asan/sanity-check-pure-c-1.c  -O2 -flto -fuse-linker-plugin -fno-fat-lto-objects  output pattern test, is =================================================================
ERROR: (DejaGnu) proc "lreverse {{ASAN_OPTIONS 0}}" does not exist.
FAIL: gcc.dg/and-1.c scan-assembler-not nand
FAIL: gcc.dg/cproj-fails-with-broken-glibc.c execution test
FAIL: gcc.dg/vect/aligned-section-anchors-nest-1.c scan-ipa-dump-times increase_alignment "Increasing alignment of decl" 3
FAIL: gcc.target/powerpc/405-dlmzb-strlen-1.c scan-assembler dlmzb\\\\. 
FAIL: gcc.target/powerpc/440-dlmzb-strlen-1.c scan-assembler dlmzb\\\\. 
FAIL: gcc.target/powerpc/ppc-vector-memcpy.c scan-assembler lvx

		=== gcc Summary for unix/-m32 ===

# of expected passes		66295
# of unexpected failures	47
# of expected failures		172
# of unsupported tests		1071

Running target unix/-m64
FAIL: gcc.dg/and-1.c scan-assembler-not nand
FAIL: gcc.dg/cproj-fails-with-broken-glibc.c execution test
FAIL: gcc.dg/pr44194-1.c scan-rtl-dump dse1 "global deletions = (2|3)"
FAIL: gcc.dg/vect/aligned-section-anchors-nest-1.c scan-ipa-dump-times increase_alignment "Increasing alignment of decl" 3
FAIL: gcc.target/powerpc/ppc-mov-1.c scan-assembler-not fmr [0-9]+,[0-9]+
FAIL: gcc.target/powerpc/ppc-vector-memcpy.c scan-assembler lvx

		=== gcc Summary for unix/-m64 ===

# of expected passes		66814
# of unexpected failures	6
# of expected failures		182
# of unsupported tests		1074

		=== gcc Summary ===

# of expected passes		133109
# of unexpected failures	53
# of expected failures		354
# of unsupported tests		2145
/home/gccbuild/build/nightly/build-gcc-trunk/gcc/xgcc  version 4.8.0 20121231 (experimental) [trunk revision 194760] (GCC) 

		=== gfortran tests ===


Running target unix/-m32
XPASS: gfortran.dg/default_format_denormal_2.f90  -O0  execution test
XPASS: gfortran.dg/default_format_denormal_2.f90  -O1  execution test
XPASS: gfortran.dg/default_format_denormal_2.f90  -O2  execution test
XPASS: gfortran.dg/default_format_denormal_2.f90  -O3 -fomit-frame-pointer  execution test
XPASS: gfortran.dg/default_format_denormal_2.f90  -O3 -fomit-frame-pointer -funroll-loops  execution test
XPASS: gfortran.dg/default_format_denormal_2.f90  -O3 -fomit-frame-pointer -funroll-all-loops -finline-functions  execution test
XPASS: gfortran.dg/default_format_denormal_2.f90  -O3 -g  execution test
XPASS: gfortran.dg/default_format_denormal_2.f90  -Os  execution test
XPASS: gfortran.dg/do_1.f90  -O0  execution test
XPASS: gfortran.dg/do_1.f90  -O1  execution test
FAIL: gfortran.dg/lto/pr45586-2 f_lto_pr45586-2_0.o-f_lto_pr45586-2_0.o link, -O0 -flto -flto-partition=none -fuse-linker-plugin (internal compiler error)
UNRESOLVED: gfortran.dg/lto/pr45586-2 f_lto_pr45586-2_0.o-f_lto_pr45586-2_0.o execute -O0 -flto -flto-partition=none -fuse-linker-plugin
FAIL: gfortran.dg/lto/pr45586-2 f_lto_pr45586-2_0.o-f_lto_pr45586-2_0.o link, -O0 -flto -flto-partition=1to1 -fno-use-linker-plugin  (internal compiler error)
UNRESOLVED: gfortran.dg/lto/pr45586-2 f_lto_pr45586-2_0.o-f_lto_pr45586-2_0.o execute -O0 -flto -flto-partition=1to1 -fno-use-linker-plugin 
FAIL: gfortran.dg/lto/pr45586-2 f_lto_pr45586-2_0.o-f_lto_pr45586-2_0.o link, -O0 -flto -fuse-linker-plugin -fno-fat-lto-objects  (internal compiler error)
UNRESOLVED: gfortran.dg/lto/pr45586-2 f_lto_pr45586-2_0.o-f_lto_pr45586-2_0.o execute -O0 -flto -fuse-linker-plugin -fno-fat-lto-objects 
FAIL: gfortran.dg/lto/pr45586 f_lto_pr45586_0.o-f_lto_pr45586_0.o link, -O0 -flto -flto-partition=none -fuse-linker-plugin (internal compiler error)
UNRESOLVED: gfortran.dg/lto/pr45586 f_lto_pr45586_0.o-f_lto_pr45586_0.o execute -O0 -flto -flto-partition=none -fuse-linker-plugin
FAIL: gfortran.dg/lto/pr45586 f_lto_pr45586_0.o-f_lto_pr45586_0.o link, -O0 -flto -flto-partition=1to1 -fno-use-linker-plugin  (internal compiler error)
UNRESOLVED: gfortran.dg/lto/pr45586 f_lto_pr45586_0.o-f_lto_pr45586_0.o execute -O0 -flto -flto-partition=1to1 -fno-use-linker-plugin 
FAIL: gfortran.dg/lto/pr45586 f_lto_pr45586_0.o-f_lto_pr45586_0.o link, -O0 -flto -fuse-linker-plugin -fno-fat-lto-objects  (internal compiler error)
UNRESOLVED: gfortran.dg/lto/pr45586 f_lto_pr45586_0.o-f_lto_pr45586_0.o execute -O0 -flto -fuse-linker-plugin -fno-fat-lto-objects 

		=== gfortran Summary for unix/-m32 ===

# of expected passes		41748
# of unexpected failures	6
# of unexpected successes	10
# of expected failures		66
# of unresolved testcases	6
# of unsupported tests		244

Running target unix/-m64
XPASS: gfortran.dg/default_format_denormal_2.f90  -O0  execution test
XPASS: gfortran.dg/default_format_denormal_2.f90  -O1  execution test
XPASS: gfortran.dg/default_format_denormal_2.f90  -O2  execution test
XPASS: gfortran.dg/default_format_denormal_2.f90  -O3 -fomit-frame-pointer  execution test
XPASS: gfortran.dg/default_format_denormal_2.f90  -O3 -fomit-frame-pointer -funroll-loops  execution test
XPASS: gfortran.dg/default_format_denormal_2.f90  -O3 -fomit-frame-pointer -funroll-all-loops -finline-functions  execution test
XPASS: gfortran.dg/default_format_denormal_2.f90  -O3 -g  execution test
XPASS: gfortran.dg/default_format_denormal_2.f90  -Os  execution test
XPASS: gfortran.dg/do_1.f90  -O0  execution test
XPASS: gfortran.dg/do_1.f90  -O1  execution test
FAIL: gfortran.dg/lto/pr45586-2 f_lto_pr45586-2_0.o-f_lto_pr45586-2_0.o link, -O0 -flto -flto-partition=none -fuse-linker-plugin (internal compiler error)
UNRESOLVED: gfortran.dg/lto/pr45586-2 f_lto_pr45586-2_0.o-f_lto_pr45586-2_0.o execute -O0 -flto -flto-partition=none -fuse-linker-plugin
FAIL: gfortran.dg/lto/pr45586-2 f_lto_pr45586-2_0.o-f_lto_pr45586-2_0.o link, -O0 -flto -flto-partition=1to1 -fno-use-linker-plugin  (internal compiler error)
UNRESOLVED: gfortran.dg/lto/pr45586-2 f_lto_pr45586-2_0.o-f_lto_pr45586-2_0.o execute -O0 -flto -flto-partition=1to1 -fno-use-linker-plugin 
FAIL: gfortran.dg/lto/pr45586-2 f_lto_pr45586-2_0.o-f_lto_pr45586-2_0.o link, -O0 -flto -fuse-linker-plugin -fno-fat-lto-objects  (internal compiler error)
UNRESOLVED: gfortran.dg/lto/pr45586-2 f_lto_pr45586-2_0.o-f_lto_pr45586-2_0.o execute -O0 -flto -fuse-linker-plugin -fno-fat-lto-objects 
FAIL: gfortran.dg/lto/pr45586 f_lto_pr45586_0.o-f_lto_pr45586_0.o link, -O0 -flto -flto-partition=none -fuse-linker-plugin (internal compiler error)
UNRESOLVED: gfortran.dg/lto/pr45586 f_lto_pr45586_0.o-f_lto_pr45586_0.o execute -O0 -flto -flto-partition=none -fuse-linker-plugin
FAIL: gfortran.dg/lto/pr45586 f_lto_pr45586_0.o-f_lto_pr45586_0.o link, -O0 -flto -flto-partition=1to1 -fno-use-linker-plugin  (internal compiler error)
UNRESOLVED: gfortran.dg/lto/pr45586 f_lto_pr45586_0.o-f_lto_pr45586_0.o execute -O0 -flto -flto-partition=1to1 -fno-use-linker-plugin 
FAIL: gfortran.dg/lto/pr45586 f_lto_pr45586_0.o-f_lto_pr45586_0.o link, -O0 -flto -fuse-linker-plugin -fno-fat-lto-objects  (internal compiler error)
UNRESOLVED: gfortran.dg/lto/pr45586 f_lto_pr45586_0.o-f_lto_pr45586_0.o execute -O0 -flto -fuse-linker-plugin -fno-fat-lto-objects 

		=== gfortran Summary for unix/-m64 ===

# of expected passes		42075
# of unexpected failures	6
# of unexpected successes	10
# of expected failures		66
# of unresolved testcases	6
# of unsupported tests		83

		=== gfortran Summary ===

# of expected passes		83823
# of unexpected failures	12
# of unexpected successes	20
# of expected failures		132
# of unresolved testcases	12
# of unsupported tests		327
/home/gccbuild/build/nightly/build-gcc-trunk/gcc/testsuite/gfortran/../../gfortran  version 4.8.0 20121231 (experimental) [trunk revision 194760] (GCC) 

		=== g++ tests ===


Running target unix/-m32
FAIL: c-c++-common/asan/clone-test-1.c  -O1  execution test
FAIL: c-c++-common/asan/clone-test-1.c  -O2  execution test
FAIL: c-c++-common/asan/clone-test-1.c  -O3 -fomit-frame-pointer  execution test
FAIL: c-c++-common/asan/clone-test-1.c  -O3 -fomit-frame-pointer -funroll-loops  execution test
FAIL: c-c++-common/asan/clone-test-1.c  -O3 -fomit-frame-pointer -funroll-all-loops -finline-functions  execution test
FAIL: c-c++-common/asan/clone-test-1.c  -O3 -g  execution test
FAIL: c-c++-common/asan/clone-test-1.c  -Os  execution test
FAIL: c-c++-common/asan/clone-test-1.c  -O2 -flto -fno-use-linker-plugin -flto-partition=none  execution test
FAIL: c-c++-common/asan/clone-test-1.c  -O2 -flto -fuse-linker-plugin -fno-fat-lto-objects  execution test
FAIL: c-c++-common/asan/global-overflow-1.c  -O0  output pattern test, is =================================================================
FAIL: c-c++-common/asan/global-overflow-1.c  -O1  output pattern test, is ==26040== AddressSanitizer CHECK failed: /home/gccbuild/gcc_trunk_anonsvn/gcc/libsanitizer/asan/asan_globals.cc:86 "((AddrIsAlignedByGranularity(g->beg))) != (0)" (0x0, 0x0)
FAIL: c-c++-common/asan/global-overflow-1.c  -O2  output pattern test, is ==26079== AddressSanitizer CHECK failed: /home/gccbuild/gcc_trunk_anonsvn/gcc/libsanitizer/asan/asan_globals.cc:86 "((AddrIsAlignedByGranularity(g->beg))) != (0)" (0x0, 0x0)
FAIL: c-c++-common/asan/global-overflow-1.c  -O3 -fomit-frame-pointer  output pattern test, is ==26109== AddressSanitizer CHECK failed: /home/gccbuild/gcc_trunk_anonsvn/gcc/libsanitizer/asan/asan_globals.cc:86 "((AddrIsAlignedByGranularity(g->beg))) != (0)" (0x0, 0x0)
FAIL: c-c++-common/asan/global-overflow-1.c  -O3 -g  output pattern test, is ==26153== AddressSanitizer CHECK failed: /home/gccbuild/gcc_trunk_anonsvn/gcc/libsanitizer/asan/asan_globals.cc:86 "((AddrIsAlignedByGranularity(g->beg))) != (0)" (0x0, 0x0)
FAIL: c-c++-common/asan/global-overflow-1.c  -Os  output pattern test, is ==26186== AddressSanitizer CHECK failed: /home/gccbuild/gcc_trunk_anonsvn/gcc/libsanitizer/asan/asan_globals.cc:86 "((AddrIsAlignedByGranularity(g->beg))) != (0)" (0x0, 0x0)
FAIL: c-c++-common/asan/global-overflow-1.c  -O2 -flto -fno-use-linker-plugin -flto-partition=none  output pattern test, is ==26256== AddressSanitizer CHECK failed: /home/gccbuild/gcc_trunk_anonsvn/gcc/libsanitizer/asan/asan_globals.cc:86 "((AddrIsAlignedByGranularity(g->beg))) != (0)" (0x0, 0x0)
FAIL: c-c++-common/asan/global-overflow-1.c  -O2 -flto -fuse-linker-plugin -fno-fat-lto-objects  output pattern test, is ==26308== AddressSanitizer CHECK failed: /home/gccbuild/gcc_trunk_anonsvn/gcc/libsanitizer/asan/asan_globals.cc:86 "((AddrIsAlignedByGranularity(g->beg))) != (0)" (0x0, 0x0)
FAIL: c-c++-common/asan/heap-overflow-1.c  -O0  output pattern test, is =================================================================
FAIL: c-c++-common/asan/heap-overflow-1.c  -O1  output pattern test, is =================================================================
FAIL: c-c++-common/asan/heap-overflow-1.c  -O2  output pattern test, is =================================================================
FAIL: c-c++-common/asan/heap-overflow-1.c  -O3 -fomit-frame-pointer  output pattern test, is =================================================================
FAIL: c-c++-common/asan/heap-overflow-1.c  -O3 -g  output pattern test, is =================================================================
FAIL: c-c++-common/asan/heap-overflow-1.c  -Os  output pattern test, is =================================================================
FAIL: c-c++-common/asan/heap-overflow-1.c  -O2 -flto -fno-use-linker-plugin -flto-partition=none  output pattern test, is =================================================================
FAIL: c-c++-common/asan/heap-overflow-1.c  -O2 -flto -fuse-linker-plugin -fno-fat-lto-objects  output pattern test, is =================================================================
FAIL: c-c++-common/asan/null-deref-1.c  -O0  output pattern test, is ASAN:SIGSEGV
FAIL: c-c++-common/asan/null-deref-1.c  -O1  output pattern test, is ASAN:SIGSEGV
FAIL: c-c++-common/asan/null-deref-1.c  -O2  output pattern test, is ASAN:SIGSEGV
FAIL: c-c++-common/asan/null-deref-1.c  -O3 -fomit-frame-pointer  output pattern test, is ASAN:SIGSEGV
FAIL: c-c++-common/asan/null-deref-1.c  -O3 -g  output pattern test, is ASAN:SIGSEGV
FAIL: c-c++-common/asan/null-deref-1.c  -Os  output pattern test, is ASAN:SIGSEGV
FAIL: c-c++-common/asan/null-deref-1.c  -O2 -flto -fno-use-linker-plugin -flto-partition=none  output pattern test, is ASAN:SIGSEGV
FAIL: c-c++-common/asan/null-deref-1.c  -O2 -flto -fuse-linker-plugin -fno-fat-lto-objects  output pattern test, is ASAN:SIGSEGV
FAIL: c-c++-common/asan/sanity-check-pure-c-1.c  -O0  output pattern test, is =================================================================
FAIL: c-c++-common/asan/sanity-check-pure-c-1.c  -O1  output pattern test, is =================================================================
FAIL: c-c++-common/asan/sanity-check-pure-c-1.c  -O2  output pattern test, is =================================================================
FAIL: c-c++-common/asan/sanity-check-pure-c-1.c  -O3 -fomit-frame-pointer  output pattern test, is =================================================================
FAIL: c-c++-common/asan/sanity-check-pure-c-1.c  -O3 -g  output pattern test, is =================================================================
FAIL: c-c++-common/asan/sanity-check-pure-c-1.c  -Os  output pattern test, is =================================================================
FAIL: c-c++-common/asan/sanity-check-pure-c-1.c  -O2 -flto -fno-use-linker-plugin -flto-partition=none  output pattern test, is =================================================================
FAIL: c-c++-common/asan/sanity-check-pure-c-1.c  -O2 -flto -fuse-linker-plugin -fno-fat-lto-objects  output pattern test, is =================================================================
ERROR: (DejaGnu) proc "lreverse {{ASAN_OPTIONS 0}}" does not exist.
FAIL: g++.dg/cpp0x/constexpr-53094-2.C (test for excess errors)
FAIL: g++.dg/cpp0x/constexpr-53094-3.C (test for excess errors)
FAIL: g++.dg/cpp0x/constexpr-55573.C (test for excess errors)

		=== g++ Summary for unix/-m32 ===

# of expected passes		43261
# of unexpected failures	44
# of expected failures		281
# of unsupported tests		584

Running target unix/-m64

		=== g++ Summary for unix/-m64 ===

# of expected passes		44348
# of expected failures		281
# of unsupported tests		570

		=== g++ Summary ===

# of expected passes		87609
# of unexpected failures	44
# of expected failures		562
# of unsupported tests		1154
/home/gccbuild/build/nightly/build-gcc-trunk/gcc/testsuite/g++/../../xg++  version 4.8.0 20121231 (experimental) [trunk revision 194760] (GCC) 

		=== go tests ===


Running target unix/-m32
FAIL: go.go-torture/execute/array-1.go compilation,  -O0 
FAIL: go.go-torture/execute/array-1.go compilation,  -O1 
FAIL: go.go-torture/execute/array-1.go compilation,  -O2 
FAIL: go.go-torture/execute/array-1.go compilation,  -O2 -fomit-frame-pointer -finline-functions 
FAIL: go.go-torture/execute/array-1.go compilation,  -O2 -fomit-frame-pointer -finline-functions -funroll-loops 
FAIL: go.go-torture/execute/array-1.go compilation,  -O2 -fbounds-check 
FAIL: go.go-torture/execute/array-1.go compilation,  -O3 -g 
FAIL: go.go-torture/execute/array-1.go compilation,  -Os 
FAIL: go.go-torture/execute/array-2.go compilation,  -O0 
FAIL: go.go-torture/execute/array-2.go compilation,  -O1 
FAIL: go.go-torture/execute/array-2.go compilation,  -O2 
FAIL: go.go-torture/execute/array-2.go compilation,  -O2 -fomit-frame-pointer -finline-functions 
FAIL: go.go-torture/execute/array-2.go compilation,  -O2 -fomit-frame-pointer -finline-functions -funroll-loops 
FAIL: go.go-torture/execute/array-2.go compilation,  -O2 -fbounds-check 
FAIL: go.go-torture/execute/array-2.go compilation,  -O3 -g 
FAIL: go.go-torture/execute/array-2.go compilation,  -Os 
FAIL: go.go-torture/execute/chan-1.go compilation,  -O0 
FAIL: go.go-torture/execute/chan-1.go compilation,  -O1 
FAIL: go.go-torture/execute/chan-1.go compilation,  -O2 
FAIL: go.go-torture/execute/chan-1.go compilation,  -O2 -fomit-frame-pointer -finline-functions 
FAIL: go.go-torture/execute/chan-1.go compilation,  -O2 -fomit-frame-pointer -finline-functions -funroll-loops 
FAIL: go.go-torture/execute/chan-1.go compilation,  -O2 -fbounds-check 
FAIL: go.go-torture/execute/chan-1.go compilation,  -O3 -g 
FAIL: go.go-torture/execute/chan-1.go compilation,  -Os 
FAIL: go.go-torture/execute/const-1.go compilation,  -O0 
FAIL: go.go-torture/execute/const-1.go compilation,  -O1 
FAIL: go.go-torture/execute/const-1.go compilation,  -O2 
FAIL: go.go-torture/execute/const-1.go compilation,  -O2 -fomit-frame-pointer -finline-functions 
FAIL: go.go-torture/execute/const-1.go compilation,  -O2 -fomit-frame-pointer -finline-functions -funroll-loops 
FAIL: go.go-torture/execute/const-1.go compilation,  -O2 -fbounds-check 
FAIL: go.go-torture/execute/const-1.go compilation,  -O3 -g 
FAIL: go.go-torture/execute/const-1.go compilation,  -Os 
FAIL: go.go-torture/execute/const-2.go compilation,  -O0 
FAIL: go.go-torture/execute/const-2.go compilation,  -O1 
FAIL: go.go-torture/execute/const-2.go compilation,  -O2 
FAIL: go.go-torture/execute/const-2.go compilation,  -O2 -fomit-frame-pointer -finline-functions 
FAIL: go.go-torture/execute/const-2.go compilation,  -O2 -fomit-frame-pointer -finline-functions -funroll-loops 
FAIL: go.go-torture/execute/const-2.go compilation,  -O2 -fbounds-check 
FAIL: go.go-torture/execute/const-2.go compilation,  -O3 -g 
FAIL: go.go-torture/execute/const-2.go compilation,  -Os 
FAIL: go.go-torture/execute/expr-1.go compilation,  -O0 
FAIL: go.go-torture/execute/expr-1.go compilation,  -O1 
FAIL: go.go-torture/execute/expr-1.go compilation,  -O2 
FAIL: go.go-torture/execute/expr-1.go compilation,  -O2 -fomit-frame-pointer -finline-functions 
FAIL: go.go-torture/execute/expr-1.go compilation,  -O2 -fomit-frame-pointer -finline-functions -funroll-loops 
FAIL: go.go-torture/execute/expr-1.go compilation,  -O2 -fbounds-check 
FAIL: go.go-torture/execute/expr-1.go compilation,  -O3 -g 
FAIL: go.go-torture/execute/expr-1.go compilation,  -Os 
FAIL: go.go-torture/execute/for-1.go compilation,  -O0 
FAIL: go.go-torture/execute/for-1.go compilation,  -O1 
FAIL: go.go-torture/execute/for-1.go compilation,  -O2 
FAIL: go.go-torture/execute/for-1.go compilation,  -O2 -fomit-frame-pointer -finline-functions 
FAIL: go.go-torture/execute/for-1.go compilation,  -O2 -fomit-frame-pointer -finline-functions -funroll-loops 
FAIL: go.go-torture/execute/for-1.go compilation,  -O2 -fbounds-check 
FAIL: go.go-torture/execute/for-1.go compilation,  -O3 -g 
FAIL: go.go-torture/execute/for-1.go compilation,  -Os 
FAIL: go.go-torture/execute/for-2.go compilation,  -O0 
FAIL: go.go-torture/execute/for-2.go compilation,  -O1 
FAIL: go.go-torture/execute/for-2.go compilation,  -O2 
FAIL: go.go-torture/execute/for-2.go compilation,  -O2 -fomit-frame-pointer -finline-functions 
FAIL: go.go-torture/execute/for-2.go compilation,  -O2 -fomit-frame-pointer -finline-functions -funroll-loops 
FAIL: go.go-torture/execute/for-2.go compilation,  -O2 -fbounds-check 
FAIL: go.go-torture/execute/for-2.go compilation,  -O3 -g 
FAIL: go.go-torture/execute/for-2.go compilation,  -Os 
FAIL: go.go-torture/execute/function-1.go compilation,  -O0 
FAIL: go.go-torture/execute/function-1.go compilation,  -O1 
FAIL: go.go-torture/execute/function-1.go compilation,  -O2 
FAIL: go.go-torture/execute/function-1.go compilation,  -O2 -fomit-frame-pointer -finline-functions 
FAIL: go.go-torture/execute/function-1.go compilation,  -O2 -fomit-frame-pointer -finline-functions -funroll-loops 
FAIL: go.go-torture/execute/function-1.go compilation,  -O2 -fbounds-check 
FAIL: go.go-torture/execute/function-1.go compilation,  -O3 -g 
FAIL: go.go-torture/execute/function-1.go compilation,  -Os 
FAIL: go.go-torture/execute/function-2.go compilation,  -O0 
FAIL: go.go-torture/execute/function-2.go compilation,  -O1 
FAIL: go.go-torture/execute/function-2.go compilation,  -O2 
FAIL: go.go-torture/execute/function-2.go compilation,  -O2 -fomit-frame-pointer -finline-functions 
FAIL: go.go-torture/execute/function-2.go compilation,  -O2 -fomit-frame-pointer -finline-functions -funroll-loops 
FAIL: go.go-torture/execute/function-2.go compilation,  -O2 -fbounds-check 
FAIL: go.go-torture/execute/function-2.go compilation,  -O3 -g 
FAIL: go.go-torture/execute/function-2.go compilation,  -Os 
FAIL: go.go-torture/execute/go-1.go compilation,  -O0 
FAIL: go.go-torture/execute/go-1.go compilation,  -O1 
FAIL: go.go-torture/execute/go-1.go compilation,  -O2 
FAIL: go.go-torture/execute/go-1.go compilation,  -O2 -fomit-frame-pointer -finline-functions 
FAIL: go.go-torture/execute/go-1.go compilation,  -O2 -fomit-frame-pointer -finline-functions -funroll-loops 
FAIL: go.go-torture/execute/go-1.go compilation,  -O2 -fbounds-check 
FAIL: go.go-torture/execute/go-1.go compilation,  -O3 -g 
FAIL: go.go-torture/execute/go-1.go compilation,  -Os 
FAIL: go.go-torture/execute/go-2.go compilation,  -O0 
FAIL: go.go-torture/execute/go-2.go compilation,  -O1 
FAIL: go.go-torture/execute/go-2.go compilation,  -O2 
FAIL: go.go-torture/execute/go-2.go compilation,  -O2 -fomit-frame-pointer -finline-functions 
FAIL: go.go-torture/execute/go-2.go compilation,  -O2 -fomit-frame-pointer -finline-functions -funroll-loops 
FAIL: go.go-torture/execute/go-2.go compilation,  -O2 -fbounds-check 
FAIL: go.go-torture/execute/go-2.go compilation,  -O3 -g 
FAIL: go.go-torture/execute/go-2.go compilation,  -Os 
FAIL: go.go-torture/execute/go-3.go compilation,  -O0 
FAIL: go.go-torture/execute/go-3.go compilation,  -O1 
FAIL: go.go-torture/execute/go-3.go compilation,  -O2 
FAIL: go.go-torture/execute/go-3.go compilation,  -O2 -fomit-frame-pointer -finline-functions 
FAIL: go.go-torture/execute/go-3.go compilation,  -O2 -fomit-frame-pointer -finline-functions -funroll-loops 
FAIL: go.go-torture/execute/go-3.go compilation,  -O2 -fbounds-check 
FAIL: go.go-torture/execute/go-3.go compilation,  -O3 -g 
FAIL: go.go-torture/execute/go-3.go compilation,  -Os 
FAIL: go.go-torture/execute/goto-1.go compilation,  -O0 
FAIL: go.go-torture/execute/goto-1.go compilation,  -O1 
FAIL: go.go-torture/execute/goto-1.go compilation,  -O2 
FAIL: go.go-torture/execute/goto-1.go compilation,  -O2 -fomit-frame-pointer -finline-functions 
FAIL: go.go-torture/execute/goto-1.go compilation,  -O2 -fomit-frame-pointer -finline-functions -funroll-loops 
FAIL: go.go-torture/execute/goto-1.go compilation,  -O2 -fbounds-check 
FAIL: go.go-torture/execute/goto-1.go compilation,  -O3 -g 
FAIL: go.go-torture/execute/goto-1.go compilation,  -Os 
FAIL: go.go-torture/execute/map-1.go compilation,  -O0 
FAIL: go.go-torture/execute/map-1.go compilation,  -O1 
FAIL: go.go-torture/execute/map-1.go compilation,  -O2 
FAIL: go.go-torture/execute/map-1.go compilation,  -O2 -fomit-frame-pointer -finline-functions 
FAIL: go.go-torture/execute/map-1.go compilation,  -O2 -fomit-frame-pointer -finline-functions -funroll-loops 
FAIL: go.go-torture/execute/map-1.go compilation,  -O2 -fbounds-check 
FAIL: go.go-torture/execute/map-1.go compilation,  -O3 -g 
FAIL: go.go-torture/execute/map-1.go compilation,  -Os 
FAIL: go.go-torture/execute/method-1.go compilation,  -O0 
FAIL: go.go-torture/execute/method-1.go compilation,  -O1 
FAIL: go.go-torture/execute/method-1.go compilation,  -O2 
FAIL: go.go-torture/execute/method-1.go compilation,  -O2 -fomit-frame-pointer -finline-functions 
FAIL: go.go-torture/execute/method-1.go compilation,  -O2 -fomit-frame-pointer -finline-functions -funroll-loops 
FAIL: go.go-torture/execute/method-1.go compilation,  -O2 -fbounds-check 
FAIL: go.go-torture/execute/method-1.go compilation,  -O3 -g 
FAIL: go.go-torture/execute/method-1.go compilation,  -Os 
FAIL: go.go-torture/execute/nested-1.go compilation,  -O0 
FAIL: go.go-torture/execute/nested-1.go compilation,  -O1 
FAIL: go.go-torture/execute/nested-1.go compilation,  -O2 
FAIL: go.go-torture/execute/nested-1.go compilation,  -O2 -fomit-frame-pointer -finline-functions 
FAIL: go.go-torture/execute/nested-1.go compilation,  -O2 -fomit-frame-pointer -finline-functions -funroll-loops 
FAIL: go.go-torture/execute/nested-1.go compilation,  -O2 -fbounds-check 
FAIL: go.go-torture/execute/nested-1.go compilation,  -O3 -g 
FAIL: go.go-torture/execute/nested-1.go compilation,  -Os 
FAIL: go.go-torture/execute/pointer-1.go compilation,  -O0 
FAIL: go.go-torture/execute/pointer-1.go compilation,  -O1 
FAIL: go.go-torture/execute/pointer-1.go compilation,  -O2 
FAIL: go.go-torture/execute/pointer-1.go compilation,  -O2 -fomit-frame-pointer -finline-functions 
FAIL: go.go-torture/execute/pointer-1.go compilation,  -O2 -fomit-frame-pointer -finline-functions -funroll-loops 
FAIL: go.go-torture/execute/pointer-1.go compilation,  -O2 -fbounds-check 
FAIL: go.go-torture/execute/pointer-1.go compilation,  -O3 -g 
FAIL: go.go-torture/execute/pointer-1.go compilation,  -Os 
FAIL: go.go-torture/execute/return-1.go compilation,  -O0 
FAIL: go.go-torture/execute/return-1.go compilation,  -O1 
FAIL: go.go-torture/execute/return-1.go compilation,  -O2 
FAIL: go.go-torture/execute/return-1.go compilation,  -O2 -fomit-frame-pointer -finline-functions 
FAIL: go.go-torture/execute/return-1.go compilation,  -O2 -fomit-frame-pointer -finline-functions -funroll-loops 
FAIL: go.go-torture/execute/return-1.go compilation,  -O2 -fbounds-check 
FAIL: go.go-torture/execute/return-1.go compilation,  -O3 -g 
FAIL: go.go-torture/execute/return-1.go compilation,  -Os 
FAIL: go.go-torture/execute/return-2.go compilation,  -O0 
FAIL: go.go-torture/execute/return-2.go compilation,  -O1 
FAIL: go.go-torture/execute/return-2.go compilation,  -O2 
FAIL: go.go-torture/execute/return-2.go compilation,  -O2 -fomit-frame-pointer -finline-functions 
FAIL: go.go-torture/execute/return-2.go compilation,  -O2 -fomit-frame-pointer -finline-functions -funroll-loops 
FAIL: go.go-torture/execute/return-2.go compilation,  -O2 -fbounds-check 
FAIL: go.go-torture/execute/return-2.go compilation,  -O3 -g 
FAIL: go.go-torture/execute/return-2.go compilation,  -Os 
FAIL: go.go-torture/execute/return-3.go compilation,  -O0 
FAIL: go.go-torture/execute/return-3.go compilation,  -O1 
FAIL: go.go-torture/execute/return-3.go compilation,  -O2 
FAIL: go.go-torture/execute/return-3.go compilation,  -O2 -fomit-frame-pointer -finline-functions 
FAIL: go.go-torture/execute/return-3.go compilation,  -O2 -fomit-frame-pointer -finline-functions -funroll-loops 
FAIL: go.go-torture/execute/return-3.go compilation,  -O2 -fbounds-check 
FAIL: go.go-torture/execute/return-3.go compilation,  -O3 -g 
FAIL: go.go-torture/execute/return-3.go compilation,  -Os 
FAIL: go.go-torture/execute/select-1.go compilation,  -O0 
FAIL: go.go-torture/execute/select-1.go compilation,  -O1 
FAIL: go.go-torture/execute/select-1.go compilation,  -O2 
FAIL: go.go-torture/execute/select-1.go compilation,  -O2 -fomit-frame-pointer -finline-functions 
FAIL: go.go-torture/execute/select-1.go compilation,  -O2 -fomit-frame-pointer -finline-functions -funroll-loops 
FAIL: go.go-torture/execute/select-1.go compilation,  -O2 -fbounds-check 
FAIL: go.go-torture/execute/select-1.go compilation,  -O3 -g 
FAIL: go.go-torture/execute/select-1.go compilation,  -Os 
FAIL: go.go-torture/execute/string-1.go compilation,  -O0 
FAIL: go.go-torture/execute/string-1.go compilation,  -O1 
FAIL: go.go-torture/execute/string-1.go compilation,  -O2 
FAIL: go.go-torture/execute/string-1.go compilation,  -O2 -fomit-frame-pointer -finline-functions 
FAIL: go.go-torture/execute/string-1.go compilation,  -O2 -fomit-frame-pointer -finline-functions -funroll-loops 
FAIL: go.go-torture/execute/string-1.go compilation,  -O2 -fbounds-check 
FAIL: go.go-torture/execute/string-1.go compilation,  -O3 -g 
FAIL: go.go-torture/execute/string-1.go compilation,  -Os 
FAIL: go.go-torture/execute/string-2.go compilation,  -O0 
FAIL: go.go-torture/execute/string-2.go compilation,  -O1 
FAIL: go.go-torture/execute/string-2.go compilation,  -O2 
FAIL: go.go-torture/execute/string-2.go compilation,  -O2 -fomit-frame-pointer -finline-functions 
FAIL: go.go-torture/execute/string-2.go compilation,  -O2 -fomit-frame-pointer -finline-functions -funroll-loops 
FAIL: go.go-torture/execute/string-2.go compilation,  -O2 -fbounds-check 
FAIL: go.go-torture/execute/string-2.go compilation,  -O3 -g 
FAIL: go.go-torture/execute/string-2.go compilation,  -Os 
FAIL: go.go-torture/execute/struct-1.go compilation,  -O0 
FAIL: go.go-torture/execute/struct-1.go compilation,  -O1 
FAIL: go.go-torture/execute/struct-1.go compilation,  -O2 
FAIL: go.go-torture/execute/struct-1.go compilation,  -O2 -fomit-frame-pointer -finline-functions 
FAIL: go.go-torture/execute/struct-1.go compilation,  -O2 -fomit-frame-pointer -finline-functions -funroll-loops 
FAIL: go.go-torture/execute/struct-1.go compilation,  -O2 -fbounds-check 
FAIL: go.go-torture/execute/struct-1.go compilation,  -O3 -g 
FAIL: go.go-torture/execute/struct-1.go compilation,  -Os 
FAIL: go.go-torture/execute/struct-2.go compilation,  -O0 
FAIL: go.go-torture/execute/struct-2.go compilation,  -O1 
FAIL: go.go-torture/execute/struct-2.go compilation,  -O2 
FAIL: go.go-torture/execute/struct-2.go compilation,  -O2 -fomit-frame-pointer -finline-functions 
FAIL: go.go-torture/execute/struct-2.go compilation,  -O2 -fomit-frame-pointer -finline-functions -funroll-loops 
FAIL: go.go-torture/execute/struct-2.go compilation,  -O2 -fbounds-check 
FAIL: go.go-torture/execute/struct-2.go compilation,  -O3 -g 
FAIL: go.go-torture/execute/struct-2.go compilation,  -Os 
FAIL: go.go-torture/execute/switch-1.go compilation,  -O0 
FAIL: go.go-torture/execute/switch-1.go compilation,  -O1 
FAIL: go.go-torture/execute/switch-1.go compilation,  -O2 
FAIL: go.go-torture/execute/switch-1.go compilation,  -O2 -fomit-frame-pointer -finline-functions 
FAIL: go.go-torture/execute/switch-1.go compilation,  -O2 -fomit-frame-pointer -finline-functions -funroll-loops 
FAIL: go.go-torture/execute/switch-1.go compilation,  -O2 -fbounds-check 
FAIL: go.go-torture/execute/switch-1.go compilation,  -O3 -g 
FAIL: go.go-torture/execute/switch-1.go compilation,  -Os 
FAIL: go.go-torture/execute/var-1.go compilation,  -O0 
FAIL: go.go-torture/execute/var-1.go compilation,  -O1 
FAIL: go.go-torture/execute/var-1.go compilation,  -O2 
FAIL: go.go-torture/execute/var-1.go compilation,  -O2 -fomit-frame-pointer -finline-functions 
FAIL: go.go-torture/execute/var-1.go compilation,  -O2 -fomit-frame-pointer -finline-functions -funroll-loops 
FAIL: go.go-torture/execute/var-1.go compilation,  -O2 -fbounds-check 
FAIL: go.go-torture/execute/var-1.go compilation,  -O3 -g 
FAIL: go.go-torture/execute/var-1.go compilation,  -Os 
FAIL: go.go-torture/execute/var-2.go compilation,  -O0 
FAIL: go.go-torture/execute/var-2.go compilation,  -O1 
FAIL: go.go-torture/execute/var-2.go compilation,  -O2 
FAIL: go.go-torture/execute/var-2.go compilation,  -O2 -fomit-frame-pointer -finline-functions 
FAIL: go.go-torture/execute/var-2.go compilation,  -O2 -fomit-frame-pointer -finline-functions -funroll-loops 
FAIL: go.go-torture/execute/var-2.go compilation,  -O2 -fbounds-check 
FAIL: go.go-torture/execute/var-2.go compilation,  -O3 -g 
FAIL: go.go-torture/execute/var-2.go compilation,  -Os 
FAIL: go.go-torture/execute/var-3.go compilation,  -O0 
FAIL: go.go-torture/execute/var-3.go compilation,  -O1 
FAIL: go.go-torture/execute/var-3.go compilation,  -O2 
FAIL: go.go-torture/execute/var-3.go compilation,  -O2 -fomit-frame-pointer -finline-functions 
FAIL: go.go-torture/execute/var-3.go compilation,  -O2 -fomit-frame-pointer -finline-functions -funroll-loops 
FAIL: go.go-torture/execute/var-3.go compilation,  -O2 -fbounds-check 
FAIL: go.go-torture/execute/var-3.go compilation,  -O3 -g 
FAIL: go.go-torture/execute/var-3.go compilation,  -Os 
ERROR: ./bug160.exe does not exist in unix_load.
ERROR: ./bug324.exe does not exist in unix_load.
ERROR: ./bug414.exe does not exist in unix_load.
ERROR: ./bug424.exe does not exist in unix_load.
ERROR: ./bug437.exe does not exist in unix_load.
ERROR: ./method4.exe does not exist in unix_load.
FAIL: bug429.go  -O2 -g  (test for excess errors)
WARNING: bug429.go  -O2 -g  compilation failed to produce executable
FAIL: go.test/test/235.go compilation,  -O2 -g 
FAIL: go.test/test/64bit.go -O (test for excess errors)
FAIL: go.test/test/64bit.go execution
FAIL: go.test/test/alias1.go compilation,  -O2 -g 
FAIL: go.test/test/append.go compilation,  -O2 -g 
FAIL: go.test/test/args.go compilation,  -O2 -g 
FAIL: go.test/test/bigalg.go compilation,  -O2 -g 
FAIL: go.test/test/bigmap.go compilation,  -O2 -g 
FAIL: go.test/test/blank.go compilation,  -O2 -g 
FAIL: go.test/test/bom.go -O (test for excess errors)
FAIL: go.test/test/bom.go execution
FAIL: go.test/test/chan/doubleselect.go compilation,  -O2 -g 
FAIL: go.test/test/chan/fifo.go compilation,  -O2 -g 
FAIL: go.test/test/chan/goroutines.go compilation,  -O2 -g 
FAIL: go.test/test/chan/nonblock.go compilation,  -O2 -g 
FAIL: go.test/test/chan/powser1.go compilation,  -O2 -g 
FAIL: go.test/test/chan/powser2.go compilation,  -O2 -g 
FAIL: go.test/test/chan/select.go compilation,  -O2 -g 
FAIL: go.test/test/chan/select3.go compilation,  -O2 -g 
FAIL: go.test/test/chan/select4.go compilation,  -O2 -g 
FAIL: go.test/test/chan/select5.go -O (test for excess errors)
FAIL: go.test/test/chan/select5.go execution
FAIL: go.test/test/chan/select6.go compilation,  -O2 -g 
FAIL: go.test/test/chan/select7.go compilation,  -O2 -g 
FAIL: go.test/test/chan/sendstmt.go compilation,  -O2 -g 
FAIL: go.test/test/chan/sieve1.go compilation,  -O2 -g 
FAIL: go.test/test/chan/sieve2.go compilation,  -O2 -g 
FAIL: go.test/test/chan/zerosize.go compilation,  -O2 -g 
FAIL: go.test/test/chancap.go compilation,  -O2 -g 
FAIL: go.test/test/char_lit.go compilation,  -O2 -g 
FAIL: go.test/test/closedchan.go compilation,  -O2 -g 
FAIL: go.test/test/cmp.go compilation,  -O2 -g 
FAIL: go.test/test/cmplxdivide.go
FAIL: go.test/test/complit.go compilation,  -O2 -g 
FAIL: go.test/test/compos.go compilation,  -O2 -g 
FAIL: go.test/test/const.go compilation,  -O2 -g 
FAIL: go.test/test/const3.go compilation,  -O2 -g 
FAIL: go.test/test/const4.go compilation,  -O2 -g 
FAIL: go.test/test/convT2X.go compilation,  -O2 -g 
FAIL: go.test/test/convert.go compilation,  -O2 -g 
FAIL: go.test/test/copy.go compilation,  -O2 -g 
FAIL: go.test/test/crlf.go -O (test for excess errors)
FAIL: go.test/test/crlf.go execution
FAIL: go.test/test/ddd.go compilation,  -O2 -g 
FAIL: go.test/test/ddd3.go
FAIL: go.test/test/decl.go compilation,  -O2 -g 
FAIL: go.test/test/defer.go compilation,  -O2 -g 
FAIL: go.test/test/deferprint.go -O (test for excess errors)
FAIL: go.test/test/deferprint.go execution
FAIL: go.test/test/divide.go compilation,  -O2 -g 
FAIL: go.test/test/dwarf/linedirectives.go compilation,  -O2 -g 
FAIL: go.test/test/dwarf/main.go compilation,  -O2 -g 
FAIL: go.test/test/env.go compilation,  -O2 -g 
FAIL: go.test/test/escape.go compilation,  -O2 -g 
FAIL: go.test/test/escape3.go compilation,  -O2 -g 
FAIL: go.test/test/fixedbugs/bug000.go compilation,  -O2 -g 
FAIL: go.test/test/fixedbugs/bug002.go compilation,  -O2 -g 
FAIL: go.test/test/fixedbugs/bug003.go compilation,  -O2 -g 
FAIL: go.test/test/fixedbugs/bug004.go compilation,  -O2 -g 
FAIL: go.test/test/fixedbugs/bug005.go compilation,  -O2 -g 
FAIL: go.test/test/fixedbugs/bug006.go compilation,  -O2 -g 
FAIL: go.test/test/fixedbugs/bug007.go compilation,  -O2 -g 
FAIL: go.test/test/fixedbugs/bug008.go compilation,  -O2 -g 
FAIL: go.test/test/fixedbugs/bug009.go compilation,  -O2 -g 
FAIL: go.test/test/fixedbugs/bug010.go compilation,  -O2 -g 
FAIL: go.test/test/fixedbugs/bug011.go compilation,  -O2 -g 
FAIL: go.test/test/fixedbugs/bug012.go compilation,  -O2 -g 
FAIL: go.test/test/fixedbugs/bug013.go compilation,  -O2 -g 
FAIL: go.test/test/fixedbugs/bug017.go compilation,  -O2 -g 
FAIL: go.test/test/fixedbugs/bug021.go compilation,  -O2 -g 
FAIL: go.test/test/fixedbugs/bug023.go compilation,  -O2 -g 
FAIL: go.test/test/fixedbugs/bug024.go compilation,  -O2 -g 
FAIL: go.test/test/fixedbugs/bug026.go compilation,  -O2 -g 
FAIL: go.test/test/fixedbugs/bug027.go compilation,  -O2 -g 
FAIL: go.test/test/fixedbugs/bug028.go compilation,  -O2 -g 
FAIL: go.test/test/fixedbugs/bug031.go compilation,  -O2 -g 
FAIL: go.test/test/fixedbugs/bug045.go compilation,  -O2 -g 
FAIL: go.test/test/fixedbugs/bug047.go compilation,  -O2 -g 
FAIL: go.test/test/fixedbugs/bug048.go compilation,  -O2 -g 
FAIL: go.test/test/fixedbugs/bug052.go compilation,  -O2 -g 
FAIL: go.test/test/fixedbugs/bug053.go compilation,  -O2 -g 
FAIL: go.test/test/fixedbugs/bug054.go compilation,  -O2 -g 
FAIL: go.test/test/fixedbugs/bug055.go compilation,  -O2 -g 
FAIL: go.test/test/fixedbugs/bug056.go compilation,  -O2 -g 
FAIL: go.test/test/fixedbugs/bug058.go compilation,  -O2 -g 
FAIL: go.test/test/fixedbugs/bug059.go compilation,  -O2 -g 
FAIL: go.test/test/fixedbugs/bug060.go compilation,  -O2 -g 
FAIL: go.test/test/fixedbugs/bug061.go compilation,  -O2 -g 
FAIL: go.test/test/fixedbugs/bug065.go compilation,  -O2 -g 
FAIL: go.test/test/fixedbugs/bug067.go compilation,  -O2 -g 
FAIL: go.test/test/fixedbugs/bug070.go compilation,  -O2 -g 
FAIL: go.test/test/fixedbugs/bug075.go compilation,  -O2 -g 
FAIL: go.test/test/fixedbugs/bug076.go  -O  (test for excess errors)
FAIL: go.test/test/fixedbugs/bug078.go compilation,  -O2 -g 
FAIL: go.test/test/fixedbugs/bug082.go compilation,  -O2 -g 
FAIL: go.test/test/fixedbugs/bug084.go compilation,  -O2 -g 
FAIL: go.test/test/fixedbugs/bug092.go compilation,  -O2 -g 
FAIL: go.test/test/fixedbugs/bug093.go compilation,  -O2 -g 
FAIL: go.test/test/fixedbugs/bug097.go compilation,  -O2 -g 
FAIL: go.test/test/fixedbugs/bug099.go compilation,  -O2 -g 
FAIL: go.test/test/fixedbugs/bug101.go compilation,  -O2 -g 
FAIL: go.test/test/fixedbugs/bug102.go compilation,  -O2 -g 
FAIL: go.test/test/fixedbugs/bug110.go  -O  (test for excess errors)
FAIL: go.test/test/fixedbugs/bug111.go compilation,  -O2 -g 
FAIL: go.test/test/fixedbugs/bug113.go compilation,  -O2 -g 
FAIL: go.test/test/fixedbugs/bug114.go compilation,  -O2 -g 
FAIL: go.test/test/fixedbugs/bug116.go compilation,  -O2 -g 
FAIL: go.test/test/fixedbugs/bug119.go compilation,  -O2 -g 
FAIL: go.test/test/fixedbugs/bug120.go compilation,  -O2 -g 
FAIL: go.test/test/fixedbugs/bug128.go compilation,  -O2 -g 
FAIL: go.test/test/fixedbugs/bug130.go compilation,  -O2 -g 
FAIL: go.test/test/fixedbugs/bug141.go compilation,  -O2 -g 
FAIL: go.test/test/fixedbugs/bug142.go compilation,  -O2 -g 
FAIL: go.test/test/fixedbugs/bug147.go compilation,  -O2 -g 
FAIL: go.test/test/fixedbugs/bug148.go compilation,  -O2 -g 
FAIL: go.test/test/fixedbugs/bug1515.go compilation,  -O2 -g 
FAIL: go.test/test/fixedbugs/bug152.go compilation,  -O2 -g 
FAIL: go.test/test/fixedbugs/bug154.go compilation,  -O2 -g 
FAIL: go.test/test/fixedbugs/bug155.go  -O  (test for excess errors)
FAIL: go.test/test/fixedbugs/bug159.go compilation,  -O2 -g 
UNRESOLVED: go.test/test/fixedbugs/bug160.go
FAIL: go.test/test/fixedbugs/bug167.go  -O  (test for excess errors)
FAIL: go.test/test/fixedbugs/bug168.go compilation,  -O2 -g 
FAIL: go.test/test/fixedbugs/bug177.go compilation,  -O2 -g 
FAIL: go.test/test/fixedbugs/bug178.go compilation,  -O2 -g 
FAIL: go.test/test/fixedbugs/bug180.go compilation,  -O2 -g 
FAIL: go.test/test/fixedbugs/bug184.go compilation,  -O2 -g 
FAIL: go.test/test/fixedbugs/bug185.go compilation,  -O2 -g 
FAIL: go.test/test/fixedbugs/bug187.go compilation,  -O2 -g 
FAIL: go.test/test/fixedbugs/bug191.go
FAIL: go.test/test/fixedbugs/bug194.go compilation,  -O2 -g 
FAIL: go.test/test/fixedbugs/bug196.go compilation,  -O2 -g 
FAIL: go.test/test/fixedbugs/bug199.go compilation,  -O2 -g 
FAIL: go.test/test/fixedbugs/bug201.go compilation,  -O2 -g 
FAIL: go.test/test/fixedbugs/bug202.go compilation,  -O2 -g 
FAIL: go.test/test/fixedbugs/bug203.go compilation,  -O2 -g 
FAIL: go.test/test/fixedbugs/bug204.go compilation,  -O2 -g 
FAIL: go.test/test/fixedbugs/bug206.go -O (test for excess errors)
FAIL: go.test/test/fixedbugs/bug206.go execution
FAIL: go.test/test/fixedbugs/bug207.go compilation,  -O2 -g 
FAIL: go.test/test/fixedbugs/bug221.go compilation,  -O2 -g 
FAIL: go.test/test/fixedbugs/bug225.go compilation,  -O2 -g 
FAIL: go.test/test/fixedbugs/bug227.go compilation,  -O2 -g 
FAIL: go.test/test/fixedbugs/bug230.go compilation,  -O2 -g 
FAIL: go.test/test/fixedbugs/bug234.go compilation,  -O2 -g 
FAIL: go.test/test/fixedbugs/bug236.go compilation,  -O2 -g 
FAIL: go.test/test/fixedbugs/bug237.go compilation,  -O2 -g 
FAIL: go.test/test/fixedbugs/bug242.go compilation,  -O2 -g 
FAIL: go.test/test/fixedbugs/bug243.go compilation,  -O2 -g 
FAIL: go.test/test/fixedbugs/bug244.go compilation,  -O2 -g 
FAIL: go.test/test/fixedbugs/bug246.go compilation,  -O2 -g 
FAIL: go.test/test/fixedbugs/bug247.go compilation,  -O2 -g 
FAIL: go.test/test/fixedbugs/bug248.go
FAIL: go.test/test/fixedbugs/bug253.go compilation,  -O2 -g 
FAIL: go.test/test/fixedbugs/bug254.go compilation,  -O2 -g 
FAIL: go.test/test/fixedbugs/bug257.go compilation,  -O2 -g 
FAIL: go.test/test/fixedbugs/bug258.go compilation,  -O2 -g 
FAIL: go.test/test/fixedbugs/bug259.go compilation,  -O2 -g 
FAIL: go.test/test/fixedbugs/bug260.go compilation,  -O2 -g 
FAIL: go.test/test/fixedbugs/bug261.go compilation,  -O2 -g 
FAIL: go.test/test/fixedbugs/bug262.go compilation,  -O2 -g 
FAIL: go.test/test/fixedbugs/bug263.go compilation,  -O2 -g 
FAIL: go.test/test/fixedbugs/bug264.go compilation,  -O2 -g 
FAIL: go.test/test/fixedbugs/bug265.go compilation,  -O2 -g 
FAIL: go.test/test/fixedbugs/bug266.go compilation,  -O2 -g 
FAIL: go.test/test/fixedbugs/bug269.go compilation,  -O2 -g 
FAIL: go.test/test/fixedbugs/bug271.go compilation,  -O2 -g 
FAIL: go.test/test/fixedbugs/bug272.go compilation,  -O2 -g 
FAIL: go.test/test/fixedbugs/bug273.go compilation,  -O2 -g 
FAIL: go.test/test/fixedbugs/bug276.go compilation,  -O2 -g 
FAIL: go.test/test/fixedbugs/bug279.go compilation,  -O2 -g 
FAIL: go.test/test/fixedbugs/bug281.go compilation,  -O2 -g 
FAIL: go.test/test/fixedbugs/bug285.go compilation,  -O2 -g 
FAIL: go.test/test/fixedbugs/bug286.go compilation,  -O2 -g 
FAIL: go.test/test/fixedbugs/bug290.go compilation,  -O2 -g 
FAIL: go.test/test/fixedbugs/bug291.go compilation,  -O2 -g 
FAIL: go.test/test/fixedbugs/bug292.go compilation,  -O2 -g 
FAIL: go.test/test/fixedbugs/bug293.go compilation,  -O2 -g 
FAIL: go.test/test/fixedbugs/bug294.go compilation,  -O2 -g 
FAIL: go.test/test/fixedbugs/bug295.go compilation,  -O2 -g 
FAIL: go.test/test/fixedbugs/bug296.go compilation,  -O2 -g 
FAIL: go.test/test/fixedbugs/bug303.go compilation,  -O2 -g 
FAIL: go.test/test/fixedbugs/bug311.go compilation,  -O2 -g 
FAIL: go.test/test/fixedbugs/bug312.go compilation,  -O2 -g 
FAIL: go.test/test/fixedbugs/bug314.go compilation,  -O2 -g 
FAIL: go.test/test/fixedbugs/bug317.go compilation,  -O2 -g 
FAIL: go.test/test/fixedbugs/bug320.go compilation,  -O2 -g 
FAIL: go.test/test/fixedbugs/bug321.go compilation,  -O2 -g 
FAIL: go.test/test/fixedbugs/bug322.go
UNRESOLVED: go.test/test/fixedbugs/bug324.go
FAIL: go.test/test/fixedbugs/bug327.go compilation,  -O2 -g 
FAIL: go.test/test/fixedbugs/bug328.go -O (test for excess errors)
FAIL: go.test/test/fixedbugs/bug328.go execution
FAIL: go.test/test/fixedbugs/bug329.go compilation,  -O2 -g 
FAIL: go.test/test/fixedbugs/bug331.go compilation,  -O2 -g 
FAIL: go.test/test/fixedbugs/bug333.go compilation,  -O2 -g 
FAIL: go.test/test/fixedbugs/bug336.go compilation,  -O2 -g 
FAIL: go.test/test/fixedbugs/bug339.go compilation,  -O2 -g 
FAIL: go.test/test/fixedbugs/bug341.go compilation,  -O2 -g 
FAIL: go.test/test/fixedbugs/bug343.go compilation,  -O2 -g 
FAIL: go.test/test/fixedbugs/bug346.go compilation,  -O2 -g 
FAIL: go.test/test/fixedbugs/bug347.go compilation,  -O0 -g 
FAIL: go.test/test/fixedbugs/bug348.go compilation,  -O0 -g 
FAIL: go.test/test/fixedbugs/bug352.go compilation,  -O2 -g 
FAIL: go.test/test/fixedbugs/bug355.go compilation,  -O2 -g 
FAIL: go.test/test/fixedbugs/bug356.go compilation,  -O2 -g 
FAIL: go.test/test/fixedbugs/bug364.go compilation,  -O2 -g 
FAIL: go.test/test/fixedbugs/bug366.go compilation,  -O2 -g 
FAIL: go.test/test/fixedbugs/bug367.go
FAIL: go.test/test/fixedbugs/bug368.go compilation,  -O2 -g 
FAIL: go.test/test/fixedbugs/bug369.go
FAIL: go.test/test/fixedbugs/bug370.go compilation,  -O2 -g 
FAIL: go.test/test/fixedbugs/bug372.go compilation,  -O2 -g 
FAIL: go.test/test/fixedbugs/bug375.go compilation,  -O2 -g 
FAIL: go.test/test/fixedbugs/bug378.go compilation,  -O2 -g 
FAIL: go.test/test/fixedbugs/bug401.go compilation,  -O2 -g 
FAIL: go.test/test/fixedbugs/bug402.go compilation,  -O2 -g 
FAIL: go.test/test/fixedbugs/bug405.go compilation,  -O2 -g 
FAIL: go.test/test/fixedbugs/bug406.go compilation,  -O2 -g 
FAIL: go.test/test/fixedbugs/bug409.go -O (test for excess errors)
FAIL: go.test/test/fixedbugs/bug409.go execution
UNRESOLVED: go.test/test/fixedbugs/bug414.go
FAIL: go.test/test/fixedbugs/bug423.go compilation,  -O2 -g 
UNRESOLVED: go.test/test/fixedbugs/bug424.go
FAIL: go.test/test/fixedbugs/bug428.go compilation,  -O2 -g 
FAIL: go.test/test/fixedbugs/bug433.go compilation,  -O2 -g 
FAIL: go.test/test/fixedbugs/bug434.go compilation,  -O2 -g 
FAIL: go.test/test/fixedbugs/bug436.go compilation,  -O2 -g 
UNRESOLVED: go.test/test/fixedbugs/bug437.go
FAIL: go.test/test/fixedbugs/bug440_32.go compilation,  -O2 -g 
FAIL: go.test/test/fixedbugs/bug440_64.go compilation,  -O2 -g 
FAIL: go.test/test/fixedbugs/bug441.go compilation,  -O2 -g 
FAIL: go.test/test/fixedbugs/bug442.go compilation,  -O2 -g 
FAIL: go.test/test/fixedbugs/bug444.go compilation,  -O2 -g 
FAIL: go.test/test/fixedbugs/bug446.go compilation,  -O2 -g 
FAIL: go.test/test/fixedbugs/bug447.go -O (test for excess errors)
FAIL: go.test/test/fixedbugs/bug447.go execution
FAIL: go.test/test/fixedbugs/bug449.go -O (test for excess errors)
FAIL: go.test/test/fixedbugs/bug449.go execution
FAIL: go.test/test/fixedbugs/bug450.go compilation,  -O2 -g 
FAIL: go.test/test/fixedbugs/bug452.go compilation,  -O2 -g 
FAIL: go.test/test/float_lit.go compilation,  -O2 -g 
FAIL: go.test/test/floatcmp.go compilation,  -O2 -g 
FAIL: go.test/test/for.go compilation,  -O2 -g 
FAIL: go.test/test/func.go compilation,  -O2 -g 
FAIL: go.test/test/func5.go compilation,  -O2 -g 
FAIL: go.test/test/func6.go compilation,  -O2 -g 
FAIL: go.test/test/func7.go compilation,  -O2 -g 
FAIL: go.test/test/func8.go compilation,  -O2 -g 
FAIL: go.test/test/gc.go compilation,  -O2 -g 
FAIL: go.test/test/gc1.go compilation,  -O2 -g 
FAIL: go.test/test/gc2.go compilation,  -O2 -g 
FAIL: go.test/test/goprint.go -O (test for excess errors)
FAIL: go.test/test/goprint.go execution
FAIL: go.test/test/helloworld.go -O (test for excess errors)
FAIL: go.test/test/helloworld.go execution
FAIL: go.test/test/if.go compilation,  -O2 -g 
FAIL: go.test/test/index0.go -O (test for excess errors)
FAIL: go.test/test/index0.go execution
FAIL: go.test/test/index1.go -O (test for excess errors)
FAIL: go.test/test/index1.go execution
FAIL: go.test/test/index2.go -O (test for excess errors)
FAIL: go.test/test/index2.go execution
FAIL: go.test/test/indirect.go compilation,  -O2 -g 
FAIL: go.test/test/initcomma.go compilation,  -O2 -g 
FAIL: go.test/test/initialize.go compilation,  -O2 -g 
FAIL: go.test/test/int_lit.go compilation,  -O2 -g 
FAIL: go.test/test/intcvt.go compilation,  -O2 -g 
FAIL: go.test/test/interface/bigdata.go compilation,  -O2 -g 
FAIL: go.test/test/interface/convert.go compilation,  -O2 -g 
FAIL: go.test/test/interface/convert1.go compilation,  -O2 -g 
FAIL: go.test/test/interface/convert2.go compilation,  -O2 -g 
FAIL: go.test/test/interface/embed.go compilation,  -O2 -g 
FAIL: go.test/test/interface/embed1.go
FAIL: go.test/test/interface/fail.go compilation,  -O2 -g 
FAIL: go.test/test/interface/fake.go compilation,  -O2 -g 
FAIL: go.test/test/interface/noeq.go compilation,  -O2 -g 
FAIL: go.test/test/interface/receiver.go compilation,  -O2 -g 
FAIL: go.test/test/interface/returntype.go compilation,  -O2 -g 
FAIL: go.test/test/interface/struct.go compilation,  -O2 -g 
FAIL: go.test/test/iota.go compilation,  -O2 -g 
FAIL: go.test/test/ken/array.go compilation,  -O2 -g 
FAIL: go.test/test/ken/chan.go compilation,  -O2 -g 
FAIL: go.test/test/ken/chan1.go compilation,  -O2 -g 
FAIL: go.test/test/ken/complit.go compilation,  -O2 -g 
FAIL: go.test/test/ken/convert.go compilation,  -O2 -g 
FAIL: go.test/test/ken/cplx0.go -O (test for excess errors)
FAIL: go.test/test/ken/cplx0.go execution
FAIL: go.test/test/ken/cplx1.go compilation,  -O2 -g 
FAIL: go.test/test/ken/cplx2.go compilation,  -O2 -g 
FAIL: go.test/test/ken/cplx3.go compilation,  -O2 -g 
FAIL: go.test/test/ken/cplx4.go compilation,  -O2 -g 
FAIL: go.test/test/ken/cplx5.go compilation,  -O2 -g 
FAIL: go.test/test/ken/divconst.go compilation,  -O2 -g 
FAIL: go.test/test/ken/divmod.go compilation,  -O2 -g 
FAIL: go.test/test/ken/embed.go compilation,  -O2 -g 
FAIL: go.test/test/ken/for.go compilation,  -O2 -g 
FAIL: go.test/test/ken/interbasic.go compilation,  -O2 -g 
FAIL: go.test/test/ken/interfun.go compilation,  -O2 -g 
FAIL: go.test/test/ken/intervar.go compilation,  -O2 -g 
FAIL: go.test/test/ken/label.go compilation,  -O2 -g 
FAIL: go.test/test/ken/litfun.go compilation,  -O2 -g 
FAIL: go.test/test/ken/mfunc.go compilation,  -O2 -g 
FAIL: go.test/test/ken/modconst.go compilation,  -O2 -g 
FAIL: go.test/test/ken/ptrfun.go compilation,  -O2 -g 
FAIL: go.test/test/ken/ptrvar.go compilation,  -O2 -g 
FAIL: go.test/test/ken/range.go compilation,  -O2 -g 
FAIL: go.test/test/ken/rob1.go compilation,  -O2 -g 
FAIL: go.test/test/ken/rob2.go compilation,  -O2 -g 
FAIL: go.test/test/ken/robfor.go compilation,  -O2 -g 
FAIL: go.test/test/ken/robfunc.go compilation,  -O2 -g 
FAIL: go.test/test/ken/shift.go compilation,  -O2 -g 
FAIL: go.test/test/ken/simparray.go compilation,  -O2 -g 
FAIL: go.test/test/ken/simpbool.go compilation,  -O2 -g 
FAIL: go.test/test/ken/simpconv.go compilation,  -O2 -g 
FAIL: go.test/test/ken/simpfun.go compilation,  -O2 -g 
FAIL: go.test/test/ken/simpswitch.go compilation,  -O2 -g 
FAIL: go.test/test/ken/simpvar.go compilation,  -O2 -g 
FAIL: go.test/test/ken/slicearray.go compilation,  -O2 -g 
FAIL: go.test/test/ken/sliceslice.go compilation,  -O2 -g 
FAIL: go.test/test/ken/string.go -O (test for excess errors)
FAIL: go.test/test/ken/string.go execution
FAIL: go.test/test/ken/strvar.go compilation,  -O2 -g 
FAIL: go.test/test/literal.go compilation,  -O2 -g 
FAIL: go.test/test/mallocfin.go compilation,  -O2 -g 
FAIL: go.test/test/map.go compilation,  -O2 -g 
FAIL: go.test/test/method.go compilation,  -O2 -g 
FAIL: go.test/test/method3.go compilation,  -O2 -g 
UNRESOLVED: go.test/test/method4.go
FAIL: go.test/test/named.go compilation,  -O2 -g 
FAIL: go.test/test/nil.go compilation,  -O2 -g 
FAIL: go.test/test/nul1.go -O (test for excess errors)
FAIL: go.test/test/nul1.go execution
FAIL: go.test/test/peano.go compilation,  -O2 -g 
FAIL: go.test/test/printbig.go -O (test for excess errors)
FAIL: go.test/test/printbig.go execution
FAIL: go.test/test/range.go compilation,  -O2 -g 
FAIL: go.test/test/recover.go compilation,  -O2 -g 
FAIL: go.test/test/recover1.go compilation,  -O2 -g 
FAIL: go.test/test/recover2.go compilation,  -O2 -g 
FAIL: go.test/test/recover3.go compilation,  -O2 -g 
FAIL: go.test/test/rename.go compilation,  -O2 -g 
FAIL: go.test/test/reorder.go compilation,  -O2 -g 
FAIL: go.test/test/reorder2.go compilation,  -O2 -g 
FAIL: go.test/test/sieve.go  -O  (test for excess errors)
FAIL: go.test/test/sigchld.go -O (test for excess errors)
FAIL: go.test/test/sigchld.go execution
FAIL: go.test/test/simassign.go compilation,  -O2 -g 
FAIL: go.test/test/solitaire.go  -O  (test for excess errors)
FAIL: go.test/test/string_lit.go compilation,  -O2 -g 
FAIL: go.test/test/stringrange.go compilation,  -O2 -g 
FAIL: go.test/test/struct0.go compilation,  -O2 -g 
FAIL: go.test/test/switch.go compilation,  -O2 -g 
FAIL: go.test/test/turing.go compilation,  -O2 -g 
FAIL: go.test/test/typeswitch.go compilation,  -O2 -g 
FAIL: go.test/test/typeswitch1.go compilation,  -O2 -g 
FAIL: go.test/test/utf.go compilation,  -O2 -g 
FAIL: go.test/test/varinit.go compilation,  -O2 -g 
FAIL: go.test/test/zerodivide.go compilation,  -O2 -g 

		=== go Summary for unix/-m32 ===

# of expected passes		1144
# of unexpected failures	594
# of untested testcases		555
# of unresolved testcases	6

Running target unix/-m64
FAIL: go.go-torture/execute/array-1.go compilation,  -O0 
FAIL: go.go-torture/execute/array-1.go compilation,  -O1 
FAIL: go.go-torture/execute/array-1.go compilation,  -O2 
FAIL: go.go-torture/execute/array-1.go compilation,  -O2 -fomit-frame-pointer -finline-functions 
FAIL: go.go-torture/execute/array-1.go compilation,  -O2 -fomit-frame-pointer -finline-functions -funroll-loops 
FAIL: go.go-torture/execute/array-1.go compilation,  -O2 -fbounds-check 
FAIL: go.go-torture/execute/array-1.go compilation,  -O3 -g 
FAIL: go.go-torture/execute/array-1.go compilation,  -Os 
FAIL: go.go-torture/execute/array-2.go compilation,  -O0 
FAIL: go.go-torture/execute/array-2.go compilation,  -O1 
FAIL: go.go-torture/execute/array-2.go compilation,  -O2 
FAIL: go.go-torture/execute/array-2.go compilation,  -O2 -fomit-frame-pointer -finline-functions 
FAIL: go.go-torture/execute/array-2.go compilation,  -O2 -fomit-frame-pointer -finline-functions -funroll-loops 
FAIL: go.go-torture/execute/array-2.go compilation,  -O2 -fbounds-check 
FAIL: go.go-torture/execute/array-2.go compilation,  -O3 -g 
FAIL: go.go-torture/execute/array-2.go compilation,  -Os 
FAIL: go.go-torture/execute/chan-1.go compilation,  -O0 
FAIL: go.go-torture/execute/chan-1.go compilation,  -O1 
FAIL: go.go-torture/execute/chan-1.go compilation,  -O2 
FAIL: go.go-torture/execute/chan-1.go compilation,  -O2 -fomit-frame-pointer -finline-functions 
FAIL: go.go-torture/execute/chan-1.go compilation,  -O2 -fomit-frame-pointer -finline-functions -funroll-loops 
FAIL: go.go-torture/execute/chan-1.go compilation,  -O2 -fbounds-check 
FAIL: go.go-torture/execute/chan-1.go compilation,  -O3 -g 
FAIL: go.go-torture/execute/chan-1.go compilation,  -Os 
FAIL: go.go-torture/execute/const-1.go compilation,  -O0 
FAIL: go.go-torture/execute/const-1.go compilation,  -O1 
FAIL: go.go-torture/execute/const-1.go compilation,  -O2 
FAIL: go.go-torture/execute/const-1.go compilation,  -O2 -fomit-frame-pointer -finline-functions 
FAIL: go.go-torture/execute/const-1.go compilation,  -O2 -fomit-frame-pointer -finline-functions -funroll-loops 
FAIL: go.go-torture/execute/const-1.go compilation,  -O2 -fbounds-check 
FAIL: go.go-torture/execute/const-1.go compilation,  -O3 -g 
FAIL: go.go-torture/execute/const-1.go compilation,  -Os 
FAIL: go.go-torture/execute/const-2.go compilation,  -O0 
FAIL: go.go-torture/execute/const-2.go compilation,  -O1 
FAIL: go.go-torture/execute/const-2.go compilation,  -O2 
FAIL: go.go-torture/execute/const-2.go compilation,  -O2 -fomit-frame-pointer -finline-functions 
FAIL: go.go-torture/execute/const-2.go compilation,  -O2 -fomit-frame-pointer -finline-functions -funroll-loops 
FAIL: go.go-torture/execute/const-2.go compilation,  -O2 -fbounds-check 
FAIL: go.go-torture/execute/const-2.go compilation,  -O3 -g 
FAIL: go.go-torture/execute/const-2.go compilation,  -Os 
FAIL: go.go-torture/execute/expr-1.go compilation,  -O0 
FAIL: go.go-torture/execute/expr-1.go compilation,  -O1 
FAIL: go.go-torture/execute/expr-1.go compilation,  -O2 
FAIL: go.go-torture/execute/expr-1.go compilation,  -O2 -fomit-frame-pointer -finline-functions 
FAIL: go.go-torture/execute/expr-1.go compilation,  -O2 -fomit-frame-pointer -finline-functions -funroll-loops 
FAIL: go.go-torture/execute/expr-1.go compilation,  -O2 -fbounds-check 
FAIL: go.go-torture/execute/expr-1.go compilation,  -O3 -g 
FAIL: go.go-torture/execute/expr-1.go compilation,  -Os 
FAIL: go.go-torture/execute/for-1.go compilation,  -O0 
FAIL: go.go-torture/execute/for-1.go compilation,  -O1 
FAIL: go.go-torture/execute/for-1.go compilation,  -O2 
FAIL: go.go-torture/execute/for-1.go compilation,  -O2 -fomit-frame-pointer -finline-functions 
FAIL: go.go-torture/execute/for-1.go compilation,  -O2 -fomit-frame-pointer -finline-functions -funroll-loops 
FAIL: go.go-torture/execute/for-1.go compilation,  -O2 -fbounds-check 
FAIL: go.go-torture/execute/for-1.go compilation,  -O3 -g 
FAIL: go.go-torture/execute/for-1.go compilation,  -Os 
FAIL: go.go-torture/execute/for-2.go compilation,  -O0 
FAIL: go.go-torture/execute/for-2.go compilation,  -O1 
FAIL: go.go-torture/execute/for-2.go compilation,  -O2 
FAIL: go.go-torture/execute/for-2.go compilation,  -O2 -fomit-frame-pointer -finline-functions 
FAIL: go.go-torture/execute/for-2.go compilation,  -O2 -fomit-frame-pointer -finline-functions -funroll-loops 
FAIL: go.go-torture/execute/for-2.go compilation,  -O2 -fbounds-check 
FAIL: go.go-torture/execute/for-2.go compilation,  -O3 -g 
FAIL: go.go-torture/execute/for-2.go compilation,  -Os 
FAIL: go.go-torture/execute/function-1.go compilation,  -O0 
FAIL: go.go-torture/execute/function-1.go compilation,  -O1 
FAIL: go.go-torture/execute/function-1.go compilation,  -O2 
FAIL: go.go-torture/execute/function-1.go compilation,  -O2 -fomit-frame-pointer -finline-functions 
FAIL: go.go-torture/execute/function-1.go compilation,  -O2 -fomit-frame-pointer -finline-functions -funroll-loops 
FAIL: go.go-torture/execute/function-1.go compilation,  -O2 -fbounds-check 
FAIL: go.go-torture/execute/function-1.go compilation,  -O3 -g 
FAIL: go.go-torture/execute/function-1.go compilation,  -Os 
FAIL: go.go-torture/execute/function-2.go compilation,  -O0 
FAIL: go.go-torture/execute/function-2.go compilation,  -O1 
FAIL: go.go-torture/execute/function-2.go compilation,  -O2 
FAIL: go.go-torture/execute/function-2.go compilation,  -O2 -fomit-frame-pointer -finline-functions 
FAIL: go.go-torture/execute/function-2.go compilation,  -O2 -fomit-frame-pointer -finline-functions -funroll-loops 
FAIL: go.go-torture/execute/function-2.go compilation,  -O2 -fbounds-check 
FAIL: go.go-torture/execute/function-2.go compilation,  -O3 -g 
FAIL: go.go-torture/execute/function-2.go compilation,  -Os 
FAIL: go.go-torture/execute/go-1.go compilation,  -O0 
FAIL: go.go-torture/execute/go-1.go compilation,  -O1 
FAIL: go.go-torture/execute/go-1.go compilation,  -O2 
FAIL: go.go-torture/execute/go-1.go compilation,  -O2 -fomit-frame-pointer -finline-functions 
FAIL: go.go-torture/execute/go-1.go compilation,  -O2 -fomit-frame-pointer -finline-functions -funroll-loops 
FAIL: go.go-torture/execute/go-1.go compilation,  -O2 -fbounds-check 
FAIL: go.go-torture/execute/go-1.go compilation,  -O3 -g 
FAIL: go.go-torture/execute/go-1.go compilation,  -Os 
FAIL: go.go-torture/execute/go-2.go compilation,  -O0 
FAIL: go.go-torture/execute/go-2.go compilation,  -O1 
FAIL: go.go-torture/execute/go-2.go compilation,  -O2 
FAIL: go.go-torture/execute/go-2.go compilation,  -O2 -fomit-frame-pointer -finline-functions 
FAIL: go.go-torture/execute/go-2.go compilation,  -O2 -fomit-frame-pointer -finline-functions -funroll-loops 
FAIL: go.go-torture/execute/go-2.go compilation,  -O2 -fbounds-check 
FAIL: go.go-torture/execute/go-2.go compilation,  -O3 -g 
FAIL: go.go-torture/execute/go-2.go compilation,  -Os 
FAIL: go.go-torture/execute/go-3.go compilation,  -O0 
FAIL: go.go-torture/execute/go-3.go compilation,  -O1 
FAIL: go.go-torture/execute/go-3.go compilation,  -O2 
FAIL: go.go-torture/execute/go-3.go compilation,  -O2 -fomit-frame-pointer -finline-functions 
FAIL: go.go-torture/execute/go-3.go compilation,  -O2 -fomit-frame-pointer -finline-functions -funroll-loops 
FAIL: go.go-torture/execute/go-3.go compilation,  -O2 -fbounds-check 
FAIL: go.go-torture/execute/go-3.go compilation,  -O3 -g 
FAIL: go.go-torture/execute/go-3.go compilation,  -Os 
FAIL: go.go-torture/execute/goto-1.go compilation,  -O0 
FAIL: go.go-torture/execute/goto-1.go compilation,  -O1 
FAIL: go.go-torture/execute/goto-1.go compilation,  -O2 
FAIL: go.go-torture/execute/goto-1.go compilation,  -O2 -fomit-frame-pointer -finline-functions 
FAIL: go.go-torture/execute/goto-1.go compilation,  -O2 -fomit-frame-pointer -finline-functions -funroll-loops 
FAIL: go.go-torture/execute/goto-1.go compilation,  -O2 -fbounds-check 
FAIL: go.go-torture/execute/goto-1.go compilation,  -O3 -g 
FAIL: go.go-torture/execute/goto-1.go compilation,  -Os 
FAIL: go.go-torture/execute/map-1.go compilation,  -O0 
FAIL: go.go-torture/execute/map-1.go compilation,  -O1 
FAIL: go.go-torture/execute/map-1.go compilation,  -O2 
FAIL: go.go-torture/execute/map-1.go compilation,  -O2 -fomit-frame-pointer -finline-functions 
FAIL: go.go-torture/execute/map-1.go compilation,  -O2 -fomit-frame-pointer -finline-functions -funroll-loops 
FAIL: go.go-torture/execute/map-1.go compilation,  -O2 -fbounds-check 
FAIL: go.go-torture/execute/map-1.go compilation,  -O3 -g 
FAIL: go.go-torture/execute/map-1.go compilation,  -Os 
FAIL: go.go-torture/execute/method-1.go compilation,  -O0 
FAIL: go.go-torture/execute/method-1.go compilation,  -O1 
FAIL: go.go-torture/execute/method-1.go compilation,  -O2 
FAIL: go.go-torture/execute/method-1.go compilation,  -O2 -fomit-frame-pointer -finline-functions 
FAIL: go.go-torture/execute/method-1.go compilation,  -O2 -fomit-frame-pointer -finline-functions -funroll-loops 
FAIL: go.go-torture/execute/method-1.go compilation,  -O2 -fbounds-check 
FAIL: go.go-torture/execute/method-1.go compilation,  -O3 -g 
FAIL: go.go-torture/execute/method-1.go compilation,  -Os 
FAIL: go.go-torture/execute/nested-1.go compilation,  -O0 
FAIL: go.go-torture/execute/nested-1.go compilation,  -O1 
FAIL: go.go-torture/execute/nested-1.go compilation,  -O2 
FAIL: go.go-torture/execute/nested-1.go compilation,  -O2 -fomit-frame-pointer -finline-functions 
FAIL: go.go-torture/execute/nested-1.go compilation,  -O2 -fomit-frame-pointer -finline-functions -funroll-loops 
FAIL: go.go-torture/execute/nested-1.go compilation,  -O2 -fbounds-check 
FAIL: go.go-torture/execute/nested-1.go compilation,  -O3 -g 
FAIL: go.go-torture/execute/nested-1.go compilation,  -Os 
FAIL: go.go-torture/execute/pointer-1.go compilation,  -O0 
FAIL: go.go-torture/execute/pointer-1.go compilation,  -O1 
FAIL: go.go-torture/execute/pointer-1.go compilation,  -O2 
FAIL: go.go-torture/execute/pointer-1.go compilation,  -O2 -fomit-frame-pointer -finline-functions 
FAIL: go.go-torture/execute/pointer-1.go compilation,  -O2 -fomit-frame-pointer -finline-functions -funroll-loops 
FAIL: go.go-torture/execute/pointer-1.go compilation,  -O2 -fbounds-check 
FAIL: go.go-torture/execute/pointer-1.go compilation,  -O3 -g 
FAIL: go.go-torture/execute/pointer-1.go compilation,  -Os 
FAIL: go.go-torture/execute/return-1.go compilation,  -O0 
FAIL: go.go-torture/execute/return-1.go compilation,  -O1 
FAIL: go.go-torture/execute/return-1.go compilation,  -O2 
FAIL: go.go-torture/execute/return-1.go compilation,  -O2 -fomit-frame-pointer -finline-functions 
FAIL: go.go-torture/execute/return-1.go compilation,  -O2 -fomit-frame-pointer -finline-functions -funroll-loops 
FAIL: go.go-torture/execute/return-1.go compilation,  -O2 -fbounds-check 
FAIL: go.go-torture/execute/return-1.go compilation,  -O3 -g 
FAIL: go.go-torture/execute/return-1.go compilation,  -Os 
FAIL: go.go-torture/execute/return-2.go compilation,  -O0 
FAIL: go.go-torture/execute/return-2.go compilation,  -O1 
FAIL: go.go-torture/execute/return-2.go compilation,  -O2 
FAIL: go.go-torture/execute/return-2.go compilation,  -O2 -fomit-frame-pointer -finline-functions 
FAIL: go.go-torture/execute/return-2.go compilation,  -O2 -fomit-frame-pointer -finline-functions -funroll-loops 
FAIL: go.go-torture/execute/return-2.go compilation,  -O2 -fbounds-check 
FAIL: go.go-torture/execute/return-2.go compilation,  -O3 -g 
FAIL: go.go-torture/execute/return-2.go compilation,  -Os 
FAIL: go.go-torture/execute/return-3.go compilation,  -O0 
FAIL: go.go-torture/execute/return-3.go compilation,  -O1 
FAIL: go.go-torture/execute/return-3.go compilation,  -O2 
FAIL: go.go-torture/execute/return-3.go compilation,  -O2 -fomit-frame-pointer -finline-functions 
FAIL: go.go-torture/execute/return-3.go compilation,  -O2 -fomit-frame-pointer -finline-functions -funroll-loops 
FAIL: go.go-torture/execute/return-3.go compilation,  -O2 -fbounds-check 
FAIL: go.go-torture/execute/return-3.go compilation,  -O3 -g 
FAIL: go.go-torture/execute/return-3.go compilation,  -Os 
FAIL: go.go-torture/execute/select-1.go compilation,  -O0 
FAIL: go.go-torture/execute/select-1.go compilation,  -O1 
FAIL: go.go-torture/execute/select-1.go compilation,  -O2 
FAIL: go.go-torture/execute/select-1.go compilation,  -O2 -fomit-frame-pointer -finline-functions 
FAIL: go.go-torture/execute/select-1.go compilation,  -O2 -fomit-frame-pointer -finline-functions -funroll-loops 
FAIL: go.go-torture/execute/select-1.go compilation,  -O2 -fbounds-check 
FAIL: go.go-torture/execute/select-1.go compilation,  -O3 -g 
FAIL: go.go-torture/execute/select-1.go compilation,  -Os 
FAIL: go.go-torture/execute/string-1.go compilation,  -O0 
FAIL: go.go-torture/execute/string-1.go compilation,  -O1 
FAIL: go.go-torture/execute/string-1.go compilation,  -O2 
FAIL: go.go-torture/execute/string-1.go compilation,  -O2 -fomit-frame-pointer -finline-functions 
FAIL: go.go-torture/execute/string-1.go compilation,  -O2 -fomit-frame-pointer -finline-functions -funroll-loops 
FAIL: go.go-torture/execute/string-1.go compilation,  -O2 -fbounds-check 
FAIL: go.go-torture/execute/string-1.go compilation,  -O3 -g 
FAIL: go.go-torture/execute/string-1.go compilation,  -Os 
FAIL: go.go-torture/execute/string-2.go compilation,  -O0 
FAIL: go.go-torture/execute/string-2.go compilation,  -O1 
FAIL: go.go-torture/execute/string-2.go compilation,  -O2 
FAIL: go.go-torture/execute/string-2.go compilation,  -O2 -fomit-frame-pointer -finline-functions 
FAIL: go.go-torture/execute/string-2.go compilation,  -O2 -fomit-frame-pointer -finline-functions -funroll-loops 
FAIL: go.go-torture/execute/string-2.go compilation,  -O2 -fbounds-check 
FAIL: go.go-torture/execute/string-2.go compilation,  -O3 -g 
FAIL: go.go-torture/execute/string-2.go compilation,  -Os 
FAIL: go.go-torture/execute/struct-1.go compilation,  -O0 
FAIL: go.go-torture/execute/struct-1.go compilation,  -O1 
FAIL: go.go-torture/execute/struct-1.go compilation,  -O2 
FAIL: go.go-torture/execute/struct-1.go compilation,  -O2 -fomit-frame-pointer -finline-functions 
FAIL: go.go-torture/execute/struct-1.go compilation,  -O2 -fomit-frame-pointer -finline-functions -funroll-loops 
FAIL: go.go-torture/execute/struct-1.go compilation,  -O2 -fbounds-check 
FAIL: go.go-torture/execute/struct-1.go compilation,  -O3 -g 
FAIL: go.go-torture/execute/struct-1.go compilation,  -Os 
FAIL: go.go-torture/execute/struct-2.go compilation,  -O0 
FAIL: go.go-torture/execute/struct-2.go compilation,  -O1 
FAIL: go.go-torture/execute/struct-2.go compilation,  -O2 
FAIL: go.go-torture/execute/struct-2.go compilation,  -O2 -fomit-frame-pointer -finline-functions 
FAIL: go.go-torture/execute/struct-2.go compilation,  -O2 -fomit-frame-pointer -finline-functions -funroll-loops 
FAIL: go.go-torture/execute/struct-2.go compilation,  -O2 -fbounds-check 
FAIL: go.go-torture/execute/struct-2.go compilation,  -O3 -g 
FAIL: go.go-torture/execute/struct-2.go compilation,  -Os 
FAIL: go.go-torture/execute/switch-1.go compilation,  -O0 
FAIL: go.go-torture/execute/switch-1.go compilation,  -O1 
FAIL: go.go-torture/execute/switch-1.go compilation,  -O2 
FAIL: go.go-torture/execute/switch-1.go compilation,  -O2 -fomit-frame-pointer -finline-functions 
FAIL: go.go-torture/execute/switch-1.go compilation,  -O2 -fomit-frame-pointer -finline-functions -funroll-loops 
FAIL: go.go-torture/execute/switch-1.go compilation,  -O2 -fbounds-check 
FAIL: go.go-torture/execute/switch-1.go compilation,  -O3 -g 
FAIL: go.go-torture/execute/switch-1.go compilation,  -Os 
FAIL: go.go-torture/execute/var-1.go compilation,  -O0 
FAIL: go.go-torture/execute/var-1.go compilation,  -O1 
FAIL: go.go-torture/execute/var-1.go compilation,  -O2 
FAIL: go.go-torture/execute/var-1.go compilation,  -O2 -fomit-frame-pointer -finline-functions 
FAIL: go.go-torture/execute/var-1.go compilation,  -O2 -fomit-frame-pointer -finline-functions -funroll-loops 
FAIL: go.go-torture/execute/var-1.go compilation,  -O2 -fbounds-check 
FAIL: go.go-torture/execute/var-1.go compilation,  -O3 -g 
FAIL: go.go-torture/execute/var-1.go compilation,  -Os 
FAIL: go.go-torture/execute/var-2.go compilation,  -O0 
FAIL: go.go-torture/execute/var-2.go compilation,  -O1 
FAIL: go.go-torture/execute/var-2.go compilation,  -O2 
FAIL: go.go-torture/execute/var-2.go compilation,  -O2 -fomit-frame-pointer -finline-functions 
FAIL: go.go-torture/execute/var-2.go compilation,  -O2 -fomit-frame-pointer -finline-functions -funroll-loops 
FAIL: go.go-torture/execute/var-2.go compilation,  -O2 -fbounds-check 
FAIL: go.go-torture/execute/var-2.go compilation,  -O3 -g 
FAIL: go.go-torture/execute/var-2.go compilation,  -Os 
FAIL: go.go-torture/execute/var-3.go compilation,  -O0 
FAIL: go.go-torture/execute/var-3.go compilation,  -O1 
FAIL: go.go-torture/execute/var-3.go compilation,  -O2 
FAIL: go.go-torture/execute/var-3.go compilation,  -O2 -fomit-frame-pointer -finline-functions 
FAIL: go.go-torture/execute/var-3.go compilation,  -O2 -fomit-frame-pointer -finline-functions -funroll-loops 
FAIL: go.go-torture/execute/var-3.go compilation,  -O2 -fbounds-check 
FAIL: go.go-torture/execute/var-3.go compilation,  -O3 -g 
FAIL: go.go-torture/execute/var-3.go compilation,  -Os 
ERROR: ./bug160.exe does not exist in unix_load.
ERROR: ./bug324.exe does not exist in unix_load.
ERROR: ./bug414.exe does not exist in unix_load.
ERROR: ./bug424.exe does not exist in unix_load.
ERROR: ./bug437.exe does not exist in unix_load.
ERROR: ./method4.exe does not exist in unix_load.
FAIL: bug429.go  -O2 -g  (test for excess errors)
WARNING: bug429.go  -O2 -g  compilation failed to produce executable
FAIL: go.test/test/235.go compilation,  -O2 -g 
FAIL: go.test/test/64bit.go -O (test for excess errors)
FAIL: go.test/test/64bit.go execution
FAIL: go.test/test/alias1.go compilation,  -O2 -g 
FAIL: go.test/test/append.go compilation,  -O2 -g 
FAIL: go.test/test/args.go compilation,  -O2 -g 
FAIL: go.test/test/bigalg.go compilation,  -O2 -g 
FAIL: go.test/test/bigmap.go compilation,  -O2 -g 
FAIL: go.test/test/blank.go compilation,  -O2 -g 
FAIL: go.test/test/bom.go -O (test for excess errors)
FAIL: go.test/test/bom.go execution
FAIL: go.test/test/chan/doubleselect.go compilation,  -O2 -g 
FAIL: go.test/test/chan/fifo.go compilation,  -O2 -g 
FAIL: go.test/test/chan/goroutines.go compilation,  -O2 -g 
FAIL: go.test/test/chan/nonblock.go compilation,  -O2 -g 
FAIL: go.test/test/chan/powser1.go compilation,  -O2 -g 
FAIL: go.test/test/chan/powser2.go compilation,  -O2 -g 
FAIL: go.test/test/chan/select.go compilation,  -O2 -g 
FAIL: go.test/test/chan/select3.go compilation,  -O2 -g 
FAIL: go.test/test/chan/select4.go compilation,  -O2 -g 
FAIL: go.test/test/chan/select5.go -O (test for excess errors)
FAIL: go.test/test/chan/select5.go execution
FAIL: go.test/test/chan/select6.go compilation,  -O2 -g 
FAIL: go.test/test/chan/select7.go compilation,  -O2 -g 
FAIL: go.test/test/chan/sendstmt.go compilation,  -O2 -g 
FAIL: go.test/test/chan/sieve1.go compilation,  -O2 -g 
FAIL: go.test/test/chan/sieve2.go compilation,  -O2 -g 
FAIL: go.test/test/chan/zerosize.go compilation,  -O2 -g 
FAIL: go.test/test/chancap.go compilation,  -O2 -g 
FAIL: go.test/test/char_lit.go compilation,  -O2 -g 
FAIL: go.test/test/closedchan.go compilation,  -O2 -g 
FAIL: go.test/test/cmp.go compilation,  -O2 -g 
FAIL: go.test/test/cmplxdivide.go
FAIL: go.test/test/complit.go compilation,  -O2 -g 
FAIL: go.test/test/compos.go compilation,  -O2 -g 
FAIL: go.test/test/const.go compilation,  -O2 -g 
FAIL: go.test/test/const3.go compilation,  -O2 -g 
FAIL: go.test/test/const4.go compilation,  -O2 -g 
FAIL: go.test/test/convT2X.go compilation,  -O2 -g 
FAIL: go.test/test/convert.go compilation,  -O2 -g 
FAIL: go.test/test/copy.go compilation,  -O2 -g 
FAIL: go.test/test/crlf.go -O (test for excess errors)
FAIL: go.test/test/crlf.go execution
FAIL: go.test/test/ddd.go compilation,  -O2 -g 
FAIL: go.test/test/ddd3.go
FAIL: go.test/test/decl.go compilation,  -O2 -g 
FAIL: go.test/test/defer.go compilation,  -O2 -g 
FAIL: go.test/test/deferprint.go -O (test for excess errors)
FAIL: go.test/test/deferprint.go execution
FAIL: go.test/test/divide.go compilation,  -O2 -g 
FAIL: go.test/test/dwarf/linedirectives.go compilation,  -O2 -g 
FAIL: go.test/test/dwarf/main.go compilation,  -O2 -g 
FAIL: go.test/test/env.go compilation,  -O2 -g 
FAIL: go.test/test/escape.go compilation,  -O2 -g 
FAIL: go.test/test/escape3.go compilation,  -O2 -g 
FAIL: go.test/test/fixedbugs/bug000.go compilation,  -O2 -g 
FAIL: go.test/test/fixedbugs/bug002.go compilation,  -O2 -g 
FAIL: go.test/test/fixedbugs/bug003.go compilation,  -O2 -g 
FAIL: go.test/test/fixedbugs/bug004.go compilation,  -O2 -g 
FAIL: go.test/test/fixedbugs/bug005.go compilation,  -O2 -g 
FAIL: go.test/test/fixedbugs/bug006.go compilation,  -O2 -g 
FAIL: go.test/test/fixedbugs/bug007.go compilation,  -O2 -g 
FAIL: go.test/test/fixedbugs/bug008.go compilation,  -O2 -g 
FAIL: go.test/test/fixedbugs/bug009.go compilation,  -O2 -g 
FAIL: go.test/test/fixedbugs/bug010.go compilation,  -O2 -g 
FAIL: go.test/test/fixedbugs/bug011.go compilation,  -O2 -g 
FAIL: go.test/test/fixedbugs/bug012.go compilation,  -O2 -g 
FAIL: go.test/test/fixedbugs/bug013.go compilation,  -O2 -g 
FAIL: go.test/test/fixedbugs/bug017.go compilation,  -O2 -g 
FAIL: go.test/test/fixedbugs/bug021.go compilation,  -O2 -g 
FAIL: go.test/test/fixedbugs/bug023.go compilation,  -O2 -g 
FAIL: go.test/test/fixedbugs/bug024.go compilation,  -O2 -g 
FAIL: go.test/test/fixedbugs/bug026.go compilation,  -O2 -g 
FAIL: go.test/test/fixedbugs/bug027.go compilation,  -O2 -g 
FAIL: go.test/test/fixedbugs/bug028.go compilation,  -O2 -g 
FAIL: go.test/test/fixedbugs/bug031.go compilation,  -O2 -g 
FAIL: go.test/test/fixedbugs/bug045.go compilation,  -O2 -g 
FAIL: go.test/test/fixedbugs/bug047.go compilation,  -O2 -g 
FAIL: go.test/test/fixedbugs/bug048.go compilation,  -O2 -g 
FAIL: go.test/test/fixedbugs/bug052.go compilation,  -O2 -g 
FAIL: go.test/test/fixedbugs/bug053.go compilation,  -O2 -g 
FAIL: go.test/test/fixedbugs/bug054.go compilation,  -O2 -g 
FAIL: go.test/test/fixedbugs/bug055.go compilation,  -O2 -g 
FAIL: go.test/test/fixedbugs/bug056.go compilation,  -O2 -g 
FAIL: go.test/test/fixedbugs/bug058.go compilation,  -O2 -g 
FAIL: go.test/test/fixedbugs/bug059.go compilation,  -O2 -g 
FAIL: go.test/test/fixedbugs/bug060.go compilation,  -O2 -g 
FAIL: go.test/test/fixedbugs/bug061.go compilation,  -O2 -g 
FAIL: go.test/test/fixedbugs/bug065.go compilation,  -O2 -g 
FAIL: go.test/test/fixedbugs/bug067.go compilation,  -O2 -g 
FAIL: go.test/test/fixedbugs/bug070.go compilation,  -O2 -g 
FAIL: go.test/test/fixedbugs/bug075.go compilation,  -O2 -g 
FAIL: go.test/test/fixedbugs/bug076.go  -O  (test for excess errors)
FAIL: go.test/test/fixedbugs/bug078.go compilation,  -O2 -g 
FAIL: go.test/test/fixedbugs/bug082.go compilation,  -O2 -g 
FAIL: go.test/test/fixedbugs/bug084.go compilation,  -O2 -g 
FAIL: go.test/test/fixedbugs/bug092.go compilation,  -O2 -g 
FAIL: go.test/test/fixedbugs/bug093.go compilation,  -O2 -g 
FAIL: go.test/test/fixedbugs/bug097.go compilation,  -O2 -g 
FAIL: go.test/test/fixedbugs/bug099.go compilation,  -O2 -g 
FAIL: go.test/test/fixedbugs/bug101.go compilation,  -O2 -g 
FAIL: go.test/test/fixedbugs/bug102.go compilation,  -O2 -g 
FAIL: go.test/test/fixedbugs/bug110.go  -O  (test for excess errors)
FAIL: go.test/test/fixedbugs/bug111.go compilation,  -O2 -g 
FAIL: go.test/test/fixedbugs/bug113.go compilation,  -O2 -g 
FAIL: go.test/test/fixedbugs/bug114.go compilation,  -O2 -g 
FAIL: go.test/test/fixedbugs/bug116.go compilation,  -O2 -g 
FAIL: go.test/test/fixedbugs/bug119.go compilation,  -O2 -g 
FAIL: go.test/test/fixedbugs/bug120.go compilation,  -O2 -g 
FAIL: go.test/test/fixedbugs/bug128.go compilation,  -O2 -g 
FAIL: go.test/test/fixedbugs/bug130.go compilation,  -O2 -g 
FAIL: go.test/test/fixedbugs/bug141.go compilation,  -O2 -g 
FAIL: go.test/test/fixedbugs/bug142.go compilation,  -O2 -g 
FAIL: go.test/test/fixedbugs/bug147.go compilation,  -O2 -g 
FAIL: go.test/test/fixedbugs/bug148.go compilation,  -O2 -g 
FAIL: go.test/test/fixedbugs/bug1515.go compilation,  -O2 -g 
FAIL: go.test/test/fixedbugs/bug152.go compilation,  -O2 -g 
FAIL: go.test/test/fixedbugs/bug154.go compilation,  -O2 -g 
FAIL: go.test/test/fixedbugs/bug155.go  -O  (test for excess errors)
FAIL: go.test/test/fixedbugs/bug159.go compilation,  -O2 -g 
UNRESOLVED: go.test/test/fixedbugs/bug160.go
FAIL: go.test/test/fixedbugs/bug167.go  -O  (test for excess errors)
FAIL: go.test/test/fixedbugs/bug168.go compilation,  -O2 -g 
FAIL: go.test/test/fixedbugs/bug177.go compilation,  -O2 -g 
FAIL: go.test/test/fixedbugs/bug178.go compilation,  -O2 -g 
FAIL: go.test/test/fixedbugs/bug180.go compilation,  -O2 -g 
FAIL: go.test/test/fixedbugs/bug184.go compilation,  -O2 -g 
FAIL: go.test/test/fixedbugs/bug185.go compilation,  -O2 -g 
FAIL: go.test/test/fixedbugs/bug187.go compilation,  -O2 -g 
FAIL: go.test/test/fixedbugs/bug191.go
FAIL: go.test/test/fixedbugs/bug194.go compilation,  -O2 -g 
FAIL: go.test/test/fixedbugs/bug196.go compilation,  -O2 -g 
FAIL: go.test/test/fixedbugs/bug199.go compilation,  -O2 -g 
FAIL: go.test/test/fixedbugs/bug201.go compilation,  -O2 -g 
FAIL: go.test/test/fixedbugs/bug202.go compilation,  -O2 -g 
FAIL: go.test/test/fixedbugs/bug203.go compilation,  -O2 -g 
FAIL: go.test/test/fixedbugs/bug204.go compilation,  -O2 -g 
FAIL: go.test/test/fixedbugs/bug206.go -O (test for excess errors)
FAIL: go.test/test/fixedbugs/bug206.go execution
FAIL: go.test/test/fixedbugs/bug207.go compilation,  -O2 -g 
FAIL: go.test/test/fixedbugs/bug221.go compilation,  -O2 -g 
FAIL: go.test/test/fixedbugs/bug225.go compilation,  -O2 -g 
FAIL: go.test/test/fixedbugs/bug227.go compilation,  -O2 -g 
FAIL: go.test/test/fixedbugs/bug230.go compilation,  -O2 -g 
FAIL: go.test/test/fixedbugs/bug234.go compilation,  -O2 -g 
FAIL: go.test/test/fixedbugs/bug236.go compilation,  -O2 -g 
FAIL: go.test/test/fixedbugs/bug237.go compilation,  -O2 -g 
FAIL: go.test/test/fixedbugs/bug242.go compilation,  -O2 -g 
FAIL: go.test/test/fixedbugs/bug243.go compilation,  -O2 -g 
FAIL: go.test/test/fixedbugs/bug244.go compilation,  -O2 -g 
FAIL: go.test/test/fixedbugs/bug246.go compilation,  -O2 -g 
FAIL: go.test/test/fixedbugs/bug247.go compilation,  -O2 -g 
FAIL: go.test/test/fixedbugs/bug248.go
FAIL: go.test/test/fixedbugs/bug253.go compilation,  -O2 -g 
FAIL: go.test/test/fixedbugs/bug254.go compilation,  -O2 -g 
FAIL: go.test/test/fixedbugs/bug257.go compilation,  -O2 -g 
FAIL: go.test/test/fixedbugs/bug258.go compilation,  -O2 -g 
FAIL: go.test/test/fixedbugs/bug259.go compilation,  -O2 -g 
FAIL: go.test/test/fixedbugs/bug260.go compilation,  -O2 -g 
FAIL: go.test/test/fixedbugs/bug261.go compilation,  -O2 -g 
FAIL: go.test/test/fixedbugs/bug262.go compilation,  -O2 -g 
FAIL: go.test/test/fixedbugs/bug263.go compilation,  -O2 -g 
FAIL: go.test/test/fixedbugs/bug264.go compilation,  -O2 -g 
FAIL: go.test/test/fixedbugs/bug265.go compilation,  -O2 -g 
FAIL: go.test/test/fixedbugs/bug266.go compilation,  -O2 -g 
FAIL: go.test/test/fixedbugs/bug269.go compilation,  -O2 -g 
FAIL: go.test/test/fixedbugs/bug271.go compilation,  -O2 -g 
FAIL: go.test/test/fixedbugs/bug272.go compilation,  -O2 -g 
FAIL: go.test/test/fixedbugs/bug273.go compilation,  -O2 -g 
FAIL: go.test/test/fixedbugs/bug276.go compilation,  -O2 -g 
FAIL: go.test/test/fixedbugs/bug279.go compilation,  -O2 -g 
FAIL: go.test/test/fixedbugs/bug281.go compilation,  -O2 -g 
FAIL: go.test/test/fixedbugs/bug285.go compilation,  -O2 -g 
FAIL: go.test/test/fixedbugs/bug286.go compilation,  -O2 -g 
FAIL: go.test/test/fixedbugs/bug290.go compilation,  -O2 -g 
FAIL: go.test/test/fixedbugs/bug291.go compilation,  -O2 -g 
FAIL: go.test/test/fixedbugs/bug292.go compilation,  -O2 -g 
FAIL: go.test/test/fixedbugs/bug293.go compilation,  -O2 -g 
FAIL: go.test/test/fixedbugs/bug294.go compilation,  -O2 -g 
FAIL: go.test/test/fixedbugs/bug295.go compilation,  -O2 -g 
FAIL: go.test/test/fixedbugs/bug296.go compilation,  -O2 -g 
FAIL: go.test/test/fixedbugs/bug303.go compilation,  -O2 -g 
FAIL: go.test/test/fixedbugs/bug311.go compilation,  -O2 -g 
FAIL: go.test/test/fixedbugs/bug312.go compilation,  -O2 -g 
FAIL: go.test/test/fixedbugs/bug314.go compilation,  -O2 -g 
FAIL: go.test/test/fixedbugs/bug317.go compilation,  -O2 -g 
FAIL: go.test/test/fixedbugs/bug320.go compilation,  -O2 -g 
FAIL: go.test/test/fixedbugs/bug321.go compilation,  -O2 -g 
FAIL: go.test/test/fixedbugs/bug322.go
UNRESOLVED: go.test/test/fixedbugs/bug324.go
FAIL: go.test/test/fixedbugs/bug327.go compilation,  -O2 -g 
FAIL: go.test/test/fixedbugs/bug328.go -O (test for excess errors)
FAIL: go.test/test/fixedbugs/bug328.go execution
FAIL: go.test/test/fixedbugs/bug329.go compilation,  -O2 -g 
FAIL: go.test/test/fixedbugs/bug331.go compilation,  -O2 -g 
FAIL: go.test/test/fixedbugs/bug333.go compilation,  -O2 -g 
FAIL: go.test/test/fixedbugs/bug336.go compilation,  -O2 -g 
FAIL: go.test/test/fixedbugs/bug339.go compilation,  -O2 -g 
FAIL: go.test/test/fixedbugs/bug341.go compilation,  -O2 -g 
FAIL: go.test/test/fixedbugs/bug343.go compilation,  -O2 -g 
FAIL: go.test/test/fixedbugs/bug346.go compilation,  -O2 -g 
FAIL: go.test/test/fixedbugs/bug347.go compilation,  -O0 -g 
FAIL: go.test/test/fixedbugs/bug348.go compilation,  -O0 -g 
FAIL: go.test/test/fixedbugs/bug352.go compilation,  -O2 -g 
FAIL: go.test/test/fixedbugs/bug355.go compilation,  -O2 -g 
FAIL: go.test/test/fixedbugs/bug356.go compilation,  -O2 -g 
FAIL: go.test/test/fixedbugs/bug364.go compilation,  -O2 -g 
FAIL: go.test/test/fixedbugs/bug366.go compilation,  -O2 -g 
FAIL: go.test/test/fixedbugs/bug367.go
FAIL: go.test/test/fixedbugs/bug368.go compilation,  -O2 -g 
FAIL: go.test/test/fixedbugs/bug369.go
FAIL: go.test/test/fixedbugs/bug370.go compilation,  -O2 -g 
FAIL: go.test/test/fixedbugs/bug372.go compilation,  -O2 -g 
FAIL: go.test/test/fixedbugs/bug375.go compilation,  -O2 -g 
FAIL: go.test/test/fixedbugs/bug378.go compilation,  -O2 -g 
FAIL: go.test/test/fixedbugs/bug401.go compilation,  -O2 -g 
FAIL: go.test/test/fixedbugs/bug402.go compilation,  -O2 -g 
FAIL: go.test/test/fixedbugs/bug405.go compilation,  -O2 -g 
FAIL: go.test/test/fixedbugs/bug406.go compilation,  -O2 -g 
FAIL: go.test/test/fixedbugs/bug409.go -O (test for excess errors)
FAIL: go.test/test/fixedbugs/bug409.go execution
UNRESOLVED: go.test/test/fixedbugs/bug414.go
FAIL: go.test/test/fixedbugs/bug423.go compilation,  -O2 -g 
UNRESOLVED: go.test/test/fixedbugs/bug424.go
FAIL: go.test/test/fixedbugs/bug428.go compilation,  -O2 -g 
FAIL: go.test/test/fixedbugs/bug433.go compilation,  -O2 -g 
FAIL: go.test/test/fixedbugs/bug434.go compilation,  -O2 -g 
FAIL: go.test/test/fixedbugs/bug436.go compilation,  -O2 -g 
UNRESOLVED: go.test/test/fixedbugs/bug437.go
FAIL: go.test/test/fixedbugs/bug440_32.go compilation,  -O2 -g 
FAIL: go.test/test/fixedbugs/bug440_64.go compilation,  -O2 -g 
FAIL: go.test/test/fixedbugs/bug441.go compilation,  -O2 -g 
FAIL: go.test/test/fixedbugs/bug442.go compilation,  -O2 -g 
FAIL: go.test/test/fixedbugs/bug444.go compilation,  -O2 -g 
FAIL: go.test/test/fixedbugs/bug446.go compilation,  -O2 -g 
FAIL: go.test/test/fixedbugs/bug447.go -O (test for excess errors)
FAIL: go.test/test/fixedbugs/bug447.go execution
FAIL: go.test/test/fixedbugs/bug449.go -O (test for excess errors)
FAIL: go.test/test/fixedbugs/bug449.go execution
FAIL: go.test/test/fixedbugs/bug450.go compilation,  -O2 -g 
FAIL: go.test/test/fixedbugs/bug452.go compilation,  -O2 -g 
FAIL: go.test/test/float_lit.go compilation,  -O2 -g 
FAIL: go.test/test/floatcmp.go compilation,  -O2 -g 
FAIL: go.test/test/for.go compilation,  -O2 -g 
FAIL: go.test/test/func.go compilation,  -O2 -g 
FAIL: go.test/test/func5.go compilation,  -O2 -g 
FAIL: go.test/test/func6.go compilation,  -O2 -g 
FAIL: go.test/test/func7.go compilation,  -O2 -g 
FAIL: go.test/test/func8.go compilation,  -O2 -g 
FAIL: go.test/test/gc.go compilation,  -O2 -g 
FAIL: go.test/test/gc1.go compilation,  -O2 -g 
FAIL: go.test/test/gc2.go compilation,  -O2 -g 
FAIL: go.test/test/goprint.go -O (test for excess errors)
FAIL: go.test/test/goprint.go execution
FAIL: go.test/test/helloworld.go -O (test for excess errors)
FAIL: go.test/test/helloworld.go execution
FAIL: go.test/test/if.go compilation,  -O2 -g 
FAIL: go.test/test/index0.go -O (test for excess errors)
FAIL: go.test/test/index0.go execution
FAIL: go.test/test/index1.go -O (test for excess errors)
FAIL: go.test/test/index1.go execution
FAIL: go.test/test/index2.go -O (test for excess errors)
FAIL: go.test/test/index2.go execution
FAIL: go.test/test/indirect.go compilation,  -O2 -g 
FAIL: go.test/test/initcomma.go compilation,  -O2 -g 
FAIL: go.test/test/initialize.go compilation,  -O2 -g 
FAIL: go.test/test/int_lit.go compilation,  -O2 -g 
FAIL: go.test/test/intcvt.go compilation,  -O2 -g 
FAIL: go.test/test/interface/bigdata.go compilation,  -O2 -g 
FAIL: go.test/test/interface/convert.go compilation,  -O2 -g 
FAIL: go.test/test/interface/convert1.go compilation,  -O2 -g 
FAIL: go.test/test/interface/convert2.go compilation,  -O2 -g 
FAIL: go.test/test/interface/embed.go compilation,  -O2 -g 
FAIL: go.test/test/interface/embed1.go
FAIL: go.test/test/interface/fail.go compilation,  -O2 -g 
FAIL: go.test/test/interface/fake.go compilation,  -O2 -g 
FAIL: go.test/test/interface/noeq.go compilation,  -O2 -g 
FAIL: go.test/test/interface/receiver.go compilation,  -O2 -g 
FAIL: go.test/test/interface/returntype.go compilation,  -O2 -g 
FAIL: go.test/test/interface/struct.go compilation,  -O2 -g 
FAIL: go.test/test/iota.go compilation,  -O2 -g 
FAIL: go.test/test/ken/array.go compilation,  -O2 -g 
FAIL: go.test/test/ken/chan.go compilation,  -O2 -g 
FAIL: go.test/test/ken/chan1.go compilation,  -O2 -g 
FAIL: go.test/test/ken/complit.go compilation,  -O2 -g 
FAIL: go.test/test/ken/convert.go compilation,  -O2 -g 
FAIL: go.test/test/ken/cplx0.go -O (test for excess errors)
FAIL: go.test/test/ken/cplx0.go execution
FAIL: go.test/test/ken/cplx1.go compilation,  -O2 -g 
FAIL: go.test/test/ken/cplx2.go compilation,  -O2 -g 
FAIL: go.test/test/ken/cplx3.go compilation,  -O2 -g 
FAIL: go.test/test/ken/cplx4.go compilation,  -O2 -g 
FAIL: go.test/test/ken/cplx5.go compilation,  -O2 -g 
FAIL: go.test/test/ken/divconst.go compilation,  -O2 -g 
FAIL: go.test/test/ken/divmod.go compilation,  -O2 -g 
FAIL: go.test/test/ken/embed.go compilation,  -O2 -g 
FAIL: go.test/test/ken/for.go compilation,  -O2 -g 
FAIL: go.test/test/ken/interbasic.go compilation,  -O2 -g 
FAIL: go.test/test/ken/interfun.go compilation,  -O2 -g 
FAIL: go.test/test/ken/intervar.go compilation,  -O2 -g 
FAIL: go.test/test/ken/label.go compilation,  -O2 -g 
FAIL: go.test/test/ken/litfun.go compilation,  -O2 -g 
FAIL: go.test/test/ken/mfunc.go compilation,  -O2 -g 
FAIL: go.test/test/ken/modconst.go compilation,  -O2 -g 
FAIL: go.test/test/ken/ptrfun.go compilation,  -O2 -g 
FAIL: go.test/test/ken/ptrvar.go compilation,  -O2 -g 
FAIL: go.test/test/ken/range.go compilation,  -O2 -g 
FAIL: go.test/test/ken/rob1.go compilation,  -O2 -g 
FAIL: go.test/test/ken/rob2.go compilation,  -O2 -g 
FAIL: go.test/test/ken/robfor.go compilation,  -O2 -g 
FAIL: go.test/test/ken/robfunc.go compilation,  -O2 -g 
FAIL: go.test/test/ken/shift.go compilation,  -O2 -g 
FAIL: go.test/test/ken/simparray.go compilation,  -O2 -g 
FAIL: go.test/test/ken/simpbool.go compilation,  -O2 -g 
FAIL: go.test/test/ken/simpconv.go compilation,  -O2 -g 
FAIL: go.test/test/ken/simpfun.go compilation,  -O2 -g 
FAIL: go.test/test/ken/simpswitch.go compilation,  -O2 -g 
FAIL: go.test/test/ken/simpvar.go compilation,  -O2 -g 
FAIL: go.test/test/ken/slicearray.go compilation,  -O2 -g 
FAIL: go.test/test/ken/sliceslice.go compilation,  -O2 -g 
FAIL: go.test/test/ken/string.go -O (test for excess errors)
FAIL: go.test/test/ken/string.go execution
FAIL: go.test/test/ken/strvar.go compilation,  -O2 -g 
FAIL: go.test/test/literal.go compilation,  -O2 -g 
FAIL: go.test/test/mallocfin.go compilation,  -O2 -g 
FAIL: go.test/test/map.go compilation,  -O2 -g 
FAIL: go.test/test/method.go compilation,  -O2 -g 
FAIL: go.test/test/method3.go compilation,  -O2 -g 
UNRESOLVED: go.test/test/method4.go
FAIL: go.test/test/named.go compilation,  -O2 -g 
FAIL: go.test/test/nil.go compilation,  -O2 -g 
FAIL: go.test/test/nul1.go -O (test for excess errors)
FAIL: go.test/test/nul1.go execution
FAIL: go.test/test/peano.go compilation,  -O2 -g 
FAIL: go.test/test/printbig.go -O (test for excess errors)
FAIL: go.test/test/printbig.go execution
FAIL: go.test/test/range.go compilation,  -O2 -g 
FAIL: go.test/test/recover.go compilation,  -O2 -g 
FAIL: go.test/test/recover1.go compilation,  -O2 -g 
FAIL: go.test/test/recover2.go compilation,  -O2 -g 
FAIL: go.test/test/recover3.go compilation,  -O2 -g 
FAIL: go.test/test/rename.go compilation,  -O2 -g 
FAIL: go.test/test/reorder.go compilation,  -O2 -g 
FAIL: go.test/test/reorder2.go compilation,  -O2 -g 
FAIL: go.test/test/sieve.go  -O  (test for excess errors)
FAIL: go.test/test/sigchld.go -O (test for excess errors)
FAIL: go.test/test/sigchld.go execution
FAIL: go.test/test/simassign.go compilation,  -O2 -g 
FAIL: go.test/test/solitaire.go  -O  (test for excess errors)
FAIL: go.test/test/string_lit.go compilation,  -O2 -g 
FAIL: go.test/test/stringrange.go compilation,  -O2 -g 
FAIL: go.test/test/struct0.go compilation,  -O2 -g 
FAIL: go.test/test/switch.go compilation,  -O2 -g 
FAIL: go.test/test/turing.go compilation,  -O2 -g 
FAIL: go.test/test/typeswitch.go compilation,  -O2 -g 
FAIL: go.test/test/typeswitch1.go compilation,  -O2 -g 
FAIL: go.test/test/utf.go compilation,  -O2 -g 
FAIL: go.test/test/varinit.go compilation,  -O2 -g 
FAIL: go.test/test/zerodivide.go compilation,  -O2 -g 

		=== go Summary for unix/-m64 ===

# of expected passes		1144
# of unexpected failures	594
# of untested testcases		555
# of unresolved testcases	6

		=== go Summary ===

# of expected passes		2288
# of unexpected failures	1188
# of untested testcases		1110
# of unresolved testcases	12
/home/gccbuild/build/nightly/build-gcc-trunk/gcc/testsuite/go/../../gccgo  version 4.8.0 20121231 (experimental) [trunk revision 194760] (GCC) 

		=== obj-c++ tests ===


Running target unix/-m32

		=== obj-c++ Summary for unix/-m32 ===

# of expected passes		1450
# of expected failures		2
# of unsupported tests		86

Running target unix/-m64

		=== obj-c++ Summary for unix/-m64 ===

# of expected passes		1442
# of expected failures		10
# of unsupported tests		86

		=== obj-c++ Summary ===

# of expected passes		2892
# of expected failures		12
# of unsupported tests		172
/home/gccbuild/build/nightly/build-gcc-trunk/gcc/testsuite/obj-c++/../../xg++  version 4.8.0 20121231 (experimental) [trunk revision 194760] (GCC) 

		=== objc tests ===


Running target unix/-m32

		=== objc Summary for unix/-m32 ===

# of expected passes		2994
# of unsupported tests		74

Running target unix/-m64

		=== objc Summary for unix/-m64 ===

# of expected passes		2994
# of unsupported tests		74

		=== objc Summary ===

# of expected passes		5988
# of unsupported tests		148
/home/gccbuild/build/nightly/build-gcc-trunk/gcc/xgcc  version 4.8.0 20121231 (experimental) [trunk revision 194760] (GCC) 

		=== libatomic tests ===


Running target unix/-m32

		=== libatomic Summary for unix/-m32 ===

# of expected passes		34
# of unsupported tests		10

Running target unix/-m64

		=== libatomic Summary for unix/-m64 ===

# of expected passes		44
# of unsupported tests		5

		=== libatomic Summary ===

# of expected passes		78
# of unsupported tests		15
		=== libffi tests ===


Running target unix/-m32
FAIL: libffi.call/cls_uchar_va.c -O0 -W -Wall output pattern test, is 67: 67 4
FAIL: libffi.call/cls_ushort_va.c -O0 -W -Wall output pattern test, is 67: 67 4
FAIL: libffi.call/va_1.c -O0 -W -Wall output pattern test, is 5 6 10 11 12 13 14 7 8 uc=11 sc=0 12 0 13 14 15 16 2.120000 3.130000
FAIL: libffi.call/cls_uchar_va.c -O2 output pattern test, is 67: 67 4
FAIL: libffi.call/cls_ushort_va.c -O2 output pattern test, is 67: 67 4
FAIL: libffi.call/va_1.c -O2 output pattern test, is 5 6 10 11 12 13 14 7 8 uc=0 sc=-12 2569 11 13 14 15 16 2.120000 3.130000
FAIL: libffi.call/cls_uchar_va.c -O3 output pattern test, is 67: 67 4
FAIL: libffi.call/cls_ushort_va.c -O3 output pattern test, is 67: 67 4
FAIL: libffi.call/va_1.c -O3 output pattern test, is 5 6 10 11 12 13 14 7 8 uc=0 sc=0 3288 11 13 14 15 16 2.120000 3.130000
FAIL: libffi.call/cls_uchar_va.c -Os output pattern test, is 67: 67 4
FAIL: libffi.call/cls_ushort_va.c -Os output pattern test, is 67: 67 4
FAIL: libffi.call/va_1.c -Os output pattern test, is 5 6 10 11 12 13 14 7 8 uc=0 sc=48 2569 11 13 14 15 16 2.120000 3.130000
FAIL: libffi.call/cls_uchar_va.c -O2 -fomit-frame-pointer output pattern test, is 67: 67 4
FAIL: libffi.call/cls_ushort_va.c -O2 -fomit-frame-pointer output pattern test, is 67: 67 4
FAIL: libffi.call/va_1.c -O2 -fomit-frame-pointer output pattern test, is 5 6 10 11 12 13 14 7 8 uc=0 sc=-12 2569 11 13 14 15 16 2.120000 3.130000

		=== libffi Summary for unix/-m32 ===

# of expected passes		1804
# of unexpected failures	15
# of unsupported tests		55

Running target unix/-m64
FAIL: libffi.call/cls_struct_va1.c -O0 -W -Wall output pattern test, is 4 5 6 10 11 12 13 14 20 21
FAIL: libffi.call/cls_uchar_va.c -O0 -W -Wall output pattern test, is 67: 67 4
FAIL: libffi.call/cls_uint_va.c -O0 -W -Wall output pattern test, is 67: 67 4
FAIL: libffi.call/cls_ushort_va.c -O0 -W -Wall output pattern test, is 67: 67 4
FAIL: libffi.call/va_1.c -O0 -W -Wall output pattern test, is 5 6 10 11 12 13 14 7 8 uc=11 sc=0 12 0 13 14 15 16 2.120000 3.130000
FAIL: libffi.call/va_struct1.c -O0 -W -Wall output pattern test, is 5 6 10 11 12 13 14 7 8
FAIL: libffi.call/cls_struct_va1.c -O2 output pattern test, is 4 5 6 10 11 12 13 14 20 21
FAIL: libffi.call/cls_uchar_va.c -O2 output pattern test, is 67: 67 4
FAIL: libffi.call/cls_uint_va.c -O2 output pattern test, is 67: 67 4
FAIL: libffi.call/cls_ushort_va.c -O2 output pattern test, is 67: 67 4
FAIL: libffi.call/va_1.c -O2 output pattern test, is 5 6 10 11 12 13 14 7 8 uc=0 sc=0 2569 11 13 14 15 16 2.120000 3.130000
FAIL: libffi.call/va_struct1.c -O2 output pattern test, is 5 6 10 11 12 13 14 7 8
FAIL: libffi.call/cls_struct_va1.c -O3 output pattern test, is 4 5 6 10 11 12 13 14 20 21
FAIL: libffi.call/cls_uchar_va.c -O3 output pattern test, is 67: 67 4
FAIL: libffi.call/cls_uint_va.c -O3 output pattern test, is 67: 67 4
FAIL: libffi.call/cls_ushort_va.c -O3 output pattern test, is 67: 67 4
FAIL: libffi.call/va_1.c -O3 output pattern test, is 5 6 10 11 12 13 14 7 8 uc=0 sc=0 4095 1024 13 14 15 16 2.120000 3.130000
FAIL: libffi.call/va_struct1.c -O3 output pattern test, is 5 6 10 11 12 13 14 7 8
FAIL: libffi.call/cls_struct_va1.c -Os output pattern test, is 4 5 6 10 11 12 13 14 20 21
FAIL: libffi.call/cls_uchar_va.c -Os output pattern test, is 67: 67 4
FAIL: libffi.call/cls_uint_va.c -Os output pattern test, is 67: 67 4
FAIL: libffi.call/cls_ushort_va.c -Os output pattern test, is 67: 67 4
FAIL: libffi.call/va_1.c -Os output pattern test, is 5 6 10 11 12 13 14 7 8 uc=0 sc=0 2569 11 13 14 15 16 2.120000 3.130000
FAIL: libffi.call/va_struct1.c -Os output pattern test, is 5 6 10 11 12 13 14 7 8
FAIL: libffi.call/cls_struct_va1.c -O2 -fomit-frame-pointer output pattern test, is 4 5 6 10 11 12 13 14 20 21
FAIL: libffi.call/cls_uchar_va.c -O2 -fomit-frame-pointer output pattern test, is 67: 67 4
FAIL: libffi.call/cls_uint_va.c -O2 -fomit-frame-pointer output pattern test, is 67: 67 4
FAIL: libffi.call/cls_ushort_va.c -O2 -fomit-frame-pointer output pattern test, is 67: 67 4
FAIL: libffi.call/va_1.c -O2 -fomit-frame-pointer output pattern test, is 5 6 10 11 12 13 14 7 8 uc=0 sc=0 2569 11 13 14 15 16 2.120000 3.130000
FAIL: libffi.call/va_struct1.c -O2 -fomit-frame-pointer output pattern test, is 5 6 10 11 12 13 14 7 8

		=== libffi Summary for unix/-m64 ===

# of expected passes		1789
# of unexpected failures	30
# of unsupported tests		55

		=== libffi Summary ===

# of expected passes		3593
# of unexpected failures	45
# of unsupported tests		110
		=== libgo tests ===


Running target unix
FAIL: bufio
FAIL: bytes
FAIL: errors
FAIL: expvar
FAIL: flag
FAIL: fmt
FAIL: html
FAIL: image
FAIL: io
FAIL: log
FAIL: math
FAIL: mime
FAIL: net
FAIL: os
FAIL: path
FAIL: reflect
FAIL: regexp
FAIL: runtime
FAIL: sort
FAIL: strconv
FAIL: strings
FAIL: sync
FAIL: syscall
FAIL: time
FAIL: unicode
FAIL: archive/tar
FAIL: archive/zip
FAIL: compress/bzip2
FAIL: compress/flate
FAIL: compress/gzip
FAIL: compress/lzw
FAIL: compress/zlib
FAIL: container/heap
FAIL: container/list
FAIL: container/ring
FAIL: crypto/aes
FAIL: crypto/cipher
FAIL: crypto/des
FAIL: crypto/dsa
FAIL: crypto/ecdsa
FAIL: crypto/elliptic
FAIL: crypto/hmac
FAIL: crypto/md5
FAIL: crypto/rand
FAIL: crypto/rc4
FAIL: crypto/rsa
FAIL: crypto/sha1
FAIL: crypto/sha256
FAIL: crypto/sha512
FAIL: crypto/subtle
FAIL: crypto/tls
FAIL: crypto/x509
FAIL: database/sql
FAIL: database/sql/driver
FAIL: debug/dwarf
FAIL: debug/elf
FAIL: debug/macho
FAIL: debug/pe
FAIL: encoding/ascii85
FAIL: encoding/asn1
FAIL: encoding/base32
FAIL: encoding/base64
FAIL: encoding/binary
FAIL: encoding/csv
FAIL: encoding/gob
FAIL: encoding/hex
FAIL: encoding/json
FAIL: encoding/pem
FAIL: encoding/xml
FAIL: exp/cookiejar
FAIL: exp/ebnf
FAIL: exp/html
FAIL: exp/html/atom
FAIL: exp/locale/collate
FAIL: exp/locale/collate/build
FAIL: exp/norm
FAIL: exp/proxy
FAIL: exp/terminal
FAIL: exp/types
FAIL: exp/utf8string
FAIL: html/template
FAIL: go/ast
FAIL: go/doc
FAIL: go/format
FAIL: go/parser
FAIL: go/printer
FAIL: go/scanner
FAIL: go/token
FAIL: hash/adler32
FAIL: hash/crc32
FAIL: hash/crc64
FAIL: hash/fnv
FAIL: image/color
FAIL: image/draw
FAIL: image/jpeg
FAIL: image/png
FAIL: index/suffixarray
FAIL: io/ioutil
FAIL: log/syslog
FAIL: math/big
FAIL: math/cmplx
FAIL: math/rand
FAIL: mime/multipart
FAIL: net/http
FAIL: net/http/cgi
FAIL: net/http/fcgi
FAIL: net/http/httptest
FAIL: net/http/httputil
FAIL: net/mail
FAIL: net/rpc
FAIL: net/smtp
FAIL: net/textproto
FAIL: net/url
FAIL: net/rpc/jsonrpc
FAIL: old/netchan
FAIL: old/regexp
FAIL: old/template
FAIL: os/exec
FAIL: os/signal
FAIL: os/user
FAIL: path/filepath
FAIL: regexp/syntax
FAIL: runtime/pprof
FAIL: sync/atomic
FAIL: text/scanner
FAIL: text/tabwriter
FAIL: text/template
FAIL: text/template/parse
FAIL: testing/quick
FAIL: unicode/utf16
FAIL: unicode/utf8

		=== libgo Summary for unix ===

# of unexpected failures	131

Running target unix/-m64 -fPIC
FAIL: bufio
FAIL: bytes
FAIL: errors
FAIL: expvar
FAIL: flag
FAIL: fmt
FAIL: html
FAIL: image
FAIL: io
FAIL: log
FAIL: math
FAIL: mime
FAIL: net
FAIL: os
FAIL: path
FAIL: reflect
FAIL: regexp
FAIL: runtime
FAIL: sort
FAIL: strconv
FAIL: strings
FAIL: sync
FAIL: syscall
FAIL: time
FAIL: unicode
FAIL: archive/tar
FAIL: archive/zip
FAIL: compress/bzip2
FAIL: compress/flate
FAIL: compress/gzip
FAIL: compress/lzw
FAIL: compress/zlib
FAIL: container/heap
FAIL: container/list
FAIL: container/ring
FAIL: crypto/aes
FAIL: crypto/cipher
FAIL: crypto/des
FAIL: crypto/dsa
FAIL: crypto/ecdsa
FAIL: crypto/elliptic
FAIL: crypto/hmac
FAIL: crypto/md5
FAIL: crypto/rand
FAIL: crypto/rc4
FAIL: crypto/rsa
FAIL: crypto/sha1
FAIL: crypto/sha256
FAIL: crypto/sha512
FAIL: crypto/subtle
FAIL: crypto/tls
FAIL: crypto/x509
FAIL: database/sql
FAIL: database/sql/driver
FAIL: debug/dwarf
FAIL: debug/elf
FAIL: debug/macho
FAIL: debug/pe
FAIL: encoding/ascii85
FAIL: encoding/asn1
FAIL: encoding/base32
FAIL: encoding/base64
FAIL: encoding/binary
FAIL: encoding/csv
FAIL: encoding/gob
FAIL: encoding/hex
FAIL: encoding/json
FAIL: encoding/pem
FAIL: encoding/xml
FAIL: exp/cookiejar
FAIL: exp/ebnf
FAIL: exp/html
FAIL: exp/html/atom
FAIL: exp/locale/collate
FAIL: exp/locale/collate/build
FAIL: exp/norm
FAIL: exp/proxy
FAIL: exp/terminal
FAIL: exp/types
FAIL: exp/utf8string
FAIL: html/template
FAIL: go/ast
FAIL: go/doc
FAIL: go/format
FAIL: go/parser
FAIL: go/printer
FAIL: go/scanner
FAIL: go/token
FAIL: hash/adler32
FAIL: hash/crc32
FAIL: hash/crc64
FAIL: hash/fnv
FAIL: image/color
FAIL: image/draw
FAIL: image/jpeg
FAIL: image/png
FAIL: index/suffixarray
FAIL: io/ioutil
FAIL: log/syslog
FAIL: math/big
FAIL: math/cmplx
FAIL: math/rand
FAIL: mime/multipart
FAIL: net/http
FAIL: net/http/cgi
FAIL: net/http/fcgi
FAIL: net/http/httptest
FAIL: net/http/httputil
FAIL: net/mail
FAIL: net/rpc
FAIL: net/smtp
FAIL: net/textproto
FAIL: net/url
FAIL: net/rpc/jsonrpc
FAIL: old/netchan
FAIL: old/regexp
FAIL: old/template
FAIL: os/exec
FAIL: os/signal
FAIL: os/user
FAIL: path/filepath
FAIL: regexp/syntax
FAIL: runtime/pprof
FAIL: sync/atomic
FAIL: text/scanner
FAIL: text/tabwriter
FAIL: text/template
FAIL: text/template/parse
FAIL: testing/quick
FAIL: unicode/utf16
FAIL: unicode/utf8

		=== libgo Summary for unix/-m64 -fPIC ===

# of unexpected failures	131

		=== libgo Summary ===

# of unexpected failures	262
/home/gccbuild/build/nightly/build-gcc-trunk/./gcc/gccgo version 4.8.0 20121231 (experimental) [trunk revision 194760] (GCC)

		=== libgomp tests ===


Running target unix/-m32

		=== libgomp Summary for unix/-m32 ===

# of expected passes		2931
# of unsupported tests		1

Running target unix/-m64

		=== libgomp Summary for unix/-m64 ===

# of expected passes		2931
# of unsupported tests		1

		=== libgomp Summary ===

# of expected passes		5862
# of unsupported tests		2
		=== libitm tests ===


Running target unix/-m32

		=== libitm Summary for unix/-m32 ===

# of expected passes		26
# of expected failures		3
# of unsupported tests		1

Running target unix/-m64

		=== libitm Summary for unix/-m64 ===

# of expected passes		26
# of expected failures		3
# of unsupported tests		1

		=== libitm Summary ===

# of expected passes		52
# of expected failures		6
# of unsupported tests		2
		=== libmudflap tests ===


Running target unix/-m32
FAIL: libmudflap.c/fail37-frag.c (-O2) crash test
FAIL: libmudflap.c/fail37-frag.c (-O2) output pattern test
FAIL: libmudflap.c/fail37-frag.c (-O3) crash test
FAIL: libmudflap.c/fail37-frag.c (-O3) output pattern test
FAIL: libmudflap.c++/pass41-frag.cxx (-static) execution test
FAIL: libmudflap.c++/pass41-frag.cxx ( -O) execution test
FAIL: libmudflap.c++/pass41-frag.cxx (-O2) execution test
FAIL: libmudflap.c++/pass41-frag.cxx (-O3) execution test

		=== libmudflap Summary for unix/-m32 ===

# of expected passes		1898
# of unexpected failures	8

Running target unix/-m64
FAIL: libmudflap.c/fail37-frag.c (-O2) crash test
FAIL: libmudflap.c/fail37-frag.c (-O2) output pattern test
FAIL: libmudflap.c/fail37-frag.c (-O3) crash test
FAIL: libmudflap.c/fail37-frag.c (-O3) output pattern test
FAIL: libmudflap.c++/pass41-frag.cxx (-O0) (test for excess errors)
WARNING: libmudflap.c++/pass41-frag.cxx (-O0) compilation failed to produce executable
FAIL: libmudflap.c++/pass55-frag.cxx (-O0) (test for excess errors)
WARNING: libmudflap.c++/pass55-frag.cxx (-O0) compilation failed to produce executable
FAIL: libmudflap.c++/pass57-frag.cxx (-O0) (test for excess errors)
WARNING: libmudflap.c++/pass57-frag.cxx (-O0) compilation failed to produce executable
FAIL: libmudflap.c++/pass41-frag.cxx (-static) (test for excess errors)
WARNING: libmudflap.c++/pass41-frag.cxx (-static) compilation failed to produce executable
FAIL: libmudflap.c++/pass55-frag.cxx (-static) (test for excess errors)
WARNING: libmudflap.c++/pass55-frag.cxx (-static) compilation failed to produce executable
WARNING: libmudflap.c++/pass57-frag.cxx (-static) compilation failed to produce executable
FAIL: libmudflap.c++/pass41-frag.cxx ( -O) (test for excess errors)
WARNING: libmudflap.c++/pass41-frag.cxx ( -O) compilation failed to produce executable
FAIL: libmudflap.c++/pass55-frag.cxx ( -O) (test for excess errors)
WARNING: libmudflap.c++/pass55-frag.cxx ( -O) compilation failed to produce executable
WARNING: libmudflap.c++/pass57-frag.cxx ( -O) compilation failed to produce executable
FAIL: libmudflap.c++/pass41-frag.cxx (-O2) (test for excess errors)
WARNING: libmudflap.c++/pass41-frag.cxx (-O2) compilation failed to produce executable
FAIL: libmudflap.c++/pass55-frag.cxx (-O2) (test for excess errors)
WARNING: libmudflap.c++/pass55-frag.cxx (-O2) compilation failed to produce executable
WARNING: libmudflap.c++/pass57-frag.cxx (-O2) compilation failed to produce executable
FAIL: libmudflap.c++/pass41-frag.cxx (-O3) (test for excess errors)
WARNING: libmudflap.c++/pass41-frag.cxx (-O3) compilation failed to produce executable
FAIL: libmudflap.c++/pass55-frag.cxx (-O3) (test for excess errors)
WARNING: libmudflap.c++/pass55-frag.cxx (-O3) compilation failed to produce executable
WARNING: libmudflap.c++/pass57-frag.cxx (-O3) compilation failed to produce executable
FAIL: ctors-12 linkage -O0
FAIL: ctors-21 linkage -O0
WARNING: program timed out.
FAIL: ctors-12 execution -O0
WARNING: program timed out.
FAIL: ctors-21 execution -O0
FAIL: ctors-12 linkage -static
FAIL: ctors-21 linkage -static
WARNING: program timed out.
FAIL: ctors-12 execution -static
WARNING: program timed out.
FAIL: ctors-21 execution -static
FAIL: ctors-12 linkage -O2
FAIL: ctors-21 linkage -O2
WARNING: program timed out.
FAIL: ctors-12 execution -O2
WARNING: program timed out.
FAIL: ctors-21 execution -O2
FAIL: ctors-12 linkage -O3
FAIL: ctors-21 linkage -O3
WARNING: program timed out.
FAIL: ctors-12 execution -O3
WARNING: program timed out.
FAIL: ctors-21 execution -O3

		=== libmudflap Summary for unix/-m64 ===

# of expected passes		1860
# of unexpected failures	31

		=== libmudflap Summary ===

# of expected passes		3758
# of unexpected failures	39
		=== libstdc++ tests ===


Running target unix/-m32
FAIL: libstdc++-abi/abi_check

		=== libstdc++ Summary for unix/-m32 ===

# of expected passes		9155
# of unexpected failures	1
# of expected failures		43
# of unsupported tests		226

Running target unix/-m64

		=== libstdc++ Summary for unix/-m64 ===

# of expected passes		9156
# of expected failures		43
# of unsupported tests		226

		=== libstdc++ Summary ===

# of expected passes		18311
# of unexpected failures	1
# of expected failures		86
# of unsupported tests		452

Compiler version: 4.8.0 20121231 (experimental) [trunk revision 194760] (GCC) 
Platform: powerpc64-unknown-linux-gnu
configure flags: --prefix=/opt/gcc-nightly/trunk-20121231 --build=powerpc64-linux --host=powerpc64-linux --target=powerpc64-linux --with-cpu=default32 --with-as=/opt/gcc-nightly/binutils-2.21.1/bin/as --with-ld=/opt/gcc-nightly/binutils-2.21.1/bin/ld --enable-threads=posix --enable-shared --enable-__cxa_atexit --enable-languages=c,c++,fortran,objc,obj-c++,go --with-long-double-128 --enable-secureplt --enable-checking --disable-alsa --enable-decimal-float --with-gmp=/opt/gcc-nightly/gcc-host-libs --with-mpfr=/opt/gcc-nightly/gcc-host-libs --with-ppl=/opt/gcc-nightly/gcc-host-libs --with-cloog=/opt/gcc-nightly/gcc-host-libs --with-mpc=/opt/gcc-nightly/gcc-host-libs --with-libelf=/opt/gcc-nightly/gcc-host-libs --with-host-libstdcxx=-Wl,-Bstatic,-L/opt/gcc-nightly/gcc-host-libs/lib,-lstdc++,-Bdynamic,-lm

		=== Test Framework Summary ===

# of expected passes		2531


Index Nav: [Date Index] [Subject Index] [Author Index] [Thread Index]
Message Nav: [Date Prev] [Date Next] [Thread Prev] [Thread Next]