This is the mail archive of the gcc-testresults@gcc.gnu.org mailing list for the GCC project.


Index Nav: [Date Index] [Subject Index] [Author Index] [Thread Index]
Message Nav: [Date Prev] [Date Next] [Thread Prev] [Thread Next]
Other format: [Raw text]

Results for 4.8.0 20121207 (experimental) (GCC) testsuite on m68k-unknown-elf


LAST_UPDATED: Fri Dec  7 08:39:07 UTC 2012 (/trunk revision 194291)

Target is m68k-unknown-elf
Host   is i686-pc-linux-gnu

		=== g++ tests ===


Running target qemu-coldfire-elf-prebuilt-fsf
FAIL: g++.dg/compat/init/array5 cp_compat_x_tst.o-cp_compat_y_tst.o execute 
FAIL: g++.dg/cpp0x/gen-attrs-52.C -std=c++11 (test for excess errors)
FAIL: g++.dg/eh/ctor1.C -std=c++98 execution test
FAIL: g++.dg/eh/ctor1.C -std=c++11 execution test
FAIL: g++.dg/eh/gcsec1.C -std=gnu++98 execution test
FAIL: g++.dg/eh/gcsec1.C -std=gnu++11 execution test
FAIL: g++.dg/eh/spec7.C -std=gnu++98 execution test
FAIL: g++.dg/eh/spec7.C -std=gnu++11 execution test
FAIL: g++.dg/init/array5.C -std=c++98 execution test
FAIL: g++.dg/init/array5.C -std=c++11 execution test
FAIL: g++.dg/torture/pr47559.C  -O3 -fomit-frame-pointer  (test for excess errors)
FAIL: g++.dg/torture/pr47559.C  -O3 -fomit-frame-pointer -funroll-loops  (test for excess errors)
FAIL: g++.dg/torture/pr47559.C  -O3 -fomit-frame-pointer -funroll-all-loops -finline-functions  (test for excess errors)
FAIL: g++.dg/torture/pr48271.C  -O3 -fomit-frame-pointer  (test for excess errors)
FAIL: g++.dg/torture/pr48271.C  -O3 -fomit-frame-pointer -funroll-loops  (test for excess errors)
FAIL: g++.dg/torture/pr48271.C  -O3 -fomit-frame-pointer -funroll-all-loops -finline-functions  (test for excess errors)
FAIL: g++.dg/torture/pr49394.C  -O3 -fomit-frame-pointer  (test for excess errors)
FAIL: g++.dg/torture/pr51903.C  -O3 -fomit-frame-pointer  (test for excess errors)
FAIL: g++.dg/torture/type-generic-1.C  -O0  execution test
FAIL: g++.dg/torture/type-generic-1.C  -O1  execution test
FAIL: g++.dg/torture/type-generic-1.C  -O2  execution test
FAIL: g++.dg/torture/type-generic-1.C  -O3 -fomit-frame-pointer  execution test
FAIL: g++.dg/torture/type-generic-1.C  -O3 -g  execution test
FAIL: g++.dg/torture/type-generic-1.C  -Os  execution test
FAIL: g++.dg/torture/type-generic-1.C  -O2 -flto -fno-use-linker-plugin -flto-partition=none  execution test
FAIL: g++.dg/torture/type-generic-1.C  -O2 -flto -fuse-linker-plugin -fno-fat-lto-objects  execution test
FAIL: g++.old-deja/g++.eh/rethrow6.C -std=c++98 execution test
FAIL: g++.old-deja/g++.eh/vbase1.C -std=c++98 execution test
FAIL: g++.old-deja/g++.eh/vbase1.C -std=c++11 execution test
FAIL: g++.old-deja/g++.mike/eh16.C -std=gnu++98 execution test
FAIL: g++.old-deja/g++.mike/eh16.C -std=gnu++11 execution test
FAIL: g++.old-deja/g++.mike/eh17.C -std=gnu++98 execution test
FAIL: g++.old-deja/g++.mike/eh17.C -std=gnu++11 execution test
FAIL: g++.old-deja/g++.mike/eh40.C -std=gnu++98 execution test
FAIL: g++.old-deja/g++.mike/eh40.C -std=gnu++11 execution test
WARNING: program timed out.
FAIL: g++.old-deja/g++.other/singleton.C -std=c++98 execution test
WARNING: program timed out.
FAIL: g++.old-deja/g++.other/singleton.C -std=c++11 execution test
FAIL: g++.old-deja/g++.pt/fntry1.C -std=c++98 execution test
FAIL: g++.old-deja/g++.pt/fntry1.C -std=c++11 execution test

		=== g++ Summary ===

# of expected passes		47572
# of unexpected failures	39
# of expected failures		280
# of unsupported tests		994
/scratch/gcc/nightly-2012-12-25-mainline/coldfire-elf/obj/test-mainline-0-m68k-elf/host-i686-pc-linux-gnu/fsf-mainline/bin/m68k-elf-g++  version 4.8.0 20121207 (experimental) (GCC) 


		=== Summary adjusted for local xfails ===

# of unexpected failures        39
# of expected passes            47572
# of expected failures          280
# of unsupported tests          994
Host   is i686-pc-linux-gnu

		=== gcc tests ===


Running target qemu-coldfire-elf-prebuilt-fsf
FAIL: gcc.c-torture/execute/builtins/20010124-1.c compilation,  -O2 -flto -fuse-linker-plugin -fno-fat-lto-objects 
UNRESOLVED: gcc.c-torture/execute/builtins/20010124-1.c execution,  -O2 -flto -fuse-linker-plugin -fno-fat-lto-objects 
FAIL: gcc.c-torture/execute/builtins/memcpy-chk.c compilation,  -O2 -flto -fuse-linker-plugin -fno-fat-lto-objects 
UNRESOLVED: gcc.c-torture/execute/builtins/memcpy-chk.c execution,  -O2 -flto -fuse-linker-plugin -fno-fat-lto-objects 
FAIL: gcc.c-torture/execute/builtins/memmove-chk.c compilation,  -O2 -flto -fuse-linker-plugin -fno-fat-lto-objects 
UNRESOLVED: gcc.c-torture/execute/builtins/memmove-chk.c execution,  -O2 -flto -fuse-linker-plugin -fno-fat-lto-objects 
FAIL: gcc.c-torture/execute/builtins/memops-asm.c compilation,  -O2 -flto -fuse-linker-plugin -fno-fat-lto-objects 
UNRESOLVED: gcc.c-torture/execute/builtins/memops-asm.c execution,  -O2 -flto -fuse-linker-plugin -fno-fat-lto-objects 
FAIL: gcc.c-torture/execute/builtins/mempcpy-chk.c compilation,  -O2 -flto -fuse-linker-plugin -fno-fat-lto-objects 
UNRESOLVED: gcc.c-torture/execute/builtins/mempcpy-chk.c execution,  -O2 -flto -fuse-linker-plugin -fno-fat-lto-objects 
FAIL: gcc.c-torture/execute/builtins/memset-chk.c compilation,  -O2 -flto -fuse-linker-plugin -fno-fat-lto-objects 
UNRESOLVED: gcc.c-torture/execute/builtins/memset-chk.c execution,  -O2 -flto -fuse-linker-plugin -fno-fat-lto-objects 
FAIL: gcc.c-torture/execute/builtins/memset.c compilation,  -O2 -flto -fuse-linker-plugin -fno-fat-lto-objects 
UNRESOLVED: gcc.c-torture/execute/builtins/memset.c execution,  -O2 -flto -fuse-linker-plugin -fno-fat-lto-objects 
FAIL: gcc.c-torture/execute/builtins/pr22237.c compilation,  -O2 -flto -fuse-linker-plugin -fno-fat-lto-objects 
UNRESOLVED: gcc.c-torture/execute/builtins/pr22237.c execution,  -O2 -flto -fuse-linker-plugin -fno-fat-lto-objects 
FAIL: gcc.c-torture/execute/builtins/pr23484-chk.c compilation,  -O2 -flto -fuse-linker-plugin -fno-fat-lto-objects 
UNRESOLVED: gcc.c-torture/execute/builtins/pr23484-chk.c execution,  -O2 -flto -fuse-linker-plugin -fno-fat-lto-objects 
FAIL: gcc.c-torture/execute/builtins/snprintf-chk.c compilation,  -O2 -flto -fuse-linker-plugin -fno-fat-lto-objects 
UNRESOLVED: gcc.c-torture/execute/builtins/snprintf-chk.c execution,  -O2 -flto -fuse-linker-plugin -fno-fat-lto-objects 
FAIL: gcc.c-torture/execute/builtins/sprintf-chk.c compilation,  -O2 -flto -fuse-linker-plugin -fno-fat-lto-objects 
UNRESOLVED: gcc.c-torture/execute/builtins/sprintf-chk.c execution,  -O2 -flto -fuse-linker-plugin -fno-fat-lto-objects 
FAIL: gcc.c-torture/execute/builtins/stpcpy-chk.c compilation,  -O2 -flto -fuse-linker-plugin -fno-fat-lto-objects 
UNRESOLVED: gcc.c-torture/execute/builtins/stpcpy-chk.c execution,  -O2 -flto -fuse-linker-plugin -fno-fat-lto-objects 
FAIL: gcc.c-torture/execute/builtins/stpncpy-chk.c compilation,  -O2 -flto -fuse-linker-plugin -fno-fat-lto-objects 
UNRESOLVED: gcc.c-torture/execute/builtins/stpncpy-chk.c execution,  -O2 -flto -fuse-linker-plugin -fno-fat-lto-objects 
FAIL: gcc.c-torture/execute/builtins/strcat-chk.c compilation,  -O2 -flto -fuse-linker-plugin -fno-fat-lto-objects 
UNRESOLVED: gcc.c-torture/execute/builtins/strcat-chk.c execution,  -O2 -flto -fuse-linker-plugin -fno-fat-lto-objects 
FAIL: gcc.c-torture/execute/builtins/strcpy-chk.c compilation,  -O2 -flto -fuse-linker-plugin -fno-fat-lto-objects 
UNRESOLVED: gcc.c-torture/execute/builtins/strcpy-chk.c execution,  -O2 -flto -fuse-linker-plugin -fno-fat-lto-objects 
FAIL: gcc.c-torture/execute/builtins/strlen-2.c compilation,  -O2 -flto -fuse-linker-plugin -fno-fat-lto-objects 
UNRESOLVED: gcc.c-torture/execute/builtins/strlen-2.c execution,  -O2 -flto -fuse-linker-plugin -fno-fat-lto-objects 
FAIL: gcc.c-torture/execute/builtins/strlen-3.c compilation,  -O2 -flto -fuse-linker-plugin -fno-fat-lto-objects 
UNRESOLVED: gcc.c-torture/execute/builtins/strlen-3.c execution,  -O2 -flto -fuse-linker-plugin -fno-fat-lto-objects 
FAIL: gcc.c-torture/execute/builtins/strlen.c compilation,  -O2 -flto -fuse-linker-plugin -fno-fat-lto-objects 
UNRESOLVED: gcc.c-torture/execute/builtins/strlen.c execution,  -O2 -flto -fuse-linker-plugin -fno-fat-lto-objects 
FAIL: gcc.c-torture/execute/builtins/strncat-chk.c compilation,  -O2 -flto -fuse-linker-plugin -fno-fat-lto-objects 
UNRESOLVED: gcc.c-torture/execute/builtins/strncat-chk.c execution,  -O2 -flto -fuse-linker-plugin -fno-fat-lto-objects 
FAIL: gcc.c-torture/execute/builtins/strncpy-chk.c compilation,  -O2 -flto -fuse-linker-plugin -fno-fat-lto-objects 
UNRESOLVED: gcc.c-torture/execute/builtins/strncpy-chk.c execution,  -O2 -flto -fuse-linker-plugin -fno-fat-lto-objects 
FAIL: gcc.c-torture/execute/builtins/vsnprintf-chk.c compilation,  -O2 -flto -fuse-linker-plugin -fno-fat-lto-objects 
UNRESOLVED: gcc.c-torture/execute/builtins/vsnprintf-chk.c execution,  -O2 -flto -fuse-linker-plugin -fno-fat-lto-objects 
FAIL: gcc.c-torture/execute/builtins/vsprintf-chk.c compilation,  -O2 -flto -fuse-linker-plugin -fno-fat-lto-objects 
UNRESOLVED: gcc.c-torture/execute/builtins/vsprintf-chk.c execution,  -O2 -flto -fuse-linker-plugin -fno-fat-lto-objects 
FAIL: gcc.dg/54455.c (internal compiler error)
FAIL: gcc.dg/54455.c (test for excess errors)
FAIL: gcc.dg/attr-weakref-1.c (test for excess errors)
UNRESOLVED: gcc.dg/attr-weakref-1.c compilation failed to produce executable
FAIL: gcc.dg/builtin-object-size-8.c execution test
FAIL: gcc.dg/pr28796-2.c execution test
FAIL: gcc.dg/pr46647.c scan-tree-dump-not optimized "memset"
FAIL: gcc.dg/pr52139.c (internal compiler error)
FAIL: gcc.dg/pr52139.c (test for excess errors)
FAIL: gcc.dg/graphite/pr42521.c (internal compiler error)
FAIL: gcc.dg/graphite/pr42521.c (test for excess errors)
FAIL: gcc.dg/graphite/pr42771.c (internal compiler error)
FAIL: gcc.dg/graphite/pr42771.c (test for excess errors)
FAIL: gcc.dg/lto/pr54709 c_lto_pr54709_0.o-c_lto_pr54709_1.o link,  -fPIC -fvisibility=hidden -flto 
UNRESOLVED: gcc.dg/lto/pr54709 c_lto_pr54709_0.o-c_lto_pr54709_1.o execute  -fPIC -fvisibility=hidden -flto 
FAIL: gcc.dg/torture/pr49997.c  -O3 -fomit-frame-pointer  (test for excess errors)
FAIL: gcc.dg/torture/pr49997.c  -O3 -fomit-frame-pointer -funroll-loops  (test for excess errors)
FAIL: gcc.dg/torture/pr49997.c  -O3 -fomit-frame-pointer -funroll-all-loops -finline-functions  (test for excess errors)
FAIL: gcc.dg/torture/type-generic-1.c  -O0  execution test
FAIL: gcc.dg/torture/type-generic-1.c  -O1  execution test
FAIL: gcc.dg/torture/type-generic-1.c  -O2  execution test
FAIL: gcc.dg/torture/type-generic-1.c  -O3 -fomit-frame-pointer  execution test
FAIL: gcc.dg/torture/type-generic-1.c  -O3 -g  execution test
FAIL: gcc.dg/torture/type-generic-1.c  -Os  execution test
FAIL: gcc.dg/torture/type-generic-1.c  -O2 -flto -fno-use-linker-plugin -flto-partition=none  execution test
FAIL: gcc.dg/torture/type-generic-1.c  -O2 -flto -fuse-linker-plugin -fno-fat-lto-objects  execution test
FAIL: gcc.dg/tree-ssa/ssa-dom-thread-4.c scan-tree-dump-times dom1 "Threaded" 3
FAIL: gcc.dg/tree-ssa/vrp47.c scan-tree-dump-times vrp1 "[xy][^ ]* !=" 0
FAIL: gcc.dg/tree-ssa/vrp47.c scan-tree-dump-times dom2 "x[^ ]* & y" 1
FAIL: gcc.dg/tree-ssa/vrp47.c scan-tree-dump-times vrp1 "x[^ ]* [|] y" 1
FAIL: gcc.target/m68k/20090709-1.c scan-assembler-times .LC0 3
FAIL: gcc.target/m68k/pr36134.c scan-assembler lea
FAIL: gcc.target/m68k/pr36134.c scan-assembler-not add

		=== gcc Summary ===

# of expected passes		77007
# of unexpected failures	53
# of expected failures		103
# of unresolved testcases	24
# of unsupported tests		1511
/scratch/gcc/nightly-2012-12-25-mainline/coldfire-elf/obj/test-mainline-0-m68k-elf/host-i686-pc-linux-gnu/fsf-mainline/bin/m68k-elf-gcc  version 4.8.0 20121207 (experimental) (GCC) 


		=== Summary adjusted for local xfails ===

# of unexpected failures        53
# of expected passes            77007
# of expected failures          103
# of unresolved testcases       24
# of unsupported tests          1511
Host   is i686-pc-linux-gnu

		=== libstdc++ tests ===


Running target qemu-coldfire-elf-prebuilt-fsf
ERROR: tcl error sourcing /scratch/gcc/nightly-2012-12-25-mainline/src/gcc-mainline/libstdc++-v3/testsuite/libstdc++-abi/abi.exp.
ERROR: can't read "baseline_subdir_switch": no such variable
FAIL: 18_support/bad_alloc/cons_virtual_derivation.cc execution test
FAIL: 18_support/bad_cast/cons_virtual_derivation.cc execution test
FAIL: 18_support/bad_exception/cons_virtual_derivation.cc execution test
FAIL: 18_support/bad_typeid/cons_virtual_derivation.cc execution test
FAIL: 19_diagnostics/logic_error/cons_virtual_derivation.cc execution test
FAIL: 19_diagnostics/runtime_error/cons_virtual_derivation.cc execution test
FAIL: 20_util/bad_function_call/cons_virtual_derivation.cc execution test
FAIL: 22_locale/collate/transform/wchar_t/28277.cc execution test
FAIL: 23_containers/list/modifiers/3.cc execution test
FAIL: 23_containers/vector/profile/vector.cc execution test
UNRESOLVED: 20_util/enable_shared_from_this/cons/constexpr.cc scan-assembler _ZNKSt7complexIfE4realB5cxx11Ev
UNRESOLVED: 20_util/enable_shared_from_this/cons/constexpr.cc scan-assembler _ZNKSt7complexIdE4realB5cxx11Ev
UNRESOLVED: 20_util/enable_shared_from_this/cons/constexpr.cc scan-assembler _ZNKSt7complexI[eg]E4realB5cxx11Ev
UNRESOLVED: 20_util/enable_shared_from_this/cons/constexpr.cc scan-assembler _ZNKSt7complexIiE4realB5cxx11Ev
UNRESOLVED: 20_util/enable_shared_from_this/cons/constexpr.cc scan-assembler _ZNKSt7complexIfE4imagB5cxx11Ev
UNRESOLVED: 20_util/enable_shared_from_this/cons/constexpr.cc scan-assembler _ZNKSt7complexIdE4imagB5cxx11Ev
UNRESOLVED: 20_util/enable_shared_from_this/cons/constexpr.cc scan-assembler _ZNKSt7complexI[eg]E4imagB5cxx11Ev
UNRESOLVED: 20_util/enable_shared_from_this/cons/constexpr.cc scan-assembler _ZNKSt7complexIiE4imagB5cxx11Ev
FAIL: 27_io/basic_filebuf/sgetn/char/1-in.cc execution test
FAIL: 27_io/basic_filebuf/sgetn/char/1-io.cc execution test
FAIL: 27_io/basic_filebuf/sgetn/char/2-in.cc execution test
FAIL: 27_io/basic_filebuf/sgetn/char/2-io.cc execution test
FAIL: 27_io/basic_filebuf/underflow/wchar_t/11603.cc execution test
FAIL: 27_io/basic_istream/extractors_arithmetic/char/12.cc execution test
FAIL: 27_io/basic_istream/extractors_arithmetic/char/exceptions_badbit_throw.cc execution test
FAIL: 27_io/basic_istream/extractors_arithmetic/char/exceptions_failbit.cc execution test
FAIL: 27_io/basic_istream/extractors_arithmetic/wchar_t/12.cc execution test
FAIL: 27_io/basic_istream/extractors_arithmetic/wchar_t/exceptions_badbit_throw.cc execution test
FAIL: 27_io/basic_istream/extractors_arithmetic/wchar_t/exceptions_failbit.cc execution test
FAIL: 27_io/basic_istream/readsome/char/6746-2.cc execution test
FAIL: 27_io/basic_istream/readsome/wchar_t/6746-2.cc execution test
FAIL: 27_io/basic_ostream/inserters_arithmetic/char/9555-oa.cc execution test
FAIL: 27_io/basic_ostream/inserters_arithmetic/char/exceptions_badbit_throw.cc execution test
FAIL: 27_io/basic_ostream/inserters_arithmetic/wchar_t/9555-oa.cc execution test
FAIL: 27_io/basic_ostream/inserters_arithmetic/wchar_t/exceptions_badbit_throw.cc execution test
FAIL: 27_io/basic_ostream/inserters_character/char/9555-oc.cc execution test
FAIL: 27_io/basic_ostream/inserters_character/wchar_t/9555-oc.cc execution test
FAIL: 27_io/basic_stringbuf/overflow/wchar_t/1.cc execution test
FAIL: 27_io/ios_base/failure/cons_virtual_derivation.cc execution test
XPASS: 27_io/ios_base/sync_with_stdio/1.cc execution test
FAIL: 27_io/objects/char/6.cc execution test
FAIL: 27_io/objects/wchar_t/6.cc execution test
FAIL: 29_atomics/atomic/cons/user_pod.cc (test for excess errors)
FAIL: 29_atomics/atomic/operators/integral_assignment.cc (test for excess errors)
UNRESOLVED: 29_atomics/atomic/operators/integral_assignment.cc compilation failed to produce executable
FAIL: 29_atomics/atomic/operators/integral_conversion.cc (test for excess errors)
UNRESOLVED: 29_atomics/atomic/operators/integral_conversion.cc compilation failed to produce executable
FAIL: 29_atomics/atomic_integral/operators/integral_assignment.cc (test for excess errors)
UNRESOLVED: 29_atomics/atomic_integral/operators/integral_assignment.cc compilation failed to produce executable
FAIL: 29_atomics/atomic_integral/operators/integral_conversion.cc (test for excess errors)
UNRESOLVED: 29_atomics/atomic_integral/operators/integral_conversion.cc compilation failed to produce executable
FAIL: ext/array_allocator/check_allocate_max_size.cc execution test
FAIL: ext/concurrence_lock_error/cons_virtual_derivation.cc execution test
FAIL: ext/concurrence_unlock_error/cons_virtual_derivation.cc execution test
FAIL: ext/forced_error/cons_virtual_derivation.cc execution test
FAIL: ext/malloc_allocator/check_allocate_max_size.cc execution test
FAIL: ext/mt_allocator/check_allocate_max_size.cc execution test
FAIL: ext/new_allocator/check_allocate_max_size.cc execution test
FAIL: ext/pool_allocator/check_allocate_max_size.cc execution test

		=== libstdc++ Summary ===

# of expected passes		7480
# of unexpected failures	46
# of unexpected successes	1
# of expected failures		43
# of unresolved testcases	12
# of unsupported tests		656

		=== Summary adjusted for local xfails ===

# of errors                     2
# of unexpected failures        46
# of expected passes            7480
# of unexpected successes       1
# of expected failures          43
# of unresolved testcases       12
# of unsupported tests          656
Host   is i686-pc-linux-gnu

		=== g++ tests ===


Running target qemu-coldfire-elf-prebuilt-fsf/-mcpu=5208
FAIL: g++.dg/compat/init/array5 cp_compat_x_tst.o-cp_compat_y_tst.o execute 
FAIL: g++.dg/cpp0x/gen-attrs-52.C -std=c++11 (test for excess errors)
FAIL: g++.dg/eh/ctor1.C -std=c++98 execution test
FAIL: g++.dg/eh/ctor1.C -std=c++11 execution test
FAIL: g++.dg/eh/gcsec1.C -std=gnu++98 execution test
FAIL: g++.dg/eh/gcsec1.C -std=gnu++11 execution test
FAIL: g++.dg/eh/spec7.C -std=gnu++98 execution test
FAIL: g++.dg/eh/spec7.C -std=gnu++11 execution test
FAIL: g++.dg/init/array5.C -std=c++98 execution test
FAIL: g++.dg/init/array5.C -std=c++11 execution test
FAIL: g++.dg/torture/pr47559.C  -O3 -fomit-frame-pointer  (test for excess errors)
FAIL: g++.dg/torture/pr47559.C  -O3 -fomit-frame-pointer -funroll-loops  (test for excess errors)
FAIL: g++.dg/torture/pr47559.C  -O3 -fomit-frame-pointer -funroll-all-loops -finline-functions  (test for excess errors)
FAIL: g++.dg/torture/pr48271.C  -O3 -fomit-frame-pointer  (test for excess errors)
FAIL: g++.dg/torture/pr48271.C  -O3 -fomit-frame-pointer -funroll-loops  (test for excess errors)
FAIL: g++.dg/torture/pr48271.C  -O3 -fomit-frame-pointer -funroll-all-loops -finline-functions  (test for excess errors)
FAIL: g++.dg/torture/pr49394.C  -O3 -fomit-frame-pointer  (test for excess errors)
FAIL: g++.dg/torture/pr51903.C  -O3 -fomit-frame-pointer  (test for excess errors)
FAIL: g++.dg/torture/type-generic-1.C  -O0  execution test
FAIL: g++.dg/torture/type-generic-1.C  -O1  execution test
FAIL: g++.dg/torture/type-generic-1.C  -O2  execution test
FAIL: g++.dg/torture/type-generic-1.C  -O3 -fomit-frame-pointer  execution test
FAIL: g++.dg/torture/type-generic-1.C  -O3 -g  execution test
FAIL: g++.dg/torture/type-generic-1.C  -Os  execution test
FAIL: g++.dg/torture/type-generic-1.C  -O2 -flto -fno-use-linker-plugin -flto-partition=none  execution test
FAIL: g++.dg/torture/type-generic-1.C  -O2 -flto -fuse-linker-plugin -fno-fat-lto-objects  execution test
FAIL: g++.old-deja/g++.eh/rethrow6.C -std=c++98 execution test
FAIL: g++.old-deja/g++.eh/vbase1.C -std=c++98 execution test
FAIL: g++.old-deja/g++.eh/vbase1.C -std=c++11 execution test
FAIL: g++.old-deja/g++.mike/eh16.C -std=gnu++98 execution test
FAIL: g++.old-deja/g++.mike/eh16.C -std=gnu++11 execution test
FAIL: g++.old-deja/g++.mike/eh17.C -std=gnu++98 execution test
FAIL: g++.old-deja/g++.mike/eh17.C -std=gnu++11 execution test
FAIL: g++.old-deja/g++.mike/eh40.C -std=gnu++98 execution test
FAIL: g++.old-deja/g++.mike/eh40.C -std=gnu++11 execution test
WARNING: program timed out.
FAIL: g++.old-deja/g++.other/singleton.C -std=c++98 execution test
WARNING: program timed out.
FAIL: g++.old-deja/g++.other/singleton.C -std=c++11 execution test
FAIL: g++.old-deja/g++.pt/fntry1.C -std=c++98 execution test
FAIL: g++.old-deja/g++.pt/fntry1.C -std=c++11 execution test

		=== g++ Summary ===

# of expected passes		47572
# of unexpected failures	39
# of expected failures		280
# of unsupported tests		994
/scratch/gcc/nightly-2012-12-25-mainline/coldfire-elf/obj/test-mainline-0-m68k-elf/host-i686-pc-linux-gnu/fsf-mainline/bin/m68k-elf-g++  version 4.8.0 20121207 (experimental) (GCC) 


		=== Summary adjusted for local xfails ===

# of unexpected failures        39
# of expected passes            47572
# of expected failures          280
# of unsupported tests          994
Host   is i686-pc-linux-gnu

		=== gcc tests ===


Running target qemu-coldfire-elf-prebuilt-fsf/-mcpu=5208
FAIL: gcc.c-torture/execute/builtins/20010124-1.c compilation,  -O2 -flto -fuse-linker-plugin -fno-fat-lto-objects 
UNRESOLVED: gcc.c-torture/execute/builtins/20010124-1.c execution,  -O2 -flto -fuse-linker-plugin -fno-fat-lto-objects 
FAIL: gcc.c-torture/execute/builtins/memcpy-chk.c compilation,  -O2 -flto -fuse-linker-plugin -fno-fat-lto-objects 
UNRESOLVED: gcc.c-torture/execute/builtins/memcpy-chk.c execution,  -O2 -flto -fuse-linker-plugin -fno-fat-lto-objects 
FAIL: gcc.c-torture/execute/builtins/memmove-chk.c compilation,  -O2 -flto -fuse-linker-plugin -fno-fat-lto-objects 
UNRESOLVED: gcc.c-torture/execute/builtins/memmove-chk.c execution,  -O2 -flto -fuse-linker-plugin -fno-fat-lto-objects 
FAIL: gcc.c-torture/execute/builtins/memops-asm.c compilation,  -O2 -flto -fuse-linker-plugin -fno-fat-lto-objects 
UNRESOLVED: gcc.c-torture/execute/builtins/memops-asm.c execution,  -O2 -flto -fuse-linker-plugin -fno-fat-lto-objects 
FAIL: gcc.c-torture/execute/builtins/mempcpy-chk.c compilation,  -O2 -flto -fuse-linker-plugin -fno-fat-lto-objects 
UNRESOLVED: gcc.c-torture/execute/builtins/mempcpy-chk.c execution,  -O2 -flto -fuse-linker-plugin -fno-fat-lto-objects 
FAIL: gcc.c-torture/execute/builtins/memset-chk.c compilation,  -O2 -flto -fuse-linker-plugin -fno-fat-lto-objects 
UNRESOLVED: gcc.c-torture/execute/builtins/memset-chk.c execution,  -O2 -flto -fuse-linker-plugin -fno-fat-lto-objects 
FAIL: gcc.c-torture/execute/builtins/memset.c compilation,  -O2 -flto -fuse-linker-plugin -fno-fat-lto-objects 
UNRESOLVED: gcc.c-torture/execute/builtins/memset.c execution,  -O2 -flto -fuse-linker-plugin -fno-fat-lto-objects 
FAIL: gcc.c-torture/execute/builtins/pr22237.c compilation,  -O2 -flto -fuse-linker-plugin -fno-fat-lto-objects 
UNRESOLVED: gcc.c-torture/execute/builtins/pr22237.c execution,  -O2 -flto -fuse-linker-plugin -fno-fat-lto-objects 
FAIL: gcc.c-torture/execute/builtins/pr23484-chk.c compilation,  -O2 -flto -fuse-linker-plugin -fno-fat-lto-objects 
UNRESOLVED: gcc.c-torture/execute/builtins/pr23484-chk.c execution,  -O2 -flto -fuse-linker-plugin -fno-fat-lto-objects 
FAIL: gcc.c-torture/execute/builtins/snprintf-chk.c compilation,  -O2 -flto -fuse-linker-plugin -fno-fat-lto-objects 
UNRESOLVED: gcc.c-torture/execute/builtins/snprintf-chk.c execution,  -O2 -flto -fuse-linker-plugin -fno-fat-lto-objects 
FAIL: gcc.c-torture/execute/builtins/sprintf-chk.c compilation,  -O2 -flto -fuse-linker-plugin -fno-fat-lto-objects 
UNRESOLVED: gcc.c-torture/execute/builtins/sprintf-chk.c execution,  -O2 -flto -fuse-linker-plugin -fno-fat-lto-objects 
FAIL: gcc.c-torture/execute/builtins/stpcpy-chk.c compilation,  -O2 -flto -fuse-linker-plugin -fno-fat-lto-objects 
UNRESOLVED: gcc.c-torture/execute/builtins/stpcpy-chk.c execution,  -O2 -flto -fuse-linker-plugin -fno-fat-lto-objects 
FAIL: gcc.c-torture/execute/builtins/stpncpy-chk.c compilation,  -O2 -flto -fuse-linker-plugin -fno-fat-lto-objects 
UNRESOLVED: gcc.c-torture/execute/builtins/stpncpy-chk.c execution,  -O2 -flto -fuse-linker-plugin -fno-fat-lto-objects 
FAIL: gcc.c-torture/execute/builtins/strcat-chk.c compilation,  -O2 -flto -fuse-linker-plugin -fno-fat-lto-objects 
UNRESOLVED: gcc.c-torture/execute/builtins/strcat-chk.c execution,  -O2 -flto -fuse-linker-plugin -fno-fat-lto-objects 
FAIL: gcc.c-torture/execute/builtins/strcpy-chk.c compilation,  -O2 -flto -fuse-linker-plugin -fno-fat-lto-objects 
UNRESOLVED: gcc.c-torture/execute/builtins/strcpy-chk.c execution,  -O2 -flto -fuse-linker-plugin -fno-fat-lto-objects 
FAIL: gcc.c-torture/execute/builtins/strlen-2.c compilation,  -O2 -flto -fuse-linker-plugin -fno-fat-lto-objects 
UNRESOLVED: gcc.c-torture/execute/builtins/strlen-2.c execution,  -O2 -flto -fuse-linker-plugin -fno-fat-lto-objects 
FAIL: gcc.c-torture/execute/builtins/strlen-3.c compilation,  -O2 -flto -fuse-linker-plugin -fno-fat-lto-objects 
UNRESOLVED: gcc.c-torture/execute/builtins/strlen-3.c execution,  -O2 -flto -fuse-linker-plugin -fno-fat-lto-objects 
FAIL: gcc.c-torture/execute/builtins/strlen.c compilation,  -O2 -flto -fuse-linker-plugin -fno-fat-lto-objects 
UNRESOLVED: gcc.c-torture/execute/builtins/strlen.c execution,  -O2 -flto -fuse-linker-plugin -fno-fat-lto-objects 
FAIL: gcc.c-torture/execute/builtins/strncat-chk.c compilation,  -O2 -flto -fuse-linker-plugin -fno-fat-lto-objects 
UNRESOLVED: gcc.c-torture/execute/builtins/strncat-chk.c execution,  -O2 -flto -fuse-linker-plugin -fno-fat-lto-objects 
FAIL: gcc.c-torture/execute/builtins/strncpy-chk.c compilation,  -O2 -flto -fuse-linker-plugin -fno-fat-lto-objects 
UNRESOLVED: gcc.c-torture/execute/builtins/strncpy-chk.c execution,  -O2 -flto -fuse-linker-plugin -fno-fat-lto-objects 
FAIL: gcc.c-torture/execute/builtins/vsnprintf-chk.c compilation,  -O2 -flto -fuse-linker-plugin -fno-fat-lto-objects 
UNRESOLVED: gcc.c-torture/execute/builtins/vsnprintf-chk.c execution,  -O2 -flto -fuse-linker-plugin -fno-fat-lto-objects 
FAIL: gcc.c-torture/execute/builtins/vsprintf-chk.c compilation,  -O2 -flto -fuse-linker-plugin -fno-fat-lto-objects 
UNRESOLVED: gcc.c-torture/execute/builtins/vsprintf-chk.c execution,  -O2 -flto -fuse-linker-plugin -fno-fat-lto-objects 
FAIL: gcc.dg/54455.c (internal compiler error)
FAIL: gcc.dg/54455.c (test for excess errors)
FAIL: gcc.dg/attr-weakref-1.c (test for excess errors)
UNRESOLVED: gcc.dg/attr-weakref-1.c compilation failed to produce executable
FAIL: gcc.dg/builtin-object-size-8.c execution test
FAIL: gcc.dg/pr28796-2.c execution test
FAIL: gcc.dg/pr46647.c scan-tree-dump-not optimized "memset"
FAIL: gcc.dg/pr52139.c (internal compiler error)
FAIL: gcc.dg/pr52139.c (test for excess errors)
FAIL: gcc.dg/graphite/pr42521.c (internal compiler error)
FAIL: gcc.dg/graphite/pr42521.c (test for excess errors)
FAIL: gcc.dg/graphite/pr42771.c (internal compiler error)
FAIL: gcc.dg/graphite/pr42771.c (test for excess errors)
FAIL: gcc.dg/lto/pr54709 c_lto_pr54709_0.o-c_lto_pr54709_1.o link,  -fPIC -fvisibility=hidden -flto 
UNRESOLVED: gcc.dg/lto/pr54709 c_lto_pr54709_0.o-c_lto_pr54709_1.o execute  -fPIC -fvisibility=hidden -flto 
FAIL: gcc.dg/torture/pr49997.c  -O3 -fomit-frame-pointer  (test for excess errors)
FAIL: gcc.dg/torture/pr49997.c  -O3 -fomit-frame-pointer -funroll-loops  (test for excess errors)
FAIL: gcc.dg/torture/pr49997.c  -O3 -fomit-frame-pointer -funroll-all-loops -finline-functions  (test for excess errors)
FAIL: gcc.dg/torture/type-generic-1.c  -O0  execution test
FAIL: gcc.dg/torture/type-generic-1.c  -O1  execution test
FAIL: gcc.dg/torture/type-generic-1.c  -O2  execution test
FAIL: gcc.dg/torture/type-generic-1.c  -O3 -fomit-frame-pointer  execution test
FAIL: gcc.dg/torture/type-generic-1.c  -O3 -g  execution test
FAIL: gcc.dg/torture/type-generic-1.c  -Os  execution test
FAIL: gcc.dg/torture/type-generic-1.c  -O2 -flto -fno-use-linker-plugin -flto-partition=none  execution test
FAIL: gcc.dg/torture/type-generic-1.c  -O2 -flto -fuse-linker-plugin -fno-fat-lto-objects  execution test
FAIL: gcc.dg/tree-ssa/ssa-dom-thread-4.c scan-tree-dump-times dom1 "Threaded" 3
FAIL: gcc.dg/tree-ssa/vrp47.c scan-tree-dump-times vrp1 "[xy][^ ]* !=" 0
FAIL: gcc.dg/tree-ssa/vrp47.c scan-tree-dump-times dom2 "x[^ ]* & y" 1
FAIL: gcc.dg/tree-ssa/vrp47.c scan-tree-dump-times vrp1 "x[^ ]* [|] y" 1
FAIL: gcc.target/m68k/20090709-1.c scan-assembler-times .LC0 3
FAIL: gcc.target/m68k/pr36134.c scan-assembler lea
FAIL: gcc.target/m68k/pr36134.c scan-assembler-not add

		=== gcc Summary ===

# of expected passes		77007
# of unexpected failures	53
# of expected failures		103
# of unresolved testcases	24
# of unsupported tests		1511
/scratch/gcc/nightly-2012-12-25-mainline/coldfire-elf/obj/test-mainline-0-m68k-elf/host-i686-pc-linux-gnu/fsf-mainline/bin/m68k-elf-gcc  version 4.8.0 20121207 (experimental) (GCC) 


		=== Summary adjusted for local xfails ===

# of unexpected failures        53
# of expected passes            77007
# of expected failures          103
# of unresolved testcases       24
# of unsupported tests          1511
Host   is i686-pc-linux-gnu

		=== libstdc++ tests ===


Running target qemu-coldfire-elf-prebuilt-fsf/-mcpu=5208
ERROR: tcl error sourcing /scratch/gcc/nightly-2012-12-25-mainline/src/gcc-mainline/libstdc++-v3/testsuite/libstdc++-abi/abi.exp.
ERROR: can't read "baseline_subdir_switch": no such variable
FAIL: 18_support/bad_alloc/cons_virtual_derivation.cc execution test
FAIL: 18_support/bad_cast/cons_virtual_derivation.cc execution test
FAIL: 18_support/bad_exception/cons_virtual_derivation.cc execution test
FAIL: 18_support/bad_typeid/cons_virtual_derivation.cc execution test
FAIL: 19_diagnostics/logic_error/cons_virtual_derivation.cc execution test
FAIL: 19_diagnostics/runtime_error/cons_virtual_derivation.cc execution test
FAIL: 20_util/bad_function_call/cons_virtual_derivation.cc execution test
FAIL: 22_locale/collate/transform/wchar_t/28277.cc execution test
FAIL: 23_containers/list/modifiers/3.cc execution test
FAIL: 23_containers/vector/profile/vector.cc execution test
UNRESOLVED: 20_util/enable_shared_from_this/cons/constexpr.cc scan-assembler _ZNKSt7complexIfE4realB5cxx11Ev
UNRESOLVED: 20_util/enable_shared_from_this/cons/constexpr.cc scan-assembler _ZNKSt7complexIdE4realB5cxx11Ev
UNRESOLVED: 20_util/enable_shared_from_this/cons/constexpr.cc scan-assembler _ZNKSt7complexI[eg]E4realB5cxx11Ev
UNRESOLVED: 20_util/enable_shared_from_this/cons/constexpr.cc scan-assembler _ZNKSt7complexIiE4realB5cxx11Ev
UNRESOLVED: 20_util/enable_shared_from_this/cons/constexpr.cc scan-assembler _ZNKSt7complexIfE4imagB5cxx11Ev
UNRESOLVED: 20_util/enable_shared_from_this/cons/constexpr.cc scan-assembler _ZNKSt7complexIdE4imagB5cxx11Ev
UNRESOLVED: 20_util/enable_shared_from_this/cons/constexpr.cc scan-assembler _ZNKSt7complexI[eg]E4imagB5cxx11Ev
UNRESOLVED: 20_util/enable_shared_from_this/cons/constexpr.cc scan-assembler _ZNKSt7complexIiE4imagB5cxx11Ev
FAIL: 27_io/basic_filebuf/sgetn/char/1-in.cc execution test
FAIL: 27_io/basic_filebuf/sgetn/char/1-io.cc execution test
FAIL: 27_io/basic_filebuf/sgetn/char/2-in.cc execution test
FAIL: 27_io/basic_filebuf/sgetn/char/2-io.cc execution test
FAIL: 27_io/basic_filebuf/underflow/wchar_t/11603.cc execution test
FAIL: 27_io/basic_istream/extractors_arithmetic/char/12.cc execution test
FAIL: 27_io/basic_istream/extractors_arithmetic/char/exceptions_badbit_throw.cc execution test
FAIL: 27_io/basic_istream/extractors_arithmetic/char/exceptions_failbit.cc execution test
FAIL: 27_io/basic_istream/extractors_arithmetic/wchar_t/12.cc execution test
FAIL: 27_io/basic_istream/extractors_arithmetic/wchar_t/exceptions_badbit_throw.cc execution test
FAIL: 27_io/basic_istream/extractors_arithmetic/wchar_t/exceptions_failbit.cc execution test
FAIL: 27_io/basic_istream/readsome/char/6746-2.cc execution test
FAIL: 27_io/basic_istream/readsome/wchar_t/6746-2.cc execution test
FAIL: 27_io/basic_ostream/inserters_arithmetic/char/9555-oa.cc execution test
FAIL: 27_io/basic_ostream/inserters_arithmetic/char/exceptions_badbit_throw.cc execution test
FAIL: 27_io/basic_ostream/inserters_arithmetic/wchar_t/9555-oa.cc execution test
FAIL: 27_io/basic_ostream/inserters_arithmetic/wchar_t/exceptions_badbit_throw.cc execution test
FAIL: 27_io/basic_ostream/inserters_character/char/9555-oc.cc execution test
FAIL: 27_io/basic_ostream/inserters_character/wchar_t/9555-oc.cc execution test
FAIL: 27_io/basic_stringbuf/overflow/wchar_t/1.cc execution test
FAIL: 27_io/ios_base/failure/cons_virtual_derivation.cc execution test
XPASS: 27_io/ios_base/sync_with_stdio/1.cc execution test
FAIL: 27_io/objects/char/6.cc execution test
FAIL: 27_io/objects/wchar_t/6.cc execution test
FAIL: 29_atomics/atomic/cons/user_pod.cc (test for excess errors)
FAIL: 29_atomics/atomic/operators/integral_assignment.cc (test for excess errors)
UNRESOLVED: 29_atomics/atomic/operators/integral_assignment.cc compilation failed to produce executable
FAIL: 29_atomics/atomic/operators/integral_conversion.cc (test for excess errors)
UNRESOLVED: 29_atomics/atomic/operators/integral_conversion.cc compilation failed to produce executable
FAIL: 29_atomics/atomic_integral/operators/integral_assignment.cc (test for excess errors)
UNRESOLVED: 29_atomics/atomic_integral/operators/integral_assignment.cc compilation failed to produce executable
FAIL: 29_atomics/atomic_integral/operators/integral_conversion.cc (test for excess errors)
UNRESOLVED: 29_atomics/atomic_integral/operators/integral_conversion.cc compilation failed to produce executable
FAIL: ext/array_allocator/check_allocate_max_size.cc execution test
FAIL: ext/concurrence_lock_error/cons_virtual_derivation.cc execution test
FAIL: ext/concurrence_unlock_error/cons_virtual_derivation.cc execution test
FAIL: ext/forced_error/cons_virtual_derivation.cc execution test
FAIL: ext/malloc_allocator/check_allocate_max_size.cc execution test
FAIL: ext/mt_allocator/check_allocate_max_size.cc execution test
FAIL: ext/new_allocator/check_allocate_max_size.cc execution test
FAIL: ext/pool_allocator/check_allocate_max_size.cc execution test

		=== libstdc++ Summary ===

# of expected passes		7480
# of unexpected failures	46
# of unexpected successes	1
# of expected failures		43
# of unresolved testcases	12
# of unsupported tests		656

		=== Summary adjusted for local xfails ===

# of errors                     2
# of unexpected failures        46
# of expected passes            7480
# of unexpected successes       1
# of expected failures          43
# of unresolved testcases       12
# of unsupported tests          656
Host   is i686-pc-linux-gnu

		=== g++ tests ===


Running target qemu-coldfire-elf-prebuilt-fsf/-mcpu=5475
FAIL: g++.dg/compat/init/array5 cp_compat_x_tst.o-cp_compat_y_tst.o execute 
FAIL: g++.dg/cpp0x/gen-attrs-52.C -std=c++11 (test for excess errors)
FAIL: g++.dg/eh/ctor1.C -std=c++98 execution test
FAIL: g++.dg/eh/ctor1.C -std=c++11 execution test
FAIL: g++.dg/eh/gcsec1.C -std=gnu++98 execution test
FAIL: g++.dg/eh/gcsec1.C -std=gnu++11 execution test
FAIL: g++.dg/eh/spec7.C -std=gnu++98 execution test
FAIL: g++.dg/eh/spec7.C -std=gnu++11 execution test
FAIL: g++.dg/init/array5.C -std=c++98 execution test
FAIL: g++.dg/init/array5.C -std=c++11 execution test
FAIL: c-c++-common/torture/vector-compare-1.c  -O3 -fomit-frame-pointer  execution test
FAIL: c-c++-common/torture/vector-compare-1.c  -O3 -fomit-frame-pointer -funroll-loops  execution test
FAIL: c-c++-common/torture/vector-compare-1.c  -O3 -fomit-frame-pointer -funroll-all-loops -finline-functions  execution test
FAIL: c-c++-common/torture/vector-compare-1.c  -O3 -g  execution test
FAIL: g++.dg/torture/pr47559.C  -O3 -fomit-frame-pointer  (test for excess errors)
FAIL: g++.dg/torture/pr47559.C  -O3 -fomit-frame-pointer -funroll-loops  (test for excess errors)
FAIL: g++.dg/torture/pr47559.C  -O3 -fomit-frame-pointer -funroll-all-loops -finline-functions  (test for excess errors)
FAIL: g++.dg/torture/pr48271.C  -O3 -fomit-frame-pointer  (test for excess errors)
FAIL: g++.dg/torture/pr48271.C  -O3 -fomit-frame-pointer -funroll-loops  (test for excess errors)
FAIL: g++.dg/torture/pr48271.C  -O3 -fomit-frame-pointer -funroll-all-loops -finline-functions  (test for excess errors)
FAIL: g++.dg/torture/pr49394.C  -O3 -fomit-frame-pointer  (test for excess errors)
FAIL: g++.dg/torture/pr51903.C  -O3 -fomit-frame-pointer  (test for excess errors)
FAIL: g++.dg/torture/type-generic-1.C  -O0  execution test
FAIL: g++.dg/torture/type-generic-1.C  -O1  execution test
FAIL: g++.dg/torture/type-generic-1.C  -O2  execution test
FAIL: g++.dg/torture/type-generic-1.C  -O3 -fomit-frame-pointer  execution test
FAIL: g++.dg/torture/type-generic-1.C  -O3 -g  execution test
FAIL: g++.dg/torture/type-generic-1.C  -Os  execution test
FAIL: g++.dg/torture/type-generic-1.C  -O2 -flto -fno-use-linker-plugin -flto-partition=none  execution test
FAIL: g++.dg/torture/type-generic-1.C  -O2 -flto -fuse-linker-plugin -fno-fat-lto-objects  execution test
FAIL: g++.old-deja/g++.eh/rethrow6.C -std=c++98 execution test
FAIL: g++.old-deja/g++.eh/vbase1.C -std=c++98 execution test
FAIL: g++.old-deja/g++.eh/vbase1.C -std=c++11 execution test
FAIL: g++.old-deja/g++.mike/eh16.C -std=gnu++98 execution test
FAIL: g++.old-deja/g++.mike/eh16.C -std=gnu++11 execution test
FAIL: g++.old-deja/g++.mike/eh17.C -std=gnu++98 execution test
FAIL: g++.old-deja/g++.mike/eh17.C -std=gnu++11 execution test
FAIL: g++.old-deja/g++.mike/eh40.C -std=gnu++98 execution test
FAIL: g++.old-deja/g++.mike/eh40.C -std=gnu++11 execution test
WARNING: program timed out.
FAIL: g++.old-deja/g++.other/singleton.C -std=c++98 execution test
WARNING: program timed out.
FAIL: g++.old-deja/g++.other/singleton.C -std=c++11 execution test
FAIL: g++.old-deja/g++.pt/fntry1.C -std=c++98 execution test
FAIL: g++.old-deja/g++.pt/fntry1.C -std=c++11 execution test

		=== g++ Summary ===

# of expected passes		47568
# of unexpected failures	43
# of expected failures		280
# of unsupported tests		994
/scratch/gcc/nightly-2012-12-25-mainline/coldfire-elf/obj/test-mainline-0-m68k-elf/host-i686-pc-linux-gnu/fsf-mainline/bin/m68k-elf-g++  version 4.8.0 20121207 (experimental) (GCC) 


		=== Summary adjusted for local xfails ===

# of unexpected failures        43
# of expected passes            47568
# of expected failures          280
# of unsupported tests          994
Host   is i686-pc-linux-gnu

		=== gcc tests ===


Running target qemu-coldfire-elf-prebuilt-fsf/-mcpu=5475
FAIL: gcc.c-torture/execute/builtins/20010124-1.c compilation,  -O2 -flto -fuse-linker-plugin -fno-fat-lto-objects 
UNRESOLVED: gcc.c-torture/execute/builtins/20010124-1.c execution,  -O2 -flto -fuse-linker-plugin -fno-fat-lto-objects 
FAIL: gcc.c-torture/execute/builtins/memcpy-chk.c compilation,  -O2 -flto -fuse-linker-plugin -fno-fat-lto-objects 
UNRESOLVED: gcc.c-torture/execute/builtins/memcpy-chk.c execution,  -O2 -flto -fuse-linker-plugin -fno-fat-lto-objects 
FAIL: gcc.c-torture/execute/builtins/memmove-chk.c compilation,  -O2 -flto -fuse-linker-plugin -fno-fat-lto-objects 
UNRESOLVED: gcc.c-torture/execute/builtins/memmove-chk.c execution,  -O2 -flto -fuse-linker-plugin -fno-fat-lto-objects 
FAIL: gcc.c-torture/execute/builtins/memops-asm.c compilation,  -O2 -flto -fuse-linker-plugin -fno-fat-lto-objects 
UNRESOLVED: gcc.c-torture/execute/builtins/memops-asm.c execution,  -O2 -flto -fuse-linker-plugin -fno-fat-lto-objects 
FAIL: gcc.c-torture/execute/builtins/mempcpy-chk.c compilation,  -O2 -flto -fuse-linker-plugin -fno-fat-lto-objects 
UNRESOLVED: gcc.c-torture/execute/builtins/mempcpy-chk.c execution,  -O2 -flto -fuse-linker-plugin -fno-fat-lto-objects 
FAIL: gcc.c-torture/execute/builtins/memset-chk.c compilation,  -O2 -flto -fuse-linker-plugin -fno-fat-lto-objects 
UNRESOLVED: gcc.c-torture/execute/builtins/memset-chk.c execution,  -O2 -flto -fuse-linker-plugin -fno-fat-lto-objects 
FAIL: gcc.c-torture/execute/builtins/memset.c compilation,  -O2 -flto -fuse-linker-plugin -fno-fat-lto-objects 
UNRESOLVED: gcc.c-torture/execute/builtins/memset.c execution,  -O2 -flto -fuse-linker-plugin -fno-fat-lto-objects 
FAIL: gcc.c-torture/execute/builtins/pr22237.c compilation,  -O2 -flto -fuse-linker-plugin -fno-fat-lto-objects 
UNRESOLVED: gcc.c-torture/execute/builtins/pr22237.c execution,  -O2 -flto -fuse-linker-plugin -fno-fat-lto-objects 
FAIL: gcc.c-torture/execute/builtins/pr23484-chk.c compilation,  -O2 -flto -fuse-linker-plugin -fno-fat-lto-objects 
UNRESOLVED: gcc.c-torture/execute/builtins/pr23484-chk.c execution,  -O2 -flto -fuse-linker-plugin -fno-fat-lto-objects 
FAIL: gcc.c-torture/execute/builtins/snprintf-chk.c compilation,  -O2 -flto -fuse-linker-plugin -fno-fat-lto-objects 
UNRESOLVED: gcc.c-torture/execute/builtins/snprintf-chk.c execution,  -O2 -flto -fuse-linker-plugin -fno-fat-lto-objects 
FAIL: gcc.c-torture/execute/builtins/sprintf-chk.c compilation,  -O2 -flto -fuse-linker-plugin -fno-fat-lto-objects 
UNRESOLVED: gcc.c-torture/execute/builtins/sprintf-chk.c execution,  -O2 -flto -fuse-linker-plugin -fno-fat-lto-objects 
FAIL: gcc.c-torture/execute/builtins/stpcpy-chk.c compilation,  -O2 -flto -fuse-linker-plugin -fno-fat-lto-objects 
UNRESOLVED: gcc.c-torture/execute/builtins/stpcpy-chk.c execution,  -O2 -flto -fuse-linker-plugin -fno-fat-lto-objects 
FAIL: gcc.c-torture/execute/builtins/stpncpy-chk.c compilation,  -O2 -flto -fuse-linker-plugin -fno-fat-lto-objects 
UNRESOLVED: gcc.c-torture/execute/builtins/stpncpy-chk.c execution,  -O2 -flto -fuse-linker-plugin -fno-fat-lto-objects 
FAIL: gcc.c-torture/execute/builtins/strcat-chk.c compilation,  -O2 -flto -fuse-linker-plugin -fno-fat-lto-objects 
UNRESOLVED: gcc.c-torture/execute/builtins/strcat-chk.c execution,  -O2 -flto -fuse-linker-plugin -fno-fat-lto-objects 
FAIL: gcc.c-torture/execute/builtins/strcpy-chk.c compilation,  -O2 -flto -fuse-linker-plugin -fno-fat-lto-objects 
UNRESOLVED: gcc.c-torture/execute/builtins/strcpy-chk.c execution,  -O2 -flto -fuse-linker-plugin -fno-fat-lto-objects 
FAIL: gcc.c-torture/execute/builtins/strlen-2.c compilation,  -O2 -flto -fuse-linker-plugin -fno-fat-lto-objects 
UNRESOLVED: gcc.c-torture/execute/builtins/strlen-2.c execution,  -O2 -flto -fuse-linker-plugin -fno-fat-lto-objects 
FAIL: gcc.c-torture/execute/builtins/strlen-3.c compilation,  -O2 -flto -fuse-linker-plugin -fno-fat-lto-objects 
UNRESOLVED: gcc.c-torture/execute/builtins/strlen-3.c execution,  -O2 -flto -fuse-linker-plugin -fno-fat-lto-objects 
FAIL: gcc.c-torture/execute/builtins/strlen.c compilation,  -O2 -flto -fuse-linker-plugin -fno-fat-lto-objects 
UNRESOLVED: gcc.c-torture/execute/builtins/strlen.c execution,  -O2 -flto -fuse-linker-plugin -fno-fat-lto-objects 
FAIL: gcc.c-torture/execute/builtins/strncat-chk.c compilation,  -O2 -flto -fuse-linker-plugin -fno-fat-lto-objects 
UNRESOLVED: gcc.c-torture/execute/builtins/strncat-chk.c execution,  -O2 -flto -fuse-linker-plugin -fno-fat-lto-objects 
FAIL: gcc.c-torture/execute/builtins/strncpy-chk.c compilation,  -O2 -flto -fuse-linker-plugin -fno-fat-lto-objects 
UNRESOLVED: gcc.c-torture/execute/builtins/strncpy-chk.c execution,  -O2 -flto -fuse-linker-plugin -fno-fat-lto-objects 
FAIL: gcc.c-torture/execute/builtins/vsnprintf-chk.c compilation,  -O2 -flto -fuse-linker-plugin -fno-fat-lto-objects 
UNRESOLVED: gcc.c-torture/execute/builtins/vsnprintf-chk.c execution,  -O2 -flto -fuse-linker-plugin -fno-fat-lto-objects 
FAIL: gcc.c-torture/execute/builtins/vsprintf-chk.c compilation,  -O2 -flto -fuse-linker-plugin -fno-fat-lto-objects 
UNRESOLVED: gcc.c-torture/execute/builtins/vsprintf-chk.c execution,  -O2 -flto -fuse-linker-plugin -fno-fat-lto-objects 
FAIL: gcc.c-torture/execute/pr28982b.c compilation,  -O1  (internal compiler error)
UNRESOLVED: gcc.c-torture/execute/pr28982b.c execution,  -O1 
FAIL: gcc.c-torture/execute/pr28982b.c compilation,  -O2  (internal compiler error)
UNRESOLVED: gcc.c-torture/execute/pr28982b.c execution,  -O2 
FAIL: gcc.c-torture/execute/pr28982b.c compilation,  -O3 -fomit-frame-pointer  (internal compiler error)
UNRESOLVED: gcc.c-torture/execute/pr28982b.c execution,  -O3 -fomit-frame-pointer 
FAIL: gcc.c-torture/execute/pr28982b.c compilation,  -O3 -fomit-frame-pointer -funroll-loops  (internal compiler error)
UNRESOLVED: gcc.c-torture/execute/pr28982b.c execution,  -O3 -fomit-frame-pointer -funroll-loops 
FAIL: gcc.c-torture/execute/pr28982b.c compilation,  -O3 -fomit-frame-pointer -funroll-all-loops -finline-functions  (internal compiler error)
UNRESOLVED: gcc.c-torture/execute/pr28982b.c execution,  -O3 -fomit-frame-pointer -funroll-all-loops -finline-functions 
FAIL: gcc.c-torture/execute/pr28982b.c compilation,  -O3 -g  (internal compiler error)
UNRESOLVED: gcc.c-torture/execute/pr28982b.c execution,  -O3 -g 
FAIL: gcc.c-torture/execute/pr28982b.c compilation,  -Os  (internal compiler error)
UNRESOLVED: gcc.c-torture/execute/pr28982b.c execution,  -Os 
FAIL: gcc.c-torture/execute/pr28982b.c compilation,  -Og -g  (internal compiler error)
UNRESOLVED: gcc.c-torture/execute/pr28982b.c execution,  -Og -g 
FAIL: gcc.c-torture/execute/pr28982b.c compilation,  -O2 -flto -fno-use-linker-plugin -flto-partition=none  (internal compiler error)
UNRESOLVED: gcc.c-torture/execute/pr28982b.c execution,  -O2 -flto -fno-use-linker-plugin -flto-partition=none 
FAIL: gcc.c-torture/execute/pr28982b.c compilation,  -O2 -flto -fuse-linker-plugin -fno-fat-lto-objects  (internal compiler error)
UNRESOLVED: gcc.c-torture/execute/pr28982b.c execution,  -O2 -flto -fuse-linker-plugin -fno-fat-lto-objects 
XPASS: gcc.c-torture/execute/ieee/20000320-1.c execution,  -O0 
XPASS: gcc.c-torture/execute/ieee/20000320-1.c execution,  -O1 
XPASS: gcc.c-torture/execute/ieee/20000320-1.c execution,  -O2 
XPASS: gcc.c-torture/execute/ieee/20000320-1.c execution,  -O3 -fomit-frame-pointer 
XPASS: gcc.c-torture/execute/ieee/20000320-1.c execution,  -O3 -g 
XPASS: gcc.c-torture/execute/ieee/20000320-1.c execution,  -Os 
XPASS: gcc.c-torture/execute/ieee/20000320-1.c execution,  -Og -g 
XPASS: gcc.c-torture/execute/ieee/20000320-1.c execution,  -O2 -flto -fno-use-linker-plugin -flto-partition=none 
XPASS: gcc.c-torture/execute/ieee/20000320-1.c execution,  -O2 -flto -fuse-linker-plugin -fno-fat-lto-objects 
FAIL: gcc.c-torture/execute/ieee/compare-fp-1.c execution,  -O0 
FAIL: gcc.c-torture/execute/ieee/compare-fp-1.c execution,  -O1 
FAIL: gcc.c-torture/execute/ieee/compare-fp-1.c execution,  -O2 
FAIL: gcc.c-torture/execute/ieee/compare-fp-1.c execution,  -O3 -fomit-frame-pointer 
FAIL: gcc.c-torture/execute/ieee/compare-fp-1.c execution,  -O3 -g 
FAIL: gcc.c-torture/execute/ieee/compare-fp-1.c execution,  -Os 
FAIL: gcc.c-torture/execute/ieee/compare-fp-1.c execution,  -Og -g 
FAIL: gcc.c-torture/execute/ieee/compare-fp-1.c execution,  -O2 -flto -fno-use-linker-plugin -flto-partition=none 
FAIL: gcc.c-torture/execute/ieee/compare-fp-1.c execution,  -O2 -flto -fuse-linker-plugin -fno-fat-lto-objects 
FAIL: gcc.c-torture/execute/ieee/compare-fp-4.c execution,  -O0 
FAIL: gcc.c-torture/execute/ieee/fp-cmp-4.c execution,  -O0 
FAIL: gcc.c-torture/execute/ieee/fp-cmp-4.c execution,  -O1 
FAIL: gcc.c-torture/execute/ieee/fp-cmp-4.c execution,  -O2 
FAIL: gcc.c-torture/execute/ieee/fp-cmp-4.c execution,  -O3 -fomit-frame-pointer 
FAIL: gcc.c-torture/execute/ieee/fp-cmp-4.c execution,  -O3 -fomit-frame-pointer -funroll-loops 
FAIL: gcc.c-torture/execute/ieee/fp-cmp-4.c execution,  -O3 -fomit-frame-pointer -funroll-all-loops -finline-functions 
FAIL: gcc.c-torture/execute/ieee/fp-cmp-4.c execution,  -O3 -g 
FAIL: gcc.c-torture/execute/ieee/fp-cmp-4.c execution,  -Os 
FAIL: gcc.c-torture/execute/ieee/fp-cmp-4.c execution,  -Og -g 
FAIL: gcc.c-torture/execute/ieee/fp-cmp-4.c execution,  -O2 -flto -fno-use-linker-plugin -flto-partition=none 
FAIL: gcc.c-torture/execute/ieee/fp-cmp-4.c execution,  -O2 -flto -fuse-linker-plugin -fno-fat-lto-objects 
FAIL: gcc.c-torture/execute/ieee/fp-cmp-4f.c execution,  -O0 
FAIL: gcc.c-torture/execute/ieee/fp-cmp-4f.c execution,  -O1 
FAIL: gcc.c-torture/execute/ieee/fp-cmp-4f.c execution,  -O2 
FAIL: gcc.c-torture/execute/ieee/fp-cmp-4f.c execution,  -O3 -fomit-frame-pointer 
FAIL: gcc.c-torture/execute/ieee/fp-cmp-4f.c execution,  -O3 -g 
FAIL: gcc.c-torture/execute/ieee/fp-cmp-4f.c execution,  -Os 
FAIL: gcc.c-torture/execute/ieee/fp-cmp-4f.c execution,  -Og -g 
FAIL: gcc.c-torture/execute/ieee/fp-cmp-4f.c execution,  -O2 -flto -fno-use-linker-plugin -flto-partition=none 
FAIL: gcc.c-torture/execute/ieee/fp-cmp-4f.c execution,  -O2 -flto -fuse-linker-plugin -fno-fat-lto-objects 
FAIL: gcc.c-torture/execute/ieee/fp-cmp-4l.c execution,  -O0 
FAIL: gcc.c-torture/execute/ieee/fp-cmp-4l.c execution,  -O1 
FAIL: gcc.c-torture/execute/ieee/fp-cmp-4l.c execution,  -O2 
FAIL: gcc.c-torture/execute/ieee/fp-cmp-4l.c execution,  -O3 -fomit-frame-pointer 
FAIL: gcc.c-torture/execute/ieee/fp-cmp-4l.c execution,  -O3 -g 
FAIL: gcc.c-torture/execute/ieee/fp-cmp-4l.c execution,  -Os 
FAIL: gcc.c-torture/execute/ieee/fp-cmp-4l.c execution,  -Og -g 
FAIL: gcc.c-torture/execute/ieee/fp-cmp-4l.c execution,  -O2 -flto -fno-use-linker-plugin -flto-partition=none 
FAIL: gcc.c-torture/execute/ieee/fp-cmp-4l.c execution,  -O2 -flto -fuse-linker-plugin -fno-fat-lto-objects 
FAIL: gcc.c-torture/execute/ieee/fp-cmp-5.c execution,  -O0 
FAIL: gcc.c-torture/execute/ieee/fp-cmp-5.c execution,  -O1 
FAIL: gcc.c-torture/execute/ieee/fp-cmp-5.c execution,  -O2 
FAIL: gcc.c-torture/execute/ieee/fp-cmp-5.c execution,  -O3 -fomit-frame-pointer 
FAIL: gcc.c-torture/execute/ieee/fp-cmp-5.c execution,  -O3 -fomit-frame-pointer -funroll-loops 
FAIL: gcc.c-torture/execute/ieee/fp-cmp-5.c execution,  -O3 -fomit-frame-pointer -funroll-all-loops -finline-functions 
FAIL: gcc.c-torture/execute/ieee/fp-cmp-5.c execution,  -O3 -g 
FAIL: gcc.c-torture/execute/ieee/fp-cmp-5.c execution,  -Os 
FAIL: gcc.c-torture/execute/ieee/fp-cmp-5.c execution,  -Og -g 
FAIL: gcc.c-torture/execute/ieee/fp-cmp-5.c execution,  -O2 -flto -fno-use-linker-plugin -flto-partition=none 
FAIL: gcc.c-torture/execute/ieee/fp-cmp-5.c execution,  -O2 -flto -fuse-linker-plugin -fno-fat-lto-objects 
FAIL: gcc.c-torture/execute/ieee/fp-cmp-8.c execution,  -O0 
FAIL: gcc.c-torture/execute/ieee/fp-cmp-8.c execution,  -O1 
FAIL: gcc.c-torture/execute/ieee/fp-cmp-8.c execution,  -O2 
FAIL: gcc.c-torture/execute/ieee/fp-cmp-8.c execution,  -O3 -fomit-frame-pointer 
FAIL: gcc.c-torture/execute/ieee/fp-cmp-8.c execution,  -O3 -fomit-frame-pointer -funroll-loops 
FAIL: gcc.c-torture/execute/ieee/fp-cmp-8.c execution,  -O3 -fomit-frame-pointer -funroll-all-loops -finline-functions 
FAIL: gcc.c-torture/execute/ieee/fp-cmp-8.c execution,  -O3 -g 
FAIL: gcc.c-torture/execute/ieee/fp-cmp-8.c execution,  -Os 
FAIL: gcc.c-torture/execute/ieee/fp-cmp-8.c execution,  -Og -g 
FAIL: gcc.c-torture/execute/ieee/fp-cmp-8.c execution,  -O2 -flto -fno-use-linker-plugin -flto-partition=none 
FAIL: gcc.c-torture/execute/ieee/fp-cmp-8.c execution,  -O2 -flto -fuse-linker-plugin -fno-fat-lto-objects 
FAIL: gcc.c-torture/execute/ieee/fp-cmp-8f.c execution,  -O0 
FAIL: gcc.c-torture/execute/ieee/fp-cmp-8f.c execution,  -O1 
FAIL: gcc.c-torture/execute/ieee/fp-cmp-8f.c execution,  -O2 
FAIL: gcc.c-torture/execute/ieee/fp-cmp-8f.c execution,  -O3 -fomit-frame-pointer 
FAIL: gcc.c-torture/execute/ieee/fp-cmp-8f.c execution,  -O3 -g 
FAIL: gcc.c-torture/execute/ieee/fp-cmp-8f.c execution,  -Os 
FAIL: gcc.c-torture/execute/ieee/fp-cmp-8f.c execution,  -Og -g 
FAIL: gcc.c-torture/execute/ieee/fp-cmp-8f.c execution,  -O2 -flto -fno-use-linker-plugin -flto-partition=none 
FAIL: gcc.c-torture/execute/ieee/fp-cmp-8f.c execution,  -O2 -flto -fuse-linker-plugin -fno-fat-lto-objects 
FAIL: gcc.c-torture/execute/ieee/fp-cmp-8l.c execution,  -O0 
FAIL: gcc.c-torture/execute/ieee/fp-cmp-8l.c execution,  -O1 
FAIL: gcc.c-torture/execute/ieee/fp-cmp-8l.c execution,  -O2 
FAIL: gcc.c-torture/execute/ieee/fp-cmp-8l.c execution,  -O3 -fomit-frame-pointer 
FAIL: gcc.c-torture/execute/ieee/fp-cmp-8l.c execution,  -O3 -g 
FAIL: gcc.c-torture/execute/ieee/fp-cmp-8l.c execution,  -Os 
FAIL: gcc.c-torture/execute/ieee/fp-cmp-8l.c execution,  -Og -g 
FAIL: gcc.c-torture/execute/ieee/fp-cmp-8l.c execution,  -O2 -flto -fno-use-linker-plugin -flto-partition=none 
FAIL: gcc.c-torture/execute/ieee/fp-cmp-8l.c execution,  -O2 -flto -fuse-linker-plugin -fno-fat-lto-objects 
XPASS: gcc.c-torture/execute/ieee/mul-subnormal-single-1.c execution,  -O0 
XPASS: gcc.c-torture/execute/ieee/mul-subnormal-single-1.c execution,  -O1 
XPASS: gcc.c-torture/execute/ieee/mul-subnormal-single-1.c execution,  -O2 
XPASS: gcc.c-torture/execute/ieee/mul-subnormal-single-1.c execution,  -O3 -fomit-frame-pointer 
XPASS: gcc.c-torture/execute/ieee/mul-subnormal-single-1.c execution,  -O3 -fomit-frame-pointer -funroll-loops 
XPASS: gcc.c-torture/execute/ieee/mul-subnormal-single-1.c execution,  -O3 -fomit-frame-pointer -funroll-all-loops -finline-functions 
XPASS: gcc.c-torture/execute/ieee/mul-subnormal-single-1.c execution,  -O3 -g 
XPASS: gcc.c-torture/execute/ieee/mul-subnormal-single-1.c execution,  -Os 
XPASS: gcc.c-torture/execute/ieee/mul-subnormal-single-1.c execution,  -Og -g 
XPASS: gcc.c-torture/execute/ieee/mul-subnormal-single-1.c execution,  -O2 -flto -fno-use-linker-plugin -flto-partition=none 
XPASS: gcc.c-torture/execute/ieee/mul-subnormal-single-1.c execution,  -O2 -flto -fuse-linker-plugin -fno-fat-lto-objects 
FAIL: gcc.c-torture/execute/ieee/pr38016.c execution,  -O0 
FAIL: gcc.c-torture/execute/ieee/pr38016.c execution,  -O1 
FAIL: gcc.c-torture/execute/ieee/pr38016.c execution,  -O2 
FAIL: gcc.c-torture/execute/ieee/pr38016.c execution,  -O3 -fomit-frame-pointer 
FAIL: gcc.c-torture/execute/ieee/pr38016.c execution,  -O3 -g 
FAIL: gcc.c-torture/execute/ieee/pr38016.c execution,  -Os 
FAIL: gcc.c-torture/execute/ieee/pr38016.c execution,  -Og -g 
FAIL: gcc.c-torture/execute/ieee/pr38016.c execution,  -O2 -flto -fno-use-linker-plugin -flto-partition=none 
FAIL: gcc.c-torture/execute/ieee/pr38016.c execution,  -O2 -flto -fuse-linker-plugin -fno-fat-lto-objects 
FAIL: gcc.c-torture/execute/ieee/pr50310.c execution,  -O0 
FAIL: gcc.c-torture/execute/ieee/pr50310.c execution,  -O1 
FAIL: gcc.c-torture/execute/ieee/pr50310.c execution,  -O2 
FAIL: gcc.c-torture/execute/ieee/pr50310.c execution,  -O3 -fomit-frame-pointer 
FAIL: gcc.c-torture/execute/ieee/pr50310.c execution,  -O3 -fomit-frame-pointer -funroll-loops 
FAIL: gcc.c-torture/execute/ieee/pr50310.c execution,  -O3 -fomit-frame-pointer -funroll-all-loops -finline-functions 
FAIL: gcc.c-torture/execute/ieee/pr50310.c execution,  -O3 -g 
FAIL: gcc.c-torture/execute/ieee/pr50310.c execution,  -Os 
FAIL: gcc.c-torture/execute/ieee/pr50310.c execution,  -Og -g 
FAIL: gcc.c-torture/execute/ieee/pr50310.c execution,  -O2 -flto -fno-use-linker-plugin -flto-partition=none 
FAIL: gcc.c-torture/execute/ieee/pr50310.c execution,  -O2 -flto -fuse-linker-plugin -fno-fat-lto-objects 
FAIL: gcc.dg/attr-weakref-1.c (test for excess errors)
UNRESOLVED: gcc.dg/attr-weakref-1.c compilation failed to produce executable
FAIL: gcc.dg/builtin-object-size-8.c execution test
FAIL: gcc.dg/pr28796-2.c execution test
FAIL: gcc.dg/pr46647.c scan-tree-dump-not optimized "memset"
FAIL: gcc.dg/pr52139.c (internal compiler error)
FAIL: gcc.dg/pr52139.c (test for excess errors)
FAIL: gcc.dg/pr55019.c execution test
FAIL: gcc.dg/graphite/pr42521.c (internal compiler error)
FAIL: gcc.dg/graphite/pr42521.c (test for excess errors)
FAIL: gcc.dg/graphite/pr42771.c (internal compiler error)
FAIL: gcc.dg/graphite/pr42771.c (test for excess errors)
FAIL: gcc.dg/lto/pr54709 c_lto_pr54709_0.o-c_lto_pr54709_1.o link,  -fPIC -fvisibility=hidden -flto 
UNRESOLVED: gcc.dg/lto/pr54709 c_lto_pr54709_0.o-c_lto_pr54709_1.o execute  -fPIC -fvisibility=hidden -flto 
FAIL: c-c++-common/torture/vector-compare-1.c  -O3 -fomit-frame-pointer  execution test
FAIL: c-c++-common/torture/vector-compare-1.c  -O3 -fomit-frame-pointer -funroll-loops  execution test
FAIL: c-c++-common/torture/vector-compare-1.c  -O3 -fomit-frame-pointer -funroll-all-loops -finline-functions  execution test
FAIL: c-c++-common/torture/vector-compare-1.c  -O3 -g  execution test
FAIL: gcc.dg/torture/builtin-complex-1.c  -O0  execution test
FAIL: gcc.dg/torture/builtin-complex-1.c  -O1  execution test
FAIL: gcc.dg/torture/builtin-complex-1.c  -O2  execution test
FAIL: gcc.dg/torture/builtin-complex-1.c  -Os  execution test
FAIL: gcc.dg/torture/builtin-complex-1.c  -O2 -flto -fno-use-linker-plugin -flto-partition=none  execution test
FAIL: gcc.dg/torture/builtin-complex-1.c  -O2 -flto -fuse-linker-plugin -fno-fat-lto-objects  execution test
FAIL: gcc.dg/torture/pr49997.c  -O3 -fomit-frame-pointer  (test for excess errors)
FAIL: gcc.dg/torture/pr49997.c  -O3 -fomit-frame-pointer -funroll-loops  (test for excess errors)
FAIL: gcc.dg/torture/pr49997.c  -O3 -fomit-frame-pointer -funroll-all-loops -finline-functions  (test for excess errors)
FAIL: gcc.dg/torture/type-generic-1.c  -O0  execution test
FAIL: gcc.dg/torture/type-generic-1.c  -O1  execution test
FAIL: gcc.dg/torture/type-generic-1.c  -O2  execution test
FAIL: gcc.dg/torture/type-generic-1.c  -O3 -fomit-frame-pointer  execution test
FAIL: gcc.dg/torture/type-generic-1.c  -O3 -g  execution test
FAIL: gcc.dg/torture/type-generic-1.c  -Os  execution test
FAIL: gcc.dg/torture/type-generic-1.c  -O2 -flto -fno-use-linker-plugin -flto-partition=none  execution test
FAIL: gcc.dg/torture/type-generic-1.c  -O2 -flto -fuse-linker-plugin -fno-fat-lto-objects  execution test
FAIL: gcc.dg/tree-ssa/ssa-dom-thread-4.c scan-tree-dump-times dom1 "Threaded" 3
FAIL: gcc.dg/tree-ssa/vrp47.c scan-tree-dump-times vrp1 "[xy][^ ]* !=" 0
FAIL: gcc.dg/tree-ssa/vrp47.c scan-tree-dump-times dom2 "x[^ ]* & y" 1
FAIL: gcc.dg/tree-ssa/vrp47.c scan-tree-dump-times vrp1 "x[^ ]* [|] y" 1
FAIL: gcc.target/m68k/20090709-1.c scan-assembler-times .LC0 3

		=== gcc Summary ===

# of expected passes		76861
# of unexpected failures	169
# of unexpected successes	20
# of expected failures		104
# of unresolved testcases	34
# of unsupported tests		1510
/scratch/gcc/nightly-2012-12-25-mainline/coldfire-elf/obj/test-mainline-0-m68k-elf/host-i686-pc-linux-gnu/fsf-mainline/bin/m68k-elf-gcc  version 4.8.0 20121207 (experimental) (GCC) 


		=== Summary adjusted for local xfails ===

# of unexpected failures        169
# of expected passes            76861
# of unexpected successes       20
# of expected failures          104
# of unresolved testcases       34
# of unsupported tests          1510
Host   is i686-pc-linux-gnu

		=== libstdc++ tests ===


Running target qemu-coldfire-elf-prebuilt-fsf/-mcpu=5475
ERROR: tcl error sourcing /scratch/gcc/nightly-2012-12-25-mainline/src/gcc-mainline/libstdc++-v3/testsuite/libstdc++-abi/abi.exp.
ERROR: can't read "baseline_subdir_switch": no such variable
FAIL: 18_support/bad_alloc/cons_virtual_derivation.cc execution test
FAIL: 18_support/bad_cast/cons_virtual_derivation.cc execution test
FAIL: 18_support/bad_exception/cons_virtual_derivation.cc execution test
FAIL: 18_support/bad_typeid/cons_virtual_derivation.cc execution test
FAIL: 19_diagnostics/logic_error/cons_virtual_derivation.cc execution test
FAIL: 19_diagnostics/runtime_error/cons_virtual_derivation.cc execution test
FAIL: 20_util/bad_function_call/cons_virtual_derivation.cc execution test
FAIL: 22_locale/collate/transform/wchar_t/28277.cc execution test
FAIL: 23_containers/list/modifiers/3.cc execution test
FAIL: 23_containers/vector/profile/vector.cc execution test
UNRESOLVED: 20_util/enable_shared_from_this/cons/constexpr.cc scan-assembler _ZNKSt7complexIfE4realB5cxx11Ev
UNRESOLVED: 20_util/enable_shared_from_this/cons/constexpr.cc scan-assembler _ZNKSt7complexIdE4realB5cxx11Ev
UNRESOLVED: 20_util/enable_shared_from_this/cons/constexpr.cc scan-assembler _ZNKSt7complexI[eg]E4realB5cxx11Ev
UNRESOLVED: 20_util/enable_shared_from_this/cons/constexpr.cc scan-assembler _ZNKSt7complexIiE4realB5cxx11Ev
UNRESOLVED: 20_util/enable_shared_from_this/cons/constexpr.cc scan-assembler _ZNKSt7complexIfE4imagB5cxx11Ev
UNRESOLVED: 20_util/enable_shared_from_this/cons/constexpr.cc scan-assembler _ZNKSt7complexIdE4imagB5cxx11Ev
UNRESOLVED: 20_util/enable_shared_from_this/cons/constexpr.cc scan-assembler _ZNKSt7complexI[eg]E4imagB5cxx11Ev
UNRESOLVED: 20_util/enable_shared_from_this/cons/constexpr.cc scan-assembler _ZNKSt7complexIiE4imagB5cxx11Ev
FAIL: 27_io/basic_filebuf/sgetn/char/1-in.cc execution test
FAIL: 27_io/basic_filebuf/sgetn/char/1-io.cc execution test
FAIL: 27_io/basic_filebuf/sgetn/char/2-in.cc execution test
FAIL: 27_io/basic_filebuf/sgetn/char/2-io.cc execution test
FAIL: 27_io/basic_filebuf/underflow/wchar_t/11603.cc execution test
FAIL: 27_io/basic_istream/extractors_arithmetic/char/exceptions_badbit_throw.cc execution test
FAIL: 27_io/basic_istream/extractors_arithmetic/char/exceptions_failbit.cc execution test
FAIL: 27_io/basic_istream/extractors_arithmetic/wchar_t/exceptions_badbit_throw.cc execution test
FAIL: 27_io/basic_istream/extractors_arithmetic/wchar_t/exceptions_failbit.cc execution test
FAIL: 27_io/basic_istream/readsome/char/6746-2.cc execution test
FAIL: 27_io/basic_istream/readsome/wchar_t/6746-2.cc execution test
FAIL: 27_io/basic_ostream/inserters_arithmetic/char/9555-oa.cc execution test
FAIL: 27_io/basic_ostream/inserters_arithmetic/char/exceptions_badbit_throw.cc execution test
FAIL: 27_io/basic_ostream/inserters_arithmetic/wchar_t/9555-oa.cc execution test
FAIL: 27_io/basic_ostream/inserters_arithmetic/wchar_t/exceptions_badbit_throw.cc execution test
FAIL: 27_io/basic_ostream/inserters_character/char/9555-oc.cc execution test
FAIL: 27_io/basic_ostream/inserters_character/wchar_t/9555-oc.cc execution test
FAIL: 27_io/basic_stringbuf/overflow/wchar_t/1.cc execution test
FAIL: 27_io/ios_base/failure/cons_virtual_derivation.cc execution test
XPASS: 27_io/ios_base/sync_with_stdio/1.cc execution test
FAIL: 27_io/objects/char/6.cc execution test
FAIL: 27_io/objects/wchar_t/6.cc execution test
FAIL: 29_atomics/atomic/cons/user_pod.cc (test for excess errors)
FAIL: 29_atomics/atomic/operators/integral_assignment.cc (test for excess errors)
UNRESOLVED: 29_atomics/atomic/operators/integral_assignment.cc compilation failed to produce executable
FAIL: 29_atomics/atomic/operators/integral_conversion.cc (test for excess errors)
UNRESOLVED: 29_atomics/atomic/operators/integral_conversion.cc compilation failed to produce executable
FAIL: 29_atomics/atomic_integral/operators/integral_assignment.cc (test for excess errors)
UNRESOLVED: 29_atomics/atomic_integral/operators/integral_assignment.cc compilation failed to produce executable
FAIL: 29_atomics/atomic_integral/operators/integral_conversion.cc (test for excess errors)
UNRESOLVED: 29_atomics/atomic_integral/operators/integral_conversion.cc compilation failed to produce executable
FAIL: ext/array_allocator/check_allocate_max_size.cc execution test
FAIL: ext/concurrence_lock_error/cons_virtual_derivation.cc execution test
FAIL: ext/concurrence_unlock_error/cons_virtual_derivation.cc execution test
FAIL: ext/forced_error/cons_virtual_derivation.cc execution test
FAIL: ext/malloc_allocator/check_allocate_max_size.cc execution test
FAIL: ext/mt_allocator/check_allocate_max_size.cc execution test
FAIL: ext/new_allocator/check_allocate_max_size.cc execution test
FAIL: ext/pool_allocator/check_allocate_max_size.cc execution test

		=== libstdc++ Summary ===

# of expected passes		7416
# of unexpected failures	44
# of unexpected successes	1
# of expected failures		43
# of unresolved testcases	12
# of unsupported tests		696

		=== Summary adjusted for local xfails ===

# of errors                     2
# of unexpected failures        44
# of expected passes            7416
# of unexpected successes       1
# of expected failures          43
# of unresolved testcases       12
# of unsupported tests          696

Compiler version: 4.8.0 20121207 (experimental) (GCC) 
Platform: m68k-unknown-elf
configure flags: --build=i686-pc-linux-gnu --host=i686-pc-linux-gnu --target=m68k-elf --enable-threads --disable-libmudflap --disable-libssp --disable-libstdcxx-pch --with-arch=cf --disable-threads --with-gnu-as --with-gnu-ld --enable-languages=c,c++ --disable-shared --enable-lto --with-newlib --disable-nls --prefix=/opt/codesourcery --with-headers=yes --with-sysroot=/opt/codesourcery/m68k-elf --with-build-sysroot=/scratch/gcc/nightly-2012-12-25-mainline/coldfire-elf/install/m68k-elf --with-gmp=/scratch/gcc/nightly-2012-12-25-mainline/coldfire-elf/obj/pkg-mainline-0-m68k-elf/fsf-mainline-0-m68k-elf.extras/host-libs-i686-pc-linux-gnu/usr --with-mpfr=/scratch/gcc/nightly-2012-12-25-mainline/coldfire-elf/obj/pkg-mainline-0-m68k-elf/fsf-mainline-0-m68k-elf.extras/host-libs-i686-pc-linux-gnu/usr --with-mpc=/scratch/gcc/nightly-2012-12-25-mainline/coldfire-elf/obj/pkg-mainline-0-m68k-elf/fsf-mainline-0-m68k-elf.extras/host-libs-i686-pc-linux-gnu/usr --with-host-libstdcxx='-static-l
 ibgcc -Wl,-Bstatic,-lstdc++,-Bdynamic -lm' --with-isl=/scratch/gcc/nightly-2012-12-25-mainline/coldfire-elf/obj/pkg-mainline-0-m68k-elf/fsf-mainline-0-m68k-elf.extras/host-libs-i686-pc-linux-gnu/usr --with-cloog=/scratch/gcc/nightly-2012-12-25-mainline/coldfire-elf/obj/pkg-mainline-0-m68k-elf/fsf-mainline-0-m68k-elf.extras/host-libs-i686-pc-linux-gnu/usr --with-libelf=/scratch/gcc/nightly-2012-12-25-mainline/coldfire-elf/obj/pkg-mainline-0-m68k-elf/fsf-mainline-0-m68k-elf.extras/host-libs-i686-pc-linux-gnu/usr --disable-libgomp --disable-libitm --enable-poison-system-directories --with-build-time-tools=/scratch/gcc/nightly-2012-12-25-mainline/coldfire-elf/install/m68k-elf/bin --with-build-time-tools=/scratch/gcc/nightly-2012-12-25-mainline/coldfire-elf/install/m68k-elf/bin


Index Nav: [Date Index] [Subject Index] [Author Index] [Thread Index]
Message Nav: [Date Prev] [Date Next] [Thread Prev] [Thread Next]