This is the mail archive of the gcc-testresults@gcc.gnu.org mailing list for the GCC project.


Index Nav: [Date Index] [Subject Index] [Author Index] [Thread Index]
Message Nav: [Date Prev] [Date Next] [Thread Prev] [Thread Next]
Other format: [Raw text]

Results for 4.8.0 20121223 (experimental) [trunk revision 194703] (GCC) testsuite on hppa64-hp-hpux11.11


Native configuration is hppa64-hp-hpux11.11

		=== g++ tests ===


Running target unix
FAIL: g++.dg/debug/dwarf2/non-virtual-thunk.C -std=gnu++98  scan-assembler thunk.C:30
FAIL: g++.dg/debug/dwarf2/non-virtual-thunk.C -std=gnu++11  scan-assembler thunk.C:30
WARNING: program timed out.

		=== g++ Summary ===

# of expected passes		47901
# of unexpected failures	2
# of expected failures		293
# of unsupported tests		1068
/test/gnu/gcc/objdir/gcc/testsuite/g++/../../xg++  version 4.8.0 20121223 (experimental) [trunk revision 194703] (GCC) 

		=== gcc tests ===


Running target unix
FAIL: gcc.c-torture/execute/pr51447.c compilation,  -O2  (internal compiler error)
UNRESOLVED: gcc.c-torture/execute/pr51447.c execution,  -O2 
FAIL: gcc.c-torture/execute/pr51447.c compilation,  -O3 -fomit-frame-pointer  (internal compiler error)
UNRESOLVED: gcc.c-torture/execute/pr51447.c execution,  -O3 -fomit-frame-pointer 
FAIL: gcc.c-torture/execute/pr51447.c compilation,  -O3 -g  (internal compiler error)
UNRESOLVED: gcc.c-torture/execute/pr51447.c execution,  -O3 -g 
FAIL: gcc.c-torture/execute/pr51447.c compilation,  -O2 -flto -flto-partition=none  (internal compiler error)
UNRESOLVED: gcc.c-torture/execute/pr51447.c execution,  -O2 -flto -flto-partition=none 
FAIL: gcc.c-torture/execute/pr51447.c compilation,  -O2 -flto  (internal compiler error)
UNRESOLVED: gcc.c-torture/execute/pr51447.c execution,  -O2 -flto 
FAIL: gcc.dg/pr44194-1.c scan-rtl-dump dse1 "global deletions = (2|3)"
FAIL: gcc.dg/pr44194-1.c scan-rtl-dump-not final "insn [^\\n]*set \\\\(mem"
WARNING: program timed out.

		=== gcc Summary ===

# of expected passes		76784
# of unexpected failures	7
# of expected failures		122
# of unresolved testcases	5
# of unsupported tests		1529
/test/gnu/gcc/objdir/gcc/xgcc  version 4.8.0 20121223 (experimental) [trunk revision 194703] (GCC) 

		=== gfortran tests ===


Running target unix
XPASS: gfortran.dg/do_1.f90  -O0  execution test
XPASS: gfortran.dg/do_1.f90  -O1  execution test
FAIL: gfortran.dg/guality/pr41558.f90  -O0  line 7 s == 'foo'
FAIL: gfortran.dg/guality/pr41558.f90  -O1  line 7 s == 'foo'
FAIL: gfortran.dg/guality/pr41558.f90  -O2  line 7 s == 'foo'
FAIL: gfortran.dg/guality/pr41558.f90  -O3 -fomit-frame-pointer  line 7 s == 'foo'
FAIL: gfortran.dg/guality/pr41558.f90  -O3 -fomit-frame-pointer -funroll-loops  line 7 s == 'foo'
FAIL: gfortran.dg/guality/pr41558.f90  -O3 -fomit-frame-pointer -funroll-all-loops -finline-functions  line 7 s == 'foo'
FAIL: gfortran.dg/guality/pr41558.f90  -O3 -g  line 7 s == 'foo'
FAIL: gfortran.dg/guality/pr41558.f90  -Os  line 7 s == 'foo'
FAIL: gfortran.dg/lto/pr45586-2 f_lto_pr45586-2_0.o-f_lto_pr45586-2_0.o link, -O0 -flto -flto-partition=none  (internal compiler error)
UNRESOLVED: gfortran.dg/lto/pr45586-2 f_lto_pr45586-2_0.o-f_lto_pr45586-2_0.o execute -O0 -flto -flto-partition=none 
FAIL: gfortran.dg/lto/pr45586-2 f_lto_pr45586-2_0.o-f_lto_pr45586-2_0.o link, -O0 -flto -flto-partition=1to1  (internal compiler error)
UNRESOLVED: gfortran.dg/lto/pr45586-2 f_lto_pr45586-2_0.o-f_lto_pr45586-2_0.o execute -O0 -flto -flto-partition=1to1 
FAIL: gfortran.dg/lto/pr45586-2 f_lto_pr45586-2_0.o-f_lto_pr45586-2_0.o link, -O0 -flto  (internal compiler error)
UNRESOLVED: gfortran.dg/lto/pr45586-2 f_lto_pr45586-2_0.o-f_lto_pr45586-2_0.o execute -O0 -flto 
FAIL: gfortran.dg/lto/pr45586 f_lto_pr45586_0.o-f_lto_pr45586_0.o link, -O0 -flto -flto-partition=none  (internal compiler error)
UNRESOLVED: gfortran.dg/lto/pr45586 f_lto_pr45586_0.o-f_lto_pr45586_0.o execute -O0 -flto -flto-partition=none 
FAIL: gfortran.dg/lto/pr45586 f_lto_pr45586_0.o-f_lto_pr45586_0.o link, -O0 -flto -flto-partition=1to1  (internal compiler error)
UNRESOLVED: gfortran.dg/lto/pr45586 f_lto_pr45586_0.o-f_lto_pr45586_0.o execute -O0 -flto -flto-partition=1to1 
FAIL: gfortran.dg/lto/pr45586 f_lto_pr45586_0.o-f_lto_pr45586_0.o link, -O0 -flto  (internal compiler error)
UNRESOLVED: gfortran.dg/lto/pr45586 f_lto_pr45586_0.o-f_lto_pr45586_0.o execute -O0 -flto 

		=== gfortran Summary ===

# of expected passes		41274
# of unexpected failures	14
# of unexpected successes	2
# of expected failures		48
# of unresolved testcases	6
# of unsupported tests		378
/test/gnu/gcc/objdir/gcc/testsuite/gfortran/../../gfortran  version 4.8.0 20121223 (experimental) [trunk revision 194703] (GCC) 

		=== obj-c++ tests ===


Running target unix

		=== obj-c++ Summary ===

# of expected passes		1442
# of expected failures		10
# of unsupported tests		86
/test/gnu/gcc/objdir/gcc/testsuite/obj-c++/../../xg++  version 4.8.0 20121223 (experimental) [trunk revision 194703] (GCC) 

		=== objc tests ===


Running target unix

		=== objc Summary ===

# of expected passes		2992
# of unsupported tests		75
/test/gnu/gcc/objdir/gcc/xgcc  version 4.8.0 20121223 (experimental) [trunk revision 194703] (GCC) 

		=== libatomic tests ===


Running target unix

		=== libatomic Summary ===

# of expected passes		4
# of unsupported tests		25
		=== libgomp tests ===


Running target unix

		=== libgomp Summary ===

# of expected passes		2913
# of unsupported tests		10
		=== libstdc++ tests ===


Running target unix

		=== libstdc++ Summary ===

# of expected passes		7573
# of expected failures		43
# of unsupported tests		883

Compiler version: 4.8.0 20121223 (experimental) [trunk revision 194703] (GCC) 
Platform: hppa64-hp-hpux11.11
configure flags:Test Run By dave on Sun Dec 23 16:00:45 2012


Index Nav: [Date Index] [Subject Index] [Author Index] [Thread Index]
Message Nav: [Date Prev] [Date Next] [Thread Prev] [Thread Next]