This is the mail archive of the gcc-testresults@gcc.gnu.org mailing list for the GCC project.


Index Nav: [Date Index] [Subject Index] [Author Index] [Thread Index]
Message Nav: [Date Prev] [Date Next] [Thread Prev] [Thread Next]
Other format: [Raw text]

Results for gcc testsuite on mipsisa64-unknown-elf


LAST_UPDATED: Sat Dec 22 18:05:08 UTC 2012 (revision 194698)

Target is mipsisa64-unknown-elf
Host   is powerpc64-unknown-linux-gnu

		=== binutils tests ===


Running target mips-sim-idt64

		=== binutils Summary ===

# of expected passes		77
# of expected failures		1
# of untested testcases		6
# of unsupported tests		6
Host   is powerpc64-unknown-linux-gnu

		=== gas tests ===


Running target mips-sim-idt64

		=== gas Summary ===

# of expected passes		2207
# of expected failures		1
		=== g++ tests ===


Running target mips-sim-idt64
Host   is powerpc64-unknown-linux-gnu

		=== ld tests ===


Running target mips-sim-idt64
ERROR: /home/stevenb/lra_mipsisa64_autotester/cross/combined/ld/testsuite/ld-elf/indirect2.c: compilation failed
UNRESOLVED: Indirect symbol tests

		=== ld Summary ===

# of expected passes		314
# of expected failures		6
# of unresolved testcases	1
# of untested testcases		7
# of unsupported tests		1
Host   is powerpc64-unknown-linux-gnu

		=== newlib tests ===


Running target mips-sim-idt64
FAIL: newlib.iconv/iconvnm.c compilation
UNRESOLVED: newlib.iconv/iconvnm.c execution
FAIL: newlib.iconv/iconvjp.c compilation
UNRESOLVED: newlib.iconv/iconvjp.c execution
FAIL: newlib.iconv/iconvru.c compilation
UNRESOLVED: newlib.iconv/iconvru.c execution
FAIL: newlib.locale/UTF-8.c compilation
UNRESOLVED: newlib.locale/UTF-8.c output
FAIL: newlib.search/hsearchtest.c compilation
UNRESOLVED: newlib.search/hsearchtest.c execution
FAIL: newlib.stdio/swprintf.c compilation
UNRESOLVED: newlib.stdio/swprintf.c execution
FAIL: newlib.stdlib/atexit.c compilation
UNRESOLVED: newlib.stdlib/atexit.c output
FAIL: newlib.stdlib/size_max.c compilation
UNRESOLVED: newlib.stdlib/size_max.c execution
FAIL: newlib.string/memmove1.c compilation
UNRESOLVED: newlib.string/memmove1.c execution
FAIL: newlib.string/tstring.c compilation
UNRESOLVED: newlib.string/tstring.c execution
FAIL: newlib.string/memcpy-1.c compilation
UNRESOLVED: newlib.string/memcpy-1.c execution
FAIL: newlib.string/strcmp-1.c compilation
UNRESOLVED: newlib.string/strcmp-1.c execution
FAIL: newlib.wctype/tiswctype.c compilation
UNRESOLVED: newlib.wctype/tiswctype.c execution
FAIL: newlib.wctype/twctype.c compilation
UNRESOLVED: newlib.wctype/twctype.c execution
FAIL: newlib.wctype/twctrans.c compilation
UNRESOLVED: newlib.wctype/twctrans.c execution

		=== newlib Summary ===

# of unexpected failures	15
# of unresolved testcases	15
Host   is powerpc64-unknown-linux-gnu

		=== newlib tests ===


Running target mips-sim-idt64
FAIL: newlib.iconv/iconvnm.c compilation
UNRESOLVED: newlib.iconv/iconvnm.c execution
FAIL: newlib.iconv/iconvjp.c compilation
UNRESOLVED: newlib.iconv/iconvjp.c execution
FAIL: newlib.iconv/iconvru.c compilation
UNRESOLVED: newlib.iconv/iconvru.c execution
FAIL: newlib.locale/UTF-8.c compilation
UNRESOLVED: newlib.locale/UTF-8.c output
FAIL: newlib.search/hsearchtest.c compilation
UNRESOLVED: newlib.search/hsearchtest.c execution
FAIL: newlib.stdio/swprintf.c compilation
UNRESOLVED: newlib.stdio/swprintf.c execution
FAIL: newlib.stdlib/atexit.c compilation
UNRESOLVED: newlib.stdlib/atexit.c output
FAIL: newlib.stdlib/size_max.c compilation
UNRESOLVED: newlib.stdlib/size_max.c execution
FAIL: newlib.string/memmove1.c compilation
UNRESOLVED: newlib.string/memmove1.c execution
FAIL: newlib.string/tstring.c compilation
UNRESOLVED: newlib.string/tstring.c execution
FAIL: newlib.string/memcpy-1.c compilation
UNRESOLVED: newlib.string/memcpy-1.c execution
FAIL: newlib.string/strcmp-1.c compilation
UNRESOLVED: newlib.string/strcmp-1.c execution
FAIL: newlib.wctype/tiswctype.c compilation
UNRESOLVED: newlib.wctype/tiswctype.c execution
FAIL: newlib.wctype/twctype.c compilation
UNRESOLVED: newlib.wctype/twctype.c execution
FAIL: newlib.wctype/twctrans.c compilation
UNRESOLVED: newlib.wctype/twctrans.c execution

		=== newlib Summary ===

# of unexpected failures	15
# of unresolved testcases	15
Host   is powerpc64-unknown-linux-gnu

		=== newlib tests ===


Running target mips-sim-idt64
FAIL: newlib.iconv/iconvnm.c compilation
UNRESOLVED: newlib.iconv/iconvnm.c execution
FAIL: newlib.iconv/iconvjp.c compilation
UNRESOLVED: newlib.iconv/iconvjp.c execution
FAIL: newlib.iconv/iconvru.c compilation
UNRESOLVED: newlib.iconv/iconvru.c execution
FAIL: newlib.locale/UTF-8.c compilation
UNRESOLVED: newlib.locale/UTF-8.c output
FAIL: newlib.search/hsearchtest.c compilation
UNRESOLVED: newlib.search/hsearchtest.c execution
FAIL: newlib.stdio/swprintf.c compilation
UNRESOLVED: newlib.stdio/swprintf.c execution
FAIL: newlib.stdlib/atexit.c compilation
UNRESOLVED: newlib.stdlib/atexit.c output
FAIL: newlib.stdlib/size_max.c compilation
UNRESOLVED: newlib.stdlib/size_max.c execution
FAIL: newlib.string/memmove1.c compilation
UNRESOLVED: newlib.string/memmove1.c execution
FAIL: newlib.string/tstring.c compilation
UNRESOLVED: newlib.string/tstring.c execution
FAIL: newlib.string/memcpy-1.c compilation
UNRESOLVED: newlib.string/memcpy-1.c execution
FAIL: newlib.string/strcmp-1.c compilation
UNRESOLVED: newlib.string/strcmp-1.c execution
FAIL: newlib.wctype/tiswctype.c compilation
UNRESOLVED: newlib.wctype/tiswctype.c execution
FAIL: newlib.wctype/twctype.c compilation
UNRESOLVED: newlib.wctype/twctype.c execution
FAIL: newlib.wctype/twctrans.c compilation
UNRESOLVED: newlib.wctype/twctrans.c execution

		=== newlib Summary ===

# of unexpected failures	15
# of unresolved testcases	15
Host   is powerpc64-unknown-linux-gnu

		=== newlib tests ===


Running target mips-sim-idt64
FAIL: newlib.iconv/iconvnm.c compilation
UNRESOLVED: newlib.iconv/iconvnm.c execution
FAIL: newlib.iconv/iconvjp.c compilation
UNRESOLVED: newlib.iconv/iconvjp.c execution
FAIL: newlib.iconv/iconvru.c compilation
UNRESOLVED: newlib.iconv/iconvru.c execution
FAIL: newlib.locale/UTF-8.c compilation
UNRESOLVED: newlib.locale/UTF-8.c output
FAIL: newlib.search/hsearchtest.c compilation
UNRESOLVED: newlib.search/hsearchtest.c execution
FAIL: newlib.stdio/swprintf.c compilation
UNRESOLVED: newlib.stdio/swprintf.c execution
FAIL: newlib.stdlib/atexit.c compilation
UNRESOLVED: newlib.stdlib/atexit.c output
FAIL: newlib.stdlib/size_max.c compilation
UNRESOLVED: newlib.stdlib/size_max.c execution
FAIL: newlib.string/memmove1.c compilation
UNRESOLVED: newlib.string/memmove1.c execution
FAIL: newlib.string/tstring.c compilation
UNRESOLVED: newlib.string/tstring.c execution
FAIL: newlib.string/memcpy-1.c compilation
UNRESOLVED: newlib.string/memcpy-1.c execution
FAIL: newlib.string/strcmp-1.c compilation
UNRESOLVED: newlib.string/strcmp-1.c execution
FAIL: newlib.wctype/tiswctype.c compilation
UNRESOLVED: newlib.wctype/tiswctype.c execution
FAIL: newlib.wctype/twctype.c compilation
UNRESOLVED: newlib.wctype/twctype.c execution
FAIL: newlib.wctype/twctrans.c compilation
UNRESOLVED: newlib.wctype/twctrans.c execution

		=== newlib Summary ===

# of unexpected failures	15
# of unresolved testcases	15
Host   is powerpc64-unknown-linux-gnu

		=== newlib tests ===


Running target mips-sim-idt64
FAIL: newlib.iconv/iconvnm.c compilation
UNRESOLVED: newlib.iconv/iconvnm.c execution
FAIL: newlib.iconv/iconvjp.c compilation
UNRESOLVED: newlib.iconv/iconvjp.c execution
FAIL: newlib.iconv/iconvru.c compilation
UNRESOLVED: newlib.iconv/iconvru.c execution
FAIL: newlib.locale/UTF-8.c compilation
UNRESOLVED: newlib.locale/UTF-8.c output
FAIL: newlib.search/hsearchtest.c compilation
UNRESOLVED: newlib.search/hsearchtest.c execution
FAIL: newlib.stdio/swprintf.c compilation
UNRESOLVED: newlib.stdio/swprintf.c execution
FAIL: newlib.stdlib/atexit.c compilation
UNRESOLVED: newlib.stdlib/atexit.c output
FAIL: newlib.stdlib/size_max.c compilation
UNRESOLVED: newlib.stdlib/size_max.c execution
FAIL: newlib.string/memmove1.c compilation
UNRESOLVED: newlib.string/memmove1.c execution
FAIL: newlib.string/tstring.c compilation
UNRESOLVED: newlib.string/tstring.c execution
FAIL: newlib.string/memcpy-1.c compilation
UNRESOLVED: newlib.string/memcpy-1.c execution
FAIL: newlib.string/strcmp-1.c compilation
UNRESOLVED: newlib.string/strcmp-1.c execution
FAIL: newlib.wctype/tiswctype.c compilation
UNRESOLVED: newlib.wctype/tiswctype.c execution
FAIL: newlib.wctype/twctype.c compilation
UNRESOLVED: newlib.wctype/twctype.c execution
FAIL: newlib.wctype/twctrans.c compilation
UNRESOLVED: newlib.wctype/twctrans.c execution

		=== newlib Summary ===

# of unexpected failures	15
# of unresolved testcases	15
Host   is powerpc64-unknown-linux-gnu

		=== newlib tests ===


Running target mips-sim-idt64
FAIL: newlib.iconv/iconvnm.c compilation
UNRESOLVED: newlib.iconv/iconvnm.c execution
FAIL: newlib.iconv/iconvjp.c compilation
UNRESOLVED: newlib.iconv/iconvjp.c execution
FAIL: newlib.iconv/iconvru.c compilation
UNRESOLVED: newlib.iconv/iconvru.c execution
FAIL: newlib.locale/UTF-8.c compilation
UNRESOLVED: newlib.locale/UTF-8.c output
FAIL: newlib.search/hsearchtest.c compilation
UNRESOLVED: newlib.search/hsearchtest.c execution
FAIL: newlib.stdio/swprintf.c compilation
UNRESOLVED: newlib.stdio/swprintf.c execution
FAIL: newlib.stdlib/atexit.c compilation
UNRESOLVED: newlib.stdlib/atexit.c output
FAIL: newlib.stdlib/size_max.c compilation
UNRESOLVED: newlib.stdlib/size_max.c execution
FAIL: newlib.string/memmove1.c compilation
UNRESOLVED: newlib.string/memmove1.c execution
FAIL: newlib.string/tstring.c compilation
UNRESOLVED: newlib.string/tstring.c execution
FAIL: newlib.string/memcpy-1.c compilation
UNRESOLVED: newlib.string/memcpy-1.c execution
FAIL: newlib.string/strcmp-1.c compilation
UNRESOLVED: newlib.string/strcmp-1.c execution
FAIL: newlib.wctype/tiswctype.c compilation
UNRESOLVED: newlib.wctype/tiswctype.c execution
FAIL: newlib.wctype/twctype.c compilation
UNRESOLVED: newlib.wctype/twctype.c execution
FAIL: newlib.wctype/twctrans.c compilation
UNRESOLVED: newlib.wctype/twctrans.c execution

		=== newlib Summary ===

# of unexpected failures	15
# of unresolved testcases	15
Host   is powerpc64-unknown-linux-gnu

		=== newlib tests ===


Running target mips-sim-idt64
FAIL: newlib.iconv/iconvnm.c compilation
UNRESOLVED: newlib.iconv/iconvnm.c execution
FAIL: newlib.iconv/iconvjp.c compilation
UNRESOLVED: newlib.iconv/iconvjp.c execution
FAIL: newlib.iconv/iconvru.c compilation
UNRESOLVED: newlib.iconv/iconvru.c execution
FAIL: newlib.locale/UTF-8.c compilation
UNRESOLVED: newlib.locale/UTF-8.c output
FAIL: newlib.search/hsearchtest.c compilation
UNRESOLVED: newlib.search/hsearchtest.c execution
FAIL: newlib.stdio/swprintf.c compilation
UNRESOLVED: newlib.stdio/swprintf.c execution
FAIL: newlib.stdlib/atexit.c compilation
UNRESOLVED: newlib.stdlib/atexit.c output
FAIL: newlib.stdlib/size_max.c compilation
UNRESOLVED: newlib.stdlib/size_max.c execution
FAIL: newlib.string/memmove1.c compilation
UNRESOLVED: newlib.string/memmove1.c execution
FAIL: newlib.string/tstring.c compilation
UNRESOLVED: newlib.string/tstring.c execution
FAIL: newlib.string/memcpy-1.c compilation
UNRESOLVED: newlib.string/memcpy-1.c execution
FAIL: newlib.string/strcmp-1.c compilation
UNRESOLVED: newlib.string/strcmp-1.c execution
FAIL: newlib.wctype/tiswctype.c compilation
UNRESOLVED: newlib.wctype/tiswctype.c execution
FAIL: newlib.wctype/twctype.c compilation
UNRESOLVED: newlib.wctype/twctype.c execution
FAIL: newlib.wctype/twctrans.c compilation
UNRESOLVED: newlib.wctype/twctrans.c execution

		=== newlib Summary ===

# of unexpected failures	15
# of unresolved testcases	15
Host   is powerpc64-unknown-linux-gnu

		=== newlib tests ===


Running target mips-sim-idt64
FAIL: newlib.iconv/iconvnm.c compilation
UNRESOLVED: newlib.iconv/iconvnm.c execution
FAIL: newlib.iconv/iconvjp.c compilation
UNRESOLVED: newlib.iconv/iconvjp.c execution
FAIL: newlib.iconv/iconvru.c compilation
UNRESOLVED: newlib.iconv/iconvru.c execution
FAIL: newlib.locale/UTF-8.c compilation
UNRESOLVED: newlib.locale/UTF-8.c output
FAIL: newlib.search/hsearchtest.c compilation
UNRESOLVED: newlib.search/hsearchtest.c execution
FAIL: newlib.stdio/swprintf.c compilation
UNRESOLVED: newlib.stdio/swprintf.c execution
FAIL: newlib.stdlib/atexit.c compilation
UNRESOLVED: newlib.stdlib/atexit.c output
FAIL: newlib.stdlib/size_max.c compilation
UNRESOLVED: newlib.stdlib/size_max.c execution
FAIL: newlib.string/memmove1.c compilation
UNRESOLVED: newlib.string/memmove1.c execution
FAIL: newlib.string/tstring.c compilation
UNRESOLVED: newlib.string/tstring.c execution
FAIL: newlib.string/memcpy-1.c compilation
UNRESOLVED: newlib.string/memcpy-1.c execution
FAIL: newlib.string/strcmp-1.c compilation
UNRESOLVED: newlib.string/strcmp-1.c execution
FAIL: newlib.wctype/tiswctype.c compilation
UNRESOLVED: newlib.wctype/tiswctype.c execution
FAIL: newlib.wctype/twctype.c compilation
UNRESOLVED: newlib.wctype/twctype.c execution
FAIL: newlib.wctype/twctrans.c compilation
UNRESOLVED: newlib.wctype/twctrans.c execution

		=== newlib Summary ===

# of unexpected failures	15
# of unresolved testcases	15
Host   is powerpc64-unknown-linux-gnu

		=== newlib tests ===


Running target mips-sim-idt64
FAIL: newlib.iconv/iconvnm.c compilation
UNRESOLVED: newlib.iconv/iconvnm.c execution
FAIL: newlib.iconv/iconvjp.c compilation
UNRESOLVED: newlib.iconv/iconvjp.c execution
FAIL: newlib.iconv/iconvru.c compilation
UNRESOLVED: newlib.iconv/iconvru.c execution
FAIL: newlib.locale/UTF-8.c compilation
UNRESOLVED: newlib.locale/UTF-8.c output
FAIL: newlib.search/hsearchtest.c compilation
UNRESOLVED: newlib.search/hsearchtest.c execution
FAIL: newlib.stdio/swprintf.c compilation
UNRESOLVED: newlib.stdio/swprintf.c execution
FAIL: newlib.stdlib/atexit.c compilation
UNRESOLVED: newlib.stdlib/atexit.c output
FAIL: newlib.stdlib/size_max.c compilation
UNRESOLVED: newlib.stdlib/size_max.c execution
FAIL: newlib.string/memmove1.c compilation
UNRESOLVED: newlib.string/memmove1.c execution
FAIL: newlib.string/tstring.c compilation
UNRESOLVED: newlib.string/tstring.c execution
FAIL: newlib.string/memcpy-1.c compilation
UNRESOLVED: newlib.string/memcpy-1.c execution
FAIL: newlib.string/strcmp-1.c compilation
UNRESOLVED: newlib.string/strcmp-1.c execution
FAIL: newlib.wctype/tiswctype.c compilation
UNRESOLVED: newlib.wctype/tiswctype.c execution
FAIL: newlib.wctype/twctype.c compilation
UNRESOLVED: newlib.wctype/twctype.c execution
FAIL: newlib.wctype/twctrans.c compilation
UNRESOLVED: newlib.wctype/twctrans.c execution

		=== newlib Summary ===

# of unexpected failures	15
# of unresolved testcases	15
Host   is powerpc64-unknown-linux-gnu

		=== newlib tests ===


Running target mips-sim-idt64
FAIL: newlib.iconv/iconvnm.c compilation
UNRESOLVED: newlib.iconv/iconvnm.c execution
FAIL: newlib.iconv/iconvjp.c compilation
UNRESOLVED: newlib.iconv/iconvjp.c execution
FAIL: newlib.iconv/iconvru.c compilation
UNRESOLVED: newlib.iconv/iconvru.c execution
FAIL: newlib.locale/UTF-8.c compilation
UNRESOLVED: newlib.locale/UTF-8.c output
FAIL: newlib.search/hsearchtest.c compilation
UNRESOLVED: newlib.search/hsearchtest.c execution
FAIL: newlib.stdio/swprintf.c compilation
UNRESOLVED: newlib.stdio/swprintf.c execution
FAIL: newlib.stdlib/atexit.c compilation
UNRESOLVED: newlib.stdlib/atexit.c output
FAIL: newlib.stdlib/size_max.c compilation
UNRESOLVED: newlib.stdlib/size_max.c execution
FAIL: newlib.string/memmove1.c compilation
UNRESOLVED: newlib.string/memmove1.c execution
FAIL: newlib.string/tstring.c compilation
UNRESOLVED: newlib.string/tstring.c execution
FAIL: newlib.string/memcpy-1.c compilation
UNRESOLVED: newlib.string/memcpy-1.c execution
FAIL: newlib.string/strcmp-1.c compilation
UNRESOLVED: newlib.string/strcmp-1.c execution
FAIL: newlib.wctype/tiswctype.c compilation
UNRESOLVED: newlib.wctype/tiswctype.c execution
FAIL: newlib.wctype/twctype.c compilation
UNRESOLVED: newlib.wctype/twctype.c execution
FAIL: newlib.wctype/twctrans.c compilation
UNRESOLVED: newlib.wctype/twctrans.c execution

		=== newlib Summary ===

# of unexpected failures	15
# of unresolved testcases	15
Host   is powerpc64-unknown-linux-gnu

		=== newlib tests ===


Running target mips-sim-idt64
FAIL: newlib.iconv/iconvnm.c compilation
UNRESOLVED: newlib.iconv/iconvnm.c execution
FAIL: newlib.iconv/iconvjp.c compilation
UNRESOLVED: newlib.iconv/iconvjp.c execution
FAIL: newlib.iconv/iconvru.c compilation
UNRESOLVED: newlib.iconv/iconvru.c execution
FAIL: newlib.locale/UTF-8.c compilation
UNRESOLVED: newlib.locale/UTF-8.c output
FAIL: newlib.search/hsearchtest.c compilation
UNRESOLVED: newlib.search/hsearchtest.c execution
FAIL: newlib.stdio/swprintf.c compilation
UNRESOLVED: newlib.stdio/swprintf.c execution
FAIL: newlib.stdlib/atexit.c compilation
UNRESOLVED: newlib.stdlib/atexit.c output
FAIL: newlib.stdlib/size_max.c compilation
UNRESOLVED: newlib.stdlib/size_max.c execution
FAIL: newlib.string/memmove1.c compilation
UNRESOLVED: newlib.string/memmove1.c execution
FAIL: newlib.string/tstring.c compilation
UNRESOLVED: newlib.string/tstring.c execution
FAIL: newlib.string/memcpy-1.c compilation
UNRESOLVED: newlib.string/memcpy-1.c execution
FAIL: newlib.string/strcmp-1.c compilation
UNRESOLVED: newlib.string/strcmp-1.c execution
FAIL: newlib.wctype/tiswctype.c compilation
UNRESOLVED: newlib.wctype/tiswctype.c execution
FAIL: newlib.wctype/twctype.c compilation
UNRESOLVED: newlib.wctype/twctype.c execution
FAIL: newlib.wctype/twctrans.c compilation
UNRESOLVED: newlib.wctype/twctrans.c execution

		=== newlib Summary ===

# of unexpected failures	15
# of unresolved testcases	15
Host   is powerpc64-unknown-linux-gnu

		=== newlib tests ===


Running target mips-sim-idt64
FAIL: newlib.iconv/iconvnm.c compilation
UNRESOLVED: newlib.iconv/iconvnm.c execution
FAIL: newlib.iconv/iconvjp.c compilation
UNRESOLVED: newlib.iconv/iconvjp.c execution
FAIL: newlib.iconv/iconvru.c compilation
UNRESOLVED: newlib.iconv/iconvru.c execution
FAIL: newlib.locale/UTF-8.c compilation
UNRESOLVED: newlib.locale/UTF-8.c output
FAIL: newlib.search/hsearchtest.c compilation
UNRESOLVED: newlib.search/hsearchtest.c execution
FAIL: newlib.stdio/swprintf.c compilation
UNRESOLVED: newlib.stdio/swprintf.c execution
FAIL: newlib.stdlib/atexit.c compilation
UNRESOLVED: newlib.stdlib/atexit.c output
FAIL: newlib.stdlib/size_max.c compilation
UNRESOLVED: newlib.stdlib/size_max.c execution
FAIL: newlib.string/memmove1.c compilation
UNRESOLVED: newlib.string/memmove1.c execution
FAIL: newlib.string/tstring.c compilation
UNRESOLVED: newlib.string/tstring.c execution
FAIL: newlib.string/memcpy-1.c compilation
UNRESOLVED: newlib.string/memcpy-1.c execution
FAIL: newlib.string/strcmp-1.c compilation
UNRESOLVED: newlib.string/strcmp-1.c execution
FAIL: newlib.wctype/tiswctype.c compilation
UNRESOLVED: newlib.wctype/tiswctype.c execution
FAIL: newlib.wctype/twctype.c compilation
UNRESOLVED: newlib.wctype/twctype.c execution
FAIL: newlib.wctype/twctrans.c compilation
UNRESOLVED: newlib.wctype/twctrans.c execution

		=== newlib Summary ===

# of unexpected failures	15
# of unresolved testcases	15
Host   is powerpc64-unknown-linux-gnu

		=== newlib tests ===


Running target mips-sim-idt64
FAIL: newlib.iconv/iconvnm.c compilation
UNRESOLVED: newlib.iconv/iconvnm.c execution
FAIL: newlib.iconv/iconvjp.c compilation
UNRESOLVED: newlib.iconv/iconvjp.c execution
FAIL: newlib.iconv/iconvru.c compilation
UNRESOLVED: newlib.iconv/iconvru.c execution
FAIL: newlib.locale/UTF-8.c compilation
UNRESOLVED: newlib.locale/UTF-8.c output
FAIL: newlib.search/hsearchtest.c compilation
UNRESOLVED: newlib.search/hsearchtest.c execution
FAIL: newlib.stdio/swprintf.c compilation
UNRESOLVED: newlib.stdio/swprintf.c execution
FAIL: newlib.stdlib/atexit.c compilation
UNRESOLVED: newlib.stdlib/atexit.c output
FAIL: newlib.stdlib/size_max.c compilation
UNRESOLVED: newlib.stdlib/size_max.c execution
FAIL: newlib.string/memmove1.c compilation
UNRESOLVED: newlib.string/memmove1.c execution
FAIL: newlib.string/tstring.c compilation
UNRESOLVED: newlib.string/tstring.c execution
FAIL: newlib.string/memcpy-1.c compilation
UNRESOLVED: newlib.string/memcpy-1.c execution
FAIL: newlib.string/strcmp-1.c compilation
UNRESOLVED: newlib.string/strcmp-1.c execution
FAIL: newlib.wctype/tiswctype.c compilation
UNRESOLVED: newlib.wctype/tiswctype.c execution
FAIL: newlib.wctype/twctype.c compilation
UNRESOLVED: newlib.wctype/twctype.c execution
FAIL: newlib.wctype/twctrans.c compilation
UNRESOLVED: newlib.wctype/twctrans.c execution

		=== newlib Summary ===

# of unexpected failures	15
# of unresolved testcases	15
Host   is powerpc64-unknown-linux-gnu

		=== newlib tests ===


Running target mips-sim-idt64
FAIL: newlib.iconv/iconvnm.c compilation
UNRESOLVED: newlib.iconv/iconvnm.c execution
FAIL: newlib.iconv/iconvjp.c compilation
UNRESOLVED: newlib.iconv/iconvjp.c execution
FAIL: newlib.iconv/iconvru.c compilation
UNRESOLVED: newlib.iconv/iconvru.c execution
FAIL: newlib.locale/UTF-8.c compilation
UNRESOLVED: newlib.locale/UTF-8.c output
FAIL: newlib.search/hsearchtest.c compilation
UNRESOLVED: newlib.search/hsearchtest.c execution
FAIL: newlib.stdio/swprintf.c compilation
UNRESOLVED: newlib.stdio/swprintf.c execution
FAIL: newlib.stdlib/atexit.c compilation
UNRESOLVED: newlib.stdlib/atexit.c output
FAIL: newlib.stdlib/size_max.c compilation
UNRESOLVED: newlib.stdlib/size_max.c execution
FAIL: newlib.string/memmove1.c compilation
UNRESOLVED: newlib.string/memmove1.c execution
FAIL: newlib.string/tstring.c compilation
UNRESOLVED: newlib.string/tstring.c execution
FAIL: newlib.string/memcpy-1.c compilation
UNRESOLVED: newlib.string/memcpy-1.c execution
FAIL: newlib.string/strcmp-1.c compilation
UNRESOLVED: newlib.string/strcmp-1.c execution
FAIL: newlib.wctype/tiswctype.c compilation
UNRESOLVED: newlib.wctype/tiswctype.c execution
FAIL: newlib.wctype/twctype.c compilation
UNRESOLVED: newlib.wctype/twctype.c execution
FAIL: newlib.wctype/twctrans.c compilation
UNRESOLVED: newlib.wctype/twctrans.c execution

		=== newlib Summary ===

# of unexpected failures	15
# of unresolved testcases	15
Host   is powerpc64-unknown-linux-gnu

		=== newlib tests ===


Running target mips-sim-idt64
FAIL: newlib.iconv/iconvnm.c compilation
UNRESOLVED: newlib.iconv/iconvnm.c execution
FAIL: newlib.iconv/iconvjp.c compilation
UNRESOLVED: newlib.iconv/iconvjp.c execution
FAIL: newlib.iconv/iconvru.c compilation
UNRESOLVED: newlib.iconv/iconvru.c execution
FAIL: newlib.locale/UTF-8.c compilation
UNRESOLVED: newlib.locale/UTF-8.c output
FAIL: newlib.search/hsearchtest.c compilation
UNRESOLVED: newlib.search/hsearchtest.c execution
FAIL: newlib.stdio/swprintf.c compilation
UNRESOLVED: newlib.stdio/swprintf.c execution
FAIL: newlib.stdlib/atexit.c compilation
UNRESOLVED: newlib.stdlib/atexit.c output
FAIL: newlib.stdlib/size_max.c compilation
UNRESOLVED: newlib.stdlib/size_max.c execution
FAIL: newlib.string/memmove1.c compilation
UNRESOLVED: newlib.string/memmove1.c execution
FAIL: newlib.string/tstring.c compilation
UNRESOLVED: newlib.string/tstring.c execution
FAIL: newlib.string/memcpy-1.c compilation
UNRESOLVED: newlib.string/memcpy-1.c execution
FAIL: newlib.string/strcmp-1.c compilation
UNRESOLVED: newlib.string/strcmp-1.c execution
FAIL: newlib.wctype/tiswctype.c compilation
UNRESOLVED: newlib.wctype/tiswctype.c execution
FAIL: newlib.wctype/twctype.c compilation
UNRESOLVED: newlib.wctype/twctype.c execution
FAIL: newlib.wctype/twctrans.c compilation
UNRESOLVED: newlib.wctype/twctrans.c execution

		=== newlib Summary ===

# of unexpected failures	15
# of unresolved testcases	15
Host   is powerpc64-unknown-linux-gnu

		=== newlib tests ===


Running target mips-sim-idt64
FAIL: newlib.iconv/iconvnm.c compilation
UNRESOLVED: newlib.iconv/iconvnm.c execution
FAIL: newlib.iconv/iconvjp.c compilation
UNRESOLVED: newlib.iconv/iconvjp.c execution
FAIL: newlib.iconv/iconvru.c compilation
UNRESOLVED: newlib.iconv/iconvru.c execution
FAIL: newlib.locale/UTF-8.c compilation
UNRESOLVED: newlib.locale/UTF-8.c output
FAIL: newlib.search/hsearchtest.c compilation
UNRESOLVED: newlib.search/hsearchtest.c execution
FAIL: newlib.stdio/swprintf.c compilation
UNRESOLVED: newlib.stdio/swprintf.c execution
FAIL: newlib.stdlib/atexit.c compilation
UNRESOLVED: newlib.stdlib/atexit.c output
FAIL: newlib.stdlib/size_max.c compilation
UNRESOLVED: newlib.stdlib/size_max.c execution
FAIL: newlib.string/memmove1.c compilation
UNRESOLVED: newlib.string/memmove1.c execution
FAIL: newlib.string/tstring.c compilation
UNRESOLVED: newlib.string/tstring.c execution
FAIL: newlib.string/memcpy-1.c compilation
UNRESOLVED: newlib.string/memcpy-1.c execution
FAIL: newlib.string/strcmp-1.c compilation
UNRESOLVED: newlib.string/strcmp-1.c execution
FAIL: newlib.wctype/tiswctype.c compilation
UNRESOLVED: newlib.wctype/tiswctype.c execution
FAIL: newlib.wctype/twctype.c compilation
UNRESOLVED: newlib.wctype/twctype.c execution
FAIL: newlib.wctype/twctrans.c compilation
UNRESOLVED: newlib.wctype/twctrans.c execution

		=== newlib Summary ===

# of unexpected failures	15
# of unresolved testcases	15
Host   is powerpc64-unknown-linux-gnu

		=== sim tests ===


Running target mips-sim-idt64
FAIL: mips32r2 mips32-dsp.s (execution)
FAIL: mips64r2 mips32-dsp.s (execution)
FAIL: mips32r2 mips32-dsp2.s (execution)
FAIL: mips64r2 mips32-dsp2.s (execution)

		=== sim Summary ===

# of expected passes		58
# of unexpected failures	4

Compiler version: gcc 
Platform: mipsisa64-unknown-elf
configure flags: --prefix=/home/stevenb/lra_mipsisa64_autotester/cross/install-lra --target=mipsisa64-elf --enable-languages=c,c++,fortran --with-mpfr=/opt/cfarm/mpfr-latest --with-gmp=/opt/cfarm/gmp-latest --with-mpc=/opt/cfarm/mpc-latest --with-cloog=/opt/cfarm/cloog-latest --with-isl=/opt/cfarm/isl-latest


Index Nav: [Date Index] [Subject Index] [Author Index] [Thread Index]
Message Nav: [Date Prev] [Date Next] [Thread Prev] [Thread Next]