This is the mail archive of the
gcc-testresults@gcc.gnu.org
mailing list for the GCC project.
Results for 4.8.0 20121208 (experimental) [trunk revision 194324] (GCC) testsuite on hppa1.1-hp-hpux10.20
- From: dave at hiauly1 dot hia dot nrc dot ca (John David Anglin)
- To: dave at hiauly1 dot hia dot nrc dot ca, gcc-testresults at gcc dot gnu dot org
- Date: Fri, 21 Dec 2012 08:55:47 -0500 (EST)
- Subject: Results for 4.8.0 20121208 (experimental) [trunk revision 194324] (GCC) testsuite on hppa1.1-hp-hpux10.20
=== acats tests ===
FAIL: a87b59a
FAIL: c32111a
FAIL: c32111b
FAIL: c32112b
FAIL: c32113a
FAIL: c32115a
FAIL: c32115b
FAIL: c34007j
FAIL: c34011b
FAIL: c34018a
FAIL: c35003a
FAIL: c35003b
FAIL: c35003d
FAIL: c35502e
FAIL: c35502k
FAIL: c35502m
FAIL: c35503e
FAIL: c35505f
FAIL: c35507e
FAIL: c35507k
FAIL: c35507m
FAIL: c35508e
FAIL: c35508g
FAIL: c35508h
FAIL: c35508k
FAIL: c35904b
FAIL: c36104a
FAIL: c36104b
FAIL: c36172a
FAIL: c36172b
FAIL: c36305a
FAIL: c37008a
FAIL: c37108b
FAIL: c37207a
FAIL: c37209b
FAIL: c37211a
FAIL: c37211b
FAIL: c37211e
FAIL: c37213j
FAIL: c37213k
FAIL: c37213l
FAIL: c380001
FAIL: c380004
FAIL: c38002a
FAIL: c38002b
FAIL: c38107a
FAIL: c38107b
FAIL: c39006a
FAIL: c39006b
FAIL: c39006d
FAIL: c39007a
FAIL: c393a06
FAIL: c3a2a01
FAIL: c410001
FAIL: c41104a
FAIL: c41105a
FAIL: c41204a
FAIL: c41205a
FAIL: c41304a
FAIL: c41304b
FAIL: c420001
FAIL: c42006a
FAIL: c43004a
FAIL: c43004c
FAIL: c43207b
FAIL: c43212a
FAIL: c43212c
FAIL: c43214a
FAIL: c433001
FAIL: c45113a
FAIL: c45304a
FAIL: c45304b
FAIL: c45304c
FAIL: c45504a
FAIL: c45504d
FAIL: c45534b
FAIL: c45613a
FAIL: c45613b
FAIL: c45613c
FAIL: c45614a
FAIL: c45614b
FAIL: c45614c
FAIL: c460008
FAIL: c460011
FAIL: c46014a
FAIL: c46043b
FAIL: c46044b
FAIL: c46052a
FAIL: c46053a
FAIL: c46054a
FAIL: c47003a
FAIL: c47004a
FAIL: c47005a
FAIL: c47006a
FAIL: c47007a
FAIL: c47008a
FAIL: c47009a
FAIL: c48007a
FAIL: c48007b
FAIL: c48007c
FAIL: c48008a
FAIL: c48008c
FAIL: c48009a
FAIL: c48009b
FAIL: c48009c
FAIL: c48009d
FAIL: c48009e
FAIL: c48009f
FAIL: c48009g
FAIL: c48009h
FAIL: c48009i
FAIL: c48009j
FAIL: c4a005b
FAIL: c52005a
FAIL: c52008b
FAIL: c52101a
FAIL: c52104a
FAIL: c52104b
FAIL: c52104c
FAIL: c52104f
FAIL: c52104g
FAIL: c52104h
FAIL: c52104k
FAIL: c52104l
FAIL: c52104m
FAIL: c52104p
FAIL: c52104q
FAIL: c52104r
FAIL: c55b15a
FAIL: c58005a
FAIL: c58005b
FAIL: c58005h
FAIL: c62003a
FAIL: c62003b
FAIL: c641001
FAIL: c64103b
FAIL: c64103c
FAIL: c64103d
FAIL: c64103e
FAIL: c64103f
FAIL: c64104a
FAIL: c64104b
FAIL: c64104c
FAIL: c64106c
FAIL: c64201b
FAIL: c64201c
FAIL: c65003a
FAIL: c761006
FAIL: c761007
FAIL: c761011
FAIL: c761012
FAIL: c85009a
FAIL: c85018a
FAIL: c85018b
FAIL: c91004b
FAIL: c930001
FAIL: c93004a
FAIL: c93004b
FAIL: c93004c
FAIL: c93004d
FAIL: c93004f
FAIL: c93005a
FAIL: c93005b
FAIL: c93005c
FAIL: c93005d
FAIL: c93005f
FAIL: c93005g
FAIL: c93005h
FAIL: c940010
FAIL: c940013
FAIL: c940014
FAIL: c940016
FAIL: c94001a
FAIL: c94001b
FAIL: c94001c
FAIL: c94001f
FAIL: c94002a
FAIL: c94002f
FAIL: c94002g
FAIL: c94007a
FAIL: c94008a
FAIL: c94008b
FAIL: c94008c
FAIL: c94008d
FAIL: c94010a
FAIL: c94011a
FAIL: c94020a
FAIL: c95008a
FAIL: c95022b
FAIL: c95040b
FAIL: c95040d
FAIL: c95065a
FAIL: c95065b
FAIL: c95065c
FAIL: c95065d
FAIL: c95065e
FAIL: c95065f
FAIL: c95085a
FAIL: c95085b
FAIL: c95085c
FAIL: c95085d
FAIL: c95085e
FAIL: c95085f
FAIL: c95085g
FAIL: c95095a
FAIL: c95095b
FAIL: c95095c
FAIL: c95095d
FAIL: c953001
FAIL: c954013
FAIL: c954014
FAIL: c954016
FAIL: c954017
FAIL: c954018
FAIL: c954019
FAIL: c954023
FAIL: c954024
FAIL: c954025
FAIL: c954a01
FAIL: c954a02
FAIL: c960004
FAIL: c96004a
FAIL: c96005d
FAIL: c96007a
FAIL: c97204b
FAIL: c97304b
FAIL: c97307a
FAIL: c974001
FAIL: c974002
FAIL: c974011
FAIL: c974013
FAIL: c99004a
FAIL: c99005a
FAIL: c9a007a
FAIL: c9a009a
FAIL: c9a009c
FAIL: c9a009f
FAIL: c9a009g
FAIL: c9a009h
FAIL: c9a010a
FAIL: c9a011a
FAIL: c9a011b
FAIL: ca11d01
FAIL: ca11d03
FAIL: cb1001a
FAIL: cb1005a
FAIL: cb1010a
FAIL: cb1010d
FAIL: cb20001
FAIL: cb20003
FAIL: cb20004
FAIL: cb2004a
FAIL: cb2007a
FAIL: cb20a02
FAIL: cb3003a
FAIL: cb3003b
FAIL: cb40005
FAIL: cb4003a
FAIL: cb4013a
FAIL: cb41002
FAIL: cb41003
FAIL: cb5002a
FAIL: cc1221c
FAIL: cc1311b
FAIL: cc3017c
FAIL: cc3019b
FAIL: cc3019c
FAIL: cc3120a
FAIL: cc3120b
FAIL: cc3126a
FAIL: cc3127a
FAIL: cc3207b
FAIL: cc3602a
FAIL: cc3606b
FAIL: cdd2001
FAIL: ce2102a
FAIL: ce2102b
FAIL: ce2102l
FAIL: ce2102m
FAIL: ce2202a
FAIL: ce2402a
FAIL: ce3102a
FAIL: ce3102b
FAIL: ce3206a
FAIL: ce3303a
FAIL: ce3306a
FAIL: ce3402e
FAIL: ce3403d
FAIL: ce3404a
FAIL: ce3409b
FAIL: ce3410b
FAIL: ce3701a
FAIL: ce3704c
FAIL: ce3706c
FAIL: ce3706d
FAIL: ce3707a
FAIL: ce3804f
FAIL: ce3804p
FAIL: ce3806c
FAIL: ce3806f
FAIL: ce3810a
FAIL: ce3901a
FAIL: ce3906d
FAIL: cxa4034
FAIL: cxa5a05
FAIL: cxa5a06
FAIL: cxa5a07
FAIL: cxa5a08
FAIL: cxa5a09
FAIL: cxa5a10
FAIL: cxaa015
FAIL: cxac003
FAIL: cxg1004
FAIL: cxg2020
=== acats Summary ===
# of expected passes 2006
# of unexpected failures 314
Native configuration is hppa1.1-hp-hpux10.20
=== g++ tests ===
Running target unix
FAIL: g++.dg/bprob/g++-bprob-1.C execution, -Os -fprofile-arcs
UNRESOLVED: g++.dg/bprob/g++-bprob-1.C compilation, -Os -fbranch-probabilities
UNRESOLVED: g++.dg/bprob/g++-bprob-1.C execution, -Os -fbranch-probabilities
WARNING: program timed out.
FAIL: tmpdir-g++.dg-struct-layout-1/t002 cp_compat_y_tst.o compile
UNRESOLVED: tmpdir-g++.dg-struct-layout-1/t002 cp_compat_x_tst.o-cp_compat_y_tst.o link
UNRESOLVED: tmpdir-g++.dg-struct-layout-1/t002 cp_compat_x_tst.o-cp_compat_y_tst.o execute
WARNING: program timed out.
FAIL: tmpdir-g++.dg-struct-layout-1/t003 cp_compat_y_tst.o compile
UNRESOLVED: tmpdir-g++.dg-struct-layout-1/t003 cp_compat_x_tst.o-cp_compat_y_tst.o link
UNRESOLVED: tmpdir-g++.dg-struct-layout-1/t003 cp_compat_x_tst.o-cp_compat_y_tst.o execute
WARNING: program timed out.
FAIL: tmpdir-g++.dg-struct-layout-1/t024 cp_compat_y_tst.o compile
UNRESOLVED: tmpdir-g++.dg-struct-layout-1/t024 cp_compat_x_tst.o-cp_compat_y_tst.o link
UNRESOLVED: tmpdir-g++.dg-struct-layout-1/t024 cp_compat_x_tst.o-cp_compat_y_tst.o execute
WARNING: program timed out.
FAIL: tmpdir-g++.dg-struct-layout-1/t025 cp_compat_y_tst.o compile
UNRESOLVED: tmpdir-g++.dg-struct-layout-1/t025 cp_compat_x_tst.o-cp_compat_y_tst.o link
UNRESOLVED: tmpdir-g++.dg-struct-layout-1/t025 cp_compat_x_tst.o-cp_compat_y_tst.o execute
WARNING: program timed out.
FAIL: tmpdir-g++.dg-struct-layout-1/t026 cp_compat_y_tst.o compile
UNRESOLVED: tmpdir-g++.dg-struct-layout-1/t026 cp_compat_x_tst.o-cp_compat_y_tst.o link
UNRESOLVED: tmpdir-g++.dg-struct-layout-1/t026 cp_compat_x_tst.o-cp_compat_y_tst.o execute
WARNING: program timed out.
FAIL: tmpdir-g++.dg-struct-layout-1/t027 cp_compat_y_tst.o compile
UNRESOLVED: tmpdir-g++.dg-struct-layout-1/t027 cp_compat_x_tst.o-cp_compat_y_tst.o link
UNRESOLVED: tmpdir-g++.dg-struct-layout-1/t027 cp_compat_x_tst.o-cp_compat_y_tst.o execute
WARNING: program timed out.
FAIL: tmpdir-g++.dg-struct-layout-1/t030 cp_compat_y_tst.o compile
UNRESOLVED: tmpdir-g++.dg-struct-layout-1/t030 cp_compat_x_tst.o-cp_compat_y_tst.o link
UNRESOLVED: tmpdir-g++.dg-struct-layout-1/t030 cp_compat_x_tst.o-cp_compat_y_tst.o execute
WARNING: program timed out.
FAIL: g++.dg/eh/cleanup1.C -std=c++98 (test for excess errors)
WARNING: program timed out.
FAIL: g++.dg/eh/cleanup1.C -std=c++11 (test for excess errors)
WARNING: g++.dg/ext/label13.C -std=gnu++98 compilation failed to produce executable
WARNING: g++.dg/ext/label13.C -std=gnu++11 compilation failed to produce executable
FAIL: g++.dg/init/new40.C -std=c++98 execution test
FAIL: g++.dg/init/new40.C -std=c++11 execution test
WARNING: program timed out.
WARNING: program timed out.
FAIL: g++.dg/pr48660.C -std=c++98 (internal compiler error)
FAIL: g++.dg/pr48660.C -std=c++98 (test for excess errors)
FAIL: g++.dg/pr48660.C -std=c++11 (internal compiler error)
FAIL: g++.dg/pr48660.C -std=c++11 (test for excess errors)
FAIL: g++.dg/template/linkage1.C -std=c++98 scan-assembler (weak|glob)[^\\n]*_Z3fooIXadL_Z13external_funcvEEEvv
FAIL: g++.dg/template/linkage1.C -std=c++11 scan-assembler (weak|glob)[^\\n]*_Z3fooIXadL_Z13external_funcvEEEvv
WARNING: program timed out.
FAIL: g++.dg/pch/array-1.C -g assembly comparison
FAIL: g++.dg/pch/array-1.C -O2 -g assembly comparison
FAIL: g++.dg/pch/externc-1.C -g assembly comparison
FAIL: g++.dg/pch/externc-1.C -O2 -g assembly comparison
FAIL: g++.dg/pch/static-1.C -g assembly comparison
FAIL: g++.dg/pch/static-1.C -O2 -g assembly comparison
FAIL: g++.dg/pch/system-1.C -g assembly comparison
FAIL: g++.dg/pch/system-1.C -O2 -g assembly comparison
FAIL: g++.dg/pch/system-2.C -g assembly comparison
FAIL: g++.dg/pch/system-2.C -O2 -g assembly comparison
FAIL: g++.dg/pch/uninst.C -g assembly comparison
FAIL: g++.dg/pch/uninst.C -O2 -g assembly comparison
FAIL: g++.dg/pch/wchar-1.C -g assembly comparison
FAIL: g++.dg/pch/wchar-1.C -O2 -g assembly comparison
FAIL: g++.dg/tls/thread_local-cse.C (test for excess errors)
WARNING: g++.dg/tls/thread_local-cse.C compilation failed to produce executable
FAIL: g++.dg/tls/thread_local-order2.C (test for excess errors)
WARNING: g++.dg/tls/thread_local-order2.C compilation failed to produce executable
FAIL: g++.dg/tls/thread_local2g.C (test for excess errors)
WARNING: g++.dg/tls/thread_local2g.C compilation failed to produce executable
FAIL: g++.dg/tls/thread_local6.C (test for excess errors)
FAIL: g++.dg/tls/thread_local6.C execution test
FAIL: g++.dg/tls/thread_local7g.C (test for excess errors)
WARNING: program timed out.
FAIL: g++.dg/torture/pr31863.C -O2 (test for excess errors)
WARNING: program timed out.
FAIL: g++.dg/torture/pr31863.C -O3 -g (test for excess errors)
FAIL: g++.dg/tree-prof/indir-call-prof-2.C execution, -fprofile-generate
UNRESOLVED: g++.dg/tree-prof/indir-call-prof-2.C compilation, -fprofile-use
UNRESOLVED: g++.dg/tree-prof/indir-call-prof-2.C execution, -fprofile-use
FAIL: g++.old-deja/g++.eh/catch11.C -std=c++98 execution test
FAIL: g++.old-deja/g++.eh/catch11.C -std=c++11 execution test
FAIL: g++.old-deja/g++.eh/catch12.C -std=c++98 execution test
FAIL: g++.old-deja/g++.eh/catch12.C -std=c++11 execution test
FAIL: g++.old-deja/g++.eh/catch3.C -std=gnu++98 execution test
FAIL: g++.old-deja/g++.eh/catch3.C -std=gnu++11 execution test
FAIL: g++.old-deja/g++.eh/catch3p.C -std=gnu++98 execution test
FAIL: g++.old-deja/g++.eh/catch3p.C -std=gnu++11 execution test
FAIL: g++.old-deja/g++.eh/catch4.C -std=gnu++98 execution test
FAIL: g++.old-deja/g++.eh/catch4.C -std=gnu++11 execution test
FAIL: g++.old-deja/g++.eh/catch4p.C -std=gnu++98 execution test
FAIL: g++.old-deja/g++.eh/catch4p.C -std=gnu++11 execution test
FAIL: g++.old-deja/g++.eh/catch5.C -std=gnu++98 execution test
FAIL: g++.old-deja/g++.eh/catch5.C -std=gnu++11 execution test
FAIL: g++.old-deja/g++.eh/catch5p.C -std=gnu++98 execution test
FAIL: g++.old-deja/g++.eh/catch5p.C -std=gnu++11 execution test
FAIL: g++.old-deja/g++.eh/catch6.C -std=gnu++98 execution test
FAIL: g++.old-deja/g++.eh/catch6.C -std=gnu++11 execution test
FAIL: g++.old-deja/g++.eh/catch6p.C -std=gnu++98 execution test
FAIL: g++.old-deja/g++.eh/catch6p.C -std=gnu++11 execution test
FAIL: g++.old-deja/g++.eh/catch7.C -std=gnu++98 execution test
FAIL: g++.old-deja/g++.eh/catch7.C -std=gnu++11 execution test
FAIL: g++.old-deja/g++.eh/catch7p.C -std=gnu++98 execution test
FAIL: g++.old-deja/g++.eh/catch7p.C -std=gnu++11 execution test
FAIL: g++.old-deja/g++.eh/catch8.C -std=gnu++98 execution test
FAIL: g++.old-deja/g++.eh/catch8.C -std=gnu++11 execution test
FAIL: g++.old-deja/g++.eh/catch8p.C -std=gnu++98 execution test
FAIL: g++.old-deja/g++.eh/catch8p.C -std=gnu++11 execution test
FAIL: g++.old-deja/g++.eh/catch9.C -std=gnu++98 execution test
FAIL: g++.old-deja/g++.eh/catch9.C -std=gnu++11 execution test
FAIL: g++.old-deja/g++.eh/catch9p.C -std=gnu++98 execution test
FAIL: g++.old-deja/g++.eh/catch9p.C -std=gnu++11 execution test
FAIL: g++.old-deja/g++.eh/rethrow1.C -std=c++98 execution test
FAIL: g++.old-deja/g++.eh/rethrow1.C -std=c++11 execution test
FAIL: g++.old-deja/g++.eh/rethrow2.C -std=c++98 execution test
FAIL: g++.old-deja/g++.eh/rethrow2.C -std=c++11 execution test
FAIL: g++.old-deja/g++.eh/rethrow4.C -std=c++98 execution test
FAIL: g++.old-deja/g++.eh/rethrow4.C -std=c++11 execution test
FAIL: g++.old-deja/g++.eh/rethrow5.C -std=c++98 execution test
FAIL: g++.old-deja/g++.eh/rethrow5.C -std=c++11 execution test
FAIL: g++.old-deja/g++.robertl/eh990323-2.C -std=c++98 execution test
FAIL: g++.old-deja/g++.robertl/eh990323-2.C -std=c++11 execution test
FAIL: g++.old-deja/g++.robertl/eh990323-4.C -std=c++98 execution test
FAIL: g++.old-deja/g++.robertl/eh990323-4.C -std=c++11 execution test
FAIL: g++.old-deja/g++.robertl/ice990323-2.C -std=c++98 execution test
FAIL: g++.old-deja/g++.robertl/ice990323-2.C -std=c++11 execution test
=== g++ Summary ===
# of expected passes 43615
# of unexpected failures 87
# of expected failures 285
# of unresolved testcases 18
# of unsupported tests 1208
/xxx/gnu/gcc/objdir/gcc/testsuite/g++/../../xg++ version 4.8.0 20121208 (experimental) [trunk revision 194324] (GCC)
=== gcc tests ===
Running target unix
WARNING: program timed out.
FAIL: gcc.c-torture/compile/20001226-1.c -O2 (test for excess errors)
WARNING: program timed out.
FAIL: gcc.c-torture/compile/20001226-1.c -O3 -fomit-frame-pointer (test for excess errors)
WARNING: program timed out.
FAIL: gcc.c-torture/compile/20001226-1.c -O3 -g (test for excess errors)
WARNING: program timed out.
FAIL: gcc.c-torture/compile/20001226-1.c -Os (test for excess errors)
WARNING: program timed out.
FAIL: gcc.c-torture/compile/limits-fndefn.c -O1 (test for excess errors)
WARNING: program timed out.
FAIL: gcc.c-torture/compile/limits-fndefn.c -O2 (test for excess errors)
WARNING: program timed out.
FAIL: gcc.c-torture/compile/limits-fndefn.c -O3 -fomit-frame-pointer (test for excess errors)
WARNING: program timed out.
FAIL: gcc.c-torture/compile/limits-fndefn.c -O3 -g (test for excess errors)
WARNING: program timed out.
FAIL: gcc.c-torture/compile/limits-fndefn.c -Os (test for excess errors)
FAIL: gcc.c-torture/compile/limits-structnest.c -O2 (test for excess errors)
FAIL: gcc.c-torture/compile/limits-structnest.c -O3 -fomit-frame-pointer (test for excess errors)
FAIL: gcc.c-torture/compile/limits-structnest.c -O3 -g (test for excess errors)
FAIL: gcc.c-torture/compile/limits-structnest.c -Os (test for excess errors)
WARNING: program timed out.
FAIL: gcc.c-torture/compile/pr46534.c -O0 (test for excess errors)
WARNING: program timed out.
FAIL: gcc.c-torture/compile/pr46534.c -O1 (test for excess errors)
WARNING: program timed out.
FAIL: gcc.c-torture/compile/pr46534.c -O2 (test for excess errors)
WARNING: program timed out.
FAIL: gcc.c-torture/compile/pr46534.c -O3 -fomit-frame-pointer (test for excess errors)
WARNING: program timed out.
FAIL: gcc.c-torture/compile/pr46534.c -O3 -g (test for excess errors)
WARNING: program timed out.
FAIL: gcc.c-torture/compile/pr46534.c -Os (test for excess errors)
WARNING: program timed out.
FAIL: gcc.c-torture/execute/builtins/memset-chk.c compilation, -O3 -fomit-frame-pointer -funroll-loops
UNRESOLVED: gcc.c-torture/execute/builtins/memset-chk.c execution, -O3 -fomit-frame-pointer -funroll-loops
WARNING: program timed out.
FAIL: gcc.c-torture/execute/builtins/memset-chk.c compilation, -O3 -fomit-frame-pointer -funroll-all-loops -finline-functions
UNRESOLVED: gcc.c-torture/execute/builtins/memset-chk.c execution, -O3 -fomit-frame-pointer -funroll-all-loops -finline-functions
WARNING: program timed out.
FAIL: gcc.c-torture/unsorted/dump-noaddr.c, -O0 -dumpbase dump1/dump-noaddr.c -DMASK=1 -x c --param ggc-min-heapsize=1 -fdump-ipa-all -fdump-rtl-all -fdump-tree-all -fdump-noaddr
FAIL: gcc.c-torture/unsorted/dump-noaddr.c.000i.cgraph, -O0 comparison
FAIL: gcc.c-torture/unsorted/dump-noaddr.c.045i.whole-program, -O0 comparison
WARNING: program timed out.
FAIL: gcc.c-torture/unsorted/dump-noaddr.c, -O3 -fomit-frame-pointer -dumpbase dump1/dump-noaddr.c -DMASK=1 -x c --param ggc-min-heapsize=1 -fdump-ipa-all -fdump-rtl-all -fdump-tree-all -fdump-noaddr
FAIL: gcc.c-torture/unsorted/dump-noaddr.c.000i.cgraph, -O3 -fomit-frame-pointer comparison
FAIL: gcc.c-torture/unsorted/dump-noaddr.c.035t.profile_estimate, -O3 -fomit-frame-pointer comparison
FAIL: gcc.c-torture/unsorted/dump-noaddr.c.047i.cp, -O3 -fomit-frame-pointer comparison
FAIL: gcc.c-torture/unsorted/dump-noaddr.c.049i.inline, -O3 -fomit-frame-pointer comparison
FAIL: gcc.c-torture/unsorted/dump-noaddr.c.056t.copyrename2, -O3 -fomit-frame-pointer comparison
FAIL: gcc.c-torture/unsorted/dump-noaddr.c.057t.cunrolli, -O3 -fomit-frame-pointer comparison
FAIL: gcc.c-torture/unsorted/dump-noaddr.c.058t.ccp2, -O3 -fomit-frame-pointer comparison
FAIL: gcc.c-torture/unsorted/dump-noaddr.c.059t.forwprop2, -O3 -fomit-frame-pointer comparison
FAIL: gcc.c-torture/unsorted/dump-noaddr.c.060t.alias, -O3 -fomit-frame-pointer comparison
FAIL: gcc.c-torture/unsorted/dump-noaddr.c.061t.retslot, -O3 -fomit-frame-pointer comparison
FAIL: gcc.c-torture/unsorted/dump-noaddr.c.062t.phiprop, -O3 -fomit-frame-pointer comparison
FAIL: gcc.c-torture/unsorted/dump-noaddr.c.063t.fre2, -O3 -fomit-frame-pointer comparison
FAIL: gcc.c-torture/unsorted/dump-noaddr.c.064t.copyprop2, -O3 -fomit-frame-pointer comparison
FAIL: gcc.c-torture/unsorted/dump-noaddr.c.065t.mergephi2, -O3 -fomit-frame-pointer comparison
FAIL: gcc.c-torture/unsorted/dump-noaddr.c.066t.vrp1, -O3 -fomit-frame-pointer comparison
FAIL: gcc.c-torture/unsorted/dump-noaddr.c.067t.dce1, -O3 -fomit-frame-pointer comparison
FAIL: gcc.c-torture/unsorted/dump-noaddr.c.068t.cdce, -O3 -fomit-frame-pointer comparison
FAIL: gcc.c-torture/unsorted/dump-noaddr.c.069t.cselim, -O3 -fomit-frame-pointer comparison
FAIL: gcc.c-torture/unsorted/dump-noaddr.c.070t.ifcombine, -O3 -fomit-frame-pointer comparison
FAIL: gcc.c-torture/unsorted/dump-noaddr.c.071t.phiopt1, -O3 -fomit-frame-pointer comparison
FAIL: gcc.c-torture/unsorted/dump-noaddr.c.072t.tailr2, -O3 -fomit-frame-pointer comparison
FAIL: gcc.c-torture/unsorted/dump-noaddr.c.073t.ch, -O3 -fomit-frame-pointer comparison
FAIL: gcc.c-torture/unsorted/dump-noaddr.c.075t.cplxlower1, -O3 -fomit-frame-pointer comparison
FAIL: gcc.c-torture/unsorted/dump-noaddr.c.076t.sra, -O3 -fomit-frame-pointer comparison
FAIL: gcc.c-torture/unsorted/dump-noaddr.c.077t.copyrename3, -O3 -fomit-frame-pointer comparison
FAIL: gcc.c-torture/unsorted/dump-noaddr.c.078t.dom1, -O3 -fomit-frame-pointer comparison
FAIL: gcc.c-torture/unsorted/dump-noaddr.c.079t.phicprop1, -O3 -fomit-frame-pointer comparison
FAIL: gcc.c-torture/unsorted/dump-noaddr.c.080t.dse1, -O3 -fomit-frame-pointer comparison
FAIL: gcc.c-torture/unsorted/dump-noaddr.c.081t.reassoc1, -O3 -fomit-frame-pointer comparison
FAIL: gcc.c-torture/unsorted/dump-noaddr.c.082t.dce2, -O3 -fomit-frame-pointer comparison
FAIL: gcc.c-torture/unsorted/dump-noaddr.c.083t.forwprop3, -O3 -fomit-frame-pointer comparison
FAIL: gcc.c-torture/unsorted/dump-noaddr.c.084t.phiopt2, -O3 -fomit-frame-pointer comparison
FAIL: gcc.c-torture/unsorted/dump-noaddr.c.085t.objsz1, -O3 -fomit-frame-pointer comparison
FAIL: gcc.c-torture/unsorted/dump-noaddr.c.086t.strlen, -O3 -fomit-frame-pointer comparison
FAIL: gcc.c-torture/unsorted/dump-noaddr.c.087t.ccp3, -O3 -fomit-frame-pointer comparison
FAIL: gcc.c-torture/unsorted/dump-noaddr.c.088t.copyprop3, -O3 -fomit-frame-pointer comparison
FAIL: gcc.c-torture/unsorted/dump-noaddr.c.089t.sincos, -O3 -fomit-frame-pointer comparison
FAIL: gcc.c-torture/unsorted/dump-noaddr.c.090t.bswap, -O3 -fomit-frame-pointer comparison
FAIL: gcc.c-torture/unsorted/dump-noaddr.c.091t.crited, -O3 -fomit-frame-pointer comparison
FAIL: gcc.c-torture/unsorted/dump-noaddr.c.092t.pre, -O3 -fomit-frame-pointer comparison
FAIL: gcc.c-torture/unsorted/dump-noaddr.c.093t.sink, -O3 -fomit-frame-pointer comparison
FAIL: gcc.c-torture/unsorted/dump-noaddr.c.096t.loop, -O3 -fomit-frame-pointer comparison
FAIL: gcc.c-torture/unsorted/dump-noaddr.c.097t.loopinit, -O3 -fomit-frame-pointer comparison
FAIL: gcc.c-torture/unsorted/dump-noaddr.c.098t.lim1, -O3 -fomit-frame-pointer comparison
FAIL: gcc.c-torture/unsorted/dump-noaddr.c.099t.copyprop4, -O3 -fomit-frame-pointer comparison
FAIL: gcc.c-torture/unsorted/dump-noaddr.c.100t.dceloop1, -O3 -fomit-frame-pointer comparison
FAIL: gcc.c-torture/unsorted/dump-noaddr.c.245t.statistics, -O3 -fomit-frame-pointer comparison
WARNING: program timed out.
FAIL: gcc.c-torture/unsorted/dump-noaddr.c, -O3 -fomit-frame-pointer -funroll-loops -dumpbase dump1/dump-noaddr.c -DMASK=1 -x c --param ggc-min-heapsize=1 -fdump-ipa-all -fdump-rtl-all -fdump-tree-all -fdump-noaddr
FAIL: gcc.c-torture/unsorted/dump-noaddr.c.000i.cgraph, -O3 -fomit-frame-pointer -funroll-loops comparison
FAIL: gcc.c-torture/unsorted/dump-noaddr.c.001t.tu, -O3 -fomit-frame-pointer -funroll-loops comparison
FAIL: gcc.c-torture/unsorted/dump-noaddr.c.245t.statistics, -O3 -fomit-frame-pointer -funroll-loops comparison
WARNING: program timed out.
FAIL: gcc.c-torture/unsorted/dump-noaddr.c, -O3 -fomit-frame-pointer -funroll-all-loops -finline-functions -dumpbase dump1/dump-noaddr.c -DMASK=1 -x c --param ggc-min-heapsize=1 -fdump-ipa-all -fdump-rtl-all -fdump-tree-all -fdump-noaddr
WARNING: program timed out.
FAIL: tmpdir-gcc.dg-struct-layout-1/t002 c_compat_y_tst.o compile
UNRESOLVED: tmpdir-gcc.dg-struct-layout-1/t002 c_compat_x_tst.o-c_compat_y_tst.o link
UNRESOLVED: tmpdir-gcc.dg-struct-layout-1/t002 c_compat_x_tst.o-c_compat_y_tst.o execute
WARNING: program timed out.
FAIL: tmpdir-gcc.dg-struct-layout-1/t024 c_compat_y_tst.o compile
UNRESOLVED: tmpdir-gcc.dg-struct-layout-1/t024 c_compat_x_tst.o-c_compat_y_tst.o link
UNRESOLVED: tmpdir-gcc.dg-struct-layout-1/t024 c_compat_x_tst.o-c_compat_y_tst.o execute
WARNING: program timed out.
FAIL: tmpdir-gcc.dg-struct-layout-1/t025 c_compat_y_tst.o compile
UNRESOLVED: tmpdir-gcc.dg-struct-layout-1/t025 c_compat_x_tst.o-c_compat_y_tst.o link
UNRESOLVED: tmpdir-gcc.dg-struct-layout-1/t025 c_compat_x_tst.o-c_compat_y_tst.o execute
WARNING: program timed out.
FAIL: tmpdir-gcc.dg-struct-layout-1/t026 c_compat_y_tst.o compile
UNRESOLVED: tmpdir-gcc.dg-struct-layout-1/t026 c_compat_x_tst.o-c_compat_y_tst.o link
UNRESOLVED: tmpdir-gcc.dg-struct-layout-1/t026 c_compat_x_tst.o-c_compat_y_tst.o execute
WARNING: program timed out.
FAIL: tmpdir-gcc.dg-struct-layout-1/t027 c_compat_y_tst.o compile
UNRESOLVED: tmpdir-gcc.dg-struct-layout-1/t027 c_compat_x_tst.o-c_compat_y_tst.o link
UNRESOLVED: tmpdir-gcc.dg-struct-layout-1/t027 c_compat_x_tst.o-c_compat_y_tst.o execute
WARNING: program timed out.
FAIL: tmpdir-gcc.dg-struct-layout-1/t028 c_compat_y_tst.o compile
UNRESOLVED: tmpdir-gcc.dg-struct-layout-1/t028 c_compat_x_tst.o-c_compat_y_tst.o link
UNRESOLVED: tmpdir-gcc.dg-struct-layout-1/t028 c_compat_x_tst.o-c_compat_y_tst.o execute
WARNING: program timed out.
FAIL: gcc.dg/20020425-1.c (test for excess errors)
WARNING: program timed out.
FAIL: gcc.dg/binary-constants-1.c (test for excess errors)
FAIL: gcc.dg/builtin-object-size-8.c execution test
WARNING: program timed out.
FAIL: gcc.dg/c99-intconst-1.c (test for excess errors)
WARNING: program timed out.
FAIL: gcc.dg/pr43058.c (test for excess errors)
WARNING: program timed out.
FAIL: gcc.dg/pr48141.c (test for excess errors)
FAIL: gcc.dg/pr55430.c (test for excess errors)
WARNING: gcc.dg/pr55430.c compilation failed to produce executable
WARNING: program timed out.
FAIL: gcc.dg/ipa/iinline-4.c scan-ipa-dump inline "hooray4[^\\\\n]*inline copy in test4"
FAIL: gcc.dg/pch/decl-3.c -O0 -g assembly comparison
FAIL: gcc.dg/pch/decl-3.c -O3 -g assembly comparison
FAIL: gcc.dg/pch/decl-4.c -O0 -g assembly comparison
FAIL: gcc.dg/pch/decl-4.c -O3 -g assembly comparison
FAIL: gcc.dg/pch/struct-1.c -O0 -g assembly comparison
FAIL: gcc.dg/pch/struct-1.c -O3 -g assembly comparison
FAIL: gcc.dg/pch/system-1.c -O0 -g assembly comparison
FAIL: gcc.dg/pch/system-1.c -O3 -g assembly comparison
FAIL: gcc.dg/torture/builtin-complex-1.c -O0 execution test
FAIL: gcc.dg/torture/builtin-complex-1.c -O1 execution test
FAIL: gcc.dg/torture/builtin-complex-1.c -O2 execution test
FAIL: gcc.dg/torture/builtin-complex-1.c -Os execution test
FAIL: gcc.dg/torture/pr41094.c -O0 execution test
FAIL: gcc.dg/tree-prof/tracer-1.c scan-tree-dump-times tracer "c =" 2
FAIL: gcc.dg/tree-prof/val-prof-2.c scan-ipa-dump profile "Mod power of 2 transformation on insn"
FAIL: gcc.dg/tree-prof/val-prof-2.c scan-tree-dump optimized "n_[0-9]* \\\\+ (4294967295|0x0*ffffffff)"
FAIL: gcc.dg/tree-ssa/ssa-dom-thread-4.c scan-tree-dump-times dom1 "Threaded" 3
FAIL: gcc.dg/tree-ssa/vector-4.c scan-tree-dump-times gimple "VEC_PERM_EXPR <a, b, { 0, 4, 1, 5 }>;" 1
FAIL: gcc.dg/tree-ssa/vrp47.c scan-tree-dump-times vrp1 "[xy][^ ]* !=" 0
FAIL: gcc.dg/tree-ssa/vrp47.c scan-tree-dump-times dom2 "x[^ ]* & y" 1
FAIL: gcc.dg/tree-ssa/vrp47.c scan-tree-dump-times vrp1 "x[^ ]* [|] y" 1
=== gcc Summary ===
# of expected passes 63331
# of unexpected failures 112
# of expected failures 113
# of unresolved testcases 14
# of unsupported tests 1511
/xxx/gnu/gcc/objdir/gcc/xgcc version 4.8.0 20121208 (experimental) [trunk revision 194324] (GCC)
=== gfortran tests ===
Running target unix
WARNING: program timed out.
FAIL: gfortran.dg/array_constructor_33.f90 -O (test for excess errors)
XPASS: gfortran.dg/do_1.f90 -O0 execution test
XPASS: gfortran.dg/do_1.f90 -O1 execution test
FAIL: gfortran.dg/erf_2.F90 -O0 execution test
FAIL: gfortran.dg/erf_2.F90 -O1 execution test
FAIL: gfortran.dg/erf_2.F90 -O2 execution test
FAIL: gfortran.dg/erf_2.F90 -O3 -fomit-frame-pointer execution test
FAIL: gfortran.dg/erf_2.F90 -O3 -fomit-frame-pointer -funroll-loops execution test
FAIL: gfortran.dg/erf_2.F90 -O3 -fomit-frame-pointer -funroll-all-loops -finline-functions execution test
FAIL: gfortran.dg/erf_2.F90 -O3 -g execution test
FAIL: gfortran.dg/erf_2.F90 -Os execution test
FAIL: gfortran.dg/integer_exponentiation_4.f90 -O (internal compiler error)
FAIL: gfortran.dg/integer_exponentiation_4.f90 -O (test for errors, line 24)
FAIL: gfortran.dg/integer_exponentiation_4.f90 -O (test for errors, line 25)
FAIL: gfortran.dg/integer_exponentiation_4.f90 -O (test for errors, line 26)
FAIL: gfortran.dg/integer_exponentiation_4.f90 -O (test for errors, line 27)
FAIL: gfortran.dg/integer_exponentiation_4.f90 -O (test for errors, line 35)
FAIL: gfortran.dg/integer_exponentiation_4.f90 -O (test for errors, line 36)
FAIL: gfortran.dg/integer_exponentiation_4.f90 -O (test for errors, line 37)
FAIL: gfortran.dg/integer_exponentiation_4.f90 -O (test for errors, line 38)
FAIL: gfortran.dg/integer_exponentiation_4.f90 -O (test for errors, line 41)
FAIL: gfortran.dg/integer_exponentiation_4.f90 -O (test for errors, line 42)
FAIL: gfortran.dg/integer_exponentiation_4.f90 -O (test for excess errors)
FAIL: gfortran.dg/pr45636.f90 -O scan-tree-dump-times forwprop2 "memset" 0
FAIL: gfortran.dg/g77/f90-intrinsic-bit.f -O2 execution test
FAIL: gfortran.dg/g77/f90-intrinsic-bit.f -Os execution test
FAIL: gfortran.fortran-torture/execute/random_2.f90 execution, -O0
FAIL: gfortran.fortran-torture/execute/random_2.f90 execution, -O1
FAIL: gfortran.fortran-torture/execute/random_2.f90 execution, -O2
FAIL: gfortran.fortran-torture/execute/random_2.f90 execution, -O2 -fomit-frame-pointer -finline-functions
FAIL: gfortran.fortran-torture/execute/random_2.f90 execution, -O2 -fomit-frame-pointer -finline-functions -funroll-loops
FAIL: gfortran.fortran-torture/execute/random_2.f90 execution, -O2 -fbounds-check
FAIL: gfortran.fortran-torture/execute/random_2.f90 execution, -O3 -g
FAIL: gfortran.fortran-torture/execute/random_2.f90 execution, -Os
=== gfortran Summary ===
# of expected passes 40619
# of unexpected failures 32
# of unexpected successes 2
# of expected failures 45
# of unsupported tests 397
/xxx/gnu/gcc/objdir/gcc/testsuite/gfortran/../../gfortran version 4.8.0 20121208 (experimental) [trunk revision 194324] (GCC)
=== gnat tests ===
Running target unix
FAIL: gnat.dg/conv_bug.adb execution test
FAIL: gnat.dg/null_pointer_deref2.adb execution test
FAIL: gnat.dg/stack_check1.adb execution test
FAIL: gnat.dg/stack_check2.adb execution test
FAIL: gnat.dg/test_fixed_io.adb execution test
FAIL: gnat.dg/test_image.adb execution test
FAIL: gnat.dg/timer_cancel.adb execution test
FAIL: gnat.dg/specs/weak1.ads (test for excess errors)
=== gnat Summary ===
# of expected passes 1120
# of unexpected failures 8
# of expected failures 17
# of unsupported tests 12
/xxx/gnu/gcc/objdir/gcc/gnatmake version 4.8.0 20121208 (experimental) [trunk revision 194324]
=== obj-c++ tests ===
Running target unix
=== obj-c++ Summary ===
# of expected passes 1408
# of expected failures 2
# of unsupported tests 69
/xxx/gnu/gcc/objdir/gcc/testsuite/obj-c++/../../xg++ version 4.8.0 20121208 (experimental) [trunk revision 194324] (GCC)
=== objc tests ===
Running target unix
FAIL: objc/execute/exceptions/catchall-1.m execution, -O1 -fgnu-runtime
FAIL: objc/execute/exceptions/catchall-1.m execution, -O2 -fgnu-runtime
FAIL: objc/execute/exceptions/catchall-1.m execution, -O3 -fomit-frame-pointer -fgnu-runtime
FAIL: objc/execute/exceptions/catchall-1.m execution, -O3 -g -fgnu-runtime
FAIL: objc/execute/exceptions/catchall-1.m execution, -Os -fgnu-runtime
FAIL: objc/execute/exceptions/local-variables-1.m execution, -O1 -fgnu-runtime
FAIL: objc/execute/exceptions/local-variables-1.m execution, -O2 -fgnu-runtime
FAIL: objc/execute/exceptions/local-variables-1.m execution, -O3 -fomit-frame-pointer -fgnu-runtime
FAIL: objc/execute/exceptions/local-variables-1.m execution, -O3 -g -fgnu-runtime
FAIL: objc/execute/exceptions/local-variables-1.m execution, -Os -fgnu-runtime
FAIL: objc.dg/pch/interface-1.m -fgnu-runtime -O0 -g assembly comparison
FAIL: objc.dg/pch/interface-1.m -fgnu-runtime -O3 -g assembly comparison
=== objc Summary ===
# of expected passes 2908
# of unexpected failures 12
# of unsupported tests 65
/xxx/gnu/gcc/objdir/gcc/xgcc version 4.8.0 20121208 (experimental) [trunk revision 194324] (GCC)
=== libstdc++ tests ===
Running target unix
WARNING: program timed out.
FAIL: 17_intro/headers/c++200x/operator_names.cc (test for excess errors)
FAIL: 18_support/exception/38732.cc execution test
FAIL: 19_diagnostics/system_error/what-2.cc execution test
WARNING: program timed out.
FAIL: 20_util/hash/chi2_quality.cc execution test
WARNING: program timed out.
FAIL: 20_util/scoped_allocator/2.cc (test for excess errors)
WARNING: 20_util/scoped_allocator/2.cc compilation failed to produce executable
WARNING: program timed out.
FAIL: 20_util/tuple/creation_functions/tuple_cat.cc (test for excess errors)
WARNING: 20_util/tuple/creation_functions/tuple_cat.cc compilation failed to produce executable
FAIL: 23_containers/bitset/cons/1.cc execution test
FAIL: 23_containers/deque/capacity/29134-2.cc execution test
WARNING: program timed out.
FAIL: 23_containers/deque/requirements/exception/basic.cc (test for excess errors)
WARNING: 23_containers/deque/requirements/exception/basic.cc compilation failed to produce executable
WARNING: program timed out.
FAIL: 23_containers/deque/requirements/exception/generation_prohibited.cc (test for excess errors)
WARNING: 23_containers/deque/requirements/exception/generation_prohibited.cc compilation failed to produce executable
WARNING: program timed out.
FAIL: 23_containers/deque/requirements/exception/propagation_consistent.cc (test for excess errors)
WARNING: 23_containers/deque/requirements/exception/propagation_consistent.cc compilation failed to produce executable
FAIL: 23_containers/forward_list/requirements/exception/basic.cc execution test
FAIL: 23_containers/forward_list/requirements/exception/propagation_consistent.cc execution test
FAIL: 23_containers/list/requirements/exception/basic.cc execution test
FAIL: 23_containers/list/requirements/exception/propagation_consistent.cc execution test
WARNING: program timed out.
FAIL: 23_containers/map/requirements/exception/basic.cc (test for excess errors)
WARNING: 23_containers/map/requirements/exception/basic.cc compilation failed to produce executable
FAIL: 23_containers/map/requirements/exception/propagation_consistent.cc execution test
WARNING: program timed out.
FAIL: 23_containers/multimap/requirements/exception/basic.cc (test for excess errors)
WARNING: 23_containers/multimap/requirements/exception/basic.cc compilation failed to produce executable
FAIL: 23_containers/multimap/requirements/exception/propagation_consistent.cc execution test
WARNING: program timed out.
FAIL: 23_containers/multiset/requirements/exception/basic.cc (test for excess errors)
WARNING: 23_containers/multiset/requirements/exception/basic.cc compilation failed to produce executable
WARNING: program timed out.
FAIL: 23_containers/multiset/requirements/exception/generation_prohibited.cc (test for excess errors)
WARNING: 23_containers/multiset/requirements/exception/generation_prohibited.cc compilation failed to produce executable
WARNING: program timed out.
FAIL: 23_containers/multiset/requirements/exception/propagation_consistent.cc (test for excess errors)
WARNING: 23_containers/multiset/requirements/exception/propagation_consistent.cc compilation failed to produce executable
WARNING: program timed out.
FAIL: 23_containers/set/requirements/exception/basic.cc (test for excess errors)
WARNING: 23_containers/set/requirements/exception/basic.cc compilation failed to produce executable
WARNING: program timed out.
FAIL: 23_containers/set/requirements/exception/generation_prohibited.cc (test for excess errors)
WARNING: 23_containers/set/requirements/exception/generation_prohibited.cc compilation failed to produce executable
WARNING: program timed out.
FAIL: 23_containers/set/requirements/exception/propagation_consistent.cc (test for excess errors)
WARNING: 23_containers/set/requirements/exception/propagation_consistent.cc compilation failed to produce executable
WARNING: program timed out.
FAIL: 23_containers/unordered_map/requirements/exception/basic.cc (test for excess errors)
WARNING: 23_containers/unordered_map/requirements/exception/basic.cc compilation failed to produce executable
WARNING: program timed out.
FAIL: 23_containers/unordered_map/requirements/exception/generation_prohibited.cc (test for excess errors)
WARNING: 23_containers/unordered_map/requirements/exception/generation_prohibited.cc compilation failed to produce executable
WARNING: program timed out.
FAIL: 23_containers/unordered_multimap/requirements/exception/basic.cc (test for excess errors)
WARNING: 23_containers/unordered_multimap/requirements/exception/basic.cc compilation failed to produce executable
FAIL: 23_containers/unordered_multimap/requirements/exception/propagation_consistent.cc execution test
FAIL: 23_containers/unordered_multiset/insert/hash_policy.cc execution test
WARNING: program timed out.
FAIL: 23_containers/unordered_set/requirements/exception/generation_prohibited.cc (test for excess errors)
WARNING: 23_containers/unordered_set/requirements/exception/generation_prohibited.cc compilation failed to produce executable
WARNING: program timed out.
FAIL: 23_containers/vector/requirements/exception/basic.cc (test for excess errors)
WARNING: 23_containers/vector/requirements/exception/basic.cc compilation failed to produce executable
FAIL: 23_containers/vector/requirements/exception/propagation_consistent.cc execution test
UNRESOLVED: 20_util/enable_shared_from_this/cons/constexpr.cc scan-assembler _ZNKSt7complexIfE4realB5cxx11Ev
UNRESOLVED: 20_util/enable_shared_from_this/cons/constexpr.cc scan-assembler _ZNKSt7complexIdE4realB5cxx11Ev
UNRESOLVED: 20_util/enable_shared_from_this/cons/constexpr.cc scan-assembler _ZNKSt7complexI[eg]E4realB5cxx11Ev
UNRESOLVED: 20_util/enable_shared_from_this/cons/constexpr.cc scan-assembler _ZNKSt7complexIiE4realB5cxx11Ev
UNRESOLVED: 20_util/enable_shared_from_this/cons/constexpr.cc scan-assembler _ZNKSt7complexIfE4imagB5cxx11Ev
UNRESOLVED: 20_util/enable_shared_from_this/cons/constexpr.cc scan-assembler _ZNKSt7complexIdE4imagB5cxx11Ev
UNRESOLVED: 20_util/enable_shared_from_this/cons/constexpr.cc scan-assembler _ZNKSt7complexI[eg]E4imagB5cxx11Ev
UNRESOLVED: 20_util/enable_shared_from_this/cons/constexpr.cc scan-assembler _ZNKSt7complexIiE4imagB5cxx11Ev
XPASS: 26_numerics/headers/cmath/c99_classification_macros_c.cc (test for excess errors)
FAIL: 27_io/basic_istream/extractors_arithmetic/char/12.cc execution test
WARNING: program timed out.
FAIL: ext/vstring/requirements/exception/basic.cc (test for excess errors)
WARNING: ext/vstring/requirements/exception/basic.cc compilation failed to produce executable
WARNING: program timed out.
FAIL: ext/vstring/requirements/exception/propagation_consistent.cc (test for excess errors)
WARNING: ext/vstring/requirements/exception/propagation_consistent.cc compilation failed to produce executable
=== libstdc++ Summary ===
# of expected passes 6484
# of unexpected failures 36
# of unexpected successes 1
# of expected failures 41
# of unresolved testcases 8
# of unsupported tests 515
Compiler version: 4.8.0 20121208 (experimental) [trunk revision 194324] (GCC)
Platform: hppa1.1-hp-hpux10.20
configure flags:Test Run By dave on Wed Dec 12 23:01:58 EST 2012