This is the mail archive of the gcc-testresults@gcc.gnu.org mailing list for the GCC project.


Index Nav: [Date Index] [Subject Index] [Author Index] [Thread Index]
Message Nav: [Date Prev] [Date Next] [Thread Prev] [Thread Next]
Other format: [Raw text]

Results for 4.8.0 20121217 (experimental) [trunk revision 194549] (GCC) testsuite on hppa2.0w-hp-hpux11.11


		=== acats tests ===
FAIL:	c974013

		=== acats Summary ===
# of expected passes		2319
# of unexpected failures	1
Native configuration is hppa2.0w-hp-hpux11.11

		=== g++ tests ===


Running target unix
UNRESOLVED: g++.dg/ext/label13.C -std=gnu++98 compilation failed to produce executable
UNRESOLVED: g++.dg/ext/label13.C -std=gnu++11 compilation failed to produce executable
FAIL: g++.dg/gomp/tls-5.C -std=c++11 (test for excess errors)
WARNING: program timed out.
FAIL: g++.dg/pch/array-1.C  -g assembly comparison
FAIL: g++.dg/pch/array-1.C  -O2 -g assembly comparison
FAIL: g++.dg/pch/externc-1.C  -g assembly comparison
FAIL: g++.dg/pch/externc-1.C  -O2 -g assembly comparison
FAIL: g++.dg/pch/static-1.C  -g assembly comparison
FAIL: g++.dg/pch/static-1.C  -O2 -g assembly comparison
FAIL: g++.dg/pch/system-1.C  -g assembly comparison
FAIL: g++.dg/pch/system-1.C  -O2 -g assembly comparison
FAIL: g++.dg/pch/system-2.C  -g assembly comparison
FAIL: g++.dg/pch/system-2.C  -O2 -g assembly comparison
FAIL: g++.dg/pch/uninst.C  -g assembly comparison
FAIL: g++.dg/pch/uninst.C  -O2 -g assembly comparison
FAIL: g++.dg/pch/wchar-1.C  -g assembly comparison
FAIL: g++.dg/pch/wchar-1.C  -O2 -g assembly comparison
FAIL: c-c++-common/simulate-thread/bitfields-2.c  -Os -g  thread simulation test
FAIL: g++.dg/tls/thread_local-cse.C (test for excess errors)
UNRESOLVED: g++.dg/tls/thread_local-cse.C compilation failed to produce executable
FAIL: g++.dg/tls/thread_local-order2.C (test for excess errors)
UNRESOLVED: g++.dg/tls/thread_local-order2.C compilation failed to produce executable
FAIL: g++.dg/tls/thread_local2g.C (test for excess errors)
UNRESOLVED: g++.dg/tls/thread_local2g.C compilation failed to produce executable
FAIL: g++.dg/tls/thread_local3.C -std=gnu++11 (test for excess errors)
FAIL: g++.dg/tls/thread_local3.C -std=gnu++11 execution test
FAIL: g++.dg/tls/thread_local4.C -std=gnu++11 (test for excess errors)
FAIL: g++.dg/tls/thread_local4.C -std=gnu++11 execution test
FAIL: g++.dg/tls/thread_local5.C -std=gnu++11 (test for excess errors)
FAIL: g++.dg/tls/thread_local5.C -std=gnu++11 execution test
FAIL: g++.dg/tls/thread_local6.C (test for excess errors)
FAIL: g++.dg/tls/thread_local6.C execution test
FAIL: g++.dg/tls/thread_local7g.C (test for excess errors)

		=== g++ Summary ===

# of expected passes		45175
# of unexpected failures	28
# of expected failures		292
# of unresolved testcases	5
# of unsupported tests		1128
/test/gnu/gcc/objdir/gcc/testsuite/g++/../../xg++  version 4.8.0 20121217 (experimental) [trunk revision 194549] (GCC) 

		=== gcc tests ===


Running target unix
WARNING: program timed out.
FAIL: gcc.dg/pch/decl-3.c  -O0 -g assembly comparison
FAIL: gcc.dg/pch/decl-3.c   -O3 -g  assembly comparison
FAIL: gcc.dg/pch/decl-4.c  -O0 -g assembly comparison
FAIL: gcc.dg/pch/decl-4.c   -O3 -g  assembly comparison
FAIL: gcc.dg/pch/struct-1.c  -O0 -g assembly comparison
FAIL: gcc.dg/pch/struct-1.c   -O3 -g  assembly comparison
FAIL: gcc.dg/pch/system-1.c  -O0 -g assembly comparison
FAIL: gcc.dg/pch/system-1.c   -O3 -g  assembly comparison
FAIL: gcc.dg/tree-ssa/vector-4.c scan-tree-dump-times gimple "VEC_PERM_EXPR <a, b, { 0, 4, 1, 5 }>;" 1

		=== gcc Summary ===

# of expected passes		64730
# of unexpected failures	9
# of expected failures		116
# of unsupported tests		1415
/test/gnu/gcc/objdir/gcc/xgcc  version 4.8.0 20121217 (experimental) [trunk revision 194549] (GCC) 

		=== gfortran tests ===


Running target unix
XPASS: gfortran.dg/do_1.f90  -O0  execution test
XPASS: gfortran.dg/do_1.f90  -O1  execution test
FAIL: gfortran.dg/pr45636.f90  -O   scan-tree-dump-times forwprop2 "memset" 0
FAIL: gfortran.dg/gomp/use_intrinsic_1.f90  -O  (test for excess errors)
FAIL: gfortran.fortran-torture/execute/random_2.f90 execution,  -O0 
FAIL: gfortran.fortran-torture/execute/random_2.f90 execution,  -O1 
FAIL: gfortran.fortran-torture/execute/random_2.f90 execution,  -O2 
FAIL: gfortran.fortran-torture/execute/random_2.f90 execution,  -O2 -fomit-frame-pointer -finline-functions 
FAIL: gfortran.fortran-torture/execute/random_2.f90 execution,  -O2 -fomit-frame-pointer -finline-functions -funroll-loops 
FAIL: gfortran.fortran-torture/execute/random_2.f90 execution,  -O2 -fbounds-check 
FAIL: gfortran.fortran-torture/execute/random_2.f90 execution,  -O3 -g 
FAIL: gfortran.fortran-torture/execute/random_2.f90 execution,  -Os 

		=== gfortran Summary ===

# of expected passes		40970
# of unexpected failures	10
# of unexpected successes	2
# of expected failures		48
# of unsupported tests		398
/test/gnu/gcc/objdir/gcc/testsuite/gfortran/../../gfortran  version 4.8.0 20121217 (experimental) [trunk revision 194549] (GCC) 

		=== gnat tests ===


Running target unix

		=== gnat Summary ===

# of expected passes		1131
# of expected failures		17
# of unsupported tests		12
/test/gnu/gcc/objdir/gcc/gnatmake version 4.8.0 20121217 (experimental) [trunk revision 194549]

		=== obj-c++ tests ===


Running target unix

		=== obj-c++ Summary ===

# of expected passes		1408
# of expected failures		2
# of unsupported tests		69
/test/gnu/gcc/objdir/gcc/testsuite/obj-c++/../../xg++  version 4.8.0 20121217 (experimental) [trunk revision 194549] (GCC) 

		=== objc tests ===


Running target unix
FAIL: objc.dg/pch/interface-1.m -fgnu-runtime -O0 -g assembly comparison
FAIL: objc.dg/pch/interface-1.m -fgnu-runtime  -O3 -g  assembly comparison

		=== objc Summary ===

# of expected passes		2918
# of unexpected failures	2
# of unsupported tests		65
/test/gnu/gcc/objdir/gcc/xgcc  version 4.8.0 20121217 (experimental) [trunk revision 194549] (GCC) 

		=== boehm-gc tests ===


Running target unix

		=== boehm-gc Summary ===

# of expected passes		12
# of unsupported tests		1
		=== libatomic tests ===


Running target unix

		=== libatomic Summary ===

# of expected passes		4
# of unsupported tests		25
		=== libffi tests ===


Running target unix

		=== libffi Summary ===

# of expected passes		1659
# of unsupported tests		55
		=== libgomp tests ===


Running target unix
FAIL: libgomp.c++/pr24455.C  -O0  (test for excess errors)
FAIL: libgomp.c++/pr24455.C  -O0  execution test
FAIL: libgomp.c++/pr24455.C  -O1  (test for excess errors)
FAIL: libgomp.c++/pr24455.C  -O1  execution test
FAIL: libgomp.c++/pr24455.C  -O2  (test for excess errors)
FAIL: libgomp.c++/pr24455.C  -O2  execution test
FAIL: libgomp.c++/pr24455.C  -O3 -fomit-frame-pointer  (test for excess errors)
FAIL: libgomp.c++/pr24455.C  -O3 -fomit-frame-pointer  execution test
FAIL: libgomp.c++/pr24455.C  -O3 -fomit-frame-pointer -funroll-loops  (test for excess errors)
FAIL: libgomp.c++/pr24455.C  -O3 -fomit-frame-pointer -funroll-loops  execution test
FAIL: libgomp.c++/pr24455.C  -O3 -fomit-frame-pointer -funroll-all-loops -finline-functions  (test for excess errors)
FAIL: libgomp.c++/pr24455.C  -O3 -fomit-frame-pointer -funroll-all-loops -finline-functions  execution test
FAIL: libgomp.c++/pr24455.C  -O3 -g  (test for excess errors)
FAIL: libgomp.c++/pr24455.C  -O3 -g  execution test
FAIL: libgomp.c++/pr24455.C  -Os  (test for excess errors)
FAIL: libgomp.c++/pr24455.C  -Os  execution test
FAIL: libgomp.c++/tls-init1.C  -O  (test for excess errors)
UNRESOLVED: libgomp.c++/tls-init1.C  -O  compilation failed to produce executable

		=== libgomp Summary ===

# of expected passes		2894
# of unexpected failures	17
# of unresolved testcases	1
# of unsupported tests		10
		=== libjava tests ===


Running target unix
FAIL: LargeFile execution - source compiled test
FAIL: LargeFile -findirect-dispatch execution - source compiled test
FAIL: LargeFile -O3 execution - source compiled test
FAIL: LargeFile -O3 -findirect-dispatch execution - source compiled test
FAIL: sourcelocation output - source compiled test
FAIL: sourcelocation -findirect-dispatch output - source compiled test
FAIL: sourcelocation -O3 output - source compiled test
FAIL: sourcelocation -O3 -findirect-dispatch output - source compiled test

		=== libjava Summary ===

# of expected passes		2574
# of unexpected failures	8
# of untested testcases		4
		=== libstdc++ tests ===


Running target unix

		=== libstdc++ Summary ===

# of expected passes		7566
# of expected failures		43
# of unsupported tests		887

Compiler version: 4.8.0 20121217 (experimental) [trunk revision 194549] (GCC) 
Platform: hppa2.0w-hp-hpux11.11
configure flags:Test Run By dave on Mon Dec 17 10:47:17 EST 2012


Index Nav: [Date Index] [Subject Index] [Author Index] [Thread Index]
Message Nav: [Date Prev] [Date Next] [Thread Prev] [Thread Next]