This is the mail archive of the gcc-testresults@gcc.gnu.org mailing list for the GCC project.


Index Nav: [Date Index] [Subject Index] [Author Index] [Thread Index]
Message Nav: [Date Prev] [Date Next] [Thread Prev] [Thread Next]
Other format: [Raw text]

Results for 4.7.3 20121214 (prerelease) [gcc-4_7-branch revision 194494] (GCC) testsuite on sparc-sun-solaris2.11


LAST_UPDATED: Fri Dec 14 14:43:08 UTC 2012 (revision 194494)

		=== acats tests ===

		=== acats Summary ===
# of expected passes		2320
# of unexpected failures	0
Native configuration is sparc-sun-solaris2.11

		=== g++ tests ===


Running target unix

		=== g++ Summary for unix ===

# of expected passes		46633
# of expected failures		288
# of unsupported tests		723

Running target unix/-m64
FAIL: g++.dg/cpp0x/nullptr28.C -std=c++11 execution test

		=== g++ Summary for unix/-m64 ===

# of expected passes		47869
# of unexpected failures	1
# of expected failures		288
# of unsupported tests		716

		=== g++ Summary ===

# of expected passes		94502
# of unexpected failures	1
# of expected failures		576
# of unsupported tests		1439
/var/gcc/regression/gcc-4.7-branch/11-gcc-gas/build/gcc/testsuite/g++/../../g++  version 4.7.3 20121214 (prerelease) [gcc-4_7-branch revision 194494] (GCC) 

		=== gcc tests ===


Running target unix
FAIL: gcc.dg/simulate-thread/atomic-other-int.c  -O2 -g  thread simulation test
FAIL: gcc.dg/simulate-thread/atomic-other-int.c  -O3 -g  thread simulation test
FAIL: gcc.dg/simulate-thread/atomic-other-short.c  -O2 -g  thread simulation test
FAIL: gcc.dg/simulate-thread/atomic-other-short.c  -O3 -g  thread simulation test
FAIL: gcc.dg/simulate-thread/speculative-store.c  -O0 -g  thread simulation test

		=== gcc Summary for unix ===

# of expected passes		75835
# of unexpected failures	5
# of expected failures		319
# of unsupported tests		1574

Running target unix/-m64

		=== gcc Summary for unix/-m64 ===

# of expected passes		76514
# of expected failures		306
# of unsupported tests		1559

		=== gcc Summary ===

# of expected passes		152349
# of unexpected failures	5
# of expected failures		625
# of unsupported tests		3133
/var/gcc/regression/gcc-4.7-branch/11-gcc-gas/build/gcc/xgcc  version 4.7.3 20121214 (prerelease) [gcc-4_7-branch revision 194494] (GCC) 

		=== gfortran tests ===


Running target unix

		=== gfortran Summary for unix ===

# of expected passes		40551
# of expected failures		44
# of unsupported tests		257

Running target unix/-m64

		=== gfortran Summary for unix/-m64 ===

# of expected passes		40878
# of expected failures		44
# of unsupported tests		96

		=== gfortran Summary ===

# of expected passes		81429
# of expected failures		88
# of unsupported tests		353
/var/gcc/regression/gcc-4.7-branch/11-gcc-gas/build/gcc/testsuite/gfortran/../../gfortran  version 4.7.3 20121214 (prerelease) [gcc-4_7-branch revision 194494] (GCC) 

		=== gnat tests ===


Running target unix

		=== gnat Summary for unix ===

# of expected passes		1097
# of expected failures		14
# of unsupported tests		13

Running target unix/-m64

		=== gnat Summary for unix/-m64 ===

# of expected passes		1097
# of expected failures		14
# of unsupported tests		13

		=== gnat Summary ===

# of expected passes		2194
# of expected failures		28
# of unsupported tests		26
/var/gcc/regression/gcc-4.7-branch/11-gcc-gas/build/gcc/gnatmake version 4.7.3 20121214 (prerelease) [gcc-4_7-branch revision 194494]

		=== go tests ===


Running target unix

		=== go Summary for unix ===

# of expected passes		3288
# of expected failures		4
# of untested testcases		7

Running target unix/-m64

		=== go Summary for unix/-m64 ===

# of expected passes		3288
# of expected failures		4
# of untested testcases		7

		=== go Summary ===

# of expected passes		6576
# of expected failures		8
# of untested testcases		14
/var/gcc/regression/gcc-4.7-branch/11-gcc-gas/build/gcc/testsuite/go/../../gccgo  version 4.7.3 20121214 (prerelease) [gcc-4_7-branch revision 194494] (GCC) 

		=== obj-c++ tests ===


Running target unix

		=== obj-c++ Summary for unix ===

# of expected passes		1450
# of expected failures		2
# of unsupported tests		86

Running target unix/-m64

		=== obj-c++ Summary for unix/-m64 ===

# of expected passes		1442
# of expected failures		10
# of unsupported tests		86

		=== obj-c++ Summary ===

# of expected passes		2892
# of expected failures		12
# of unsupported tests		172
/var/gcc/regression/gcc-4.7-branch/11-gcc-gas/build/gcc/testsuite/obj-c++/../../g++  version 4.7.3 20121214 (prerelease) [gcc-4_7-branch revision 194494] (GCC) 

		=== objc tests ===


Running target unix

		=== objc Summary for unix ===

# of expected passes		2994
# of unsupported tests		74

Running target unix/-m64

		=== objc Summary for unix/-m64 ===

# of expected passes		2994
# of unsupported tests		74

		=== objc Summary ===

# of expected passes		5988
# of unsupported tests		148
/var/gcc/regression/gcc-4.7-branch/11-gcc-gas/build/gcc/xgcc  version 4.7.3 20121214 (prerelease) [gcc-4_7-branch revision 194494] (GCC) 

		=== boehm-gc tests ===


Running target unix

		=== boehm-gc Summary for unix ===

# of expected passes		12
# of unsupported tests		1

Running target unix/-m64

		=== boehm-gc Summary for unix/-m64 ===

# of expected passes		12
# of unsupported tests		1

		=== boehm-gc Summary ===

# of expected passes		24
# of unsupported tests		2
		=== libffi tests ===


Running target unix

		=== libffi Summary for unix ===

# of expected passes		1634
# of expected failures		10
# of unsupported tests		55

Running target unix/-m64

		=== libffi Summary for unix/-m64 ===

# of expected passes		1634
# of expected failures		10
# of unsupported tests		55

		=== libffi Summary ===

# of expected passes		3268
# of expected failures		20
# of unsupported tests		110
		=== libgo tests ===


Running target unix

		=== libgo Summary for unix ===

# of expected passes		124

Running target unix/-m64

		=== libgo Summary for unix/-m64 ===

# of expected passes		124

		=== libgo Summary ===

# of expected passes		248
/var/gcc/regression/gcc-4.7-branch/11-gcc-gas/build/./gcc/gccgo version 4.7.3 20121214 (prerelease) [gcc-4_7-branch revision 194494] (GCC)

		=== libgomp tests ===


Running target unix

		=== libgomp Summary for unix ===

# of expected passes		2924
# of unsupported tests		3

Running target unix/-m64

		=== libgomp Summary for unix/-m64 ===

# of expected passes		2924
# of unsupported tests		3

		=== libgomp Summary ===

# of expected passes		5848
# of unsupported tests		6
		=== libitm tests ===


Running target unix

		=== libitm Summary for unix ===

# of expected passes		26
# of expected failures		3
# of unsupported tests		1

Running target unix/-m64

		=== libitm Summary for unix/-m64 ===

# of expected passes		26
# of expected failures		3
# of unsupported tests		1

		=== libitm Summary ===

# of expected passes		52
# of expected failures		6
# of unsupported tests		2
		=== libjava tests ===


Running target unix

		=== libjava Summary for unix ===

# of expected passes		2574

Running target unix/-m64

		=== libjava Summary for unix/-m64 ===

# of expected passes		2574

		=== libjava Summary ===

# of expected passes		5148
		=== libmudflap tests ===


Running target unix

		=== libmudflap Summary for unix ===

# of expected passes		1442

Running target unix/-m64
FAIL: libmudflap.c++/pass55-frag.cxx ( -O) execution test

		=== libmudflap Summary for unix/-m64 ===

# of expected passes		1441
# of unexpected failures	1

		=== libmudflap Summary ===

# of expected passes		2883
# of unexpected failures	1
		=== libstdc++ tests ===


Running target unix

		=== libstdc++ Summary for unix ===

# of expected passes		7998
# of expected failures		43
# of unsupported tests		510

Running target unix/-m64

		=== libstdc++ Summary for unix/-m64 ===

# of expected passes		7998
# of expected failures		43
# of unsupported tests		510

		=== libstdc++ Summary ===

# of expected passes		15996
# of expected failures		86
# of unsupported tests		1020

Compiler version: 4.7.3 20121214 (prerelease) [gcc-4_7-branch revision 194494] (GCC) 
Platform: sparc-sun-solaris2.11
configure flags: --prefix=/vol/gcc --target=sparc-sun-solaris2.11 --enable-objc-gc --enable-libmudflap --with-host-libstdcxx='-L/vol/gcc-4.4/lib -Wl,-Bstatic -lstdc++ -Wl,-Bdynamic -lm' --with-boot-ldflags='-static-libstdc++ -static-libgcc -L/vol/gcc-4.4/lib' --with-as=/vol/gcc/bin/gas-2.23.1 --with-gnu-as --with-gmp-include=/vol/gcc/include --with-gmp-lib=/vol/gcc/lib --with-mpfr-include=/vol/gcc/include --with-mpfr-lib=/vol/gcc/lib --with-mpc-include=/vol/gcc/include --with-mpc-lib=/vol/gcc/lib --enable-languages=all,ada,obj-c++,go --without-ppl --without-isl --without-cloog
BOOT_CFLAGS=-g -O2


Index Nav: [Date Index] [Subject Index] [Author Index] [Thread Index]
Message Nav: [Date Prev] [Date Next] [Thread Prev] [Thread Next]