This is the mail archive of the gcc-testresults@gcc.gnu.org mailing list for the GCC project.


Index Nav: [Date Index] [Subject Index] [Author Index] [Thread Index]
Message Nav: [Date Prev] [Date Next] [Thread Prev] [Thread Next]
Other format: [Raw text]

Results for 4.8.0 20121208 (experimental) [trunk revision 194324] (GCC) testsuite on hppa64-hp-hpux11.00


Native configuration is hppa64-hp-hpux11.00

		=== g++ tests ===


Running target unix
FAIL: g++.dg/debug/dwarf2/non-virtual-thunk.C -std=gnu++98  scan-assembler thunk.C:30
FAIL: g++.dg/debug/dwarf2/non-virtual-thunk.C -std=gnu++11  scan-assembler thunk.C:30
ERROR: g++.dg/other/dump-ada-spec-1.C -std=gnu++98: error executing dg-final: wrong # args: should be "regsub ?switches? exp string subSpec varName"
UNRESOLVED: g++.dg/other/dump-ada-spec-1.C -std=gnu++98: error executing dg-final: wrong # args: should be "regsub ?switches? exp string subSpec varName"
ERROR: g++.dg/other/dump-ada-spec-1.C -std=gnu++11: error executing dg-final: wrong # args: should be "regsub ?switches? exp string subSpec varName"
UNRESOLVED: g++.dg/other/dump-ada-spec-1.C -std=gnu++11: error executing dg-final: wrong # args: should be "regsub ?switches? exp string subSpec varName"
ERROR: g++.dg/other/dump-ada-spec-2.C -std=gnu++98: error executing dg-final: wrong # args: should be "regsub ?switches? exp string subSpec varName"
UNRESOLVED: g++.dg/other/dump-ada-spec-2.C -std=gnu++98: error executing dg-final: wrong # args: should be "regsub ?switches? exp string subSpec varName"
ERROR: g++.dg/other/dump-ada-spec-2.C -std=gnu++11: error executing dg-final: wrong # args: should be "regsub ?switches? exp string subSpec varName"
UNRESOLVED: g++.dg/other/dump-ada-spec-2.C -std=gnu++11: error executing dg-final: wrong # args: should be "regsub ?switches? exp string subSpec varName"
WARNING: program timed out.
ERROR: tcl error sourcing /xxx/gnu/gcc/gcc/gcc/testsuite/g++.dg/lto/lto.exp.
ERROR: syntax error in expression "\$sid eq "f_lto""
FAIL: g++.dg/simulate-thread/atomics-1.C  -O0 -g  thread simulation test
FAIL: g++.dg/simulate-thread/atomics-2.C  -O0 -g  thread simulation test

		=== g++ Summary ===

# of expected passes		46930
# of unexpected failures	4
# of expected failures		292
# of unresolved testcases	4
# of unsupported tests		1065
/home/gnu/gcc/objdir/gcc/testsuite/g++/../../xg++  version 4.8.0 20121208 (experimental) [trunk revision 194324] (GCC) 

		=== gcc tests ===


Running target unix
WARNING: program timed out.
FAIL: gcc.c-torture/compile/limits-fndefn.c  -O1  (test for excess errors)
WARNING: program timed out.
FAIL: gcc.c-torture/compile/limits-fndefn.c  -O2  (test for excess errors)
WARNING: program timed out.
FAIL: gcc.c-torture/compile/limits-fndefn.c  -O3 -fomit-frame-pointer  (test for excess errors)
WARNING: program timed out.
FAIL: gcc.c-torture/compile/limits-fndefn.c  -O3 -g  (test for excess errors)
WARNING: program timed out.
FAIL: gcc.c-torture/compile/limits-fndefn.c  -Os  (test for excess errors)
WARNING: program timed out.
FAIL: gcc.c-torture/compile/limits-fndefn.c  -O2 -flto -flto-partition=none  (test for excess errors)
WARNING: program timed out.
FAIL: gcc.c-torture/compile/limits-fndefn.c  -O2 -flto  (test for excess errors)
FAIL: gcc.c-torture/execute/pr51447.c compilation,  -O2  (internal compiler error)
UNRESOLVED: gcc.c-torture/execute/pr51447.c execution,  -O2 
FAIL: gcc.c-torture/execute/pr51447.c compilation,  -O3 -fomit-frame-pointer  (internal compiler error)
UNRESOLVED: gcc.c-torture/execute/pr51447.c execution,  -O3 -fomit-frame-pointer 
FAIL: gcc.c-torture/execute/pr51447.c compilation,  -O3 -g  (internal compiler error)
UNRESOLVED: gcc.c-torture/execute/pr51447.c execution,  -O3 -g 
FAIL: gcc.c-torture/execute/pr51447.c compilation,  -O2 -flto -flto-partition=none  (internal compiler error)
UNRESOLVED: gcc.c-torture/execute/pr51447.c execution,  -O2 -flto -flto-partition=none 
FAIL: gcc.c-torture/execute/pr51447.c compilation,  -O2 -flto  (internal compiler error)
UNRESOLVED: gcc.c-torture/execute/pr51447.c execution,  -O2 -flto 
FAIL: gcc.dg/20030711-1.c execution test
FAIL: gcc.dg/builtin-object-size-8.c execution test
WARNING: program timed out.
WARNING: program timed out.
FAIL: gcc.dg/c99-intconst-1.c (test for excess errors)
ERROR: gcc.dg/dump-ada-spec-1.c: error executing dg-final: wrong # args: should be "regsub ?switches? exp string subSpec varName"
UNRESOLVED: gcc.dg/dump-ada-spec-1.c: error executing dg-final: wrong # args: should be "regsub ?switches? exp string subSpec varName"
FAIL: gcc.dg/pr44194-1.c scan-rtl-dump dse1 "global deletions = (2|3)"
FAIL: gcc.dg/pr44194-1.c scan-rtl-dump-not final "insn [^\\n]*set \\\\(mem"
WARNING: program timed out.
FAIL: gcc.dg/pr48141.c (test for excess errors)
WARNING: program timed out.
ERROR: tcl error sourcing /xxx/gnu/gcc/gcc/gcc/testsuite/gcc.dg/lto/lto.exp.
ERROR: syntax error in expression "\$sid eq "f_lto""
FAIL: gcc.dg/torture/pr41094.c  -O0  (test for excess errors)
FAIL: gcc.dg/torture/pr41094.c  -O0  execution test

		=== gcc Summary ===

# of expected passes		75516
# of unexpected failures	20
# of expected failures		121
# of unresolved testcases	6
# of unsupported tests		1496
/home/gnu/gcc/objdir/gcc/xgcc  version 4.8.0 20121208 (experimental) [trunk revision 194324] (GCC) 

		=== gfortran tests ===


Running target unix
XPASS: gfortran.dg/do_1.f90  -O0  execution test
XPASS: gfortran.dg/do_1.f90  -O1  execution test
ERROR: tcl error sourcing /xxx/gnu/gcc/gcc/gcc/testsuite/gfortran.dg/lto/lto.exp.
ERROR: syntax error in expression "\$sid eq "f_lto""

		=== gfortran Summary ===

# of expected passes		40971
# of unexpected successes	2
# of expected failures		48
# of unsupported tests		377
/home/gnu/gcc/objdir/gcc/testsuite/gfortran/../../gfortran  version 4.8.0 20121208 (experimental) [trunk revision 194324] (GCC) 

		=== obj-c++ tests ===


Running target unix
ERROR: tcl error sourcing /xxx/gnu/gcc/gcc/gcc/testsuite/obj-c++.dg/lto/lto.exp.
ERROR: syntax error in expression "\$sid eq "f_lto""

		=== obj-c++ Summary ===

# of expected passes		1430
# of expected failures		10
# of unsupported tests		86
/home/gnu/gcc/objdir/gcc/testsuite/obj-c++/../../xg++  version 4.8.0 20121208 (experimental) [trunk revision 194324] (GCC) 

		=== objc tests ===


Running target unix
ERROR: tcl error sourcing /xxx/gnu/gcc/gcc/gcc/testsuite/objc.dg/lto/lto.exp.
ERROR: syntax error in expression "\$sid eq "f_lto""

		=== objc Summary ===

# of expected passes		2980
# of unsupported tests		75
/home/gnu/gcc/objdir/gcc/xgcc  version 4.8.0 20121208 (experimental) [trunk revision 194324] (GCC) 

		=== libatomic tests ===


Running target unix

		=== libatomic Summary ===

# of expected passes		4
# of unsupported tests		25
		=== libgomp tests ===


Running target unix

		=== libgomp Summary ===

# of expected passes		2912
# of unsupported tests		10
		=== libstdc++ tests ===


Running target unix
FAIL: 17_intro/using_namespace_std_tr1_neg.cc (test for excess errors)
FAIL: 20_util/auto_ptr/assign_neg.cc (test for excess errors)
FAIL: 20_util/bind/ref_neg.cc (test for excess errors)
FAIL: 20_util/default_delete/48631_neg.cc (test for excess errors)
FAIL: 20_util/function/cmp/cmp_neg.cc (test for excess errors)
FAIL: 20_util/headers/type_traits/types_std_c++0x_neg.cc (test for excess errors)
FAIL: 20_util/make_signed/requirements/typedefs_neg.cc (test for excess errors)
FAIL: 20_util/make_unsigned/requirements/typedefs_neg.cc (test for excess errors)
FAIL: 20_util/ratio/operations/ops_overflow_neg.cc (test for excess errors)
FAIL: 20_util/reference_wrapper/ref_neg.cc (test for excess errors)
WARNING: program timed out.
FAIL: 20_util/scoped_allocator/2.cc (test for excess errors)
WARNING: 20_util/scoped_allocator/2.cc compilation failed to produce executable
FAIL: 20_util/unique_ptr/assign/48635_neg.cc (test for excess errors)
FAIL: 23_containers/bitset/45713.cc (test for excess errors)
FAIL: 23_containers/list/23781_neg.cc (test for excess errors)
FAIL: 23_containers/map/23781_neg.cc (test for excess errors)
FAIL: 23_containers/map/operators/1_neg.cc (test for excess errors)
FAIL: 23_containers/multimap/23781_neg.cc (test for excess errors)
FAIL: 23_containers/multiset/23781_neg.cc (test for excess errors)
FAIL: 23_containers/set/23781_neg.cc (test for excess errors)
FAIL: 23_containers/set/operators/1_neg.cc (test for excess errors)
UNRESOLVED: 20_util/enable_shared_from_this/cons/constexpr.cc scan-assembler _ZNKSt7complexIfE4realB5cxx11Ev
UNRESOLVED: 20_util/enable_shared_from_this/cons/constexpr.cc scan-assembler _ZNKSt7complexIdE4realB5cxx11Ev
UNRESOLVED: 20_util/enable_shared_from_this/cons/constexpr.cc scan-assembler _ZNKSt7complexI[eg]E4realB5cxx11Ev
UNRESOLVED: 20_util/enable_shared_from_this/cons/constexpr.cc scan-assembler _ZNKSt7complexIiE4realB5cxx11Ev
UNRESOLVED: 20_util/enable_shared_from_this/cons/constexpr.cc scan-assembler _ZNKSt7complexIfE4imagB5cxx11Ev
UNRESOLVED: 20_util/enable_shared_from_this/cons/constexpr.cc scan-assembler _ZNKSt7complexIdE4imagB5cxx11Ev
UNRESOLVED: 20_util/enable_shared_from_this/cons/constexpr.cc scan-assembler _ZNKSt7complexI[eg]E4imagB5cxx11Ev
UNRESOLVED: 20_util/enable_shared_from_this/cons/constexpr.cc scan-assembler _ZNKSt7complexIiE4imagB5cxx11Ev
FAIL: 26_numerics/headers/cmath/types_std_c++0x_neg.cc (test for excess errors)
FAIL: 26_numerics/random/linear_congruential_engine/requirements/non_uint_neg.cc (test for excess errors)
FAIL: 27_io/ios_base/cons/assign_neg.cc (test for excess errors)
FAIL: 27_io/ios_base/cons/copy_neg.cc (test for excess errors)
FAIL: 29_atomics/atomic_integral/operators/bitwise_neg.cc (test for excess errors)
FAIL: 29_atomics/atomic_integral/operators/decrement_neg.cc (test for excess errors)
FAIL: 29_atomics/atomic_integral/operators/increment_neg.cc (test for excess errors)
FAIL: 29_atomics/headers/atomic/types_std_c++0x_neg.cc (test for excess errors)
FAIL: ext/slist/23781_neg.cc (test for excess errors)
FAIL: tr1/5_numerical_facilities/random/linear_congruential/requirements/non_uint_neg.cc (test for excess errors)
FAIL: tr1/6_containers/unordered_map/requirements/iterator_neg.cc (test for excess errors)
FAIL: tr1/6_containers/unordered_map/requirements/iterator_null_neg.cc (test for excess errors)
FAIL: tr1/6_containers/unordered_multimap/requirements/iterator_neg.cc (test for excess errors)
FAIL: tr1/6_containers/unordered_multimap/requirements/iterator_null_neg.cc (test for excess errors)
FAIL: tr1/6_containers/unordered_multiset/requirements/iterator_neg.cc (test for excess errors)
FAIL: tr1/6_containers/unordered_multiset/requirements/iterator_null_neg.cc (test for excess errors)
FAIL: tr1/6_containers/unordered_set/requirements/iterator_neg.cc (test for excess errors)
FAIL: tr1/6_containers/unordered_set/requirements/iterator_null_neg.cc (test for excess errors)

		=== libstdc++ Summary ===

# of expected passes		6560
# of unexpected failures	38
# of expected failures		42
# of unresolved testcases	8
# of unsupported tests		721

Compiler version: 4.8.0 20121208 (experimental) [trunk revision 194324] (GCC) 
Platform: hppa64-hp-hpux11.00
configure flags:Test Run By dave on Wed Dec 12 00:19:28 2012


Index Nav: [Date Index] [Subject Index] [Author Index] [Thread Index]
Message Nav: [Date Prev] [Date Next] [Thread Prev] [Thread Next]