This is the mail archive of the gcc-testresults@gcc.gnu.org mailing list for the GCC project.


Index Nav: [Date Index] [Subject Index] [Author Index] [Thread Index]
Message Nav: [Date Prev] [Date Next] [Thread Prev] [Thread Next]
Other format: [Raw text]

Results for 4.7.2 (Debian 4.7.2-14) testsuite on arm-unknown-linux-gnueabihf


LAST_UPDATED: Tue Dec 11 06:32:45 UTC 2012 (revision 194382)

Native configuration is arm-unknown-linux-gnueabihf

		=== boehm-gc tests ===


Running target unix

		=== boehm-gc Summary ===

# of expected passes		12
# of unsupported tests		1
		=== libffi tests ===


Running target unix
FAIL: libffi.call/cls_double_va.c -O0 -W -Wall output pattern test, is 3.4
XPASS: libffi.call/cls_longdouble.c -O0 -W -Wall execution test
FAIL: libffi.call/cls_longdouble_va.c -O0 -W -Wall output pattern test, is 2.3
FAIL: libffi.call/cls_struct_va1.c -O0 -W -Wall (test for excess errors)
UNRESOLVED: libffi.call/cls_struct_va1.c -O0 -W -Wall compilation failed to produce executable
FAIL: libffi.call/cls_uchar_va.c -O0 -W -Wall (test for excess errors)
UNRESOLVED: libffi.call/cls_uchar_va.c -O0 -W -Wall compilation failed to produce executable
FAIL: libffi.call/cls_uint_va.c -O0 -W -Wall (test for excess errors)
UNRESOLVED: libffi.call/cls_uint_va.c -O0 -W -Wall compilation failed to produce executable
FAIL: libffi.call/cls_ulong_va.c -O0 -W -Wall (test for excess errors)
UNRESOLVED: libffi.call/cls_ulong_va.c -O0 -W -Wall compilation failed to produce executable
FAIL: libffi.call/cls_ushort_va.c -O0 -W -Wall (test for excess errors)
UNRESOLVED: libffi.call/cls_ushort_va.c -O0 -W -Wall compilation failed to produce executable
FAIL: libffi.call/va_1.c -O0 -W -Wall (test for excess errors)
UNRESOLVED: libffi.call/va_1.c -O0 -W -Wall compilation failed to produce executable
FAIL: libffi.call/va_struct1.c -O0 -W -Wall (test for excess errors)
UNRESOLVED: libffi.call/va_struct1.c -O0 -W -Wall compilation failed to produce executable
FAIL: libffi.call/va_struct2.c -O0 -W -Wall (test for excess errors)
UNRESOLVED: libffi.call/va_struct2.c -O0 -W -Wall compilation failed to produce executable
FAIL: libffi.call/va_struct3.c -O0 -W -Wall (test for excess errors)
UNRESOLVED: libffi.call/va_struct3.c -O0 -W -Wall compilation failed to produce executable
FAIL: libffi.call/cls_double_va.c -O2 output pattern test, is 3.9
XPASS: libffi.call/cls_longdouble.c -O2 execution test
FAIL: libffi.call/cls_longdouble_va.c -O2 output pattern test, is 3.9
FAIL: libffi.call/cls_struct_va1.c -O2 (test for excess errors)
UNRESOLVED: libffi.call/cls_struct_va1.c -O2 compilation failed to produce executable
FAIL: libffi.call/cls_uchar_va.c -O2 (test for excess errors)
UNRESOLVED: libffi.call/cls_uchar_va.c -O2 compilation failed to produce executable
FAIL: libffi.call/cls_uint_va.c -O2 (test for excess errors)
UNRESOLVED: libffi.call/cls_uint_va.c -O2 compilation failed to produce executable
FAIL: libffi.call/cls_ulong_va.c -O2 (test for excess errors)
UNRESOLVED: libffi.call/cls_ulong_va.c -O2 compilation failed to produce executable
FAIL: libffi.call/cls_ushort_va.c -O2 (test for excess errors)
UNRESOLVED: libffi.call/cls_ushort_va.c -O2 compilation failed to produce executable
FAIL: libffi.call/va_1.c -O2 (test for excess errors)
UNRESOLVED: libffi.call/va_1.c -O2 compilation failed to produce executable
FAIL: libffi.call/va_struct1.c -O2 (test for excess errors)
UNRESOLVED: libffi.call/va_struct1.c -O2 compilation failed to produce executable
FAIL: libffi.call/va_struct2.c -O2 (test for excess errors)
UNRESOLVED: libffi.call/va_struct2.c -O2 compilation failed to produce executable
FAIL: libffi.call/va_struct3.c -O2 (test for excess errors)
UNRESOLVED: libffi.call/va_struct3.c -O2 compilation failed to produce executable
FAIL: libffi.call/cls_double_va.c -O3 output pattern test, is 3.8
XPASS: libffi.call/cls_longdouble.c -O3 execution test
FAIL: libffi.call/cls_longdouble_va.c -O3 output pattern test, is 2.6
FAIL: libffi.call/cls_struct_va1.c -O3 (test for excess errors)
UNRESOLVED: libffi.call/cls_struct_va1.c -O3 compilation failed to produce executable
FAIL: libffi.call/cls_uchar_va.c -O3 (test for excess errors)
UNRESOLVED: libffi.call/cls_uchar_va.c -O3 compilation failed to produce executable
FAIL: libffi.call/cls_uint_va.c -O3 (test for excess errors)
UNRESOLVED: libffi.call/cls_uint_va.c -O3 compilation failed to produce executable
FAIL: libffi.call/cls_ulong_va.c -O3 (test for excess errors)
UNRESOLVED: libffi.call/cls_ulong_va.c -O3 compilation failed to produce executable
FAIL: libffi.call/cls_ushort_va.c -O3 (test for excess errors)
UNRESOLVED: libffi.call/cls_ushort_va.c -O3 compilation failed to produce executable
FAIL: libffi.call/va_1.c -O3 (test for excess errors)
UNRESOLVED: libffi.call/va_1.c -O3 compilation failed to produce executable
FAIL: libffi.call/va_struct1.c -O3 (test for excess errors)
UNRESOLVED: libffi.call/va_struct1.c -O3 compilation failed to produce executable
FAIL: libffi.call/va_struct2.c -O3 (test for excess errors)
UNRESOLVED: libffi.call/va_struct2.c -O3 compilation failed to produce executable
FAIL: libffi.call/va_struct3.c -O3 (test for excess errors)
UNRESOLVED: libffi.call/va_struct3.c -O3 compilation failed to produce executable
FAIL: libffi.call/cls_double_va.c -Os output pattern test, is 3.2
XPASS: libffi.call/cls_longdouble.c -Os execution test
FAIL: libffi.call/cls_longdouble_va.c -Os output pattern test, is 2.4
FAIL: libffi.call/cls_struct_va1.c -Os (test for excess errors)
UNRESOLVED: libffi.call/cls_struct_va1.c -Os compilation failed to produce executable
FAIL: libffi.call/cls_uchar_va.c -Os (test for excess errors)
UNRESOLVED: libffi.call/cls_uchar_va.c -Os compilation failed to produce executable
FAIL: libffi.call/cls_uint_va.c -Os (test for excess errors)
UNRESOLVED: libffi.call/cls_uint_va.c -Os compilation failed to produce executable
FAIL: libffi.call/cls_ulong_va.c -Os (test for excess errors)
UNRESOLVED: libffi.call/cls_ulong_va.c -Os compilation failed to produce executable
FAIL: libffi.call/cls_ushort_va.c -Os (test for excess errors)
UNRESOLVED: libffi.call/cls_ushort_va.c -Os compilation failed to produce executable
FAIL: libffi.call/va_1.c -Os (test for excess errors)
UNRESOLVED: libffi.call/va_1.c -Os compilation failed to produce executable
FAIL: libffi.call/va_struct1.c -Os (test for excess errors)
UNRESOLVED: libffi.call/va_struct1.c -Os compilation failed to produce executable
FAIL: libffi.call/va_struct2.c -Os (test for excess errors)
UNRESOLVED: libffi.call/va_struct2.c -Os compilation failed to produce executable
FAIL: libffi.call/va_struct3.c -Os (test for excess errors)
UNRESOLVED: libffi.call/va_struct3.c -Os compilation failed to produce executable
FAIL: libffi.call/cls_double_va.c -O2 -fomit-frame-pointer output pattern test, is 3.7
XPASS: libffi.call/cls_longdouble.c -O2 -fomit-frame-pointer execution test
FAIL: libffi.call/cls_longdouble_va.c -O2 -fomit-frame-pointer output pattern test, is 4.2
FAIL: libffi.call/cls_struct_va1.c -O2 -fomit-frame-pointer (test for excess errors)
UNRESOLVED: libffi.call/cls_struct_va1.c -O2 -fomit-frame-pointer compilation failed to produce executable
FAIL: libffi.call/cls_uchar_va.c -O2 -fomit-frame-pointer (test for excess errors)
UNRESOLVED: libffi.call/cls_uchar_va.c -O2 -fomit-frame-pointer compilation failed to produce executable
FAIL: libffi.call/cls_uint_va.c -O2 -fomit-frame-pointer (test for excess errors)
UNRESOLVED: libffi.call/cls_uint_va.c -O2 -fomit-frame-pointer compilation failed to produce executable
FAIL: libffi.call/cls_ulong_va.c -O2 -fomit-frame-pointer (test for excess errors)
UNRESOLVED: libffi.call/cls_ulong_va.c -O2 -fomit-frame-pointer compilation failed to produce executable
FAIL: libffi.call/cls_ushort_va.c -O2 -fomit-frame-pointer (test for excess errors)
UNRESOLVED: libffi.call/cls_ushort_va.c -O2 -fomit-frame-pointer compilation failed to produce executable
FAIL: libffi.call/va_1.c -O2 -fomit-frame-pointer (test for excess errors)
UNRESOLVED: libffi.call/va_1.c -O2 -fomit-frame-pointer compilation failed to produce executable
FAIL: libffi.call/va_struct1.c -O2 -fomit-frame-pointer (test for excess errors)
UNRESOLVED: libffi.call/va_struct1.c -O2 -fomit-frame-pointer compilation failed to produce executable
FAIL: libffi.call/va_struct2.c -O2 -fomit-frame-pointer (test for excess errors)
UNRESOLVED: libffi.call/va_struct2.c -O2 -fomit-frame-pointer compilation failed to produce executable
FAIL: libffi.call/va_struct3.c -O2 -fomit-frame-pointer (test for excess errors)
UNRESOLVED: libffi.call/va_struct3.c -O2 -fomit-frame-pointer compilation failed to produce executable

		=== libffi Summary ===

# of expected passes		1644
# of unexpected failures	55
# of unexpected successes	5
# of expected failures		10
# of unresolved testcases	45
# of unsupported tests		55
		=== libgo tests ===


Running target unix

		=== libgo Summary ===

/build/buildd-gcc-4.7_4.7.2-14-armhf-oKTTZj/gcc-4.7-4.7.2/build/./gcc/gccgo version 4.7.2 (Debian 4.7.2-14)

		=== libgomp tests ===


Running target unix

		=== libgomp Summary ===

# of expected passes		2974
# of unsupported tests		1
		=== libmudflap tests ===


Running target unix
FAIL: libmudflap.c++/pass55-frag.cxx ( -O) execution test

		=== libmudflap Summary ===

# of expected passes		1905
# of unexpected failures	1
		=== libstdc++ tests ===


Running target unix
FAIL: 22_locale/time_get/get_date/wchar_t/4.cc execution test

		=== libstdc++ Summary ===

# of expected passes		8692
# of unexpected failures	1
# of expected failures		43
# of unsupported tests		165
Target: arm-linux-gnueabihf
gcc version 4.7.2 (Debian 4.7.2-14) 

		=== g++ tests ===


Running target unix
UNRESOLVED: attribute_plugin.c compilation, -I. -I/build/buildd-gcc-4.7_4.7.2-14-armhf-oKTTZj/gcc-4.7-4.7.2/src/gcc/testsuite -I/build/buildd-gcc-4.7_4.7.2-14-armhf-oKTTZj/gcc-4.7-4.7.2/src/gcc/testsuite/../../gcc -I/build/buildd-gcc-4.7_4.7.2-14-armhf-oKTTZj/gcc-4.7-4.7.2/build/gcc/testsuite/g++/../../../gcc  -I/build/buildd-gcc-4.7_4.7.2-14-armhf-oKTTZj/gcc-4.7-4.7.2/src/gcc/testsuite/../../include -I/build/buildd-gcc-4.7_4.7.2-14-armhf-oKTTZj/gcc-4.7-4.7.2/src/gcc/testsuite/../../libcpp/include   -I/build/buildd-gcc-4.7_4.7.2-14-armhf-oKTTZj/gcc-4.7-4.7.2/build/gcc/testsuite/g++/../../../intl  -DIN_GCC -fPIC -shared
UNRESOLVED: pragma_plugin.c compilation, -I. -I/build/buildd-gcc-4.7_4.7.2-14-armhf-oKTTZj/gcc-4.7-4.7.2/src/gcc/testsuite -I/build/buildd-gcc-4.7_4.7.2-14-armhf-oKTTZj/gcc-4.7-4.7.2/src/gcc/testsuite/../../gcc -I/build/buildd-gcc-4.7_4.7.2-14-armhf-oKTTZj/gcc-4.7-4.7.2/build/gcc/testsuite/g++/../../../gcc  -I/build/buildd-gcc-4.7_4.7.2-14-armhf-oKTTZj/gcc-4.7-4.7.2/src/gcc/testsuite/../../include -I/build/buildd-gcc-4.7_4.7.2-14-armhf-oKTTZj/gcc-4.7-4.7.2/src/gcc/testsuite/../../libcpp/include   -I/build/buildd-gcc-4.7_4.7.2-14-armhf-oKTTZj/gcc-4.7-4.7.2/build/gcc/testsuite/g++/../../../intl  -DIN_GCC -fPIC -shared
UNRESOLVED: selfassign.c compilation, -I. -I/build/buildd-gcc-4.7_4.7.2-14-armhf-oKTTZj/gcc-4.7-4.7.2/src/gcc/testsuite -I/build/buildd-gcc-4.7_4.7.2-14-armhf-oKTTZj/gcc-4.7-4.7.2/src/gcc/testsuite/../../gcc -I/build/buildd-gcc-4.7_4.7.2-14-armhf-oKTTZj/gcc-4.7-4.7.2/build/gcc/testsuite/g++/../../../gcc  -I/build/buildd-gcc-4.7_4.7.2-14-armhf-oKTTZj/gcc-4.7-4.7.2/src/gcc/testsuite/../../include -I/build/buildd-gcc-4.7_4.7.2-14-armhf-oKTTZj/gcc-4.7-4.7.2/src/gcc/testsuite/../../libcpp/include   -I/build/buildd-gcc-4.7_4.7.2-14-armhf-oKTTZj/gcc-4.7-4.7.2/build/gcc/testsuite/g++/../../../intl -O -DIN_GCC -fPIC -shared
UNRESOLVED: dumb_plugin.c compilation, -I. -I/build/buildd-gcc-4.7_4.7.2-14-armhf-oKTTZj/gcc-4.7-4.7.2/src/gcc/testsuite -I/build/buildd-gcc-4.7_4.7.2-14-armhf-oKTTZj/gcc-4.7-4.7.2/src/gcc/testsuite/../../gcc -I/build/buildd-gcc-4.7_4.7.2-14-armhf-oKTTZj/gcc-4.7-4.7.2/build/gcc/testsuite/g++/../../../gcc  -I/build/buildd-gcc-4.7_4.7.2-14-armhf-oKTTZj/gcc-4.7-4.7.2/src/gcc/testsuite/../../include -I/build/buildd-gcc-4.7_4.7.2-14-armhf-oKTTZj/gcc-4.7-4.7.2/src/gcc/testsuite/../../libcpp/include   -I/build/buildd-gcc-4.7_4.7.2-14-armhf-oKTTZj/gcc-4.7-4.7.2/build/gcc/testsuite/g++/../../../intl  -DIN_GCC -fPIC -shared
UNRESOLVED: header_plugin.c compilation, -I. -I/build/buildd-gcc-4.7_4.7.2-14-armhf-oKTTZj/gcc-4.7-4.7.2/src/gcc/testsuite -I/build/buildd-gcc-4.7_4.7.2-14-armhf-oKTTZj/gcc-4.7-4.7.2/src/gcc/testsuite/../../gcc -I/build/buildd-gcc-4.7_4.7.2-14-armhf-oKTTZj/gcc-4.7-4.7.2/build/gcc/testsuite/g++/../../../gcc  -I/build/buildd-gcc-4.7_4.7.2-14-armhf-oKTTZj/gcc-4.7-4.7.2/src/gcc/testsuite/../../include -I/build/buildd-gcc-4.7_4.7.2-14-armhf-oKTTZj/gcc-4.7-4.7.2/src/gcc/testsuite/../../libcpp/include   -I/build/buildd-gcc-4.7_4.7.2-14-armhf-oKTTZj/gcc-4.7-4.7.2/build/gcc/testsuite/g++/../../../intl  -DIN_GCC -fPIC -shared
UNRESOLVED: decl_plugin.c compilation, -I. -I/build/buildd-gcc-4.7_4.7.2-14-armhf-oKTTZj/gcc-4.7-4.7.2/src/gcc/testsuite -I/build/buildd-gcc-4.7_4.7.2-14-armhf-oKTTZj/gcc-4.7-4.7.2/src/gcc/testsuite/../../gcc -I/build/buildd-gcc-4.7_4.7.2-14-armhf-oKTTZj/gcc-4.7-4.7.2/build/gcc/testsuite/g++/../../../gcc  -I/build/buildd-gcc-4.7_4.7.2-14-armhf-oKTTZj/gcc-4.7-4.7.2/src/gcc/testsuite/../../include -I/build/buildd-gcc-4.7_4.7.2-14-armhf-oKTTZj/gcc-4.7-4.7.2/src/gcc/testsuite/../../libcpp/include   -I/build/buildd-gcc-4.7_4.7.2-14-armhf-oKTTZj/gcc-4.7-4.7.2/build/gcc/testsuite/g++/../../../intl  -DIN_GCC -fPIC -shared
FAIL: g++.old-deja/g++.jason/enum6.C -std=gnu++98 (test for excess errors)
FAIL: g++.old-deja/g++.jason/enum6.C -std=gnu++11 (test for excess errors)
FAIL: g++.old-deja/g++.law/enum9.C -std=gnu++98 (test for excess errors)
FAIL: g++.old-deja/g++.law/enum9.C -std=gnu++11 (test for excess errors)
FAIL: g++.old-deja/g++.other/enum4.C -std=gnu++98 (test for excess errors)
FAIL: g++.old-deja/g++.other/enum4.C -std=gnu++11 (test for excess errors)

		=== g++ Summary ===

# of expected passes		46779
# of unexpected failures	6
# of expected failures		287
# of unresolved testcases	6
# of unsupported tests		640
/build/buildd-gcc-4.7_4.7.2-14-armhf-oKTTZj/gcc-4.7-4.7.2/build/gcc/testsuite/g++/../../g++  version 4.7.2 (Debian 4.7.2-14) 

		=== gcc tests ===


Running target unix
FAIL: gcc.dg/builtin-apply2.c execution test
FAIL: gcc.dg/c99-stdint-1.c (test for excess errors)
FAIL: gcc.dg/c99-stdint-7.c (test for excess errors)
FAIL: gcc.dg/fshort-wchar.c (test for excess errors)
UNRESOLVED: selfassign.c compilation, -I. -I/build/buildd-gcc-4.7_4.7.2-14-armhf-oKTTZj/gcc-4.7-4.7.2/src/gcc/testsuite -I/build/buildd-gcc-4.7_4.7.2-14-armhf-oKTTZj/gcc-4.7-4.7.2/src/gcc/testsuite/../../gcc -I/build/buildd-gcc-4.7_4.7.2-14-armhf-oKTTZj/gcc-4.7-4.7.2/build/gcc/testsuite/gcc/../../../gcc  -I/build/buildd-gcc-4.7_4.7.2-14-armhf-oKTTZj/gcc-4.7-4.7.2/src/gcc/testsuite/../../include -I/build/buildd-gcc-4.7_4.7.2-14-armhf-oKTTZj/gcc-4.7-4.7.2/src/gcc/testsuite/../../libcpp/include   -I/build/buildd-gcc-4.7_4.7.2-14-armhf-oKTTZj/gcc-4.7-4.7.2/build/gcc/testsuite/gcc/../../../intl -O -DIN_GCC -fPIC -shared
UNRESOLVED: ggcplug.c compilation, -I. -I/build/buildd-gcc-4.7_4.7.2-14-armhf-oKTTZj/gcc-4.7-4.7.2/src/gcc/testsuite -I/build/buildd-gcc-4.7_4.7.2-14-armhf-oKTTZj/gcc-4.7-4.7.2/src/gcc/testsuite/../../gcc -I/build/buildd-gcc-4.7_4.7.2-14-armhf-oKTTZj/gcc-4.7-4.7.2/build/gcc/testsuite/gcc/../../../gcc  -I/build/buildd-gcc-4.7_4.7.2-14-armhf-oKTTZj/gcc-4.7-4.7.2/src/gcc/testsuite/../../include -I/build/buildd-gcc-4.7_4.7.2-14-armhf-oKTTZj/gcc-4.7-4.7.2/src/gcc/testsuite/../../libcpp/include   -I/build/buildd-gcc-4.7_4.7.2-14-armhf-oKTTZj/gcc-4.7-4.7.2/build/gcc/testsuite/gcc/../../../intl -O -DIN_GCC -fPIC -shared
UNRESOLVED: one_time_plugin.c compilation, -I. -I/build/buildd-gcc-4.7_4.7.2-14-armhf-oKTTZj/gcc-4.7-4.7.2/src/gcc/testsuite -I/build/buildd-gcc-4.7_4.7.2-14-armhf-oKTTZj/gcc-4.7-4.7.2/src/gcc/testsuite/../../gcc -I/build/buildd-gcc-4.7_4.7.2-14-armhf-oKTTZj/gcc-4.7-4.7.2/build/gcc/testsuite/gcc/../../../gcc  -I/build/buildd-gcc-4.7_4.7.2-14-armhf-oKTTZj/gcc-4.7-4.7.2/src/gcc/testsuite/../../include -I/build/buildd-gcc-4.7_4.7.2-14-armhf-oKTTZj/gcc-4.7-4.7.2/src/gcc/testsuite/../../libcpp/include   -I/build/buildd-gcc-4.7_4.7.2-14-armhf-oKTTZj/gcc-4.7-4.7.2/build/gcc/testsuite/gcc/../../../intl  -DIN_GCC -fPIC -shared
UNRESOLVED: start_unit_plugin.c compilation, -I. -I/build/buildd-gcc-4.7_4.7.2-14-armhf-oKTTZj/gcc-4.7-4.7.2/src/gcc/testsuite -I/build/buildd-gcc-4.7_4.7.2-14-armhf-oKTTZj/gcc-4.7-4.7.2/src/gcc/testsuite/../../gcc -I/build/buildd-gcc-4.7_4.7.2-14-armhf-oKTTZj/gcc-4.7-4.7.2/build/gcc/testsuite/gcc/../../../gcc  -I/build/buildd-gcc-4.7_4.7.2-14-armhf-oKTTZj/gcc-4.7-4.7.2/src/gcc/testsuite/../../include -I/build/buildd-gcc-4.7_4.7.2-14-armhf-oKTTZj/gcc-4.7-4.7.2/src/gcc/testsuite/../../libcpp/include   -I/build/buildd-gcc-4.7_4.7.2-14-armhf-oKTTZj/gcc-4.7-4.7.2/build/gcc/testsuite/gcc/../../../intl  -DIN_GCC -fPIC -shared
UNRESOLVED: finish_unit_plugin.c compilation, -I. -I/build/buildd-gcc-4.7_4.7.2-14-armhf-oKTTZj/gcc-4.7-4.7.2/src/gcc/testsuite -I/build/buildd-gcc-4.7_4.7.2-14-armhf-oKTTZj/gcc-4.7-4.7.2/src/gcc/testsuite/../../gcc -I/build/buildd-gcc-4.7_4.7.2-14-armhf-oKTTZj/gcc-4.7-4.7.2/build/gcc/testsuite/gcc/../../../gcc  -I/build/buildd-gcc-4.7_4.7.2-14-armhf-oKTTZj/gcc-4.7-4.7.2/src/gcc/testsuite/../../include -I/build/buildd-gcc-4.7_4.7.2-14-armhf-oKTTZj/gcc-4.7-4.7.2/src/gcc/testsuite/../../libcpp/include   -I/build/buildd-gcc-4.7_4.7.2-14-armhf-oKTTZj/gcc-4.7-4.7.2/build/gcc/testsuite/gcc/../../../intl  -DIN_GCC -fPIC -shared
FAIL: gcc.dg/tls/pr42894.c (test for excess errors)
FAIL: gcc.dg/torture/stackalign/builtin-apply-2.c  -O0  execution test
FAIL: gcc.dg/torture/stackalign/builtin-apply-2.c  -O0 -fpic execution test
FAIL: gcc.dg/torture/stackalign/builtin-apply-2.c  -O1 -fpic execution test
FAIL: gcc.dg/torture/stackalign/builtin-apply-2.c  -Os -fpic execution test
FAIL: gcc.dg/tree-ssa/sra-12.c scan-tree-dump-times release_ssa "l;" 0
FAIL: gcc.dg/vect/slp-perm-8.c scan-tree-dump-times vect "vectorized 1 loops" 2
FAIL: gcc.dg/vect/slp-perm-8.c -flto  scan-tree-dump-times vect "vectorized 1 loops" 2
FAIL: gcc.target/arm/combine-movs.c scan-assembler movs\\tr[0-9]
FAIL: gcc.target/arm/g2.c (test for excess errors)
UNRESOLVED: gcc.target/arm/g2.c scan-assembler mla[ \\t].*
FAIL: gcc.target/arm/pr40457-1.c scan-assembler ldm
FAIL: gcc.target/arm/pr40887.c (test for excess errors)
UNRESOLVED: gcc.target/arm/pr40887.c scan-assembler blx
FAIL: gcc.target/arm/pr42575.c scan-assembler-not mov
FAIL: gcc.target/arm/scd42-1.c (test for excess errors)
UNRESOLVED: gcc.target/arm/scd42-1.c scan-assembler mov[ \\t].*17
FAIL: gcc.target/arm/scd42-2.c (test for excess errors)
UNRESOLVED: gcc.target/arm/scd42-2.c scan-assembler mov[ \\t].*272
FAIL: gcc.target/arm/scd42-3.c (test for excess errors)
UNRESOLVED: gcc.target/arm/scd42-3.c scan-assembler ldr[ \\t].*
FAIL: gcc.target/arm/thumb-ltu.c (test for excess errors)
UNRESOLVED: gcc.target/arm/thumb-ltu.c scan-assembler-not uxtb
FAIL: gcc.target/arm/unsigned-extend-1.c (test for excess errors)
UNRESOLVED: gcc.target/arm/unsigned-extend-1.c scan-assembler-not uxtb
FAIL: gcc.target/arm/xor-and.c (test for excess errors)
UNRESOLVED: gcc.target/arm/xor-and.c scan-assembler orr
UNRESOLVED: gcc.target/arm/xor-and.c scan-assembler-not mvn
UNRESOLVED: gcc.target/arm/xor-and.c scan-assembler-not uxth

		=== gcc Summary ===

# of expected passes		83117
# of unexpected failures	23
# of expected failures		258
# of unresolved testcases	15
# of unsupported tests		1152
/build/buildd-gcc-4.7_4.7.2-14-armhf-oKTTZj/gcc-4.7-4.7.2/build/gcc/xgcc  version 4.7.2 (Debian 4.7.2-14) 

		=== gfortran tests ===


Running target unix
FAIL: gfortran.dg/enum_10.f90  -O0  (test for excess errors)
FAIL: gfortran.dg/enum_10.f90  -O1  (test for excess errors)
FAIL: gfortran.dg/enum_10.f90  -O2  (test for excess errors)
FAIL: gfortran.dg/enum_10.f90  -O3 -fomit-frame-pointer  (test for excess errors)
FAIL: gfortran.dg/enum_10.f90  -O3 -fomit-frame-pointer -funroll-loops  (test for excess errors)
FAIL: gfortran.dg/enum_10.f90  -O3 -fomit-frame-pointer -funroll-all-loops -finline-functions  (test for excess errors)
FAIL: gfortran.dg/enum_10.f90  -O3 -g  (test for excess errors)
FAIL: gfortran.dg/enum_10.f90  -Os  (test for excess errors)
FAIL: gfortran.dg/enum_9.f90  -O0  (test for excess errors)
FAIL: gfortran.dg/enum_9.f90  -O1  (test for excess errors)
FAIL: gfortran.dg/enum_9.f90  -O2  (test for excess errors)
FAIL: gfortran.dg/enum_9.f90  -O3 -fomit-frame-pointer  (test for excess errors)
FAIL: gfortran.dg/enum_9.f90  -O3 -fomit-frame-pointer -funroll-loops  (test for excess errors)
FAIL: gfortran.dg/enum_9.f90  -O3 -fomit-frame-pointer -funroll-all-loops -finline-functions  (test for excess errors)
FAIL: gfortran.dg/enum_9.f90  -O3 -g  (test for excess errors)
FAIL: gfortran.dg/enum_9.f90  -Os  (test for excess errors)
FAIL: gfortran.dg/vect/pr32380.f  -O   scan-tree-dump-times vect "vectorized 7 loops" 1

		=== gfortran Summary ===

# of expected passes		39848
# of unexpected failures	17
# of expected failures		57
# of unsupported tests		404
/build/buildd-gcc-4.7_4.7.2-14-armhf-oKTTZj/gcc-4.7-4.7.2/build/gcc/testsuite/gfortran/../../gfortran  version 4.7.2 (Debian 4.7.2-14) 

		=== go tests ===


Running target unix
FAIL: go.test/test/chan/select3.go execution,  -O2 -g 
FAIL: go.test/test/closedchan.go execution,  -O2 -g 
FAIL: go.test/test/cmp.go execution,  -O2 -g 
FAIL: go.test/test/fixedbugs/bug113.go execution,  -O2 -g 
FAIL: go.test/test/fixedbugs/bug148.go execution,  -O2 -g 
FAIL: go.test/test/fixedbugs/bug266.go execution,  -O2 -g 
FAIL: go.test/test/fixedbugs/bug272.go execution,  -O2 -g 
FAIL: go.test/test/fixedbugs/bug273.go execution,  -O2 -g 
FAIL: go.test/test/fixedbugs/bug324.go
FAIL: ./tmp.go,  -O0 -g  (internal compiler error)
FAIL: go.test/test/interface/fail.go execution,  -O2 -g 
FAIL: go.test/test/interface/noeq.go execution,  -O2 -g 
FAIL: go.test/test/interface/returntype.go execution,  -O2 -g 
FAIL: go.test/test/nil.go execution,  -O2 -g 
FAIL: go.test/test/nilptr.go execution,  -O2 -g 
FAIL: go.test/test/recover.go execution,  -O2 -g 
FAIL: go.test/test/recover1.go execution,  -O2 -g 
FAIL: go.test/test/recover2.go execution,  -O2 -g 
FAIL: go.test/test/recover3.go execution,  -O2 -g 
FAIL: go.test/test/reorder.go execution,  -O2 -g 

		=== go Summary ===

# of expected passes		3269
# of unexpected failures	20
# of expected failures		4
# of untested testcases		6
/build/buildd-gcc-4.7_4.7.2-14-armhf-oKTTZj/gcc-4.7-4.7.2/build/gcc/testsuite/go/../../gccgo  version 4.7.2 (Debian 4.7.2-14) 

		=== obj-c++ tests ===


Running target unix

		=== obj-c++ Summary ===

# of expected passes		1450
# of expected failures		2
# of unsupported tests		86
/build/buildd-gcc-4.7_4.7.2-14-armhf-oKTTZj/gcc-4.7-4.7.2/build/gcc/testsuite/obj-c++/../../g++  version 4.7.2 (Debian 4.7.2-14) 

		=== objc tests ===


Running target unix

		=== objc Summary ===

# of expected passes		2994
# of unsupported tests		74
/build/buildd-gcc-4.7_4.7.2-14-armhf-oKTTZj/gcc-4.7-4.7.2/build/gcc/xgcc  version 4.7.2 (Debian 4.7.2-14) 


Compiler version: 4.7.2 (Debian 4.7.2-14) 
Platform: arm-unknown-linux-gnueabihf
configure flags: -v --with-pkgversion='Debian 4.7.2-14' --with-bugurl=file:///usr/share/doc/gcc-4.7/README.Bugs --enable-languages=c,c++,go,fortran,objc,obj-c++ --prefix=/usr --program-suffix=-4.7 --enable-shared --enable-linker-build-id --with-system-zlib --libexecdir=/usr/lib --without-included-gettext --enable-threads=posix --with-gxx-include-dir=/usr/include/c++/4.7 --libdir=/usr/lib --enable-nls --with-sysroot=/ --enable-clocale=gnu --enable-libstdcxx-debug --enable-libstdcxx-time=yes --enable-gnu-unique-object --disable-libitm --enable-plugin --enable-objc-gc --disable-sjlj-exceptions --with-arch=armv7-a --with-fpu=vfpv3-d16 --with-float=hard --with-mode=thumb --enable-checking=release --build=arm-linux-gnueabihf --host=arm-linux-gnueabihf --target=arm-linux-gnueabihf
BOOT_CFLAGS=


Build Dependencies:
Desired=Unknown/Install/Remove/Purge/Hold
| Status=Not/Inst/Conf-files/Unpacked/halF-conf/Half-inst/trig-aWait/Trig-pend
|/ Err?=(none)/Reinst-required (Status,Err: uppercase=bad)
||/ Name                               Version                Architecture Description
+++-==================================-======================-============-======================================================================
ii  binutils                           2.22-7.1               armhf        GNU assembler, linker and binary utilities
ii  g++-4.6                            4.6.3-12               armhf        GNU C++ compiler
ii  libc6:armhf                        2.13-36                armhf        Embedded GNU C Library: Shared libraries
ii  libcloog-ppl-dev:armhf             0.15.11-4              armhf        Chunky Loop Generator (development files)
ii  libgmp-dev:armhf                   2:5.0.5+dfsg-2         armhf        Multiprecision arithmetic library developers tools
ii  libmpc-dev:armhf                   0.9-4+b1               armhf        multiple precision complex floating-point library development package
ii  libmpfr-dev:armhf                  3.1.0-5                armhf        multiple precision floating-point computation developers tools
ii  libppl0.11-dev:armhf               0.11.2-8               armhf        Parma Polyhedra Library (development)


svn-updates:
  updates from the 4.7 branch upto 20121211 (r194382).

hjl-x32-gcc-4_7-branch:

gcc-gfdl-build:
  Build a dummy s-tm-texi without access to the texinfo sources

aarch64-libffi:

aarch64-libffi-testsuite:

gcc-textdomain:
  Set gettext's domain and textdomain to the versioned package name.

gcc-driver-extra-langs:
  Add options and specs for languages that are not built from a source
  (but built from separate sources).

gcc-hash-style-gnu:
  Link using --hash-style=gnu (alpha, amd64, armel, armhf, ia64, i386, powerpc, ppc64, s390, sparc)

libstdc++-pic:
  Build and install libstdc++_pic.a library.

libstdc++-doclink:
  adjust hrefs to point to the local documentation

libstdc++-man-3cxx:
  Install libstdc++ man pages with suffix .3cxx instead of .3

libstdc++-test-installed:
  Add support to run the libstdc++-v3 testsuite using the
  installed shared libraries.

libjava-stacktrace:
  libgcj: Lookup source file name and line number in separated
  debug files found in /usr/lib/debug

libjava-jnipath:
  - Add /usr/lib/jni and /usr/lib/<multiarch>/jni to java.library.path.
  - When running the i386 binaries on amd64, look in
  - /usr/lib32/gcj-x.y and /usr/lib32/jni instead.

libjava-sjlj:
  Don't try to use _Unwind_Backtrace on SJLJ targets.
  See bug #387875, #388505, GCC PR 29206.

libjava-disable-plugin:
  Don't build the gcjwebplugin, even when configured with --enable-plugin

alpha-no-ev4-directive:
  never emit .ev4 directive.

boehm-gc-getnprocs:
  boehm-gc/pthread_support.c (GC_get_nprocs): Use sysconf as fallback.

note-gnu-stack:
  Add .note.GNU-stack sections for gcc's crt files, libffi and boehm-gc
  Taken from FC.

libgomp-omp_h-multilib:
  Fix up omp.h for multilibs.

sparc-force-cpu:
  On sparc default to ultrasparc (v9a) in 32bit mode

pr24619:
  Proposed patch for PR mudflap/24619 (instrumentation of dlopen)

gccgo-version:
  Omit the subminor number from the go libdir

pr45078:
  Proposed patch for PR plugin/45078

pr47818:
  Fix PR ada/47818: Pragma Assert is rejected with No_Implementation_Pragmas restriction.

pr49940:
  Apply proposed patch for PR ada/49940.

pr49944:
  apply proposed patch for PR ada/49444.

libffi-kfreebsd:
  libffi:  Define FFI_MMAP_EXEC_WRIT on kfreebsd-*.

gcc-base-version:
  Set base version to 4.7, introduce full version 4.7.x.

libffi-powerpc-sf:

libffi-powerpc-sysv-without-string-ops:

mudflapth-link:
  Link libmudflapth.so with -lpthread

libffi-m68k:

gcc-cloog-dl:
  Link against -ldl instead of -lcloog -lppl. Exit with an error when using
  the Graphite loop transformation infrastructure without having the
  libcloog-ppl0 package installed. Packages using these optimizations
  should build-depend on libcloog-ppl0.

libiberty-md5:
  Fix alias warning building libiberty/md5.c

pr26155:
  Fix PR c++/26155, taken from the trunk.

arm-no-va_list-warn:
  Don't warn anymore that 4.4 has changed the \`va_list' mangling.

libmudflap-x32:
  Fix libmudflap build failure for x32 multilibs

armhf-triplet:
  add support for arm-linux-*eabi* triplets; useful for armhf

pr54411:
  Fix PR other/54411, libiberty: objalloc_alloc integer overflows (CVE-2012-3509)

hurd-pthread:

pr54974:
  Fix PR target/54974: Thumb literal pools don't handle PC rounding.

libgo-testsuite:
  Only run the libgo testsuite for flags configured in RUNTESTFLAGS

cross-build-fixes:

libjava-armel-unwind:
  On armel, apply kludge to fix unwinder infinitely looping 'til it runs out
  of memory (http://gcc.gnu.org/ml/java/2008-06/msg00010.html).

arm-dynamic-linker:
  For ARM hard float, set the dynamic linker to
  /lib/ld-linux-armhf.so.3.

gcc-sysroot:

arm-multilib-defaults:
  Set MULTILIB_DEFAULTS for ARM multilib builds

gcc-ice-hack:
  Retry the build on an ice, save the calling options and preprocessed
  source when the ice is reproducible.

gcc-ice-apport:
  Report an ICE to apport (if apport is available
  and the environment variable GCC_NOAPPORT is not set)

gold-and-ld:
  Enable both gold and ld in a single toolchain.
  New option -fuse-ld=bfd, -fuse-ld=gold.

libjava-fixed-symlinks:
  Remove unneed '..' elements from symlinks in JAVA_HOME

libstdc++-arm-wno-abi:
  Temporary work around:
  On arm-linux-gnueabi run the libstdc++v3 testsuite with -Wno-abi

ada-mips:
  Improve support for mips.

libffi-ro-eh_frame_sect:
  PR libffi/47248, force a read only eh frame section.

gcc-multiarch-upstream:
  Add multiarch support to GCC (upstreamed chunks).

gcc-multiarch:
  Add multiarch support to GCC (chunks not yet applied upstream).

gcc-powerpc-nof:
  Don't build nof multlib on powerpc.

libjava-multiarch:
  Install libjava libraries to multiarch location

libjava-nobiarch-check:
  For biarch builds, disable the testsuite for the non-default architecture
  for runtime libraries, which are not built by default (libjava).

config-ml:
  - Disable some biarch libraries for biarch builds.
  - Fix multilib builds on kernels which don't support all multilibs.

g++-multiarch-incdir:
  Use /usr/include/<multiarch>/c++/4.x as the include directory
  for host dependent c++ header files.

gcc-powerpc-undef:
  Undefine LINK_EH_SPEC before redefining it
  http://gcc.gnu.org/ml/gcc-patches/2011-02/msg01082.html

mips-fix-loongson2f-nop:
  On mips, pass -mfix-loongson2f-nop to as, if -mno-fix-loongson2f-nop
  is not passed.

libgomp-kfreebsd-testsuite:
  Disable lock-2.c test on kfreebsd-*

Counting all warnings,
there are 0 warnings in stage3 of this bootstrap.

Number of warnings per file:

Number of warning types:


Index Nav: [Date Index] [Subject Index] [Author Index] [Thread Index]
Message Nav: [Date Prev] [Date Next] [Thread Prev] [Thread Next]