This is the mail archive of the gcc-testresults@gcc.gnu.org mailing list for the GCC project.


Index Nav: [Date Index] [Subject Index] [Author Index] [Thread Index]
Message Nav: [Date Prev] [Date Next] [Thread Prev] [Thread Next]
Other format: [Raw text]

Results for 4.7.2 (Debian 4.7.2-14) testsuite on arm-unknown-linux-gnueabi


LAST_UPDATED: Tue Dec 11 06:32:45 UTC 2012 (revision 194382)

Native configuration is arm-unknown-linux-gnueabi

		=== boehm-gc tests ===


Running target unix

		=== boehm-gc Summary ===

# of expected passes		12
# of unsupported tests		1
		=== libffi tests ===


Running target unix
XPASS: libffi.call/cls_longdouble.c -O0 -W -Wall execution test
FAIL: libffi.call/cls_struct_va1.c -O0 -W -Wall (test for excess errors)
UNRESOLVED: libffi.call/cls_struct_va1.c -O0 -W -Wall compilation failed to produce executable
FAIL: libffi.call/cls_uchar_va.c -O0 -W -Wall (test for excess errors)
UNRESOLVED: libffi.call/cls_uchar_va.c -O0 -W -Wall compilation failed to produce executable
FAIL: libffi.call/cls_uint_va.c -O0 -W -Wall (test for excess errors)
UNRESOLVED: libffi.call/cls_uint_va.c -O0 -W -Wall compilation failed to produce executable
FAIL: libffi.call/cls_ulong_va.c -O0 -W -Wall (test for excess errors)
UNRESOLVED: libffi.call/cls_ulong_va.c -O0 -W -Wall compilation failed to produce executable
FAIL: libffi.call/cls_ushort_va.c -O0 -W -Wall (test for excess errors)
UNRESOLVED: libffi.call/cls_ushort_va.c -O0 -W -Wall compilation failed to produce executable
FAIL: libffi.call/va_1.c -O0 -W -Wall (test for excess errors)
UNRESOLVED: libffi.call/va_1.c -O0 -W -Wall compilation failed to produce executable
FAIL: libffi.call/va_struct1.c -O0 -W -Wall (test for excess errors)
UNRESOLVED: libffi.call/va_struct1.c -O0 -W -Wall compilation failed to produce executable
FAIL: libffi.call/va_struct2.c -O0 -W -Wall (test for excess errors)
UNRESOLVED: libffi.call/va_struct2.c -O0 -W -Wall compilation failed to produce executable
FAIL: libffi.call/va_struct3.c -O0 -W -Wall (test for excess errors)
UNRESOLVED: libffi.call/va_struct3.c -O0 -W -Wall compilation failed to produce executable
XPASS: libffi.call/cls_longdouble.c -O2 execution test
FAIL: libffi.call/cls_struct_va1.c -O2 (test for excess errors)
UNRESOLVED: libffi.call/cls_struct_va1.c -O2 compilation failed to produce executable
FAIL: libffi.call/cls_uchar_va.c -O2 (test for excess errors)
UNRESOLVED: libffi.call/cls_uchar_va.c -O2 compilation failed to produce executable
FAIL: libffi.call/cls_uint_va.c -O2 (test for excess errors)
UNRESOLVED: libffi.call/cls_uint_va.c -O2 compilation failed to produce executable
FAIL: libffi.call/cls_ulong_va.c -O2 (test for excess errors)
UNRESOLVED: libffi.call/cls_ulong_va.c -O2 compilation failed to produce executable
FAIL: libffi.call/cls_ushort_va.c -O2 (test for excess errors)
UNRESOLVED: libffi.call/cls_ushort_va.c -O2 compilation failed to produce executable
FAIL: libffi.call/va_1.c -O2 (test for excess errors)
UNRESOLVED: libffi.call/va_1.c -O2 compilation failed to produce executable
FAIL: libffi.call/va_struct1.c -O2 (test for excess errors)
UNRESOLVED: libffi.call/va_struct1.c -O2 compilation failed to produce executable
FAIL: libffi.call/va_struct2.c -O2 (test for excess errors)
UNRESOLVED: libffi.call/va_struct2.c -O2 compilation failed to produce executable
FAIL: libffi.call/va_struct3.c -O2 (test for excess errors)
UNRESOLVED: libffi.call/va_struct3.c -O2 compilation failed to produce executable
XPASS: libffi.call/cls_longdouble.c -O3 execution test
FAIL: libffi.call/cls_struct_va1.c -O3 (test for excess errors)
UNRESOLVED: libffi.call/cls_struct_va1.c -O3 compilation failed to produce executable
FAIL: libffi.call/cls_uchar_va.c -O3 (test for excess errors)
UNRESOLVED: libffi.call/cls_uchar_va.c -O3 compilation failed to produce executable
FAIL: libffi.call/cls_uint_va.c -O3 (test for excess errors)
UNRESOLVED: libffi.call/cls_uint_va.c -O3 compilation failed to produce executable
FAIL: libffi.call/cls_ulong_va.c -O3 (test for excess errors)
UNRESOLVED: libffi.call/cls_ulong_va.c -O3 compilation failed to produce executable
FAIL: libffi.call/cls_ushort_va.c -O3 (test for excess errors)
UNRESOLVED: libffi.call/cls_ushort_va.c -O3 compilation failed to produce executable
FAIL: libffi.call/va_1.c -O3 (test for excess errors)
UNRESOLVED: libffi.call/va_1.c -O3 compilation failed to produce executable
FAIL: libffi.call/va_struct1.c -O3 (test for excess errors)
UNRESOLVED: libffi.call/va_struct1.c -O3 compilation failed to produce executable
FAIL: libffi.call/va_struct2.c -O3 (test for excess errors)
UNRESOLVED: libffi.call/va_struct2.c -O3 compilation failed to produce executable
FAIL: libffi.call/va_struct3.c -O3 (test for excess errors)
UNRESOLVED: libffi.call/va_struct3.c -O3 compilation failed to produce executable
XPASS: libffi.call/cls_longdouble.c -Os execution test
FAIL: libffi.call/cls_struct_va1.c -Os (test for excess errors)
UNRESOLVED: libffi.call/cls_struct_va1.c -Os compilation failed to produce executable
FAIL: libffi.call/cls_uchar_va.c -Os (test for excess errors)
UNRESOLVED: libffi.call/cls_uchar_va.c -Os compilation failed to produce executable
FAIL: libffi.call/cls_uint_va.c -Os (test for excess errors)
UNRESOLVED: libffi.call/cls_uint_va.c -Os compilation failed to produce executable
FAIL: libffi.call/cls_ulong_va.c -Os (test for excess errors)
UNRESOLVED: libffi.call/cls_ulong_va.c -Os compilation failed to produce executable
FAIL: libffi.call/cls_ushort_va.c -Os (test for excess errors)
UNRESOLVED: libffi.call/cls_ushort_va.c -Os compilation failed to produce executable
FAIL: libffi.call/va_1.c -Os (test for excess errors)
UNRESOLVED: libffi.call/va_1.c -Os compilation failed to produce executable
FAIL: libffi.call/va_struct1.c -Os (test for excess errors)
UNRESOLVED: libffi.call/va_struct1.c -Os compilation failed to produce executable
FAIL: libffi.call/va_struct2.c -Os (test for excess errors)
UNRESOLVED: libffi.call/va_struct2.c -Os compilation failed to produce executable
FAIL: libffi.call/va_struct3.c -Os (test for excess errors)
UNRESOLVED: libffi.call/va_struct3.c -Os compilation failed to produce executable
XPASS: libffi.call/cls_longdouble.c -O2 -fomit-frame-pointer execution test
FAIL: libffi.call/cls_struct_va1.c -O2 -fomit-frame-pointer (test for excess errors)
UNRESOLVED: libffi.call/cls_struct_va1.c -O2 -fomit-frame-pointer compilation failed to produce executable
FAIL: libffi.call/cls_uchar_va.c -O2 -fomit-frame-pointer (test for excess errors)
UNRESOLVED: libffi.call/cls_uchar_va.c -O2 -fomit-frame-pointer compilation failed to produce executable
FAIL: libffi.call/cls_uint_va.c -O2 -fomit-frame-pointer (test for excess errors)
UNRESOLVED: libffi.call/cls_uint_va.c -O2 -fomit-frame-pointer compilation failed to produce executable
FAIL: libffi.call/cls_ulong_va.c -O2 -fomit-frame-pointer (test for excess errors)
UNRESOLVED: libffi.call/cls_ulong_va.c -O2 -fomit-frame-pointer compilation failed to produce executable
FAIL: libffi.call/cls_ushort_va.c -O2 -fomit-frame-pointer (test for excess errors)
UNRESOLVED: libffi.call/cls_ushort_va.c -O2 -fomit-frame-pointer compilation failed to produce executable
FAIL: libffi.call/va_1.c -O2 -fomit-frame-pointer (test for excess errors)
UNRESOLVED: libffi.call/va_1.c -O2 -fomit-frame-pointer compilation failed to produce executable
FAIL: libffi.call/va_struct1.c -O2 -fomit-frame-pointer (test for excess errors)
UNRESOLVED: libffi.call/va_struct1.c -O2 -fomit-frame-pointer compilation failed to produce executable
FAIL: libffi.call/va_struct2.c -O2 -fomit-frame-pointer (test for excess errors)
UNRESOLVED: libffi.call/va_struct2.c -O2 -fomit-frame-pointer compilation failed to produce executable
FAIL: libffi.call/va_struct3.c -O2 -fomit-frame-pointer (test for excess errors)
UNRESOLVED: libffi.call/va_struct3.c -O2 -fomit-frame-pointer compilation failed to produce executable

		=== libffi Summary ===

# of expected passes		1654
# of unexpected failures	45
# of unexpected successes	5
# of expected failures		10
# of unresolved testcases	45
# of unsupported tests		55
		=== libgo tests ===


Running target unix

		=== libgo Summary ===

/build/buildd-gcc-4.7_4.7.2-14-armel-y7ibUx/gcc-4.7-4.7.2/build/./gcc/gccgo version 4.7.2 (Debian 4.7.2-14)

		=== libgomp tests ===


Running target unix
FAIL: libgomp.c/atomic-1.c execution test
FAIL: libgomp.c/atomic-10.c execution test
FAIL: libgomp.c/atomic-13.c execution test
FAIL: libgomp.c/atomic-2.c execution test
FAIL: libgomp.c/atomic-3.c execution test
FAIL: libgomp.c/atomic-4.c execution test
FAIL: libgomp.c/atomic-5.c execution test
FAIL: libgomp.c/atomic-6.c execution test
FAIL: libgomp.c/autopar-1.c execution test
FAIL: libgomp.c++/atomic-6.C  -O0  execution test
FAIL: libgomp.c++/atomic-6.C  -O1  execution test
FAIL: libgomp.c++/atomic-6.C  -O2  execution test
FAIL: libgomp.c++/atomic-6.C  -O3 -fomit-frame-pointer  execution test
FAIL: libgomp.c++/atomic-6.C  -O3 -fomit-frame-pointer -funroll-loops  execution test
FAIL: libgomp.c++/atomic-6.C  -O3 -fomit-frame-pointer -funroll-all-loops -finline-functions  execution test
FAIL: libgomp.c++/atomic-6.C  -O3 -g  execution test
FAIL: libgomp.c++/atomic-6.C  -Os  execution test
FAIL: libgomp.c++/atomic-7.C  -O0  execution test
FAIL: libgomp.c++/atomic-7.C  -O1  execution test
FAIL: libgomp.c++/atomic-7.C  -O2  execution test
FAIL: libgomp.c++/atomic-7.C  -O3 -fomit-frame-pointer  execution test
FAIL: libgomp.c++/atomic-7.C  -O3 -fomit-frame-pointer -funroll-loops  execution test
FAIL: libgomp.c++/atomic-7.C  -O3 -fomit-frame-pointer -funroll-all-loops -finline-functions  execution test
FAIL: libgomp.c++/atomic-7.C  -O3 -g  execution test
FAIL: libgomp.c++/atomic-7.C  -Os  execution test
FAIL: libgomp.fortran/jacobi.f  -O0  execution test
FAIL: libgomp.fortran/jacobi.f  -O1  execution test
FAIL: libgomp.fortran/jacobi.f  -O2  execution test
FAIL: libgomp.fortran/jacobi.f  -O3 -fomit-frame-pointer  execution test
FAIL: libgomp.fortran/jacobi.f  -O3 -fomit-frame-pointer -funroll-loops  execution test
FAIL: libgomp.fortran/jacobi.f  -O3 -fomit-frame-pointer -funroll-all-loops -finline-functions  execution test
FAIL: libgomp.fortran/jacobi.f  -O3 -g  execution test
FAIL: libgomp.fortran/jacobi.f  -Os  execution test
FAIL: libgomp.fortran/omp_atomic1.f90  -O0  execution test
FAIL: libgomp.fortran/omp_atomic1.f90  -O1  execution test
FAIL: libgomp.fortran/omp_atomic1.f90  -O2  execution test
FAIL: libgomp.fortran/omp_atomic1.f90  -O3 -fomit-frame-pointer  execution test
FAIL: libgomp.fortran/omp_atomic1.f90  -O3 -fomit-frame-pointer -funroll-loops  execution test
FAIL: libgomp.fortran/omp_atomic1.f90  -O3 -fomit-frame-pointer -funroll-all-loops -finline-functions  execution test
FAIL: libgomp.fortran/omp_atomic1.f90  -O3 -g  execution test
FAIL: libgomp.fortran/omp_atomic1.f90  -Os  execution test
FAIL: libgomp.fortran/omp_atomic3.f90  -O0  execution test
FAIL: libgomp.fortran/omp_atomic3.f90  -O1  execution test
FAIL: libgomp.fortran/omp_atomic3.f90  -O2  execution test
FAIL: libgomp.fortran/omp_atomic3.f90  -O3 -fomit-frame-pointer  execution test
FAIL: libgomp.fortran/omp_atomic3.f90  -O3 -fomit-frame-pointer -funroll-loops  execution test
FAIL: libgomp.fortran/omp_atomic3.f90  -O3 -fomit-frame-pointer -funroll-all-loops -finline-functions  execution test
FAIL: libgomp.fortran/omp_atomic3.f90  -O3 -g  execution test
FAIL: libgomp.fortran/omp_atomic3.f90  -Os  execution test
FAIL: libgomp.fortran/omp_atomic4.f90  -O0  execution test
FAIL: libgomp.fortran/omp_atomic4.f90  -O1  execution test
FAIL: libgomp.fortran/omp_atomic4.f90  -O2  execution test
FAIL: libgomp.fortran/omp_atomic4.f90  -O3 -fomit-frame-pointer  execution test
FAIL: libgomp.fortran/omp_atomic4.f90  -O3 -fomit-frame-pointer -funroll-loops  execution test
FAIL: libgomp.fortran/omp_atomic4.f90  -O3 -fomit-frame-pointer -funroll-all-loops -finline-functions  execution test
FAIL: libgomp.fortran/omp_atomic4.f90  -O3 -g  execution test
FAIL: libgomp.fortran/omp_atomic4.f90  -Os  execution test
FAIL: libgomp.fortran/omp_orphan.f  -O  execution test
FAIL: libgomp.fortran/pr48894.f90  -O0  execution test
FAIL: libgomp.fortran/pr48894.f90  -O1  execution test
FAIL: libgomp.fortran/pr48894.f90  -O2  execution test
FAIL: libgomp.fortran/pr48894.f90  -O3 -fomit-frame-pointer  execution test
FAIL: libgomp.fortran/pr48894.f90  -O3 -fomit-frame-pointer -funroll-loops  execution test
FAIL: libgomp.fortran/pr48894.f90  -O3 -fomit-frame-pointer -funroll-all-loops -finline-functions  execution test
FAIL: libgomp.fortran/pr48894.f90  -O3 -g  execution test
FAIL: libgomp.fortran/pr48894.f90  -Os  execution test
WARNING: program timed out.
FAIL: libgomp.fortran/strassen.f90  -O  execution test

		=== libgomp Summary ===

# of expected passes		2907
# of unexpected failures	67
# of unsupported tests		1
		=== libmudflap tests ===


Running target unix
FAIL: libmudflap.c++/pass55-frag.cxx ( -O) execution test

		=== libmudflap Summary ===

# of expected passes		1905
# of unexpected failures	1
		=== libstdc++ tests ===


Running target unix
FAIL: 22_locale/time_get/get_date/wchar_t/4.cc execution test

		=== libstdc++ Summary ===

# of expected passes		8512
# of unexpected failures	1
# of expected failures		43
# of unsupported tests		260
Target: arm-linux-gnueabi
gcc version 4.7.2 (Debian 4.7.2-14) 

		=== g++ tests ===


Running target unix
UNRESOLVED: attribute_plugin.c compilation, -I. -I/build/buildd-gcc-4.7_4.7.2-14-armel-y7ibUx/gcc-4.7-4.7.2/src/gcc/testsuite -I/build/buildd-gcc-4.7_4.7.2-14-armel-y7ibUx/gcc-4.7-4.7.2/src/gcc/testsuite/../../gcc -I/build/buildd-gcc-4.7_4.7.2-14-armel-y7ibUx/gcc-4.7-4.7.2/build/gcc/testsuite/g++/../../../gcc  -I/build/buildd-gcc-4.7_4.7.2-14-armel-y7ibUx/gcc-4.7-4.7.2/src/gcc/testsuite/../../include -I/build/buildd-gcc-4.7_4.7.2-14-armel-y7ibUx/gcc-4.7-4.7.2/src/gcc/testsuite/../../libcpp/include   -I/build/buildd-gcc-4.7_4.7.2-14-armel-y7ibUx/gcc-4.7-4.7.2/build/gcc/testsuite/g++/../../../intl  -DIN_GCC -fPIC -shared
UNRESOLVED: pragma_plugin.c compilation, -I. -I/build/buildd-gcc-4.7_4.7.2-14-armel-y7ibUx/gcc-4.7-4.7.2/src/gcc/testsuite -I/build/buildd-gcc-4.7_4.7.2-14-armel-y7ibUx/gcc-4.7-4.7.2/src/gcc/testsuite/../../gcc -I/build/buildd-gcc-4.7_4.7.2-14-armel-y7ibUx/gcc-4.7-4.7.2/build/gcc/testsuite/g++/../../../gcc  -I/build/buildd-gcc-4.7_4.7.2-14-armel-y7ibUx/gcc-4.7-4.7.2/src/gcc/testsuite/../../include -I/build/buildd-gcc-4.7_4.7.2-14-armel-y7ibUx/gcc-4.7-4.7.2/src/gcc/testsuite/../../libcpp/include   -I/build/buildd-gcc-4.7_4.7.2-14-armel-y7ibUx/gcc-4.7-4.7.2/build/gcc/testsuite/g++/../../../intl  -DIN_GCC -fPIC -shared
UNRESOLVED: selfassign.c compilation, -I. -I/build/buildd-gcc-4.7_4.7.2-14-armel-y7ibUx/gcc-4.7-4.7.2/src/gcc/testsuite -I/build/buildd-gcc-4.7_4.7.2-14-armel-y7ibUx/gcc-4.7-4.7.2/src/gcc/testsuite/../../gcc -I/build/buildd-gcc-4.7_4.7.2-14-armel-y7ibUx/gcc-4.7-4.7.2/build/gcc/testsuite/g++/../../../gcc  -I/build/buildd-gcc-4.7_4.7.2-14-armel-y7ibUx/gcc-4.7-4.7.2/src/gcc/testsuite/../../include -I/build/buildd-gcc-4.7_4.7.2-14-armel-y7ibUx/gcc-4.7-4.7.2/src/gcc/testsuite/../../libcpp/include   -I/build/buildd-gcc-4.7_4.7.2-14-armel-y7ibUx/gcc-4.7-4.7.2/build/gcc/testsuite/g++/../../../intl -O -DIN_GCC -fPIC -shared
UNRESOLVED: dumb_plugin.c compilation, -I. -I/build/buildd-gcc-4.7_4.7.2-14-armel-y7ibUx/gcc-4.7-4.7.2/src/gcc/testsuite -I/build/buildd-gcc-4.7_4.7.2-14-armel-y7ibUx/gcc-4.7-4.7.2/src/gcc/testsuite/../../gcc -I/build/buildd-gcc-4.7_4.7.2-14-armel-y7ibUx/gcc-4.7-4.7.2/build/gcc/testsuite/g++/../../../gcc  -I/build/buildd-gcc-4.7_4.7.2-14-armel-y7ibUx/gcc-4.7-4.7.2/src/gcc/testsuite/../../include -I/build/buildd-gcc-4.7_4.7.2-14-armel-y7ibUx/gcc-4.7-4.7.2/src/gcc/testsuite/../../libcpp/include   -I/build/buildd-gcc-4.7_4.7.2-14-armel-y7ibUx/gcc-4.7-4.7.2/build/gcc/testsuite/g++/../../../intl  -DIN_GCC -fPIC -shared
UNRESOLVED: header_plugin.c compilation, -I. -I/build/buildd-gcc-4.7_4.7.2-14-armel-y7ibUx/gcc-4.7-4.7.2/src/gcc/testsuite -I/build/buildd-gcc-4.7_4.7.2-14-armel-y7ibUx/gcc-4.7-4.7.2/src/gcc/testsuite/../../gcc -I/build/buildd-gcc-4.7_4.7.2-14-armel-y7ibUx/gcc-4.7-4.7.2/build/gcc/testsuite/g++/../../../gcc  -I/build/buildd-gcc-4.7_4.7.2-14-armel-y7ibUx/gcc-4.7-4.7.2/src/gcc/testsuite/../../include -I/build/buildd-gcc-4.7_4.7.2-14-armel-y7ibUx/gcc-4.7-4.7.2/src/gcc/testsuite/../../libcpp/include   -I/build/buildd-gcc-4.7_4.7.2-14-armel-y7ibUx/gcc-4.7-4.7.2/build/gcc/testsuite/g++/../../../intl  -DIN_GCC -fPIC -shared
UNRESOLVED: decl_plugin.c compilation, -I. -I/build/buildd-gcc-4.7_4.7.2-14-armel-y7ibUx/gcc-4.7-4.7.2/src/gcc/testsuite -I/build/buildd-gcc-4.7_4.7.2-14-armel-y7ibUx/gcc-4.7-4.7.2/src/gcc/testsuite/../../gcc -I/build/buildd-gcc-4.7_4.7.2-14-armel-y7ibUx/gcc-4.7-4.7.2/build/gcc/testsuite/g++/../../../gcc  -I/build/buildd-gcc-4.7_4.7.2-14-armel-y7ibUx/gcc-4.7-4.7.2/src/gcc/testsuite/../../include -I/build/buildd-gcc-4.7_4.7.2-14-armel-y7ibUx/gcc-4.7-4.7.2/src/gcc/testsuite/../../libcpp/include   -I/build/buildd-gcc-4.7_4.7.2-14-armel-y7ibUx/gcc-4.7-4.7.2/build/gcc/testsuite/g++/../../../intl  -DIN_GCC -fPIC -shared

		=== g++ Summary ===

# of expected passes		46775
# of expected failures		287
# of unresolved testcases	6
# of unsupported tests		644
/build/buildd-gcc-4.7_4.7.2-14-armel-y7ibUx/gcc-4.7-4.7.2/build/gcc/testsuite/g++/../../g++  version 4.7.2 (Debian 4.7.2-14) 

		=== gcc tests ===


Running target unix
FAIL: gcc.dg/atomic-compare-exchange-1.c execution test
FAIL: gcc.dg/atomic-compare-exchange-2.c execution test
FAIL: gcc.dg/c99-stdint-1.c (test for excess errors)
FAIL: gcc.dg/c99-stdint-7.c (test for excess errors)
FAIL: gcc.dg/uninit-13.c unconditional (test for warnings, line 8)
FAIL: gcc.dg/uninit-13.c (test for excess errors)
UNRESOLVED: selfassign.c compilation, -I. -I/build/buildd-gcc-4.7_4.7.2-14-armel-y7ibUx/gcc-4.7-4.7.2/src/gcc/testsuite -I/build/buildd-gcc-4.7_4.7.2-14-armel-y7ibUx/gcc-4.7-4.7.2/src/gcc/testsuite/../../gcc -I/build/buildd-gcc-4.7_4.7.2-14-armel-y7ibUx/gcc-4.7-4.7.2/build/gcc/testsuite/gcc/../../../gcc  -I/build/buildd-gcc-4.7_4.7.2-14-armel-y7ibUx/gcc-4.7-4.7.2/src/gcc/testsuite/../../include -I/build/buildd-gcc-4.7_4.7.2-14-armel-y7ibUx/gcc-4.7-4.7.2/src/gcc/testsuite/../../libcpp/include   -I/build/buildd-gcc-4.7_4.7.2-14-armel-y7ibUx/gcc-4.7-4.7.2/build/gcc/testsuite/gcc/../../../intl -O -DIN_GCC -fPIC -shared
UNRESOLVED: ggcplug.c compilation, -I. -I/build/buildd-gcc-4.7_4.7.2-14-armel-y7ibUx/gcc-4.7-4.7.2/src/gcc/testsuite -I/build/buildd-gcc-4.7_4.7.2-14-armel-y7ibUx/gcc-4.7-4.7.2/src/gcc/testsuite/../../gcc -I/build/buildd-gcc-4.7_4.7.2-14-armel-y7ibUx/gcc-4.7-4.7.2/build/gcc/testsuite/gcc/../../../gcc  -I/build/buildd-gcc-4.7_4.7.2-14-armel-y7ibUx/gcc-4.7-4.7.2/src/gcc/testsuite/../../include -I/build/buildd-gcc-4.7_4.7.2-14-armel-y7ibUx/gcc-4.7-4.7.2/src/gcc/testsuite/../../libcpp/include   -I/build/buildd-gcc-4.7_4.7.2-14-armel-y7ibUx/gcc-4.7-4.7.2/build/gcc/testsuite/gcc/../../../intl -O -DIN_GCC -fPIC -shared
UNRESOLVED: one_time_plugin.c compilation, -I. -I/build/buildd-gcc-4.7_4.7.2-14-armel-y7ibUx/gcc-4.7-4.7.2/src/gcc/testsuite -I/build/buildd-gcc-4.7_4.7.2-14-armel-y7ibUx/gcc-4.7-4.7.2/src/gcc/testsuite/../../gcc -I/build/buildd-gcc-4.7_4.7.2-14-armel-y7ibUx/gcc-4.7-4.7.2/build/gcc/testsuite/gcc/../../../gcc  -I/build/buildd-gcc-4.7_4.7.2-14-armel-y7ibUx/gcc-4.7-4.7.2/src/gcc/testsuite/../../include -I/build/buildd-gcc-4.7_4.7.2-14-armel-y7ibUx/gcc-4.7-4.7.2/src/gcc/testsuite/../../libcpp/include   -I/build/buildd-gcc-4.7_4.7.2-14-armel-y7ibUx/gcc-4.7-4.7.2/build/gcc/testsuite/gcc/../../../intl  -DIN_GCC -fPIC -shared
UNRESOLVED: start_unit_plugin.c compilation, -I. -I/build/buildd-gcc-4.7_4.7.2-14-armel-y7ibUx/gcc-4.7-4.7.2/src/gcc/testsuite -I/build/buildd-gcc-4.7_4.7.2-14-armel-y7ibUx/gcc-4.7-4.7.2/src/gcc/testsuite/../../gcc -I/build/buildd-gcc-4.7_4.7.2-14-armel-y7ibUx/gcc-4.7-4.7.2/build/gcc/testsuite/gcc/../../../gcc  -I/build/buildd-gcc-4.7_4.7.2-14-armel-y7ibUx/gcc-4.7-4.7.2/src/gcc/testsuite/../../include -I/build/buildd-gcc-4.7_4.7.2-14-armel-y7ibUx/gcc-4.7-4.7.2/src/gcc/testsuite/../../libcpp/include   -I/build/buildd-gcc-4.7_4.7.2-14-armel-y7ibUx/gcc-4.7-4.7.2/build/gcc/testsuite/gcc/../../../intl  -DIN_GCC -fPIC -shared
UNRESOLVED: finish_unit_plugin.c compilation, -I. -I/build/buildd-gcc-4.7_4.7.2-14-armel-y7ibUx/gcc-4.7-4.7.2/src/gcc/testsuite -I/build/buildd-gcc-4.7_4.7.2-14-armel-y7ibUx/gcc-4.7-4.7.2/src/gcc/testsuite/../../gcc -I/build/buildd-gcc-4.7_4.7.2-14-armel-y7ibUx/gcc-4.7-4.7.2/build/gcc/testsuite/gcc/../../../gcc  -I/build/buildd-gcc-4.7_4.7.2-14-armel-y7ibUx/gcc-4.7-4.7.2/src/gcc/testsuite/../../include -I/build/buildd-gcc-4.7_4.7.2-14-armel-y7ibUx/gcc-4.7-4.7.2/src/gcc/testsuite/../../libcpp/include   -I/build/buildd-gcc-4.7_4.7.2-14-armel-y7ibUx/gcc-4.7-4.7.2/build/gcc/testsuite/gcc/../../../intl  -DIN_GCC -fPIC -shared
FAIL: gcc.dg/tree-ssa/sra-12.c scan-tree-dump-times release_ssa "l;" 0
FAIL: gcc.dg/vect/slp-perm-8.c scan-tree-dump-times vect "vectorized 1 loops" 2
FAIL: gcc.dg/vect/slp-perm-8.c -flto  scan-tree-dump-times vect "vectorized 1 loops" 2
FAIL: gcc.target/arm/pr42172-1.c scan-assembler-times ldr 1
FAIL: gcc.target/arm/pr42575.c scan-assembler-not mov

		=== gcc Summary ===

# of expected passes		81915
# of unexpected failures	11
# of expected failures		257
# of unresolved testcases	5
# of unsupported tests		1260
/build/buildd-gcc-4.7_4.7.2-14-armel-y7ibUx/gcc-4.7-4.7.2/build/gcc/xgcc  version 4.7.2 (Debian 4.7.2-14) 

		=== gfortran tests ===


Running target unix
FAIL: gfortran.dg/intrinsic_unpack_1.f90  -O1  execution test
FAIL: gfortran.dg/zero_sized_1.f90  -O0  execution test
FAIL: gfortran.dg/vect/pr32380.f  -O   scan-tree-dump-times vect "vectorized 7 loops" 1

		=== gfortran Summary ===

# of expected passes		39860
# of unexpected failures	3
# of expected failures		57
# of unsupported tests		404
/build/buildd-gcc-4.7_4.7.2-14-armel-y7ibUx/gcc-4.7-4.7.2/build/gcc/testsuite/gfortran/../../gfortran  version 4.7.2 (Debian 4.7.2-14) 

		=== go tests ===


Running target unix
FAIL: go.go-torture/execute/array-1.go execution,  -O0 
FAIL: go.go-torture/execute/array-1.go execution,  -O1 
FAIL: go.go-torture/execute/array-1.go execution,  -O2 
FAIL: go.go-torture/execute/array-1.go execution,  -O2 -fomit-frame-pointer -finline-functions 
FAIL: go.go-torture/execute/array-1.go execution,  -O2 -fomit-frame-pointer -finline-functions -funroll-loops 
FAIL: go.go-torture/execute/array-1.go execution,  -O2 -fbounds-check 
FAIL: go.go-torture/execute/array-1.go execution,  -O3 -g 
FAIL: go.go-torture/execute/array-1.go execution,  -Os 
FAIL: go.go-torture/execute/array-2.go execution,  -O0 
FAIL: go.go-torture/execute/array-2.go execution,  -O1 
FAIL: go.go-torture/execute/array-2.go execution,  -O2 
FAIL: go.go-torture/execute/array-2.go execution,  -O2 -fomit-frame-pointer -finline-functions 
FAIL: go.go-torture/execute/array-2.go execution,  -O2 -fomit-frame-pointer -finline-functions -funroll-loops 
FAIL: go.go-torture/execute/array-2.go execution,  -O2 -fbounds-check 
FAIL: go.go-torture/execute/array-2.go execution,  -O3 -g 
FAIL: go.go-torture/execute/array-2.go execution,  -Os 
FAIL: go.go-torture/execute/chan-1.go execution,  -O0 
FAIL: go.go-torture/execute/chan-1.go execution,  -O1 
FAIL: go.go-torture/execute/chan-1.go execution,  -O2 
FAIL: go.go-torture/execute/chan-1.go execution,  -O2 -fomit-frame-pointer -finline-functions 
FAIL: go.go-torture/execute/chan-1.go execution,  -O2 -fomit-frame-pointer -finline-functions -funroll-loops 
FAIL: go.go-torture/execute/chan-1.go execution,  -O2 -fbounds-check 
FAIL: go.go-torture/execute/chan-1.go execution,  -O3 -g 
FAIL: go.go-torture/execute/chan-1.go execution,  -Os 
FAIL: go.go-torture/execute/const-1.go execution,  -O0 
FAIL: go.go-torture/execute/const-1.go execution,  -O1 
FAIL: go.go-torture/execute/const-1.go execution,  -O2 
FAIL: go.go-torture/execute/const-1.go execution,  -O2 -fomit-frame-pointer -finline-functions 
FAIL: go.go-torture/execute/const-1.go execution,  -O2 -fomit-frame-pointer -finline-functions -funroll-loops 
FAIL: go.go-torture/execute/const-1.go execution,  -O2 -fbounds-check 
FAIL: go.go-torture/execute/const-1.go execution,  -O3 -g 
FAIL: go.go-torture/execute/const-1.go execution,  -Os 
FAIL: go.go-torture/execute/const-2.go execution,  -O0 
FAIL: go.go-torture/execute/const-2.go execution,  -O1 
FAIL: go.go-torture/execute/const-2.go execution,  -O2 
FAIL: go.go-torture/execute/const-2.go execution,  -O2 -fomit-frame-pointer -finline-functions 
FAIL: go.go-torture/execute/const-2.go execution,  -O2 -fomit-frame-pointer -finline-functions -funroll-loops 
FAIL: go.go-torture/execute/const-2.go execution,  -O2 -fbounds-check 
FAIL: go.go-torture/execute/const-2.go execution,  -O3 -g 
FAIL: go.go-torture/execute/const-2.go execution,  -Os 
FAIL: go.go-torture/execute/expr-1.go execution,  -O0 
FAIL: go.go-torture/execute/expr-1.go execution,  -O1 
FAIL: go.go-torture/execute/expr-1.go execution,  -O2 
FAIL: go.go-torture/execute/expr-1.go execution,  -O2 -fomit-frame-pointer -finline-functions 
FAIL: go.go-torture/execute/expr-1.go execution,  -O2 -fomit-frame-pointer -finline-functions -funroll-loops 
FAIL: go.go-torture/execute/expr-1.go execution,  -O2 -fbounds-check 
FAIL: go.go-torture/execute/expr-1.go execution,  -O3 -g 
FAIL: go.go-torture/execute/expr-1.go execution,  -Os 
FAIL: go.go-torture/execute/for-1.go execution,  -O0 
FAIL: go.go-torture/execute/for-1.go execution,  -O1 
FAIL: go.go-torture/execute/for-1.go execution,  -O2 
FAIL: go.go-torture/execute/for-1.go execution,  -O2 -fomit-frame-pointer -finline-functions 
FAIL: go.go-torture/execute/for-1.go execution,  -O2 -fomit-frame-pointer -finline-functions -funroll-loops 
FAIL: go.go-torture/execute/for-1.go execution,  -O2 -fbounds-check 
FAIL: go.go-torture/execute/for-1.go execution,  -O3 -g 
FAIL: go.go-torture/execute/for-1.go execution,  -Os 
FAIL: go.go-torture/execute/for-2.go execution,  -O0 
FAIL: go.go-torture/execute/for-2.go execution,  -O1 
FAIL: go.go-torture/execute/for-2.go execution,  -O2 
FAIL: go.go-torture/execute/for-2.go execution,  -O2 -fomit-frame-pointer -finline-functions 
FAIL: go.go-torture/execute/for-2.go execution,  -O2 -fomit-frame-pointer -finline-functions -funroll-loops 
FAIL: go.go-torture/execute/for-2.go execution,  -O2 -fbounds-check 
FAIL: go.go-torture/execute/for-2.go execution,  -O3 -g 
FAIL: go.go-torture/execute/for-2.go execution,  -Os 
FAIL: go.go-torture/execute/function-1.go execution,  -O0 
FAIL: go.go-torture/execute/function-1.go execution,  -O1 
FAIL: go.go-torture/execute/function-1.go execution,  -O2 
FAIL: go.go-torture/execute/function-1.go execution,  -O2 -fomit-frame-pointer -finline-functions 
FAIL: go.go-torture/execute/function-1.go execution,  -O2 -fomit-frame-pointer -finline-functions -funroll-loops 
FAIL: go.go-torture/execute/function-1.go execution,  -O2 -fbounds-check 
FAIL: go.go-torture/execute/function-1.go execution,  -O3 -g 
FAIL: go.go-torture/execute/function-1.go execution,  -Os 
FAIL: go.go-torture/execute/function-2.go execution,  -O0 
FAIL: go.go-torture/execute/function-2.go execution,  -O1 
FAIL: go.go-torture/execute/function-2.go execution,  -O2 
FAIL: go.go-torture/execute/function-2.go execution,  -O2 -fomit-frame-pointer -finline-functions 
FAIL: go.go-torture/execute/function-2.go execution,  -O2 -fomit-frame-pointer -finline-functions -funroll-loops 
FAIL: go.go-torture/execute/function-2.go execution,  -O2 -fbounds-check 
FAIL: go.go-torture/execute/function-2.go execution,  -O3 -g 
FAIL: go.go-torture/execute/function-2.go execution,  -Os 
FAIL: go.go-torture/execute/go-1.go execution,  -O0 
FAIL: go.go-torture/execute/go-1.go execution,  -O1 
FAIL: go.go-torture/execute/go-1.go execution,  -O2 
FAIL: go.go-torture/execute/go-1.go execution,  -O2 -fomit-frame-pointer -finline-functions 
FAIL: go.go-torture/execute/go-1.go execution,  -O2 -fomit-frame-pointer -finline-functions -funroll-loops 
FAIL: go.go-torture/execute/go-1.go execution,  -O2 -fbounds-check 
FAIL: go.go-torture/execute/go-1.go execution,  -O3 -g 
FAIL: go.go-torture/execute/go-1.go execution,  -Os 
FAIL: go.go-torture/execute/go-2.go execution,  -O0 
FAIL: go.go-torture/execute/go-2.go execution,  -O1 
FAIL: go.go-torture/execute/go-2.go execution,  -O2 
FAIL: go.go-torture/execute/go-2.go execution,  -O2 -fomit-frame-pointer -finline-functions 
FAIL: go.go-torture/execute/go-2.go execution,  -O2 -fomit-frame-pointer -finline-functions -funroll-loops 
FAIL: go.go-torture/execute/go-2.go execution,  -O2 -fbounds-check 
FAIL: go.go-torture/execute/go-2.go execution,  -O3 -g 
FAIL: go.go-torture/execute/go-2.go execution,  -Os 
FAIL: go.go-torture/execute/go-3.go execution,  -O0 
FAIL: go.go-torture/execute/go-3.go execution,  -O1 
FAIL: go.go-torture/execute/go-3.go execution,  -O2 
FAIL: go.go-torture/execute/go-3.go execution,  -O2 -fomit-frame-pointer -finline-functions 
FAIL: go.go-torture/execute/go-3.go execution,  -O2 -fomit-frame-pointer -finline-functions -funroll-loops 
FAIL: go.go-torture/execute/go-3.go execution,  -O2 -fbounds-check 
FAIL: go.go-torture/execute/go-3.go execution,  -O3 -g 
FAIL: go.go-torture/execute/go-3.go execution,  -Os 
FAIL: go.go-torture/execute/goto-1.go execution,  -O0 
FAIL: go.go-torture/execute/goto-1.go execution,  -O1 
FAIL: go.go-torture/execute/goto-1.go execution,  -O2 
FAIL: go.go-torture/execute/goto-1.go execution,  -O2 -fomit-frame-pointer -finline-functions 
FAIL: go.go-torture/execute/goto-1.go execution,  -O2 -fomit-frame-pointer -finline-functions -funroll-loops 
FAIL: go.go-torture/execute/goto-1.go execution,  -O2 -fbounds-check 
FAIL: go.go-torture/execute/goto-1.go execution,  -O3 -g 
FAIL: go.go-torture/execute/goto-1.go execution,  -Os 
FAIL: go.go-torture/execute/map-1.go execution,  -O0 
FAIL: go.go-torture/execute/map-1.go execution,  -O1 
FAIL: go.go-torture/execute/map-1.go execution,  -O2 
FAIL: go.go-torture/execute/map-1.go execution,  -O2 -fomit-frame-pointer -finline-functions 
FAIL: go.go-torture/execute/map-1.go execution,  -O2 -fomit-frame-pointer -finline-functions -funroll-loops 
FAIL: go.go-torture/execute/map-1.go execution,  -O2 -fbounds-check 
FAIL: go.go-torture/execute/map-1.go execution,  -O3 -g 
FAIL: go.go-torture/execute/map-1.go execution,  -Os 
FAIL: go.go-torture/execute/method-1.go execution,  -O0 
FAIL: go.go-torture/execute/method-1.go execution,  -O1 
FAIL: go.go-torture/execute/method-1.go execution,  -O2 
FAIL: go.go-torture/execute/method-1.go execution,  -O2 -fomit-frame-pointer -finline-functions 
FAIL: go.go-torture/execute/method-1.go execution,  -O2 -fomit-frame-pointer -finline-functions -funroll-loops 
FAIL: go.go-torture/execute/method-1.go execution,  -O2 -fbounds-check 
FAIL: go.go-torture/execute/method-1.go execution,  -O3 -g 
FAIL: go.go-torture/execute/method-1.go execution,  -Os 
FAIL: go.go-torture/execute/nested-1.go execution,  -O0 
FAIL: go.go-torture/execute/nested-1.go execution,  -O1 
FAIL: go.go-torture/execute/nested-1.go execution,  -O2 
FAIL: go.go-torture/execute/nested-1.go execution,  -O2 -fomit-frame-pointer -finline-functions 
FAIL: go.go-torture/execute/nested-1.go execution,  -O2 -fomit-frame-pointer -finline-functions -funroll-loops 
FAIL: go.go-torture/execute/nested-1.go execution,  -O2 -fbounds-check 
FAIL: go.go-torture/execute/nested-1.go execution,  -O3 -g 
FAIL: go.go-torture/execute/nested-1.go execution,  -Os 
FAIL: go.go-torture/execute/pointer-1.go execution,  -O0 
FAIL: go.go-torture/execute/pointer-1.go execution,  -O1 
FAIL: go.go-torture/execute/pointer-1.go execution,  -O2 
FAIL: go.go-torture/execute/pointer-1.go execution,  -O2 -fomit-frame-pointer -finline-functions 
FAIL: go.go-torture/execute/pointer-1.go execution,  -O2 -fomit-frame-pointer -finline-functions -funroll-loops 
FAIL: go.go-torture/execute/pointer-1.go execution,  -O2 -fbounds-check 
FAIL: go.go-torture/execute/pointer-1.go execution,  -O3 -g 
FAIL: go.go-torture/execute/pointer-1.go execution,  -Os 
FAIL: go.go-torture/execute/return-1.go execution,  -O0 
FAIL: go.go-torture/execute/return-1.go execution,  -O1 
FAIL: go.go-torture/execute/return-1.go execution,  -O2 
FAIL: go.go-torture/execute/return-1.go execution,  -O2 -fomit-frame-pointer -finline-functions 
FAIL: go.go-torture/execute/return-1.go execution,  -O2 -fomit-frame-pointer -finline-functions -funroll-loops 
FAIL: go.go-torture/execute/return-1.go execution,  -O2 -fbounds-check 
FAIL: go.go-torture/execute/return-1.go execution,  -O3 -g 
FAIL: go.go-torture/execute/return-1.go execution,  -Os 
FAIL: go.go-torture/execute/return-2.go execution,  -O0 
FAIL: go.go-torture/execute/return-2.go execution,  -O1 
FAIL: go.go-torture/execute/return-2.go execution,  -O2 
FAIL: go.go-torture/execute/return-2.go execution,  -O2 -fomit-frame-pointer -finline-functions 
FAIL: go.go-torture/execute/return-2.go execution,  -O2 -fomit-frame-pointer -finline-functions -funroll-loops 
FAIL: go.go-torture/execute/return-2.go execution,  -O2 -fbounds-check 
FAIL: go.go-torture/execute/return-2.go execution,  -O3 -g 
FAIL: go.go-torture/execute/return-2.go execution,  -Os 
FAIL: go.go-torture/execute/return-3.go execution,  -O0 
FAIL: go.go-torture/execute/return-3.go execution,  -O1 
FAIL: go.go-torture/execute/return-3.go execution,  -O2 
FAIL: go.go-torture/execute/return-3.go execution,  -O2 -fomit-frame-pointer -finline-functions 
FAIL: go.go-torture/execute/return-3.go execution,  -O2 -fomit-frame-pointer -finline-functions -funroll-loops 
FAIL: go.go-torture/execute/return-3.go execution,  -O2 -fbounds-check 
FAIL: go.go-torture/execute/return-3.go execution,  -O3 -g 
FAIL: go.go-torture/execute/return-3.go execution,  -Os 
FAIL: go.go-torture/execute/select-1.go execution,  -O0 
FAIL: go.go-torture/execute/select-1.go execution,  -O1 
FAIL: go.go-torture/execute/select-1.go execution,  -O2 
FAIL: go.go-torture/execute/select-1.go execution,  -O2 -fomit-frame-pointer -finline-functions 
FAIL: go.go-torture/execute/select-1.go execution,  -O2 -fomit-frame-pointer -finline-functions -funroll-loops 
FAIL: go.go-torture/execute/select-1.go execution,  -O2 -fbounds-check 
FAIL: go.go-torture/execute/select-1.go execution,  -O3 -g 
FAIL: go.go-torture/execute/select-1.go execution,  -Os 
FAIL: go.go-torture/execute/string-1.go execution,  -O0 
FAIL: go.go-torture/execute/string-1.go execution,  -O1 
FAIL: go.go-torture/execute/string-1.go execution,  -O2 
FAIL: go.go-torture/execute/string-1.go execution,  -O2 -fomit-frame-pointer -finline-functions 
FAIL: go.go-torture/execute/string-1.go execution,  -O2 -fomit-frame-pointer -finline-functions -funroll-loops 
FAIL: go.go-torture/execute/string-1.go execution,  -O2 -fbounds-check 
FAIL: go.go-torture/execute/string-1.go execution,  -O3 -g 
FAIL: go.go-torture/execute/string-1.go execution,  -Os 
FAIL: go.go-torture/execute/string-2.go execution,  -O0 
FAIL: go.go-torture/execute/string-2.go execution,  -O1 
FAIL: go.go-torture/execute/string-2.go execution,  -O2 
FAIL: go.go-torture/execute/string-2.go execution,  -O2 -fomit-frame-pointer -finline-functions 
FAIL: go.go-torture/execute/string-2.go execution,  -O2 -fomit-frame-pointer -finline-functions -funroll-loops 
FAIL: go.go-torture/execute/string-2.go execution,  -O2 -fbounds-check 
FAIL: go.go-torture/execute/string-2.go execution,  -O3 -g 
FAIL: go.go-torture/execute/string-2.go execution,  -Os 
FAIL: go.go-torture/execute/struct-1.go execution,  -O0 
FAIL: go.go-torture/execute/struct-1.go execution,  -O1 
FAIL: go.go-torture/execute/struct-1.go execution,  -O2 
FAIL: go.go-torture/execute/struct-1.go execution,  -O2 -fomit-frame-pointer -finline-functions 
FAIL: go.go-torture/execute/struct-1.go execution,  -O2 -fomit-frame-pointer -finline-functions -funroll-loops 
FAIL: go.go-torture/execute/struct-1.go execution,  -O2 -fbounds-check 
FAIL: go.go-torture/execute/struct-1.go execution,  -O3 -g 
FAIL: go.go-torture/execute/struct-1.go execution,  -Os 
FAIL: go.go-torture/execute/struct-2.go execution,  -O0 
FAIL: go.go-torture/execute/struct-2.go execution,  -O1 
FAIL: go.go-torture/execute/struct-2.go execution,  -O2 
FAIL: go.go-torture/execute/struct-2.go execution,  -O2 -fomit-frame-pointer -finline-functions 
FAIL: go.go-torture/execute/struct-2.go execution,  -O2 -fomit-frame-pointer -finline-functions -funroll-loops 
FAIL: go.go-torture/execute/struct-2.go execution,  -O2 -fbounds-check 
FAIL: go.go-torture/execute/struct-2.go execution,  -O3 -g 
FAIL: go.go-torture/execute/struct-2.go execution,  -Os 
FAIL: go.go-torture/execute/switch-1.go execution,  -O0 
FAIL: go.go-torture/execute/switch-1.go execution,  -O1 
FAIL: go.go-torture/execute/switch-1.go execution,  -O2 
FAIL: go.go-torture/execute/switch-1.go execution,  -O2 -fomit-frame-pointer -finline-functions 
FAIL: go.go-torture/execute/switch-1.go execution,  -O2 -fomit-frame-pointer -finline-functions -funroll-loops 
FAIL: go.go-torture/execute/switch-1.go execution,  -O2 -fbounds-check 
FAIL: go.go-torture/execute/switch-1.go execution,  -O3 -g 
FAIL: go.go-torture/execute/switch-1.go execution,  -Os 
FAIL: go.go-torture/execute/var-1.go execution,  -O0 
FAIL: go.go-torture/execute/var-1.go execution,  -O1 
FAIL: go.go-torture/execute/var-1.go execution,  -O2 
FAIL: go.go-torture/execute/var-1.go execution,  -O2 -fomit-frame-pointer -finline-functions 
FAIL: go.go-torture/execute/var-1.go execution,  -O2 -fomit-frame-pointer -finline-functions -funroll-loops 
FAIL: go.go-torture/execute/var-1.go execution,  -O2 -fbounds-check 
FAIL: go.go-torture/execute/var-1.go execution,  -O3 -g 
FAIL: go.go-torture/execute/var-1.go execution,  -Os 
FAIL: go.go-torture/execute/var-2.go execution,  -O0 
FAIL: go.go-torture/execute/var-2.go execution,  -O1 
FAIL: go.go-torture/execute/var-2.go execution,  -O2 
FAIL: go.go-torture/execute/var-2.go execution,  -O2 -fomit-frame-pointer -finline-functions 
FAIL: go.go-torture/execute/var-2.go execution,  -O2 -fomit-frame-pointer -finline-functions -funroll-loops 
FAIL: go.go-torture/execute/var-2.go execution,  -O2 -fbounds-check 
FAIL: go.go-torture/execute/var-2.go execution,  -O3 -g 
FAIL: go.go-torture/execute/var-2.go execution,  -Os 
FAIL: go.go-torture/execute/var-3.go execution,  -O0 
FAIL: go.go-torture/execute/var-3.go execution,  -O1 
FAIL: go.go-torture/execute/var-3.go execution,  -O2 
FAIL: go.go-torture/execute/var-3.go execution,  -O2 -fomit-frame-pointer -finline-functions 
FAIL: go.go-torture/execute/var-3.go execution,  -O2 -fomit-frame-pointer -finline-functions -funroll-loops 
FAIL: go.go-torture/execute/var-3.go execution,  -O2 -fbounds-check 
FAIL: go.go-torture/execute/var-3.go execution,  -O3 -g 
FAIL: go.go-torture/execute/var-3.go execution,  -Os 
FAIL: go.test/test/235.go execution,  -O2 -g 
FAIL: go.test/test/64bit.go execution
FAIL: go.test/test/alias1.go execution,  -O2 -g 
FAIL: go.test/test/append.go execution,  -O2 -g 
FAIL: go.test/test/args.go execution,  -O2 -g 
FAIL: go.test/test/bigalg.go execution,  -O2 -g 
FAIL: go.test/test/bigmap.go execution,  -O2 -g 
FAIL: go.test/test/blank.go execution,  -O2 -g 
FAIL: go.test/test/chan/doubleselect.go execution,  -O2 -g 
FAIL: go.test/test/chan/fifo.go execution,  -O2 -g 
FAIL: go.test/test/chan/goroutines.go execution,  -O2 -g 
FAIL: go.test/test/chan/nonblock.go execution,  -O2 -g 
FAIL: go.test/test/chan/powser1.go execution,  -O2 -g 
FAIL: go.test/test/chan/powser2.go execution,  -O2 -g 
FAIL: go.test/test/chan/select.go execution,  -O2 -g 
FAIL: go.test/test/chan/select3.go execution,  -O2 -g 
FAIL: go.test/test/chan/select4.go execution,  -O2 -g 
FAIL: go.test/test/chan/select5.go execution
FAIL: go.test/test/chan/select6.go execution,  -O2 -g 
FAIL: go.test/test/chan/select7.go execution,  -O2 -g 
FAIL: go.test/test/chan/sendstmt.go execution,  -O2 -g 
FAIL: go.test/test/chan/sieve1.go execution,  -O2 -g 
FAIL: go.test/test/chan/sieve2.go execution,  -O2 -g 
FAIL: go.test/test/chan/zerosize.go execution,  -O2 -g 
FAIL: go.test/test/chancap.go execution,  -O2 -g 
FAIL: go.test/test/char_lit.go execution,  -O2 -g 
FAIL: go.test/test/closedchan.go execution,  -O2 -g 
FAIL: go.test/test/cmp.go execution,  -O2 -g 
FAIL: go.test/test/cmplxdivide.go
FAIL: go.test/test/complit.go execution,  -O2 -g 
FAIL: go.test/test/compos.go execution,  -O2 -g 
FAIL: go.test/test/const.go execution,  -O2 -g 
FAIL: go.test/test/const3.go execution,  -O2 -g 
FAIL: go.test/test/convert.go execution,  -O2 -g 
FAIL: go.test/test/copy.go execution,  -O2 -g 
FAIL: go.test/test/crlf.go execution
FAIL: go.test/test/ddd.go execution,  -O2 -g 
FAIL: go.test/test/ddd3.go
FAIL: go.test/test/decl.go execution,  -O2 -g 
FAIL: go.test/test/defer.go execution,  -O2 -g 
FAIL: go.test/test/deferprint.go execution
FAIL: go.test/test/divide.go execution,  -O2 -g 
FAIL: go.test/test/dwarf/linedirectives.go execution,  -O2 -g 
FAIL: go.test/test/dwarf/main.go execution,  -O2 -g 
FAIL: go.test/test/env.go execution,  -O2 -g 
FAIL: go.test/test/escape.go execution,  -O2 -g 
FAIL: go.test/test/escape3.go execution,  -O2 -g 
FAIL: go.test/test/fixedbugs/bug000.go execution,  -O2 -g 
FAIL: go.test/test/fixedbugs/bug002.go execution,  -O2 -g 
FAIL: go.test/test/fixedbugs/bug003.go execution,  -O2 -g 
FAIL: go.test/test/fixedbugs/bug004.go execution,  -O2 -g 
FAIL: go.test/test/fixedbugs/bug005.go execution,  -O2 -g 
FAIL: go.test/test/fixedbugs/bug006.go execution,  -O2 -g 
FAIL: go.test/test/fixedbugs/bug007.go execution,  -O2 -g 
FAIL: go.test/test/fixedbugs/bug008.go execution,  -O2 -g 
FAIL: go.test/test/fixedbugs/bug009.go execution,  -O2 -g 
FAIL: go.test/test/fixedbugs/bug010.go execution,  -O2 -g 
FAIL: go.test/test/fixedbugs/bug011.go execution,  -O2 -g 
FAIL: go.test/test/fixedbugs/bug012.go execution,  -O2 -g 
FAIL: go.test/test/fixedbugs/bug013.go execution,  -O2 -g 
FAIL: go.test/test/fixedbugs/bug017.go execution,  -O2 -g 
FAIL: go.test/test/fixedbugs/bug021.go execution,  -O2 -g 
FAIL: go.test/test/fixedbugs/bug023.go execution,  -O2 -g 
FAIL: go.test/test/fixedbugs/bug024.go execution,  -O2 -g 
FAIL: go.test/test/fixedbugs/bug026.go execution,  -O2 -g 
FAIL: go.test/test/fixedbugs/bug027.go execution,  -O2 -g 
FAIL: go.test/test/fixedbugs/bug028.go execution,  -O2 -g 
FAIL: go.test/test/fixedbugs/bug031.go execution,  -O2 -g 
FAIL: go.test/test/fixedbugs/bug045.go execution,  -O2 -g 
FAIL: go.test/test/fixedbugs/bug047.go execution,  -O2 -g 
FAIL: go.test/test/fixedbugs/bug048.go execution,  -O2 -g 
FAIL: go.test/test/fixedbugs/bug052.go execution,  -O2 -g 
FAIL: go.test/test/fixedbugs/bug053.go execution,  -O2 -g 
FAIL: go.test/test/fixedbugs/bug054.go execution,  -O2 -g 
FAIL: go.test/test/fixedbugs/bug055.go execution,  -O2 -g 
FAIL: go.test/test/fixedbugs/bug056.go execution,  -O2 -g 
FAIL: go.test/test/fixedbugs/bug058.go execution,  -O2 -g 
FAIL: go.test/test/fixedbugs/bug059.go execution,  -O2 -g 
FAIL: go.test/test/fixedbugs/bug060.go execution,  -O2 -g 
FAIL: go.test/test/fixedbugs/bug061.go execution,  -O2 -g 
FAIL: go.test/test/fixedbugs/bug065.go execution,  -O2 -g 
FAIL: go.test/test/fixedbugs/bug067.go execution,  -O2 -g 
FAIL: go.test/test/fixedbugs/bug070.go execution,  -O2 -g 
FAIL: go.test/test/fixedbugs/bug075.go execution,  -O2 -g 
FAIL: go.test/test/fixedbugs/bug078.go execution,  -O2 -g 
FAIL: go.test/test/fixedbugs/bug082.go execution,  -O2 -g 
FAIL: go.test/test/fixedbugs/bug084.go execution,  -O2 -g 
FAIL: go.test/test/fixedbugs/bug092.go execution,  -O2 -g 
FAIL: go.test/test/fixedbugs/bug093.go execution,  -O2 -g 
FAIL: go.test/test/fixedbugs/bug097.go execution,  -O2 -g 
FAIL: go.test/test/fixedbugs/bug099.go execution,  -O2 -g 
FAIL: go.test/test/fixedbugs/bug101.go execution,  -O2 -g 
FAIL: go.test/test/fixedbugs/bug102.go execution,  -O2 -g 
FAIL: go.test/test/fixedbugs/bug111.go execution,  -O2 -g 
FAIL: go.test/test/fixedbugs/bug113.go execution,  -O2 -g 
FAIL: go.test/test/fixedbugs/bug114.go execution,  -O2 -g 
FAIL: go.test/test/fixedbugs/bug116.go execution,  -O2 -g 
FAIL: go.test/test/fixedbugs/bug119.go execution,  -O2 -g 
FAIL: go.test/test/fixedbugs/bug120.go execution,  -O2 -g 
FAIL: go.test/test/fixedbugs/bug128.go execution,  -O2 -g 
FAIL: go.test/test/fixedbugs/bug130.go execution,  -O2 -g 
FAIL: go.test/test/fixedbugs/bug141.go execution,  -O2 -g 
FAIL: go.test/test/fixedbugs/bug142.go execution,  -O2 -g 
FAIL: go.test/test/fixedbugs/bug147.go execution,  -O2 -g 
FAIL: go.test/test/fixedbugs/bug148.go execution,  -O2 -g 
FAIL: go.test/test/fixedbugs/bug1515.go execution,  -O2 -g 
FAIL: go.test/test/fixedbugs/bug152.go execution,  -O2 -g 
FAIL: go.test/test/fixedbugs/bug154.go execution,  -O2 -g 
FAIL: go.test/test/fixedbugs/bug159.go execution,  -O2 -g 
FAIL: go.test/test/fixedbugs/bug160.go
FAIL: go.test/test/fixedbugs/bug168.go execution,  -O2 -g 
FAIL: go.test/test/fixedbugs/bug177.go execution,  -O2 -g 
FAIL: go.test/test/fixedbugs/bug178.go execution,  -O2 -g 
FAIL: go.test/test/fixedbugs/bug180.go execution,  -O2 -g 
FAIL: go.test/test/fixedbugs/bug184.go execution,  -O2 -g 
FAIL: go.test/test/fixedbugs/bug185.go execution,  -O2 -g 
FAIL: go.test/test/fixedbugs/bug187.go execution,  -O2 -g 
FAIL: go.test/test/fixedbugs/bug194.go execution,  -O2 -g 
FAIL: go.test/test/fixedbugs/bug196.go execution,  -O2 -g 
FAIL: go.test/test/fixedbugs/bug199.go execution,  -O2 -g 
FAIL: go.test/test/fixedbugs/bug201.go execution,  -O2 -g 
FAIL: go.test/test/fixedbugs/bug202.go execution,  -O2 -g 
FAIL: go.test/test/fixedbugs/bug203.go execution,  -O2 -g 
FAIL: go.test/test/fixedbugs/bug204.go execution,  -O2 -g 
FAIL: go.test/test/fixedbugs/bug206.go execution,  -O2 -g 
FAIL: go.test/test/fixedbugs/bug207.go execution,  -O2 -g 
FAIL: go.test/test/fixedbugs/bug221.go execution,  -O2 -g 
FAIL: go.test/test/fixedbugs/bug225.go execution,  -O2 -g 
FAIL: go.test/test/fixedbugs/bug227.go execution,  -O2 -g 
FAIL: go.test/test/fixedbugs/bug230.go execution,  -O2 -g 
FAIL: go.test/test/fixedbugs/bug234.go execution,  -O2 -g 
FAIL: go.test/test/fixedbugs/bug236.go execution,  -O2 -g 
FAIL: go.test/test/fixedbugs/bug237.go execution,  -O2 -g 
FAIL: go.test/test/fixedbugs/bug242.go execution,  -O2 -g 
FAIL: go.test/test/fixedbugs/bug243.go execution,  -O2 -g 
FAIL: go.test/test/fixedbugs/bug244.go execution,  -O2 -g 
FAIL: go.test/test/fixedbugs/bug246.go execution,  -O2 -g 
FAIL: go.test/test/fixedbugs/bug247.go execution,  -O2 -g 
FAIL: go.test/test/fixedbugs/bug248.go
FAIL: go.test/test/fixedbugs/bug253.go execution,  -O2 -g 
FAIL: go.test/test/fixedbugs/bug254.go execution,  -O2 -g 
FAIL: go.test/test/fixedbugs/bug257.go execution,  -O2 -g 
FAIL: go.test/test/fixedbugs/bug258.go execution,  -O2 -g 
FAIL: go.test/test/fixedbugs/bug259.go execution,  -O2 -g 
FAIL: go.test/test/fixedbugs/bug260.go execution,  -O2 -g 
FAIL: go.test/test/fixedbugs/bug261.go execution,  -O2 -g 
FAIL: go.test/test/fixedbugs/bug262.go execution,  -O2 -g 
FAIL: go.test/test/fixedbugs/bug263.go execution,  -O2 -g 
FAIL: go.test/test/fixedbugs/bug264.go execution,  -O2 -g 
FAIL: go.test/test/fixedbugs/bug265.go execution,  -O2 -g 
FAIL: go.test/test/fixedbugs/bug266.go execution,  -O2 -g 
FAIL: go.test/test/fixedbugs/bug269.go execution,  -O2 -g 
FAIL: go.test/test/fixedbugs/bug271.go execution,  -O2 -g 
FAIL: go.test/test/fixedbugs/bug272.go execution,  -O2 -g 
FAIL: go.test/test/fixedbugs/bug273.go execution,  -O2 -g 
FAIL: go.test/test/fixedbugs/bug276.go execution,  -O2 -g 
FAIL: go.test/test/fixedbugs/bug279.go execution,  -O2 -g 
FAIL: go.test/test/fixedbugs/bug281.go execution,  -O2 -g 
FAIL: go.test/test/fixedbugs/bug285.go execution,  -O2 -g 
FAIL: go.test/test/fixedbugs/bug286.go execution,  -O2 -g 
FAIL: go.test/test/fixedbugs/bug290.go execution,  -O2 -g 
FAIL: go.test/test/fixedbugs/bug291.go execution,  -O2 -g 
FAIL: go.test/test/fixedbugs/bug292.go execution,  -O2 -g 
FAIL: go.test/test/fixedbugs/bug293.go execution,  -O2 -g 
FAIL: go.test/test/fixedbugs/bug294.go execution,  -O2 -g 
FAIL: go.test/test/fixedbugs/bug295.go execution,  -O2 -g 
FAIL: go.test/test/fixedbugs/bug296.go execution,  -O2 -g 
FAIL: go.test/test/fixedbugs/bug303.go execution,  -O2 -g 
FAIL: go.test/test/fixedbugs/bug311.go execution,  -O2 -g 
FAIL: go.test/test/fixedbugs/bug312.go execution,  -O2 -g 
FAIL: go.test/test/fixedbugs/bug314.go execution,  -O2 -g 
FAIL: go.test/test/fixedbugs/bug317.go execution,  -O2 -g 
FAIL: go.test/test/fixedbugs/bug320.go execution,  -O2 -g 
FAIL: go.test/test/fixedbugs/bug321.go execution,  -O2 -g 
FAIL: go.test/test/fixedbugs/bug322.go
FAIL: go.test/test/fixedbugs/bug324.go
FAIL: go.test/test/fixedbugs/bug327.go execution,  -O2 -g 
FAIL: go.test/test/fixedbugs/bug328.go execution
FAIL: go.test/test/fixedbugs/bug329.go execution,  -O2 -g 
FAIL: go.test/test/fixedbugs/bug331.go execution,  -O2 -g 
FAIL: go.test/test/fixedbugs/bug333.go execution,  -O2 -g 
FAIL: go.test/test/fixedbugs/bug336.go execution,  -O2 -g 
FAIL: go.test/test/fixedbugs/bug339.go execution,  -O2 -g 
FAIL: go.test/test/fixedbugs/bug341.go execution,  -O2 -g 
FAIL: go.test/test/fixedbugs/bug343.go execution,  -O2 -g 
FAIL: go.test/test/fixedbugs/bug346.go execution,  -O2 -g 
FAIL: go.test/test/fixedbugs/bug352.go execution,  -O2 -g 
FAIL: go.test/test/fixedbugs/bug355.go execution,  -O2 -g 
FAIL: go.test/test/fixedbugs/bug356.go execution,  -O2 -g 
FAIL: go.test/test/fixedbugs/bug364.go execution,  -O2 -g 
FAIL: go.test/test/fixedbugs/bug366.go execution,  -O2 -g 
FAIL: go.test/test/fixedbugs/bug367.go
FAIL: go.test/test/fixedbugs/bug368.go execution,  -O2 -g 
FAIL: go.test/test/fixedbugs/bug369.go
FAIL: go.test/test/fixedbugs/bug370.go execution,  -O2 -g 
FAIL: go.test/test/fixedbugs/bug372.go execution,  -O2 -g 
FAIL: go.test/test/fixedbugs/bug375.go execution,  -O2 -g 
FAIL: go.test/test/fixedbugs/bug378.go execution,  -O2 -g 
FAIL: go.test/test/float_lit.go execution,  -O2 -g 
FAIL: go.test/test/floatcmp.go execution,  -O2 -g 
FAIL: go.test/test/for.go execution,  -O2 -g 
FAIL: go.test/test/func.go execution,  -O2 -g 
FAIL: go.test/test/func5.go execution,  -O2 -g 
FAIL: go.test/test/func7.go execution,  -O2 -g 
FAIL: go.test/test/gc.go execution,  -O2 -g 
FAIL: go.test/test/gc1.go execution,  -O2 -g 
FAIL: go.test/test/gc2.go execution,  -O2 -g 
FAIL: go.test/test/goprint.go execution
FAIL: go.test/test/hashmap.go execution,  -O2 -g 
FAIL: go.test/test/helloworld.go execution
FAIL: go.test/test/if.go execution,  -O2 -g 
FAIL: go.test/test/index.go execution 0
FAIL: go.test/test/index.go execution 1
FAIL: go.test/test/index.go execution 2
FAIL: go.test/test/indirect.go execution,  -O2 -g 
FAIL: go.test/test/initcomma.go execution,  -O2 -g 
FAIL: go.test/test/initialize.go execution,  -O2 -g 
FAIL: go.test/test/initsyscall.go execution,  -O2 -g 
FAIL: go.test/test/int_lit.go execution,  -O2 -g 
FAIL: go.test/test/intcvt.go execution,  -O2 -g 
FAIL: go.test/test/interface/bigdata.go execution,  -O2 -g 
FAIL: go.test/test/interface/convert.go execution,  -O2 -g 
FAIL: go.test/test/interface/convert1.go execution,  -O2 -g 
FAIL: go.test/test/interface/convert2.go execution,  -O2 -g 
FAIL: go.test/test/interface/embed.go execution,  -O2 -g 
FAIL: go.test/test/interface/embed1.go
FAIL: go.test/test/interface/fail.go execution,  -O2 -g 
FAIL: go.test/test/interface/fake.go execution,  -O2 -g 
FAIL: go.test/test/interface/noeq.go execution,  -O2 -g 
FAIL: go.test/test/interface/receiver.go execution,  -O2 -g 
FAIL: go.test/test/interface/returntype.go execution,  -O2 -g 
FAIL: go.test/test/interface/struct.go execution,  -O2 -g 
FAIL: go.test/test/iota.go execution,  -O2 -g 
FAIL: go.test/test/ken/array.go execution,  -O2 -g 
FAIL: go.test/test/ken/chan.go execution,  -O2 -g 
FAIL: go.test/test/ken/chan1.go execution,  -O2 -g 
FAIL: go.test/test/ken/complit.go execution,  -O2 -g 
FAIL: go.test/test/ken/convert.go execution,  -O2 -g 
FAIL: go.test/test/ken/cplx0.go execution
FAIL: go.test/test/ken/cplx1.go execution,  -O2 -g 
FAIL: go.test/test/ken/cplx2.go execution,  -O2 -g 
FAIL: go.test/test/ken/cplx3.go execution,  -O2 -g 
FAIL: go.test/test/ken/cplx4.go execution,  -O2 -g 
FAIL: go.test/test/ken/cplx5.go execution,  -O2 -g 
FAIL: go.test/test/ken/divconst.go execution,  -O2 -g 
FAIL: go.test/test/ken/divmod.go execution,  -O2 -g 
FAIL: go.test/test/ken/embed.go execution,  -O2 -g 
FAIL: go.test/test/ken/for.go execution,  -O2 -g 
FAIL: go.test/test/ken/interbasic.go execution,  -O2 -g 
FAIL: go.test/test/ken/interfun.go execution,  -O2 -g 
FAIL: go.test/test/ken/intervar.go execution,  -O2 -g 
FAIL: go.test/test/ken/label.go execution,  -O2 -g 
FAIL: go.test/test/ken/litfun.go execution,  -O2 -g 
FAIL: go.test/test/ken/mfunc.go execution,  -O2 -g 
FAIL: go.test/test/ken/modconst.go execution,  -O2 -g 
FAIL: go.test/test/ken/ptrfun.go execution,  -O2 -g 
FAIL: go.test/test/ken/ptrvar.go execution,  -O2 -g 
FAIL: go.test/test/ken/range.go execution,  -O2 -g 
FAIL: go.test/test/ken/rob1.go execution,  -O2 -g 
FAIL: go.test/test/ken/rob2.go execution,  -O2 -g 
FAIL: go.test/test/ken/robfor.go execution,  -O2 -g 
FAIL: go.test/test/ken/robfunc.go execution,  -O2 -g 
FAIL: go.test/test/ken/shift.go execution,  -O2 -g 
FAIL: go.test/test/ken/simparray.go execution,  -O2 -g 
FAIL: go.test/test/ken/simpbool.go execution,  -O2 -g 
FAIL: go.test/test/ken/simpconv.go execution,  -O2 -g 
FAIL: go.test/test/ken/simpfun.go execution,  -O2 -g 
FAIL: go.test/test/ken/simpswitch.go execution,  -O2 -g 
FAIL: go.test/test/ken/simpvar.go execution,  -O2 -g 
FAIL: go.test/test/ken/slicearray.go execution,  -O2 -g 
FAIL: go.test/test/ken/sliceslice.go execution,  -O2 -g 
FAIL: go.test/test/ken/string.go execution
FAIL: go.test/test/ken/strvar.go execution,  -O2 -g 
FAIL: go.test/test/literal.go execution,  -O2 -g 
FAIL: go.test/test/mallocfin.go execution,  -O2 -g 
FAIL: go.test/test/map.go execution,  -O2 -g 
FAIL: go.test/test/method.go execution,  -O2 -g 
FAIL: go.test/test/method3.go execution,  -O2 -g 
FAIL: go.test/test/named.go execution,  -O2 -g 
FAIL: go.test/test/nil.go execution,  -O2 -g 
FAIL: go.test/test/nilptr.go execution,  -O2 -g 
FAIL: go.test/test/nul1.go execution
FAIL: go.test/test/peano.go execution,  -O2 -g 
FAIL: go.test/test/printbig.go execution
FAIL: go.test/test/range.go execution,  -O2 -g 
FAIL: go.test/test/recover.go execution,  -O2 -g 
FAIL: go.test/test/recover1.go execution,  -O2 -g 
FAIL: go.test/test/recover2.go execution,  -O2 -g 
FAIL: go.test/test/recover3.go execution,  -O2 -g 
FAIL: go.test/test/rename.go execution,  -O2 -g 
FAIL: go.test/test/reorder.go execution,  -O2 -g 
FAIL: go.test/test/sigchld.go execution
FAIL: go.test/test/simassign.go execution,  -O2 -g 
FAIL: go.test/test/string_lit.go execution,  -O2 -g 
FAIL: go.test/test/stringrange.go execution,  -O2 -g 
FAIL: go.test/test/struct0.go execution,  -O2 -g 
FAIL: go.test/test/switch.go execution,  -O2 -g 
FAIL: go.test/test/switch1.go execution,  -O2 -g 
FAIL: go.test/test/test0.go execution,  -O2 -g 
FAIL: go.test/test/turing.go execution,  -O2 -g 
FAIL: go.test/test/typeswitch.go execution,  -O2 -g 
FAIL: go.test/test/typeswitch1.go execution,  -O2 -g 
FAIL: go.test/test/utf.go execution,  -O2 -g 
FAIL: go.test/test/varinit.go execution,  -O2 -g 
FAIL: go.test/test/zerodivide.go execution,  -O2 -g 

		=== go Summary ===

# of expected passes		1575
# of unexpected failures	545
# of expected failures		4
# of untested testcases		14
/build/buildd-gcc-4.7_4.7.2-14-armel-y7ibUx/gcc-4.7-4.7.2/build/gcc/testsuite/go/../../gccgo  version 4.7.2 (Debian 4.7.2-14) 

		=== obj-c++ tests ===


Running target unix

		=== obj-c++ Summary ===

# of expected passes		1450
# of expected failures		2
# of unsupported tests		86
/build/buildd-gcc-4.7_4.7.2-14-armel-y7ibUx/gcc-4.7-4.7.2/build/gcc/testsuite/obj-c++/../../g++  version 4.7.2 (Debian 4.7.2-14) 

		=== objc tests ===


Running target unix

		=== objc Summary ===

# of expected passes		2994
# of unsupported tests		74
/build/buildd-gcc-4.7_4.7.2-14-armel-y7ibUx/gcc-4.7-4.7.2/build/gcc/xgcc  version 4.7.2 (Debian 4.7.2-14) 


Compiler version: 4.7.2 (Debian 4.7.2-14) 
Platform: arm-unknown-linux-gnueabi
configure flags: -v --with-pkgversion='Debian 4.7.2-14' --with-bugurl=file:///usr/share/doc/gcc-4.7/README.Bugs --enable-languages=c,c++,go,fortran,objc,obj-c++ --prefix=/usr --program-suffix=-4.7 --enable-shared --enable-linker-build-id --with-system-zlib --libexecdir=/usr/lib --without-included-gettext --enable-threads=posix --with-gxx-include-dir=/usr/include/c++/4.7 --libdir=/usr/lib --enable-nls --with-sysroot=/ --enable-clocale=gnu --enable-libstdcxx-debug --enable-libstdcxx-time=yes --enable-gnu-unique-object --disable-libitm --enable-plugin --enable-objc-gc --disable-sjlj-exceptions --with-arch=armv4t --with-float=soft --enable-checking=release --build=arm-linux-gnueabi --host=arm-linux-gnueabi --target=arm-linux-gnueabi
BOOT_CFLAGS=


Build Dependencies:
Desired=Unknown/Install/Remove/Purge/Hold
| Status=Not/Inst/Conf-files/Unpacked/halF-conf/Half-inst/trig-aWait/Trig-pend
|/ Err?=(none)/Reinst-required (Status,Err: uppercase=bad)
||/ Name                               Version                Architecture Description
+++-==================================-======================-============-======================================================================
ii  binutils                           2.22-7.1               armel        GNU assembler, linker and binary utilities
ii  g++-4.6                            4.6.3-12               armel        GNU C++ compiler
ii  libc6:armel                        2.13-36                armel        Embedded GNU C Library: Shared libraries
ii  libcloog-ppl-dev:armel             0.15.11-4              armel        Chunky Loop Generator (development files)
ii  libgmp-dev:armel                   2:5.0.5+dfsg-2         armel        Multiprecision arithmetic library developers tools
ii  libmpc-dev:armel                   0.9-4                  armel        multiple precision complex floating-point library development package
ii  libmpfr-dev:armel                  3.1.0-5                armel        multiple precision floating-point computation developers tools
ii  libppl0.11-dev:armel               0.11.2-8               armel        Parma Polyhedra Library (development)


svn-updates:
  updates from the 4.7 branch upto 20121211 (r194382).

hjl-x32-gcc-4_7-branch:

gcc-gfdl-build:
  Build a dummy s-tm-texi without access to the texinfo sources

aarch64-libffi:

aarch64-libffi-testsuite:

gcc-textdomain:
  Set gettext's domain and textdomain to the versioned package name.

gcc-driver-extra-langs:
  Add options and specs for languages that are not built from a source
  (but built from separate sources).

gcc-hash-style-gnu:
  Link using --hash-style=gnu (alpha, amd64, armel, armhf, ia64, i386, powerpc, ppc64, s390, sparc)

libstdc++-pic:
  Build and install libstdc++_pic.a library.

libstdc++-doclink:
  adjust hrefs to point to the local documentation

libstdc++-man-3cxx:
  Install libstdc++ man pages with suffix .3cxx instead of .3

libstdc++-test-installed:
  Add support to run the libstdc++-v3 testsuite using the
  installed shared libraries.

libjava-stacktrace:
  libgcj: Lookup source file name and line number in separated
  debug files found in /usr/lib/debug

libjava-jnipath:
  - Add /usr/lib/jni and /usr/lib/<multiarch>/jni to java.library.path.
  - When running the i386 binaries on amd64, look in
  - /usr/lib32/gcj-x.y and /usr/lib32/jni instead.

libjava-sjlj:
  Don't try to use _Unwind_Backtrace on SJLJ targets.
  See bug #387875, #388505, GCC PR 29206.

libjava-disable-plugin:
  Don't build the gcjwebplugin, even when configured with --enable-plugin

alpha-no-ev4-directive:
  never emit .ev4 directive.

boehm-gc-getnprocs:
  boehm-gc/pthread_support.c (GC_get_nprocs): Use sysconf as fallback.

note-gnu-stack:
  Add .note.GNU-stack sections for gcc's crt files, libffi and boehm-gc
  Taken from FC.

libgomp-omp_h-multilib:
  Fix up omp.h for multilibs.

sparc-force-cpu:
  On sparc default to ultrasparc (v9a) in 32bit mode

pr24619:
  Proposed patch for PR mudflap/24619 (instrumentation of dlopen)

gccgo-version:
  Omit the subminor number from the go libdir

pr45078:
  Proposed patch for PR plugin/45078

pr47818:
  Fix PR ada/47818: Pragma Assert is rejected with No_Implementation_Pragmas restriction.

pr49940:
  Apply proposed patch for PR ada/49940.

pr49944:
  apply proposed patch for PR ada/49444.

libffi-kfreebsd:
  libffi:  Define FFI_MMAP_EXEC_WRIT on kfreebsd-*.

gcc-base-version:
  Set base version to 4.7, introduce full version 4.7.x.

libffi-powerpc-sf:

libffi-powerpc-sysv-without-string-ops:

mudflapth-link:
  Link libmudflapth.so with -lpthread

libffi-m68k:

gcc-cloog-dl:
  Link against -ldl instead of -lcloog -lppl. Exit with an error when using
  the Graphite loop transformation infrastructure without having the
  libcloog-ppl0 package installed. Packages using these optimizations
  should build-depend on libcloog-ppl0.

libiberty-md5:
  Fix alias warning building libiberty/md5.c

pr26155:
  Fix PR c++/26155, taken from the trunk.

arm-no-va_list-warn:
  Don't warn anymore that 4.4 has changed the \`va_list' mangling.

libmudflap-x32:
  Fix libmudflap build failure for x32 multilibs

armhf-triplet:
  add support for arm-linux-*eabi* triplets; useful for armhf

pr54411:
  Fix PR other/54411, libiberty: objalloc_alloc integer overflows (CVE-2012-3509)

hurd-pthread:

pr54974:
  Fix PR target/54974: Thumb literal pools don't handle PC rounding.

libgo-testsuite:
  Only run the libgo testsuite for flags configured in RUNTESTFLAGS

cross-build-fixes:

libjava-armel-unwind:
  On armel, apply kludge to fix unwinder infinitely looping 'til it runs out
  of memory (http://gcc.gnu.org/ml/java/2008-06/msg00010.html).

arm-dynamic-linker:
  For ARM hard float, set the dynamic linker to
  /lib/ld-linux-armhf.so.3.

gcc-sysroot:

arm-multilib-defaults:
  Set MULTILIB_DEFAULTS for ARM multilib builds

gcc-ice-hack:
  Retry the build on an ice, save the calling options and preprocessed
  source when the ice is reproducible.

gcc-ice-apport:
  Report an ICE to apport (if apport is available
  and the environment variable GCC_NOAPPORT is not set)

gold-and-ld:
  Enable both gold and ld in a single toolchain.
  New option -fuse-ld=bfd, -fuse-ld=gold.

libjava-fixed-symlinks:
  Remove unneed '..' elements from symlinks in JAVA_HOME

libstdc++-arm-wno-abi:
  Temporary work around:
  On arm-linux-gnueabi run the libstdc++v3 testsuite with -Wno-abi

ada-mips:
  Improve support for mips.

libffi-ro-eh_frame_sect:
  PR libffi/47248, force a read only eh frame section.

gcc-multiarch-upstream:
  Add multiarch support to GCC (upstreamed chunks).

gcc-multiarch:
  Add multiarch support to GCC (chunks not yet applied upstream).

gcc-powerpc-nof:
  Don't build nof multlib on powerpc.

libjava-multiarch:
  Install libjava libraries to multiarch location

libjava-nobiarch-check:
  For biarch builds, disable the testsuite for the non-default architecture
  for runtime libraries, which are not built by default (libjava).

config-ml:
  - Disable some biarch libraries for biarch builds.
  - Fix multilib builds on kernels which don't support all multilibs.

g++-multiarch-incdir:
  Use /usr/include/<multiarch>/c++/4.x as the include directory
  for host dependent c++ header files.

gcc-powerpc-undef:
  Undefine LINK_EH_SPEC before redefining it
  http://gcc.gnu.org/ml/gcc-patches/2011-02/msg01082.html

mips-fix-loongson2f-nop:
  On mips, pass -mfix-loongson2f-nop to as, if -mno-fix-loongson2f-nop
  is not passed.

libgomp-kfreebsd-testsuite:
  Disable lock-2.c test on kfreebsd-*

Counting all warnings,
there are 0 warnings in stage3 of this bootstrap.

Number of warnings per file:

Number of warning types:


Index Nav: [Date Index] [Subject Index] [Author Index] [Thread Index]
Message Nav: [Date Prev] [Date Next] [Thread Prev] [Thread Next]