This is the mail archive of the gcc-testresults@gcc.gnu.org mailing list for the GCC project.


Index Nav: [Date Index] [Subject Index] [Author Index] [Thread Index]
Message Nav: [Date Prev] [Date Next] [Thread Prev] [Thread Next]
Other format: [Raw text]

Results for 4.8.0 20121211 (experimental) (GCC) testsuite on i686-pc-linux-gnu


This build run by an automatic regression tester.
See <http://glutton.geoffk.org/HEAD/> for more information.

Date: 2012-12-11T22:39:56Z
Revision: 194429
URL: svn://gcc.gnu.org/svn/gcc/trunk
Status: regress-7
Prev-Endtime: 2012-12-11T22:38:25Z

Native configuration is i686-pc-linux-gnu

		=== g++ tests ===


Running target unix
FAIL: g++.dg/asan/asan_test.C  -O2  AddressSanitizer_StrtolOOBTest Strtol(array + 3, NULL, 0) execution test
FAIL: g++.dg/asan/asan_test.C  -O2  AddressSanitizer_StrtolOOBTest Strtol(array - 1, NULL, 0) execution test
FAIL: g++.dg/asan/asan_test.C  -O2  AddressSanitizer_StrtolOOBTest Strtol(array, NULL, 0) execution test
FAIL: g++.dg/asan/asan_test.C  -O2  AddressSanitizer_StrtolOOBTest Strtol(array, NULL, 36) execution test
FAIL: g++.dg/asan/asan_test.C  -O2  AddressSanitizer_StrtolOOBTest Strtol(array, NULL, 0) execution test
FAIL: g++.dg/asan/asan_test.C  -O2  AddressSanitizer_StrtolOOBTest Strtol(array, NULL, 0) execution test
FAIL: g++.dg/asan/asan_test.C  -O2  AddressSanitizer_StrtolOOBTest Strtol(array, NULL, 0) execution test
FAIL: g++.dg/asan/asan_test.C  -O2  AddressSanitizer_StrtollOOBTest Strtol(array + 3, NULL, 0) execution test
FAIL: g++.dg/asan/asan_test.C  -O2  AddressSanitizer_StrtollOOBTest Strtol(array - 1, NULL, 0) execution test
FAIL: g++.dg/asan/asan_test.C  -O2  AddressSanitizer_StrtollOOBTest Strtol(array, NULL, 0) execution test
FAIL: g++.dg/asan/asan_test.C  -O2  AddressSanitizer_StrtollOOBTest Strtol(array, NULL, 36) execution test
FAIL: g++.dg/asan/asan_test.C  -O2  AddressSanitizer_StrtollOOBTest Strtol(array, NULL, 0) execution test
FAIL: g++.dg/asan/asan_test.C  -O2  AddressSanitizer_StrtollOOBTest Strtol(array, NULL, 0) execution test
FAIL: g++.dg/asan/asan_test.C  -O2  AddressSanitizer_StrtollOOBTest Strtol(array, NULL, 0) execution test
FAIL: g++.dg/asan/asan_test.C  -O2  AddressSanitizer_AtoiAndFriendsOOBTest Atoi(array + 11) execution test
FAIL: g++.dg/asan/asan_test.C  -O2  AddressSanitizer_AtoiAndFriendsOOBTest Atoi(array - 1) execution test
FAIL: g++.dg/asan/asan_test.C  -O2  AddressSanitizer_AtoiAndFriendsOOBTest Atoi(array) execution test
FAIL: g++.dg/asan/asan_test.C  -O2  AddressSanitizer_AtoiAndFriendsOOBTest Atoi(array) execution test
FAIL: g++.dg/asan/asan_test.C  -O2  AddressSanitizer_AtoiAndFriendsOOBTest Atoi(array) execution test
FAIL: g++.dg/asan/asan_test.C  -O2  AddressSanitizer_AtoiAndFriendsOOBTest Atoi(array + 9) execution test
FAIL: g++.dg/asan/asan_test.C  -O2  AddressSanitizer_AtoiAndFriendsOOBTest Atoi(array + 11) execution test
FAIL: g++.dg/asan/asan_test.C  -O2  AddressSanitizer_AtoiAndFriendsOOBTest Atoi(array - 1) execution test
FAIL: g++.dg/asan/asan_test.C  -O2  AddressSanitizer_AtoiAndFriendsOOBTest Atoi(array) execution test
FAIL: g++.dg/asan/asan_test.C  -O2  AddressSanitizer_AtoiAndFriendsOOBTest Atoi(array) execution test
FAIL: g++.dg/asan/asan_test.C  -O2  AddressSanitizer_AtoiAndFriendsOOBTest Atoi(array) execution test
FAIL: g++.dg/asan/asan_test.C  -O2  AddressSanitizer_AtoiAndFriendsOOBTest Atoi(array + 9) execution test
FAIL: g++.dg/asan/asan_test.C  -O2  AddressSanitizer_AtoiAndFriendsOOBTest Atoi(array + 11) execution test
FAIL: g++.dg/asan/asan_test.C  -O2  AddressSanitizer_AtoiAndFriendsOOBTest Atoi(array - 1) execution test
FAIL: g++.dg/asan/asan_test.C  -O2  AddressSanitizer_AtoiAndFriendsOOBTest Atoi(array) execution test
FAIL: g++.dg/asan/asan_test.C  -O2  AddressSanitizer_AtoiAndFriendsOOBTest Atoi(array) execution test
FAIL: g++.dg/asan/asan_test.C  -O2  AddressSanitizer_AtoiAndFriendsOOBTest Atoi(array) execution test
FAIL: g++.dg/asan/asan_test.C  -O2  AddressSanitizer_AtoiAndFriendsOOBTest Atoi(array + 9) execution test
FAIL: g++.dg/asan/asan_test.C  -O2  AddressSanitizer_HugeMallocTest Ident((char*)malloc(size))[-1] = 0 output pattern test, should match is located 1 bytes to the left of 2726297600-byte
FAIL: g++.dg/debug/dwarf2/thunk1.C -std=gnu++98  scan-assembler-times LFB3 1
FAIL: g++.dg/debug/dwarf2/thunk1.C -std=gnu++11  scan-assembler-times LFB3 1
FAIL: g++.dg/other/anon5.C -std=gnu++98 (test for excess errors)
FAIL: g++.dg/other/anon5.C -std=gnu++11 (test for excess errors)

		=== g++ Summary ===

# of expected passes		51935
# of unexpected failures	37
# of expected failures		289
# of unsupported tests		521
/home/regress/tbox/native/build/gcc/testsuite/g++/../../xg++  version 4.8.0 20121211 (experimental) (GCC) 

		=== gcc tests ===


Running target unix
FAIL: gcc.dg/debug/dwarf2/asm-line1.c scan-assembler is_stmt 1
FAIL: gcc.dg/attr-weakref-1.c (test for excess errors)
WARNING: gcc.dg/attr-weakref-1.c compilation failed to produce executable
FAIL: gcc.dg/cproj-fails-with-broken-glibc.c execution test
XPASS: gcc.dg/inline_3.c (test for excess errors)
XPASS: gcc.dg/inline_4.c (test for excess errors)
XPASS: gcc.dg/unroll_2.c (test for excess errors)
XPASS: gcc.dg/unroll_3.c (test for excess errors)
XPASS: gcc.dg/unroll_4.c (test for excess errors)
FAIL: gcc.dg/lto/pr55525 c_lto_pr55525_0.o-c_lto_pr55525_1.o link,  -flto -w 
UNRESOLVED: gcc.dg/lto/pr55525 c_lto_pr55525_0.o-c_lto_pr55525_1.o execute  -flto -w 
FAIL: gcc.dg/torture/tls/run-le.c  -O0  -pie -fpie  execution test
FAIL: gcc.dg/torture/tls/run-le.c  -O1  -pie -fpie  execution test
FAIL: gcc.dg/torture/tls/run-le.c  -O2  -pie -fpie  execution test
FAIL: gcc.dg/torture/tls/run-le.c  -O3 -fomit-frame-pointer  -pie -fpie  execution test
FAIL: gcc.dg/torture/tls/run-le.c  -O3 -g  -pie -fpie  execution test
FAIL: gcc.dg/torture/tls/run-le.c  -Os  -pie -fpie  execution test
FAIL: gcc.dg/torture/tls/run-le.c  -O0  -pie -fPIE  execution test
FAIL: gcc.dg/torture/tls/run-le.c  -O1  -pie -fPIE  execution test
FAIL: gcc.dg/torture/tls/run-le.c  -O2  -pie -fPIE  execution test
FAIL: gcc.dg/torture/tls/run-le.c  -O3 -fomit-frame-pointer  -pie -fPIE  execution test
FAIL: gcc.dg/torture/tls/run-le.c  -O3 -g  -pie -fPIE  execution test
FAIL: gcc.dg/torture/tls/run-le.c  -Os  -pie -fPIE  execution test
FAIL: gcc.dg/torture/tls/thr-init-1.c  -O0  -pie -fpie  execution test
FAIL: gcc.dg/torture/tls/thr-init-1.c  -O1  -pie -fpie  execution test
FAIL: gcc.dg/torture/tls/thr-init-1.c  -O2  -pie -fpie  execution test
FAIL: gcc.dg/torture/tls/thr-init-1.c  -O3 -fomit-frame-pointer  -pie -fpie  execution test
FAIL: gcc.dg/torture/tls/thr-init-1.c  -O3 -g  -pie -fpie  execution test
FAIL: gcc.dg/torture/tls/thr-init-1.c  -Os  -pie -fpie  execution test
FAIL: gcc.dg/torture/tls/thr-init-1.c  -O0  -pie -fPIE  execution test
FAIL: gcc.dg/torture/tls/thr-init-1.c  -O1  -pie -fPIE  execution test
FAIL: gcc.dg/torture/tls/thr-init-1.c  -O2  -pie -fPIE  execution test
FAIL: gcc.dg/torture/tls/thr-init-1.c  -O3 -fomit-frame-pointer  -pie -fPIE  execution test
FAIL: gcc.dg/torture/tls/thr-init-1.c  -O3 -g  -pie -fPIE  execution test
FAIL: gcc.dg/torture/tls/thr-init-1.c  -Os  -pie -fPIE  execution test
FAIL: gcc.dg/torture/tls/thr-init-2.c  -O0  -pie -fpie  execution test
FAIL: gcc.dg/torture/tls/thr-init-2.c  -O1  -pie -fpie  execution test
FAIL: gcc.dg/torture/tls/thr-init-2.c  -O2  -pie -fpie  execution test
FAIL: gcc.dg/torture/tls/thr-init-2.c  -O3 -fomit-frame-pointer  -pie -fpie  execution test
FAIL: gcc.dg/torture/tls/thr-init-2.c  -O3 -g  -pie -fpie  execution test
FAIL: gcc.dg/torture/tls/thr-init-2.c  -Os  -pie -fpie  execution test
FAIL: gcc.dg/torture/tls/thr-init-2.c  -O0  -pie -fPIE  execution test
FAIL: gcc.dg/torture/tls/thr-init-2.c  -O1  -pie -fPIE  execution test
FAIL: gcc.dg/torture/tls/thr-init-2.c  -O2  -pie -fPIE  execution test
FAIL: gcc.dg/torture/tls/thr-init-2.c  -O3 -fomit-frame-pointer  -pie -fPIE  execution test
FAIL: gcc.dg/torture/tls/thr-init-2.c  -O3 -g  -pie -fPIE  execution test
FAIL: gcc.dg/torture/tls/thr-init-2.c  -Os  -pie -fPIE  execution test
FAIL: gcc.dg/torture/tls/tls-test.c  -O0  -pie -fpie  execution test
FAIL: gcc.dg/torture/tls/tls-test.c  -O1  -pie -fpie  execution test
FAIL: gcc.dg/torture/tls/tls-test.c  -O2  -pie -fpie  execution test
FAIL: gcc.dg/torture/tls/tls-test.c  -O3 -fomit-frame-pointer  -pie -fpie  execution test
FAIL: gcc.dg/torture/tls/tls-test.c  -O3 -g  -pie -fpie  execution test
FAIL: gcc.dg/torture/tls/tls-test.c  -Os  -pie -fpie  execution test
FAIL: gcc.dg/torture/tls/tls-test.c  -O0  -pie -fPIE  execution test
FAIL: gcc.dg/torture/tls/tls-test.c  -O1  -pie -fPIE  execution test
FAIL: gcc.dg/torture/tls/tls-test.c  -O2  -pie -fPIE  execution test
FAIL: gcc.dg/torture/tls/tls-test.c  -O3 -fomit-frame-pointer  -pie -fPIE  execution test
FAIL: gcc.dg/torture/tls/tls-test.c  -O3 -g  -pie -fPIE  execution test
FAIL: gcc.dg/torture/tls/tls-test.c  -Os  -pie -fPIE  execution test
FAIL: gcc.dg/tree-ssa/ssa-pre-1.c scan-tree-dump-times pre "Eliminated: 1" 1

		=== gcc Summary ===

# of expected passes		89770
# of unexpected failures	53
# of unexpected successes	5
# of expected failures		254
# of unresolved testcases	1
# of unsupported tests		1821
/home/regress/tbox/native/build/gcc/xgcc  version 4.8.0 20121211 (experimental) (GCC) 

		=== gfortran tests ===


Running target unix
XPASS: gfortran.dg/do_1.f90  -O0  execution test
XPASS: gfortran.dg/do_1.f90  -O1  execution test
FAIL: gfortran.dg/lto/pr45586-2 f_lto_pr45586-2_0.o-f_lto_pr45586-2_0.o link, -O0 -flto -flto-partition=none  (internal compiler error)
UNRESOLVED: gfortran.dg/lto/pr45586-2 f_lto_pr45586-2_0.o-f_lto_pr45586-2_0.o execute -O0 -flto -flto-partition=none 
FAIL: gfortran.dg/lto/pr45586-2 f_lto_pr45586-2_0.o-f_lto_pr45586-2_0.o link, -O0 -flto -flto-partition=1to1  (internal compiler error)
UNRESOLVED: gfortran.dg/lto/pr45586-2 f_lto_pr45586-2_0.o-f_lto_pr45586-2_0.o execute -O0 -flto -flto-partition=1to1 
FAIL: gfortran.dg/lto/pr45586-2 f_lto_pr45586-2_0.o-f_lto_pr45586-2_0.o link, -O0 -flto  (internal compiler error)
UNRESOLVED: gfortran.dg/lto/pr45586-2 f_lto_pr45586-2_0.o-f_lto_pr45586-2_0.o execute -O0 -flto 
FAIL: gfortran.dg/lto/pr45586 f_lto_pr45586_0.o-f_lto_pr45586_0.o link, -O0 -flto -flto-partition=none  (internal compiler error)
UNRESOLVED: gfortran.dg/lto/pr45586 f_lto_pr45586_0.o-f_lto_pr45586_0.o execute -O0 -flto -flto-partition=none 
FAIL: gfortran.dg/lto/pr45586 f_lto_pr45586_0.o-f_lto_pr45586_0.o link, -O0 -flto -flto-partition=1to1  (internal compiler error)
UNRESOLVED: gfortran.dg/lto/pr45586 f_lto_pr45586_0.o-f_lto_pr45586_0.o execute -O0 -flto -flto-partition=1to1 
FAIL: gfortran.dg/lto/pr45586 f_lto_pr45586_0.o-f_lto_pr45586_0.o link, -O0 -flto  (internal compiler error)
UNRESOLVED: gfortran.dg/lto/pr45586 f_lto_pr45586_0.o-f_lto_pr45586_0.o execute -O0 -flto 

		=== gfortran Summary ===

# of expected passes		42202
# of unexpected failures	6
# of unexpected successes	2
# of expected failures		48
# of unresolved testcases	6
# of unsupported tests		221
/home/regress/tbox/native/build/gcc/testsuite/gfortran/../../gfortran  version 4.8.0 20121211 (experimental) (GCC) 

		=== objc tests ===


Running target unix

		=== objc Summary ===

# of expected passes		2988
# of expected failures		6
# of unsupported tests		74
/home/regress/tbox/native/build/gcc/xgcc  version 4.8.0 20121211 (experimental) (GCC) 

		=== boehm-gc tests ===


Running target unix

		=== boehm-gc Summary ===

# of expected passes		12
# of unsupported tests		1
		=== libatomic tests ===


Running target unix

		=== libatomic Summary ===

# of expected passes		44
# of unsupported tests		5
		=== libffi tests ===


Running target unix

		=== libffi Summary ===

# of expected passes		1659
# of unsupported tests		55
		=== libgomp tests ===


Running target unix

		=== libgomp Summary ===

# of expected passes		2932
		=== libitm tests ===


Running target unix

		=== libitm Summary ===

# of expected passes		26
# of expected failures		3
# of unsupported tests		1
		=== libjava tests ===


Running target unix
FAIL: sourcelocation output - source compiled test
FAIL: sourcelocation -findirect-dispatch output - source compiled test
FAIL: sourcelocation -O3 output - source compiled test
FAIL: sourcelocation -O3 -findirect-dispatch output - source compiled test

		=== libjava Summary ===

# of expected passes		2582
# of unexpected failures	4
		=== libmudflap tests ===


Running target unix
FAIL: libmudflap.c/fail17-frag.c (-static) (test for excess errors)
FAIL: libmudflap.c/fail23-frag.c (-static) (test for excess errors)
FAIL: libmudflap.c/fail25-frag.c (-static) (test for excess errors)
FAIL: libmudflap.c/fail4-frag.c (-static) (test for excess errors)
FAIL: libmudflap.c/fail5-frag.c (-static) (test for excess errors)
FAIL: libmudflap.c/fail6-frag.c (-static) (test for excess errors)
FAIL: libmudflap.c/fail7-frag.c (-static) (test for excess errors)
FAIL: libmudflap.c/fail8-frag.c (-static) (test for excess errors)
FAIL: libmudflap.c/fail9-frag.c (-static) (test for excess errors)
FAIL: libmudflap.c/heap-scalestress.c (-static) (test for excess errors)
FAIL: libmudflap.c/hook-allocstuff.c (-static) (test for excess errors)
FAIL: libmudflap.c/pass-stratcliff.c (-static) (test for excess errors)
FAIL: libmudflap.c/pass30-frag.c (-static) (test for excess errors)
FAIL: libmudflap.c/pass30-frag.c (-static) (test for excess errors)
FAIL: libmudflap.c/pass4-frag.c (-static) (test for excess errors)
FAIL: libmudflap.c/pass4-frag.c (-static) (test for excess errors)
FAIL: libmudflap.c/pass45-frag.c (-static) (test for excess errors)
FAIL: libmudflap.c/pass45-frag.c (-static) (test for excess errors)
FAIL: libmudflap.c/pass46-frag.c (-static) (test for excess errors)
FAIL: libmudflap.c/pass46-frag.c (-static) (test for excess errors)
FAIL: libmudflap.c/pass47-frag.c (-static) (test for excess errors)
FAIL: libmudflap.c/pass47-frag.c (-static) (test for excess errors)
FAIL: libmudflap.c/pass49-frag.c (-static) (test for excess errors)
FAIL: libmudflap.c/pass49-frag.c (-static) (test for excess errors)
FAIL: libmudflap.c/pass5-frag.c (-static) (test for excess errors)
FAIL: libmudflap.c/pass5-frag.c (-static) (test for excess errors)
FAIL: libmudflap.c/pass51-frag.c (-static) (test for excess errors)
FAIL: libmudflap.c/pass51-frag.c (-static) (test for excess errors)
FAIL: libmudflap.c/pass52-frag.c (-static) (test for excess errors)
FAIL: libmudflap.c/pass52-frag.c (-static) (test for excess errors)
FAIL: libmudflap.c/pass6-frag.c (-static) (test for excess errors)
FAIL: libmudflap.c/pass6-frag.c (-static) (test for excess errors)
FAIL: libmudflap.c/pass7-frag.c (-static) (test for excess errors)
FAIL: libmudflap.c/pass7-frag.c (-static) (test for excess errors)
FAIL: libmudflap.c/pass8-frag.c (-static) (test for excess errors)
FAIL: libmudflap.c/pass8-frag.c (-static) (test for excess errors)
FAIL: libmudflap.c/pass9-frag.c (-static) (test for excess errors)
FAIL: libmudflap.c/pass9-frag.c (-static) (test for excess errors)
FAIL: libmudflap.c/fail37-frag.c (-O2) crash test
FAIL: libmudflap.c/fail37-frag.c (-O2) output pattern test
FAIL: libmudflap.c/fail37-frag.c (-O3) crash test
FAIL: libmudflap.c/fail37-frag.c (-O3) output pattern test
FAIL: libmudflap.c++/fail24-frag.cxx (-static) (test for excess errors)
FAIL: libmudflap.c++/pass31-frag.cxx (-static) (test for excess errors)
FAIL: libmudflap.c++/pass41-frag.cxx (-static) execution test
FAIL: libmudflap.c++/pass41-frag.cxx ( -O) execution test
FAIL: libmudflap.c++/pass41-frag.cxx (-O2) execution test
FAIL: libmudflap.c++/pass41-frag.cxx (-O3) execution test
FAIL: libmudflap.cth/pass37-frag.c (-static -DSTATIC) (test for excess errors)
FAIL: libmudflap.cth/pass39-frag.c (-static -DSTATIC) (test for excess errors)
FAIL: libmudflap.cth/pass40-frag.c (-static -DSTATIC) (test for excess errors)
FAIL: libmudflap.cth/pass59-frag.c (-static -DSTATIC) (test for excess errors)

		=== libmudflap Summary ===

# of expected passes		1854
# of unexpected failures	52
		=== libstdc++ tests ===


Running target unix

		=== libstdc++ Summary ===

# of expected passes		9150
# of expected failures		43
# of unsupported tests		213

Compiler version: 4.8.0 20121211 (experimental) (GCC) 
Platform: i686-pc-linux-gnu
configure flags: --prefix=/home/regress/tbox/objs --target=i686-pc-linux-gnu


Index Nav: [Date Index] [Subject Index] [Author Index] [Thread Index]
Message Nav: [Date Prev] [Date Next] [Thread Prev] [Thread Next]