This is the mail archive of the gcc-testresults@gcc.gnu.org mailing list for the GCC project.


Index Nav: [Date Index] [Subject Index] [Author Index] [Thread Index]
Message Nav: [Date Prev] [Date Next] [Thread Prev] [Thread Next]
Other format: [Raw text]

Results for 4.6.4 20121207 (prerelease) [gcc-4_6-branch revision 194286] (GCC) testsuite on sparc-sun-solaris2.8


LAST_UPDATED: Fri Dec  7 14:07:30 UTC 2012 (revision 194286)

		=== acats tests ===

		=== acats Summary ===
# of expected passes		2321
# of unexpected failures	0
Native configuration is sparc-sun-solaris2.8

		=== g++ tests ===


Running target unix
XPASS: g++.dg/uninit-pred-3_b.C (test for excess errors)
FAIL: g++.dg/lto/20091219 cp_lto_20091219_0.o-cp_lto_20091219_0.o link, -O3 -flto
UNRESOLVED: g++.dg/lto/20091219 cp_lto_20091219_0.o-cp_lto_20091219_0.o execute -O3 -flto
FAIL: g++.dg/torture/pr31863.C  -O2 -flto  (test for excess errors)

		=== g++ Summary for unix ===

# of expected passes		26464
# of unexpected failures	2
# of unexpected successes	1
# of expected failures		170
# of unresolved testcases	1
# of unsupported tests		504

Running target unix/-m64
FAIL: g++.dg/cpp0x/nullptr28.C execution test
XPASS: g++.dg/uninit-pred-3_b.C (test for excess errors)
FAIL: g++.dg/lto/20091219 cp_lto_20091219_0.o-cp_lto_20091219_0.o link, -O3 -flto
UNRESOLVED: g++.dg/lto/20091219 cp_lto_20091219_0.o-cp_lto_20091219_0.o execute -O3 -flto
FAIL: g++.dg/torture/pr31863.C  -O2 -flto  (test for excess errors)

		=== g++ Summary for unix/-m64 ===

# of expected passes		27075
# of unexpected failures	3
# of unexpected successes	1
# of expected failures		170
# of unresolved testcases	1
# of unsupported tests		501

		=== g++ Summary ===

# of expected passes		53539
# of unexpected failures	5
# of unexpected successes	2
# of expected failures		340
# of unresolved testcases	2
# of unsupported tests		1005
/var/gcc/regression/gcc-4.6-branch/8-gcc/build/gcc/testsuite/g++/../../g++  version 4.6.4 20121207 (prerelease) [gcc-4_6-branch revision 194286] (GCC) 

		=== gcc tests ===


Running target unix
FAIL: gcc.dg/lto/20110201-1 c_lto_20110201-1_0.o-c_lto_20110201-1_0.o link,  -O0 -flto 
UNRESOLVED: gcc.dg/lto/20110201-1 c_lto_20110201-1_0.o-c_lto_20110201-1_0.o execute  -O0 -flto 

		=== gcc Summary for unix ===

# of expected passes		70613
# of unexpected failures	1
# of expected failures		238
# of unresolved testcases	1
# of unsupported tests		1243

Running target unix/-m64

		=== gcc Summary for unix/-m64 ===

# of expected passes		71202
# of expected failures		230
# of unsupported tests		1245

		=== gcc Summary ===

# of expected passes		141815
# of unexpected failures	1
# of expected failures		468
# of unresolved testcases	1
# of unsupported tests		2488
/var/gcc/regression/gcc-4.6-branch/8-gcc/build/gcc/xgcc  version 4.6.4 20121207 (prerelease) [gcc-4_6-branch revision 194286] (GCC) 

		=== gfortran tests ===


Running target unix

		=== gfortran Summary for unix ===

# of expected passes		38469
# of expected failures		43
# of unsupported tests		396

Running target unix/-m64

		=== gfortran Summary for unix/-m64 ===

# of expected passes		38755
# of expected failures		43
# of unsupported tests		252

		=== gfortran Summary ===

# of expected passes		77224
# of expected failures		86
# of unsupported tests		648
/var/gcc/regression/gcc-4.6-branch/8-gcc/build/gcc/testsuite/gfortran/../../gfortran  version 4.6.4 20121207 (prerelease) [gcc-4_6-branch revision 194286] (GCC) 

		=== gnat tests ===


Running target unix

		=== gnat Summary for unix ===

# of expected passes		875
# of expected failures		10
# of unsupported tests		4

Running target unix/-m64

		=== gnat Summary for unix/-m64 ===

# of expected passes		875
# of expected failures		10
# of unsupported tests		4

		=== gnat Summary ===

# of expected passes		1750
# of expected failures		20
# of unsupported tests		8
/var/gcc/regression/gcc-4.6-branch/8-gcc/build/gcc/gnatmake version 4.6.4 20121207 (prerelease) [gcc-4_6-branch revision 194286]

		=== objc tests ===


Running target unix

		=== objc Summary for unix ===

# of expected passes		2916
# of expected failures		10
# of unsupported tests		74

Running target unix/-m64

		=== objc Summary for unix/-m64 ===

# of expected passes		2916
# of expected failures		10
# of unsupported tests		74

		=== objc Summary ===

# of expected passes		5832
# of expected failures		20
# of unsupported tests		148
/var/gcc/regression/gcc-4.6-branch/8-gcc/build/gcc/xgcc  version 4.6.4 20121207 (prerelease) [gcc-4_6-branch revision 194286] (GCC) 

		=== libffi tests ===


Running target unix

		=== libffi Summary for unix ===

# of expected passes		1634
# of expected failures		10
# of unsupported tests		15

Running target unix/-m64

		=== libffi Summary for unix/-m64 ===

# of expected passes		1634
# of expected failures		10
# of unsupported tests		15

		=== libffi Summary ===

# of expected passes		3268
# of expected failures		20
# of unsupported tests		30
		=== libgomp tests ===


Running target unix

		=== libgomp Summary for unix ===

# of expected passes		2614
# of unsupported tests		10

Running target unix/-m64

		=== libgomp Summary for unix/-m64 ===

# of expected passes		2614
# of unsupported tests		10

		=== libgomp Summary ===

# of expected passes		5228
# of unsupported tests		20
		=== libjava tests ===


Running target unix
FAIL: InvokeInterface execution - source compiled test
FAIL: InvokeInterface -O3 execution - source compiled test

		=== libjava Summary for unix ===

# of expected passes		2570
# of unexpected failures	2
# of untested testcases		2

Running target unix/-m64
FAIL: InvokeInterface execution - source compiled test
FAIL: InvokeInterface -O3 execution - source compiled test

		=== libjava Summary for unix/-m64 ===

# of expected passes		2570
# of unexpected failures	2
# of untested testcases		2

		=== libjava Summary ===

# of expected passes		5140
# of unexpected failures	4
# of untested testcases		4
		=== libstdc++ tests ===


Running target unix

		=== libstdc++ Summary for unix ===

# of expected passes		6910
# of expected failures		84
# of unsupported tests		744

Running target unix/-m64

		=== libstdc++ Summary for unix/-m64 ===

# of expected passes		6910
# of expected failures		84
# of unsupported tests		744

		=== libstdc++ Summary ===

# of expected passes		13820
# of expected failures		168
# of unsupported tests		1488

Compiler version: 4.6.4 20121207 (prerelease) [gcc-4_6-branch revision 194286] (GCC) 
Platform: sparc-sun-solaris2.8
configure flags: --prefix=/vol/gcc --target=sparc-sun-solaris2.8 --with-gmp-include=/vol/gcc/include --with-gmp-lib=/vol/gcc/lib --with-mpfr-include=/vol/gcc/include --with-mpfr-lib=/vol/gcc/lib --with-mpc-include=/vol/gcc/include --with-mpc-lib=/vol/gcc/lib --enable-languages=all,ada --without-ppl --without-isl --without-cloog
BOOT_CFLAGS=-g -O2


Index Nav: [Date Index] [Subject Index] [Author Index] [Thread Index]
Message Nav: [Date Prev] [Date Next] [Thread Prev] [Thread Next]