This is the mail archive of the gcc-testresults@gcc.gnu.org mailing list for the GCC project.


Index Nav: [Date Index] [Subject Index] [Author Index] [Thread Index]
Message Nav: [Date Prev] [Date Next] [Thread Prev] [Thread Next]
Other format: [Raw text]

Results for 4.8.0 20121207 (experimental) [trunk revision 194302] (GCC) testsuite on sparcv9-sun-solaris2.11


LAST_UPDATED: Fri Dec  7 14:04:46 UTC 2012 (revision 194302)

		=== acats tests ===

		=== acats Summary ===
# of expected passes		2320
# of unexpected failures	0
Native configuration is sparcv9-sun-solaris2.11

		=== g++ tests ===


Running target unix
FAIL: g++.dg/lto/20091219 cp_lto_20091219_0.o-cp_lto_20091219_0.o link, -O3 -flto
UNRESOLVED: g++.dg/lto/20091219 cp_lto_20091219_0.o-cp_lto_20091219_0.o execute -O3 -flto

		=== g++ Summary for unix ===

# of expected passes		50748
# of unexpected failures	1
# of expected failures		290
# of unresolved testcases	1
# of unsupported tests		889

Running target unix/-m32
FAIL: g++.dg/lto/20091219 cp_lto_20091219_0.o-cp_lto_20091219_0.o link, -O3 -flto
UNRESOLVED: g++.dg/lto/20091219 cp_lto_20091219_0.o-cp_lto_20091219_0.o execute -O3 -flto

		=== g++ Summary for unix/-m32 ===

# of expected passes		49511
# of unexpected failures	1
# of expected failures		290
# of unresolved testcases	1
# of unsupported tests		896

		=== g++ Summary ===

# of expected passes		100259
# of unexpected failures	2
# of expected failures		580
# of unresolved testcases	2
# of unsupported tests		1785
/var/gcc/regression/trunk/11-gcc-64/build/gcc/testsuite/g++/../../xg++  version 4.8.0 20121207 (experimental) [trunk revision 194302] (GCC) 

		=== gcc tests ===


Running target unix
FAIL: gcc.dg/attr-weakref-1.c (test for excess errors)
WARNING: gcc.dg/attr-weakref-1.c compilation failed to produce executable
FAIL: gcc.dg/builtin-object-size-8.c execution test

		=== gcc Summary for unix ===

# of expected passes		81964
# of unexpected failures	2
# of expected failures		306
# of unsupported tests		1599

Running target unix/-m32
FAIL: gcc.dg/attr-weakref-1.c (test for excess errors)
WARNING: gcc.dg/attr-weakref-1.c compilation failed to produce executable
FAIL: gcc.dg/builtin-object-size-8.c execution test
FAIL: gcc.dg/lto/pr55525 c_lto_pr55525_0.o-c_lto_pr55525_1.o link,  -flto -w 
UNRESOLVED: gcc.dg/lto/pr55525 c_lto_pr55525_0.o-c_lto_pr55525_1.o execute  -flto -w 
FAIL: gcc.dg/simulate-thread/atomic-other-int.c  -O2 -g  thread simulation test
FAIL: gcc.dg/simulate-thread/atomic-other-int.c  -O3 -g  thread simulation test
FAIL: gcc.dg/simulate-thread/speculative-store-4.c  -O0 -g  thread simulation test
FAIL: gcc.dg/simulate-thread/speculative-store-4.c  -O2 -g  thread simulation test
FAIL: gcc.dg/simulate-thread/speculative-store-4.c  -O3 -g  thread simulation test
FAIL: gcc.dg/simulate-thread/speculative-store.c  -O0 -g  thread simulation test

		=== gcc Summary for unix/-m32 ===

# of expected passes		81247
# of unexpected failures	9
# of expected failures		317
# of unresolved testcases	1
# of unsupported tests		1638

		=== gcc Summary ===

# of expected passes		163211
# of unexpected failures	11
# of expected failures		623
# of unresolved testcases	1
# of unsupported tests		3237
/var/gcc/regression/trunk/11-gcc-64/build/gcc/xgcc  version 4.8.0 20121207 (experimental) [trunk revision 194302] (GCC) 

		=== gfortran tests ===


Running target unix
XPASS: gfortran.dg/do_1.f90  -O0  execution test
XPASS: gfortran.dg/do_1.f90  -O1  execution test
FAIL: gfortran.dg/lto/pr45586-2 f_lto_pr45586-2_0.o-f_lto_pr45586-2_0.o link, -O0 -flto -flto-partition=none  (internal compiler error)
UNRESOLVED: gfortran.dg/lto/pr45586-2 f_lto_pr45586-2_0.o-f_lto_pr45586-2_0.o execute -O0 -flto -flto-partition=none 
FAIL: gfortran.dg/lto/pr45586-2 f_lto_pr45586-2_0.o-f_lto_pr45586-2_0.o link, -O0 -flto -flto-partition=1to1  (internal compiler error)
UNRESOLVED: gfortran.dg/lto/pr45586-2 f_lto_pr45586-2_0.o-f_lto_pr45586-2_0.o execute -O0 -flto -flto-partition=1to1 
FAIL: gfortran.dg/lto/pr45586-2 f_lto_pr45586-2_0.o-f_lto_pr45586-2_0.o link, -O0 -flto  (internal compiler error)
UNRESOLVED: gfortran.dg/lto/pr45586-2 f_lto_pr45586-2_0.o-f_lto_pr45586-2_0.o execute -O0 -flto 
FAIL: gfortran.dg/lto/pr45586 f_lto_pr45586_0.o-f_lto_pr45586_0.o link, -O0 -flto -flto-partition=none  (internal compiler error)
UNRESOLVED: gfortran.dg/lto/pr45586 f_lto_pr45586_0.o-f_lto_pr45586_0.o execute -O0 -flto -flto-partition=none 
FAIL: gfortran.dg/lto/pr45586 f_lto_pr45586_0.o-f_lto_pr45586_0.o link, -O0 -flto -flto-partition=1to1  (internal compiler error)
UNRESOLVED: gfortran.dg/lto/pr45586 f_lto_pr45586_0.o-f_lto_pr45586_0.o execute -O0 -flto -flto-partition=1to1 
FAIL: gfortran.dg/lto/pr45586 f_lto_pr45586_0.o-f_lto_pr45586_0.o link, -O0 -flto  (internal compiler error)
UNRESOLVED: gfortran.dg/lto/pr45586 f_lto_pr45586_0.o-f_lto_pr45586_0.o execute -O0 -flto 

		=== gfortran Summary for unix ===

# of expected passes		42428
# of unexpected failures	6
# of unexpected successes	2
# of expected failures		50
# of unresolved testcases	6
# of unsupported tests		99

Running target unix/-m32
XPASS: gfortran.dg/do_1.f90  -O0  execution test
XPASS: gfortran.dg/do_1.f90  -O1  execution test
FAIL: gfortran.dg/lto/pr45586-2 f_lto_pr45586-2_0.o-f_lto_pr45586-2_0.o link, -O0 -flto -flto-partition=none  (internal compiler error)
UNRESOLVED: gfortran.dg/lto/pr45586-2 f_lto_pr45586-2_0.o-f_lto_pr45586-2_0.o execute -O0 -flto -flto-partition=none 
FAIL: gfortran.dg/lto/pr45586-2 f_lto_pr45586-2_0.o-f_lto_pr45586-2_0.o link, -O0 -flto -flto-partition=1to1  (internal compiler error)
UNRESOLVED: gfortran.dg/lto/pr45586-2 f_lto_pr45586-2_0.o-f_lto_pr45586-2_0.o execute -O0 -flto -flto-partition=1to1 
FAIL: gfortran.dg/lto/pr45586-2 f_lto_pr45586-2_0.o-f_lto_pr45586-2_0.o link, -O0 -flto  (internal compiler error)
UNRESOLVED: gfortran.dg/lto/pr45586-2 f_lto_pr45586-2_0.o-f_lto_pr45586-2_0.o execute -O0 -flto 
FAIL: gfortran.dg/lto/pr45586 f_lto_pr45586_0.o-f_lto_pr45586_0.o link, -O0 -flto -flto-partition=none  (internal compiler error)
UNRESOLVED: gfortran.dg/lto/pr45586 f_lto_pr45586_0.o-f_lto_pr45586_0.o execute -O0 -flto -flto-partition=none 
FAIL: gfortran.dg/lto/pr45586 f_lto_pr45586_0.o-f_lto_pr45586_0.o link, -O0 -flto -flto-partition=1to1  (internal compiler error)
UNRESOLVED: gfortran.dg/lto/pr45586 f_lto_pr45586_0.o-f_lto_pr45586_0.o execute -O0 -flto -flto-partition=1to1 
FAIL: gfortran.dg/lto/pr45586 f_lto_pr45586_0.o-f_lto_pr45586_0.o link, -O0 -flto  (internal compiler error)
UNRESOLVED: gfortran.dg/lto/pr45586 f_lto_pr45586_0.o-f_lto_pr45586_0.o execute -O0 -flto 

		=== gfortran Summary for unix/-m32 ===

# of expected passes		42102
# of unexpected failures	6
# of unexpected successes	2
# of expected failures		50
# of unresolved testcases	6
# of unsupported tests		259

		=== gfortran Summary ===

# of expected passes		84530
# of unexpected failures	12
# of unexpected successes	4
# of expected failures		100
# of unresolved testcases	12
# of unsupported tests		358
/var/gcc/regression/trunk/11-gcc-64/build/gcc/testsuite/gfortran/../../gfortran  version 4.8.0 20121207 (experimental) [trunk revision 194302] (GCC) 

		=== gnat tests ===


Running target unix/-m32

		=== gnat Summary for unix/-m32 ===

# of expected passes		1124
# of expected failures		17
# of unsupported tests		13

Running target unix

		=== gnat Summary for unix ===

# of expected passes		1124
# of expected failures		17
# of unsupported tests		13

		=== gnat Summary ===

# of expected passes		2248
# of expected failures		34
# of unsupported tests		26
/var/gcc/regression/trunk/11-gcc-64/build/gcc/gnatmake version 4.8.0 20121207 (experimental) [trunk revision 194302]

		=== go tests ===


Running target unix
FAIL: go.go-torture/execute/array-2.go execution,  -O0 
FAIL: go.go-torture/execute/array-2.go execution,  -O1 
FAIL: go.go-torture/execute/array-2.go execution,  -O2 
FAIL: go.go-torture/execute/array-2.go execution,  -O2 -fomit-frame-pointer -finline-functions 
FAIL: go.go-torture/execute/array-2.go execution,  -O2 -fomit-frame-pointer -finline-functions -funroll-loops 
FAIL: go.go-torture/execute/array-2.go execution,  -O2 -fbounds-check 
FAIL: go.go-torture/execute/array-2.go execution,  -O3 -g 
FAIL: go.go-torture/execute/array-2.go execution,  -Os 
FAIL: go.go-torture/execute/chan-1.go execution,  -O0 
FAIL: go.go-torture/execute/chan-1.go execution,  -O1 
FAIL: go.go-torture/execute/chan-1.go execution,  -O2 
FAIL: go.go-torture/execute/chan-1.go execution,  -O2 -fomit-frame-pointer -finline-functions 
FAIL: go.go-torture/execute/chan-1.go execution,  -O2 -fomit-frame-pointer -finline-functions -funroll-loops 
FAIL: go.go-torture/execute/chan-1.go execution,  -O2 -fbounds-check 
FAIL: go.go-torture/execute/chan-1.go execution,  -O3 -g 
FAIL: go.go-torture/execute/chan-1.go execution,  -Os 
FAIL: go.go-torture/execute/go-1.go execution,  -O0 
FAIL: go.go-torture/execute/go-1.go execution,  -O1 
FAIL: go.go-torture/execute/go-1.go execution,  -O2 
FAIL: go.go-torture/execute/go-1.go execution,  -O2 -fomit-frame-pointer -finline-functions 
FAIL: go.go-torture/execute/go-1.go execution,  -O2 -fomit-frame-pointer -finline-functions -funroll-loops 
FAIL: go.go-torture/execute/go-1.go execution,  -O2 -fbounds-check 
FAIL: go.go-torture/execute/go-1.go execution,  -O3 -g 
FAIL: go.go-torture/execute/go-1.go execution,  -Os 
FAIL: go.go-torture/execute/go-2.go execution,  -O0 
FAIL: go.go-torture/execute/go-2.go execution,  -O1 
FAIL: go.go-torture/execute/go-2.go execution,  -O2 
FAIL: go.go-torture/execute/go-2.go execution,  -O2 -fomit-frame-pointer -finline-functions 
FAIL: go.go-torture/execute/go-2.go execution,  -O2 -fomit-frame-pointer -finline-functions -funroll-loops 
FAIL: go.go-torture/execute/go-2.go execution,  -O2 -fbounds-check 
FAIL: go.go-torture/execute/go-2.go execution,  -O3 -g 
FAIL: go.go-torture/execute/go-2.go execution,  -Os 
FAIL: go.go-torture/execute/go-3.go execution,  -O0 
FAIL: go.go-torture/execute/go-3.go execution,  -O1 
FAIL: go.go-torture/execute/go-3.go execution,  -O2 
FAIL: go.go-torture/execute/go-3.go execution,  -O2 -fomit-frame-pointer -finline-functions 
FAIL: go.go-torture/execute/go-3.go execution,  -O2 -fomit-frame-pointer -finline-functions -funroll-loops 
FAIL: go.go-torture/execute/go-3.go execution,  -O2 -fbounds-check 
FAIL: go.go-torture/execute/go-3.go execution,  -O3 -g 
FAIL: go.go-torture/execute/go-3.go execution,  -Os 
FAIL: go.go-torture/execute/method-1.go execution,  -O0 
FAIL: go.go-torture/execute/method-1.go execution,  -O1 
FAIL: go.go-torture/execute/method-1.go execution,  -O2 
FAIL: go.go-torture/execute/method-1.go execution,  -O2 -fomit-frame-pointer -finline-functions 
FAIL: go.go-torture/execute/method-1.go execution,  -O2 -fomit-frame-pointer -finline-functions -funroll-loops 
FAIL: go.go-torture/execute/method-1.go execution,  -O2 -fbounds-check 
FAIL: go.go-torture/execute/method-1.go execution,  -O3 -g 
FAIL: go.go-torture/execute/method-1.go execution,  -Os 
FAIL: go.go-torture/execute/pointer-1.go execution,  -O0 
FAIL: go.go-torture/execute/pointer-1.go execution,  -O1 
FAIL: go.go-torture/execute/pointer-1.go execution,  -O2 
FAIL: go.go-torture/execute/pointer-1.go execution,  -O2 -fomit-frame-pointer -finline-functions 
FAIL: go.go-torture/execute/pointer-1.go execution,  -O2 -fomit-frame-pointer -finline-functions -funroll-loops 
FAIL: go.go-torture/execute/pointer-1.go execution,  -O2 -fbounds-check 
FAIL: go.go-torture/execute/pointer-1.go execution,  -O3 -g 
FAIL: go.go-torture/execute/pointer-1.go execution,  -Os 
FAIL: go.go-torture/execute/select-1.go execution,  -O0 
FAIL: go.go-torture/execute/select-1.go execution,  -O1 
FAIL: go.go-torture/execute/select-1.go execution,  -O2 
FAIL: go.go-torture/execute/select-1.go execution,  -O2 -fomit-frame-pointer -finline-functions 
FAIL: go.go-torture/execute/select-1.go execution,  -O2 -fomit-frame-pointer -finline-functions -funroll-loops 
FAIL: go.go-torture/execute/select-1.go execution,  -O2 -fbounds-check 
FAIL: go.go-torture/execute/select-1.go execution,  -O3 -g 
FAIL: go.go-torture/execute/select-1.go execution,  -Os 
FAIL: go.go-torture/execute/string-2.go execution,  -O0 
FAIL: go.go-torture/execute/string-2.go execution,  -O1 
FAIL: go.go-torture/execute/string-2.go execution,  -O2 
FAIL: go.go-torture/execute/string-2.go execution,  -O2 -fomit-frame-pointer -finline-functions 
FAIL: go.go-torture/execute/string-2.go execution,  -O2 -fomit-frame-pointer -finline-functions -funroll-loops 
FAIL: go.go-torture/execute/string-2.go execution,  -O2 -fbounds-check 
FAIL: go.go-torture/execute/string-2.go execution,  -O3 -g 
FAIL: go.go-torture/execute/string-2.go execution,  -Os 
FAIL: go.test/test/235.go execution,  -O2 -g 
FAIL: go.test/test/64bit.go execution
FAIL: go.test/test/alias1.go execution,  -O2 -g 
FAIL: go.test/test/append.go execution,  -O2 -g 
FAIL: go.test/test/bigalg.go execution,  -O2 -g 
FAIL: go.test/test/blank.go execution,  -O2 -g 
FAIL: go.test/test/bom.go execution
FAIL: go.test/test/chan/doubleselect.go execution,  -O2 -g 
FAIL: go.test/test/chan/fifo.go execution,  -O2 -g 
FAIL: go.test/test/chan/goroutines.go execution,  -O2 -g 
FAIL: go.test/test/chan/nonblock.go execution,  -O2 -g 
FAIL: go.test/test/chan/powser1.go execution,  -O2 -g 
FAIL: go.test/test/chan/powser2.go execution,  -O2 -g 
FAIL: go.test/test/chan/select.go execution,  -O2 -g 
FAIL: go.test/test/chan/select3.go execution,  -O2 -g 
FAIL: go.test/test/chan/select4.go execution,  -O2 -g 
FAIL: go.test/test/chan/select5.go execution
FAIL: go.test/test/chan/select6.go execution,  -O2 -g 
FAIL: go.test/test/chan/select7.go execution,  -O2 -g 
FAIL: go.test/test/chan/sendstmt.go execution,  -O2 -g 
FAIL: go.test/test/chan/sieve1.go execution,  -O2 -g 
FAIL: go.test/test/chan/sieve2.go execution,  -O2 -g 
FAIL: go.test/test/chan/zerosize.go execution,  -O2 -g 
FAIL: go.test/test/chancap.go execution,  -O2 -g 
FAIL: go.test/test/closedchan.go execution,  -O2 -g 
FAIL: go.test/test/cmp.go execution,  -O2 -g 
FAIL: go.test/test/cmplxdivide.go
FAIL: go.test/test/complit.go execution,  -O2 -g 
FAIL: go.test/test/compos.go execution,  -O2 -g 
FAIL: go.test/test/const3.go execution,  -O2 -g 
FAIL: go.test/test/convT2X.go execution,  -O2 -g 
FAIL: go.test/test/convert.go execution,  -O2 -g 
FAIL: go.test/test/copy.go execution,  -O2 -g 
FAIL: go.test/test/crlf.go execution
FAIL: go.test/test/ddd.go execution,  -O2 -g 
FAIL: go.test/test/ddd3.go
FAIL: go.test/test/defer.go execution,  -O2 -g 
FAIL: go.test/test/deferprint.go execution
FAIL: go.test/test/env.go execution,  -O2 -g 
FAIL: go.test/test/escape.go execution,  -O2 -g 
FAIL: go.test/test/escape3.go execution,  -O2 -g 
FAIL: go.test/test/fixedbugs/bug011.go execution,  -O2 -g 
FAIL: go.test/test/fixedbugs/bug021.go execution,  -O2 -g 
FAIL: go.test/test/fixedbugs/bug026.go execution,  -O2 -g 
FAIL: go.test/test/fixedbugs/bug027.go execution,  -O2 -g 
FAIL: go.test/test/fixedbugs/bug045.go execution,  -O2 -g 
FAIL: go.test/test/fixedbugs/bug054.go execution,  -O2 -g 
FAIL: go.test/test/fixedbugs/bug059.go execution,  -O2 -g 
FAIL: go.test/test/fixedbugs/bug067.go execution,  -O2 -g 
FAIL: go.test/test/fixedbugs/bug070.go execution,  -O2 -g 
FAIL: go.test/test/fixedbugs/bug075.go execution,  -O2 -g 
FAIL: go.test/test/fixedbugs/bug084.go execution,  -O2 -g 
FAIL: go.test/test/fixedbugs/bug097.go execution,  -O2 -g 
FAIL: go.test/test/fixedbugs/bug099.go execution,  -O2 -g 
FAIL: go.test/test/fixedbugs/bug102.go execution,  -O2 -g 
FAIL: go.test/test/fixedbugs/bug111.go execution,  -O2 -g 
FAIL: go.test/test/fixedbugs/bug113.go execution,  -O2 -g 
FAIL: go.test/test/fixedbugs/bug119.go execution,  -O2 -g 
FAIL: go.test/test/fixedbugs/bug120.go execution,  -O2 -g 
FAIL: go.test/test/fixedbugs/bug130.go execution,  -O2 -g 
FAIL: go.test/test/fixedbugs/bug141.go execution,  -O2 -g 
FAIL: go.test/test/fixedbugs/bug147.go execution,  -O2 -g 
FAIL: go.test/test/fixedbugs/bug148.go execution,  -O2 -g 
FAIL: go.test/test/fixedbugs/bug152.go execution,  -O2 -g 
FAIL: go.test/test/fixedbugs/bug154.go execution,  -O2 -g 
FAIL: go.test/test/fixedbugs/bug159.go execution,  -O2 -g 
FAIL: go.test/test/fixedbugs/bug177.go execution,  -O2 -g 
FAIL: go.test/test/fixedbugs/bug184.go execution,  -O2 -g 
FAIL: go.test/test/fixedbugs/bug187.go execution,  -O2 -g 
FAIL: go.test/test/fixedbugs/bug201.go execution,  -O2 -g 
FAIL: go.test/test/fixedbugs/bug204.go execution,  -O2 -g 
FAIL: go.test/test/fixedbugs/bug206.go execution
FAIL: go.test/test/fixedbugs/bug207.go execution,  -O2 -g 
FAIL: go.test/test/fixedbugs/bug221.go execution,  -O2 -g 
FAIL: go.test/test/fixedbugs/bug225.go execution,  -O2 -g 
FAIL: go.test/test/fixedbugs/bug230.go execution,  -O2 -g 
FAIL: go.test/test/fixedbugs/bug234.go execution,  -O2 -g 
FAIL: go.test/test/fixedbugs/bug236.go execution,  -O2 -g 
FAIL: go.test/test/fixedbugs/bug242.go execution,  -O2 -g 
FAIL: go.test/test/fixedbugs/bug243.go execution,  -O2 -g 
FAIL: go.test/test/fixedbugs/bug247.go execution,  -O2 -g 
FAIL: go.test/test/fixedbugs/bug248.go
FAIL: go.test/test/fixedbugs/bug257.go execution,  -O2 -g 
FAIL: go.test/test/fixedbugs/bug259.go execution,  -O2 -g 
FAIL: go.test/test/fixedbugs/bug260.go execution,  -O2 -g 
FAIL: go.test/test/fixedbugs/bug261.go execution,  -O2 -g 
FAIL: go.test/test/fixedbugs/bug262.go execution,  -O2 -g 
FAIL: go.test/test/fixedbugs/bug263.go execution,  -O2 -g 
FAIL: go.test/test/fixedbugs/bug265.go execution,  -O2 -g 
FAIL: go.test/test/fixedbugs/bug266.go execution,  -O2 -g 
FAIL: go.test/test/fixedbugs/bug269.go execution,  -O2 -g 
FAIL: go.test/test/fixedbugs/bug271.go execution,  -O2 -g 
FAIL: go.test/test/fixedbugs/bug272.go execution,  -O2 -g 
FAIL: go.test/test/fixedbugs/bug273.go execution,  -O2 -g 
FAIL: go.test/test/fixedbugs/bug281.go execution,  -O2 -g 
FAIL: go.test/test/fixedbugs/bug285.go execution,  -O2 -g 
FAIL: go.test/test/fixedbugs/bug286.go execution,  -O2 -g 
FAIL: go.test/test/fixedbugs/bug293.go execution,  -O2 -g 
FAIL: go.test/test/fixedbugs/bug294.go execution,  -O2 -g 
FAIL: go.test/test/fixedbugs/bug295.go execution,  -O2 -g 
FAIL: go.test/test/fixedbugs/bug303.go execution,  -O2 -g 
FAIL: go.test/test/fixedbugs/bug311.go execution,  -O2 -g 
FAIL: go.test/test/fixedbugs/bug312.go execution,  -O2 -g 
FAIL: go.test/test/fixedbugs/bug314.go execution,  -O2 -g 
FAIL: go.test/test/fixedbugs/bug317.go execution,  -O2 -g 
FAIL: go.test/test/fixedbugs/bug320.go execution,  -O2 -g 
FAIL: go.test/test/fixedbugs/bug322.go
FAIL: go.test/test/fixedbugs/bug324.go
FAIL: go.test/test/fixedbugs/bug327.go execution,  -O2 -g 
FAIL: go.test/test/fixedbugs/bug329.go execution,  -O2 -g 
FAIL: go.test/test/fixedbugs/bug333.go execution,  -O2 -g 
FAIL: go.test/test/fixedbugs/bug336.go execution,  -O2 -g 
FAIL: go.test/test/fixedbugs/bug339.go execution,  -O2 -g 
FAIL: go.test/test/fixedbugs/bug343.go execution,  -O2 -g 
FAIL: go.test/test/fixedbugs/bug346.go execution,  -O2 -g 
FAIL: go.test/test/fixedbugs/bug347.go execution,  -O0 -g 
FAIL: go.test/test/fixedbugs/bug348.go execution,  -O0 -g 
FAIL: go.test/test/fixedbugs/bug364.go execution,  -O2 -g 
FAIL: go.test/test/fixedbugs/bug366.go execution,  -O2 -g 
FAIL: go.test/test/fixedbugs/bug367.go
FAIL: go.test/test/fixedbugs/bug369.go
FAIL: go.test/test/fixedbugs/bug370.go execution,  -O2 -g 
FAIL: go.test/test/fixedbugs/bug375.go execution,  -O2 -g 
FAIL: go.test/test/fixedbugs/bug378.go execution,  -O2 -g 
FAIL: go.test/test/fixedbugs/bug401.go execution,  -O2 -g 
FAIL: go.test/test/fixedbugs/bug402.go execution,  -O2 -g 
FAIL: go.test/test/fixedbugs/bug405.go execution,  -O2 -g 
FAIL: go.test/test/fixedbugs/bug406.go execution,  -O2 -g 
FAIL: go.test/test/fixedbugs/bug414.go
FAIL: go.test/test/fixedbugs/bug423.go execution,  -O2 -g 
FAIL: go.test/test/fixedbugs/bug424.go
FAIL: go.test/test/fixedbugs/bug428.go execution,  -O2 -g 
FAIL: go.test/test/fixedbugs/bug441.go execution,  -O2 -g 
FAIL: go.test/test/fixedbugs/bug442.go execution,  -O2 -g 
FAIL: go.test/test/fixedbugs/bug444.go execution,  -O2 -g 
FAIL: go.test/test/fixedbugs/bug447.go execution
FAIL: go.test/test/fixedbugs/bug449.go execution
FAIL: go.test/test/func.go execution,  -O2 -g 
FAIL: go.test/test/func5.go execution,  -O2 -g 
FAIL: go.test/test/func8.go execution,  -O2 -g 
FAIL: go.test/test/gc.go execution,  -O2 -g 
FAIL: go.test/test/gc1.go execution,  -O2 -g 
FAIL: go.test/test/gc2.go execution,  -O2 -g 
FAIL: go.test/test/goprint.go execution
FAIL: go.test/test/index0.go execution
FAIL: go.test/test/index1.go execution
FAIL: go.test/test/index2.go execution
FAIL: go.test/test/initialize.go execution,  -O2 -g 
FAIL: go.test/test/interface/bigdata.go execution,  -O2 -g 
FAIL: go.test/test/interface/convert.go execution,  -O2 -g 
FAIL: go.test/test/interface/embed.go execution,  -O2 -g 
FAIL: go.test/test/interface/embed1.go
FAIL: go.test/test/interface/fail.go execution,  -O2 -g 
FAIL: go.test/test/interface/fake.go execution,  -O2 -g 
FAIL: go.test/test/interface/noeq.go execution,  -O2 -g 
FAIL: go.test/test/interface/receiver.go execution,  -O2 -g 
FAIL: go.test/test/interface/returntype.go execution,  -O2 -g 
FAIL: go.test/test/interface/struct.go execution,  -O2 -g 
FAIL: go.test/test/ken/array.go execution,  -O2 -g 
FAIL: go.test/test/ken/chan.go execution,  -O2 -g 
FAIL: go.test/test/ken/chan1.go execution,  -O2 -g 
FAIL: go.test/test/ken/cplx3.go execution,  -O2 -g 
FAIL: go.test/test/ken/cplx4.go execution,  -O2 -g 
FAIL: go.test/test/ken/cplx5.go execution,  -O2 -g 
FAIL: go.test/test/ken/embed.go execution,  -O2 -g 
FAIL: go.test/test/ken/interbasic.go execution,  -O2 -g 
FAIL: go.test/test/ken/interfun.go execution,  -O2 -g 
FAIL: go.test/test/ken/intervar.go execution,  -O2 -g 
FAIL: go.test/test/ken/ptrfun.go execution,  -O2 -g 
FAIL: go.test/test/ken/rob1.go execution,  -O2 -g 
FAIL: go.test/test/ken/rob2.go execution,  -O2 -g 
FAIL: go.test/test/ken/robfunc.go execution,  -O2 -g 
FAIL: go.test/test/ken/simparray.go execution,  -O2 -g 
FAIL: go.test/test/ken/simpbool.go execution,  -O2 -g 
FAIL: go.test/test/ken/simpswitch.go execution,  -O2 -g 
FAIL: go.test/test/ken/string.go execution
FAIL: go.test/test/mallocfin.go execution,  -O2 -g 
FAIL: go.test/test/map.go execution,  -O2 -g 
FAIL: go.test/test/method.go execution,  -O2 -g 
FAIL: go.test/test/method3.go execution,  -O2 -g 
FAIL: go.test/test/method4.go
FAIL: go.test/test/named.go execution,  -O2 -g 
FAIL: go.test/test/nil.go execution,  -O2 -g 
FAIL: go.test/test/nul1.go execution
FAIL: go.test/test/peano.go execution,  -O2 -g 
FAIL: go.test/test/range.go execution,  -O2 -g 
FAIL: go.test/test/recover.go execution,  -O2 -g 
FAIL: go.test/test/recover1.go execution,  -O2 -g 
FAIL: go.test/test/recover2.go execution,  -O2 -g 
FAIL: go.test/test/recover3.go execution,  -O2 -g 
FAIL: go.test/test/reorder.go execution,  -O2 -g 
FAIL: go.test/test/reorder2.go execution,  -O2 -g 
FAIL: go.test/test/string_lit.go execution,  -O2 -g 
FAIL: go.test/test/stringrange.go execution,  -O2 -g 
FAIL: go.test/test/struct0.go execution,  -O2 -g 
FAIL: go.test/test/switch.go execution,  -O2 -g 
FAIL: go.test/test/turing.go execution,  -O2 -g 
FAIL: go.test/test/typeswitch.go execution,  -O2 -g 
FAIL: go.test/test/typeswitch1.go execution,  -O2 -g 
FAIL: go.test/test/utf.go execution,  -O2 -g 
FAIL: go.test/test/zerodivide.go execution,  -O2 -g 

		=== go Summary for unix ===

# of expected passes		2016
# of unexpected failures	273
# of expected failures		1
# of untested testcases		10

Running target unix/-m32
FAIL: go.test/test/fixedbugs/bug257.go execution,  -O2 -g 

		=== go Summary for unix/-m32 ===

# of expected passes		5080
# of unexpected failures	1
# of expected failures		1
# of untested testcases		6

		=== go Summary ===

# of expected passes		7096
# of unexpected failures	274
# of expected failures		2
# of untested testcases		16
/var/gcc/regression/trunk/11-gcc-64/build/gcc/testsuite/go/../../gccgo  version 4.8.0 20121207 (experimental) [trunk revision 194302] (GCC) 

		=== obj-c++ tests ===


Running target unix/-m32

		=== obj-c++ Summary for unix/-m32 ===

# of expected passes		1450
# of expected failures		2
# of unsupported tests		86

Running target unix

		=== obj-c++ Summary for unix ===

# of expected passes		1442
# of expected failures		10
# of unsupported tests		86

		=== obj-c++ Summary ===

# of expected passes		2892
# of expected failures		12
# of unsupported tests		172
/var/gcc/regression/trunk/11-gcc-64/build/gcc/testsuite/obj-c++/../../xg++  version 4.8.0 20121207 (experimental) [trunk revision 194302] (GCC) 

		=== objc tests ===


Running target unix

		=== objc Summary for unix ===

# of expected passes		2994
# of unsupported tests		74

Running target unix/-m32

		=== objc Summary for unix/-m32 ===

# of expected passes		2994
# of unsupported tests		74

		=== objc Summary ===

# of expected passes		5988
# of unsupported tests		148
/var/gcc/regression/trunk/11-gcc-64/build/gcc/xgcc  version 4.8.0 20121207 (experimental) [trunk revision 194302] (GCC) 

		=== boehm-gc tests ===


Running target unix/-m32

		=== boehm-gc Summary for unix/-m32 ===

# of expected passes		12
# of unsupported tests		1

Running target unix

		=== boehm-gc Summary for unix ===

# of expected passes		12
# of unsupported tests		1

		=== boehm-gc Summary ===

# of expected passes		24
# of unsupported tests		2
		=== libatomic tests ===


Running target unix/-m32

		=== libatomic Summary for unix/-m32 ===

# of expected passes		34
# of unsupported tests		10

Running target unix

		=== libatomic Summary for unix ===

# of expected passes		44
# of unsupported tests		5

		=== libatomic Summary ===

# of expected passes		78
# of unsupported tests		15
		=== libffi tests ===


Running target unix/-m32

		=== libffi Summary for unix/-m32 ===

# of expected passes		1659
# of unsupported tests		55

Running target unix

		=== libffi Summary for unix ===

# of expected passes		1659
# of unsupported tests		55

		=== libffi Summary ===

# of expected passes		3318
# of unsupported tests		110
		=== libgo tests ===


Running target unix
FAIL: bufio
FAIL: bytes
FAIL: errors
FAIL: expvar
FAIL: flag
FAIL: fmt
FAIL: html
FAIL: image
FAIL: io
FAIL: log
FAIL: math
FAIL: mime
FAIL: net
FAIL: os
FAIL: path
FAIL: reflect
FAIL: regexp
FAIL: runtime
FAIL: sort
FAIL: strconv
FAIL: strings
FAIL: sync
FAIL: syscall
FAIL: time
FAIL: unicode
FAIL: archive/tar
FAIL: archive/zip
FAIL: compress/bzip2
FAIL: compress/flate
FAIL: compress/gzip
FAIL: compress/lzw
FAIL: compress/zlib
FAIL: container/heap
FAIL: container/list
FAIL: container/ring
FAIL: crypto/aes
FAIL: crypto/cipher
FAIL: crypto/des
FAIL: crypto/dsa
FAIL: crypto/ecdsa
FAIL: crypto/elliptic
FAIL: crypto/hmac
FAIL: crypto/md5
FAIL: crypto/rand
FAIL: crypto/rc4
FAIL: crypto/rsa
FAIL: crypto/sha1
FAIL: crypto/sha256
FAIL: crypto/sha512
FAIL: crypto/subtle
FAIL: crypto/tls
FAIL: crypto/x509
FAIL: database/sql
FAIL: database/sql/driver
FAIL: debug/dwarf
FAIL: debug/elf
FAIL: debug/macho
FAIL: debug/pe
FAIL: encoding/ascii85
FAIL: encoding/asn1
FAIL: encoding/base32
FAIL: encoding/base64
FAIL: encoding/binary
FAIL: encoding/csv
FAIL: encoding/gob
FAIL: encoding/hex
FAIL: encoding/json
FAIL: encoding/pem
FAIL: encoding/xml
FAIL: exp/ebnf
FAIL: exp/html
FAIL: exp/html/atom
FAIL: exp/locale/collate
FAIL: exp/locale/collate/build
FAIL: exp/norm
FAIL: exp/proxy
FAIL: exp/terminal
FAIL: exp/types
FAIL: exp/utf8string
FAIL: html/template
FAIL: go/ast
FAIL: go/doc
FAIL: go/parser
FAIL: go/printer
FAIL: go/scanner
FAIL: go/token
FAIL: hash/adler32
FAIL: hash/crc32
FAIL: hash/crc64
FAIL: hash/fnv
FAIL: image/color
FAIL: image/draw
FAIL: image/jpeg
FAIL: image/png
FAIL: index/suffixarray
FAIL: io/ioutil
FAIL: log/syslog
FAIL: math/big
FAIL: math/cmplx
FAIL: math/rand
FAIL: mime/multipart
FAIL: net/http
FAIL: net/http/cgi
FAIL: net/http/fcgi
FAIL: net/http/httptest
FAIL: net/http/httputil
FAIL: net/mail
FAIL: net/rpc
FAIL: net/smtp
FAIL: net/textproto
FAIL: net/url
FAIL: net/rpc/jsonrpc
FAIL: old/netchan
FAIL: old/regexp
FAIL: old/template
FAIL: os/exec
FAIL: os/signal
FAIL: os/user
FAIL: path/filepath
FAIL: regexp/syntax
FAIL: runtime/pprof
FAIL: sync/atomic
FAIL: text/scanner
FAIL: text/tabwriter
FAIL: text/template
FAIL: text/template/parse
FAIL: testing/quick
FAIL: unicode/utf16
FAIL: unicode/utf8

		=== libgo Summary for unix ===

# of unexpected failures	129

Running target unix/-m32
FAIL: net
FAIL: syscall
FAIL: archive/tar
FAIL: crypto/hmac
FAIL: crypto/md5
FAIL: crypto/tls
FAIL: crypto/x509
FAIL: net/http
FAIL: net/smtp
FAIL: text/template
FAIL: testing/quick

		=== libgo Summary for unix/-m32 ===

# of expected passes		118
# of unexpected failures	11

		=== libgo Summary ===

# of expected passes		118
# of unexpected failures	140
/var/gcc/regression/trunk/11-gcc-64/build/./gcc/gccgo version 4.8.0 20121207 (experimental) [trunk revision 194302] (GCC)

		=== libgomp tests ===


Running target unix/-m32

		=== libgomp Summary for unix/-m32 ===

# of expected passes		2926
# of unsupported tests		3

Running target unix

		=== libgomp Summary for unix ===

# of expected passes		2926
# of unsupported tests		3

		=== libgomp Summary ===

# of expected passes		5852
# of unsupported tests		6
		=== libitm tests ===


Running target unix/-m32

		=== libitm Summary for unix/-m32 ===

# of expected passes		26
# of expected failures		3
# of unsupported tests		1

Running target unix

		=== libitm Summary for unix ===

# of expected passes		26
# of expected failures		3
# of unsupported tests		1

		=== libitm Summary ===

# of expected passes		52
# of expected failures		6
# of unsupported tests		2
		=== libjava tests ===


Running target unix/-m32
FAIL: sourcelocation output - source compiled test
FAIL: sourcelocation -findirect-dispatch output - source compiled test
FAIL: sourcelocation -O3 output - source compiled test
FAIL: sourcelocation -O3 -findirect-dispatch output - source compiled test

		=== libjava Summary for unix/-m32 ===

# of expected passes		2582
# of unexpected failures	4

Running target unix
FAIL: sourcelocation output - source compiled test
FAIL: sourcelocation -findirect-dispatch output - source compiled test
FAIL: sourcelocation -O3 output - source compiled test
FAIL: sourcelocation -O3 -findirect-dispatch output - source compiled test

		=== libjava Summary for unix ===

# of expected passes		2582
# of unexpected failures	4

		=== libjava Summary ===

# of expected passes		5164
# of unexpected failures	8
		=== libmudflap tests ===


Running target unix/-m32
FAIL: libmudflap.c/fail37-frag.c (-O2) crash test
FAIL: libmudflap.c/fail37-frag.c (-O2) output pattern test
FAIL: libmudflap.c/fail37-frag.c (-O3) crash test
FAIL: libmudflap.c/fail37-frag.c (-O3) output pattern test
FAIL: libmudflap.c++/pass41-frag.cxx ( -O) execution test
FAIL: libmudflap.c++/pass41-frag.cxx (-O2) execution test
FAIL: libmudflap.c++/pass41-frag.cxx (-O3) execution test

		=== libmudflap Summary for unix/-m32 ===

# of expected passes		1435
# of unexpected failures	7

Running target unix
FAIL: libmudflap.c/fail37-frag.c (-O2) crash test
FAIL: libmudflap.c/fail37-frag.c (-O2) output pattern test
FAIL: libmudflap.c/fail37-frag.c (-O3) crash test
FAIL: libmudflap.c/fail37-frag.c (-O3) output pattern test
FAIL: libmudflap.c++/pass41-frag.cxx ( -O) execution test
FAIL: libmudflap.c++/pass55-frag.cxx ( -O) execution test
FAIL: libmudflap.c++/pass41-frag.cxx (-O2) execution test
FAIL: libmudflap.c++/pass55-frag.cxx (-O2) execution test
FAIL: libmudflap.c++/pass41-frag.cxx (-O3) execution test
FAIL: libmudflap.c++/pass55-frag.cxx (-O3) execution test

		=== libmudflap Summary for unix ===

# of expected passes		1432
# of unexpected failures	10

		=== libmudflap Summary ===

# of expected passes		2867
# of unexpected failures	17
		=== libstdc++ tests ===


Running target unix

		=== libstdc++ Summary for unix ===

# of expected passes		8219
# of expected failures		43
# of unsupported tests		583

Running target unix/-m32

		=== libstdc++ Summary for unix/-m32 ===

# of expected passes		8219
# of expected failures		43
# of unsupported tests		583

		=== libstdc++ Summary ===

# of expected passes		16438
# of expected failures		86
# of unsupported tests		1166

Compiler version: 4.8.0 20121207 (experimental) [trunk revision 194302] (GCC) 
Platform: sparcv9-sun-solaris2.11
configure flags: --prefix=/vol/gcc --target=sparcv9-sun-solaris2.11 --enable-objc-gc --enable-libmudflap --with-host-libstdcxx='-L/vol/gcc-4.4/lib/sparcv9 -Wl,-Bstatic -lstdc++ -Wl,-Bdynamic -lm' --with-boot-ldflags='-static-libstdc++ -static-libgcc -L/vol/gcc-4.4/lib/sparcv9' --with-gmp-include=/vol/gcc/include --with-gmp-lib=/vol/gcc/lib/sparcv9 --with-mpfr-include=/vol/gcc/include --with-mpfr-lib=/vol/gcc/lib/sparcv9 --with-mpc-include=/vol/gcc/include --with-mpc-lib=/vol/gcc/lib/sparcv9 --enable-languages=all,ada,obj-c++,go --without-isl --without-cloog --build=sparcv9-sun-solaris2.11 --host=sparcv9-sun-solaris2.11
BOOT_CFLAGS=-g -O2


Index Nav: [Date Index] [Subject Index] [Author Index] [Thread Index]
Message Nav: [Date Prev] [Date Next] [Thread Prev] [Thread Next]