This is the mail archive of the gcc-testresults@gcc.gnu.org mailing list for the GCC project.


Index Nav: [Date Index] [Subject Index] [Author Index] [Thread Index]
Message Nav: [Date Prev] [Date Next] [Thread Prev] [Thread Next]
Other format: [Raw text]

Results for 4.8.0 20121208 (experimental) [trunk revision 194316] (GCC) testsuite on powerpc-ibm-aix7.1.0.0"


LAST_UPDATED: Sat Dec  8 03:31:00 UTC 2012 (revision 194316)

Native configuration is powerpc-ibm-aix7.1.0.0

		=== g++ tests ===


Running target unix
FAIL: g++.dg/bprob/g++-bprob-2.C compilation,  -g  -fbranch-probabilities
UNRESOLVED: g++.dg/bprob/g++-bprob-2.C execution,    -g  -fbranch-probabilities
FAIL: g++.dg/bprob/g++-bprob-2.C compilation,  -O0  -fbranch-probabilities
UNRESOLVED: g++.dg/bprob/g++-bprob-2.C execution,    -O0  -fbranch-probabilities
FAIL: g++.dg/bprob/g++-bprob-2.C compilation,  -O1  -fbranch-probabilities
UNRESOLVED: g++.dg/bprob/g++-bprob-2.C execution,    -O1  -fbranch-probabilities
FAIL: g++.dg/bprob/g++-bprob-2.C compilation,  -O2  -fbranch-probabilities
UNRESOLVED: g++.dg/bprob/g++-bprob-2.C execution,    -O2  -fbranch-probabilities
FAIL: g++.dg/bprob/g++-bprob-2.C compilation,  -O3  -fbranch-probabilities
UNRESOLVED: g++.dg/bprob/g++-bprob-2.C execution,    -O3  -fbranch-probabilities
FAIL: g++.dg/bprob/g++-bprob-2.C compilation,  -O3 -g  -fbranch-probabilities
UNRESOLVED: g++.dg/bprob/g++-bprob-2.C execution,    -O3 -g
-fbranch-probabilities
FAIL: g++.dg/bprob/g++-bprob-2.C compilation,  -Os  -fbranch-probabilities
UNRESOLVED: g++.dg/bprob/g++-bprob-2.C execution,    -Os  -fbranch-probabilities
FAIL: tmpdir-g++.dg-struct-layout-1/t024
cp_compat_x_tst.o-cp_compat_y_tst.o execute
FAIL: tmpdir-g++.dg-struct-layout-1/t026
cp_compat_x_tst.o-cp_compat_y_tst.o execute
FAIL: tmpdir-g++.dg-struct-layout-1/t028
cp_compat_x_tst.o-cp_compat_y_tst.o execute
FAIL: tmpdir-g++.dg-struct-layout-1/t029
cp_compat_x_tst.o-cp_compat_y_tst.o execute
FAIL: tmpdir-g++.dg-struct-layout-1/t030
cp_compat_x_tst.o-cp_compat_y_tst.o execute
FAIL: g++.dg/abi/vtt1.C -std=c++98  scan-assembler _ZTT1B
FAIL: g++.dg/abi/vtt1.C -std=c++11  scan-assembler _ZTT1B
FAIL: g++.dg/cpp/ucn-1.C (test for excess errors)
FAIL: g++.dg/cpp0x/constexpr-55573.C (test for excess errors)
FAIL: g++.dg/ext/alignof2.C -std=c++98 execution test
FAIL: g++.dg/ext/alignof2.C -std=c++11 execution test
FAIL: g++.dg/ext/visibility/anon1.C -std=c++98  scan-assembler-not
globl.*_ZN.*1fEv
FAIL: g++.dg/ext/visibility/anon1.C -std=c++11  scan-assembler-not
globl.*_ZN.*1fEv
FAIL: g++.dg/ext/visibility/anon2.C -std=c++98  scan-assembler-not globl.*_Z1fv
FAIL: g++.dg/ext/visibility/anon2.C -std=c++11  scan-assembler-not globl.*_Z1fv
FAIL: g++.dg/init/new40.C -std=c++98 execution test
FAIL: g++.dg/init/new40.C -std=c++11 execution test
FAIL: g++.dg/template/linkage1.C -std=c++11  scan-assembler-not
(weak|glob)[^\\n]*_Z3fooIXadL_ZL11static_funcvEEEvv
FAIL: g++.dg/warn/pr31246.C -std=gnu++98 (test for excess errors)
FAIL: g++.dg/warn/pr31246.C -std=gnu++11 (test for excess errors)
FAIL: g++.dg/tls/diag-1.C -std=c++98 (internal compiler error)
FAIL: g++.dg/tls/diag-1.C -std=c++98 (test for excess errors)
FAIL: g++.dg/tls/diag-1.C -std=c++11 (internal compiler error)
FAIL: g++.dg/tls/diag-1.C -std=c++11 (test for excess errors)
FAIL: g++.dg/tls/thread_local3.C -std=gnu++11 (test for excess errors)
WARNING: g++.dg/tls/thread_local3.C -std=gnu++11 compilation failed to
produce executable
FAIL: g++.dg/tls/thread_local4.C -std=gnu++11 (test for excess errors)
WARNING: g++.dg/tls/thread_local4.C -std=gnu++11 compilation failed to
produce executable
FAIL: g++.dg/tls/thread_local5.C -std=gnu++11 (test for excess errors)
WARNING: g++.dg/tls/thread_local5.C -std=gnu++11 compilation failed to
produce executable
FAIL: g++.dg/tls/thread_local6.C (test for excess errors)
WARNING: g++.dg/tls/thread_local6.C compilation failed to produce executable
XPASS: g++.old-deja/g++.other/init19.C -std=c++98 execution test
XPASS: g++.old-deja/g++.other/init19.C -std=c++11 execution test

		=== g++ Summary ===

# of expected passes		45334
# of unexpected failures	35
# of unexpected successes	2
# of expected failures		314
# of unresolved testcases	7
# of unsupported tests		971
/tmp/20121207/gcc/testsuite/g++/../../xg++  version 4.8.0 20121208
(experimental) [trunk revision 194316] (GCC)

		=== gcc tests ===


Running target unix
FAIL: gcc.dg/cpp/assert4.c (test for excess errors)
FAIL: gcc.dg/cpp/trad/include.c (test for excess errors)
FAIL: gcc.dg/alias-7.c execution test
FAIL: gcc.dg/asm-names.c scan-assembler-not ____frob14
FAIL: gcc.dg/builtin-object-size-8.c execution test
FAIL: gcc.dg/pthread-init-2.c (test for excess errors)
FAIL: gcc.dg/sms-1.c scan-rtl-dump-times sms "SMS succeeded" 1
FAIL: gcc.dg/sms-10.c scan-rtl-dump-times sms "SMS succeeded" 1
FAIL: gcc.dg/sms-3.c execution test
FAIL: gcc.dg/sms-5.c execution test
FAIL: gcc.dg/sms-6.c execution test
FAIL: gcc.dg/sms-7.c execution test
FAIL: gcc.dg/stack-usage-1.c scan-file foo\\t(256|264)\\tstatic
FAIL: gcc.dg/tree-ssa/sra-12.c scan-tree-dump-times release_ssa "l;" 0
FAIL: gcc.dg/tree-ssa/ssa-dom-thread-4.c scan-tree-dump-times dom1 "Threaded" 3
FAIL: gcc.dg/tree-ssa/vrp47.c scan-tree-dump-times vrp1 "[xy][^ ]* !=" 0
FAIL: gcc.dg/tree-ssa/vrp47.c scan-tree-dump-times dom2 "x[^ ]* & y" 1
FAIL: gcc.dg/vect/pr49352.c (test for excess errors)
FAIL: gcc.dg/vect/vect-44.c scan-tree-dump-times vect "Alignment of
access forced using peeling" 1
FAIL: gcc.dg/vect/vect-50.c scan-tree-dump-times vect "Alignment of
access forced using peeling" 1
FAIL: gcc.dg/vect/vect-82_64.c (test for excess errors)
UNRESOLVED: gcc.dg/vect/vect-82_64.c scan-tree-dump-times vect
"vectorized 1 loops" 1
FAIL: gcc.dg/vect/vect-83_64.c (test for excess errors)
UNRESOLVED: gcc.dg/vect/vect-83_64.c scan-tree-dump-times vect
"vectorized 1 loops" 1
FAIL: gcc.dg/vect/slp-widen-mult-half.c execution test
FAIL: gcc.dg/vect/aligned-section-anchors-nest-1.c scan-ipa-dump-times
increase_alignment "Increasing alignment of decl" 3
FAIL: gcc.dg/vect/no-scevccp-outer-6-global.c scan-tree-dump-times
vect "OUTER LOOP VECTORIZED." 1
FAIL: gcc.dg/vmx/3a-07.c  -O3 -g  execution test
FAIL: gcc.dg/vmx/3b-01.c  -O0  execution test
FAIL: gcc.dg/vmx/3b-01.c  -O3 -g  execution test
FAIL: gcc.dg/vmx/3b-01.c  -Os  execution test
FAIL: gcc.dg/vmx/3b-02.c  -O3 -g  execution test
FAIL: gcc.dg/vmx/3b-02.c  -Os  execution test
FAIL: gcc.dg/vmx/3b-14.c  -O0  execution test
FAIL: gcc.dg/vmx/3b-14.c  -O1  execution test
FAIL: gcc.dg/vmx/3b-14.c  -O2  execution test
FAIL: gcc.dg/vmx/3b-14.c  -O3 -fomit-frame-pointer  execution test
FAIL: gcc.dg/vmx/3b-14.c  -O3 -g  execution test
FAIL: gcc.dg/vmx/3b-14.c  -Os  execution test
FAIL: gcc.dg/vmx/varargs-4.c  -O0  execution test
FAIL: gcc.dg/vmx/varargs-4.c  -O1  execution test
FAIL: gcc.dg/vmx/varargs-4.c  -O3 -g  execution test
FAIL: gcc.dg/vmx/varargs-4.c  -Os  execution test
FAIL: gcc.dg/vmx/zero-1.c  -O3 -g  execution test
FAIL: gcc.dg/vmx/zero.c  -O3 -g  execution test
FAIL: gcc.dg/vmx/zero.c  -Os  execution test
FAIL: gcc.misc-tests/gcov-14.c (test for excess errors)
WARNING: gcc.misc-tests/gcov-14.c compilation failed to produce executable
FAIL: gcc.misc-tests/gcov-14.c gcov failed: gcov-14.c.gov does not exist
FAIL: gcc.target/powerpc/ppc-vector-memcpy.c scan-assembler lvx

		=== gcc Summary ===

# of expected passes		67830
# of unexpected failures	47
# of expected failures		192
# of unresolved testcases	2
# of unsupported tests		1284
/tmp/20121207/gcc/xgcc  version 4.8.0 20121208 (experimental) [trunk
revision 194316] (GCC)

		=== gfortran tests ===


Running target unix
XPASS: gfortran.dg/do_1.f90  -O0  execution test
XPASS: gfortran.dg/do_1.f90  -O1  execution test
FAIL: gfortran.dg/nint_2.f90  -O0  execution test
FAIL: gfortran.dg/sms-2.f90  -O3 -fomit-frame-pointer -funroll-loops
execution test
FAIL: gfortran.dg/sms-2.f90  -O3 -fomit-frame-pointer
-funroll-all-loops -finline-functions  execution test
FAIL: gfortran.fortran-torture/execute/intrinsic_nearest.f90 execution,  -O0
FAIL: gfortran.fortran-torture/execute/intrinsic_nearest.f90 execution,  -O1
FAIL: gfortran.fortran-torture/execute/intrinsic_nearest.f90 execution,  -O2
FAIL: gfortran.fortran-torture/execute/intrinsic_nearest.f90
execution,  -O2 -fomit-frame-pointer -finline-functions
FAIL: gfortran.fortran-torture/execute/intrinsic_nearest.f90
execution,  -O2 -fomit-frame-pointer -finline-functions -funroll-loops
FAIL: gfortran.fortran-torture/execute/intrinsic_nearest.f90
execution,  -O2 -fbounds-check
FAIL: gfortran.fortran-torture/execute/intrinsic_nearest.f90 execution,  -O3 -g
FAIL: gfortran.fortran-torture/execute/intrinsic_nearest.f90 execution,  -Os
FAIL: gfortran.fortran-torture/execute/intrinsic_nearest.f90
execution, -O2 -ftree-vectorize -maltivec
FAIL: gfortran.fortran-torture/execute/stack_varsize.f90 execution,
-O2 -ftree-vectorize -maltivec

		=== gfortran Summary ===

# of expected passes		41492
# of unexpected failures	13
# of unexpected successes	2
# of expected failures		65
# of unsupported tests		381
/tmp/20121207/gcc/testsuite/gfortran/../../gfortran  version 4.8.0
20121208 (experimental) [trunk revision 194316] (GCC)

		=== objc tests ===


Running target unix
FAIL: objc.dg-struct-layout-encoding-1/t026_main.m execution test

		=== objc Summary ===

# of expected passes		2879
# of unexpected failures	1
# of expected failures		10
# of unsupported tests		66
/tmp/20121207/gcc/xgcc  version 4.8.0 20121208 (experimental) [trunk
revision 194316] (GCC)

		=== libatomic tests ===


Running target unix

		=== libatomic Summary ===

# of expected passes		34
# of unsupported tests		10
		=== libgomp tests ===


Running target unix
FAIL: libgomp.c++/collapse-2.C  -Os  execution test
WARNING: program timed out.
FAIL: libgomp.c++/loop-12.C  -O3 -g  execution test
FAIL: libgomp.fortran/recursion1.f90  -O0  execution test
WARNING: program timed out.
FAIL: libgomp.fortran/recursion1.f90  -O1  execution test
FAIL: libgomp.fortran/recursion1.f90  -O2  execution test
FAIL: libgomp.fortran/recursion1.f90  -O3 -fomit-frame-pointer  execution test
FAIL: libgomp.fortran/recursion1.f90  -O3 -fomit-frame-pointer
-funroll-loops  execution test
FAIL: libgomp.fortran/recursion1.f90  -O3 -fomit-frame-pointer
-funroll-all-loops -finline-functions  execution test
FAIL: libgomp.fortran/recursion1.f90  -O3 -g  execution test
FAIL: libgomp.fortran/recursion1.f90  -Os  execution test

		=== libgomp Summary ===

# of expected passes		2916
# of unexpected failures	10
# of unsupported tests		3
		=== libstdc++ tests ===


Running target unix
FAIL: 17_intro/static.cc (test for excess errors)
FAIL: 18_support/50594.cc execution test
FAIL: 21_strings/basic_string/inserters_extractors/wchar_t/28277.cc
execution test
FAIL: 23_containers/vector/profile/vector.cc execution test
FAIL: 26_numerics/headers/cmath/c99_classification_macros_c.cc (test
for excess errors)
FAIL: 27_io/basic_ostream/inserters_character/wchar_t/28277-3.cc execution test
FAIL: 27_io/basic_ostream/inserters_character/wchar_t/2277-4.cc execution test
FAIL: 27_io/ios_base/storage/11584.cc execution test
FAIL: 27_io/objects/char/6.cc execution test
FAIL: 27_io/objects/wchar_t/6.cc execution test
FAIL: ext/headers.cc (test for excess errors)
FAIL: ext/mt_allocator/check_new.cc execution test
FAIL: ext/pool_allocator/check_new.cc execution test
FAIL: ext/vstring/inserters_extractors/wchar_t/28277.cc execution test

		=== libstdc++ Summary ===

# of expected passes		7707
# of unexpected failures	14
# of expected failures		42
# of unsupported tests		603

Compiler version: 4.8.0 20121208 (experimental) [trunk revision 194316] (GCC)
Platform: powerpc-ibm-aix7.1.0.0
configure flags:
--prefix=/gsa/yktgsa/home/e/d/edelsohn/install/powerpc-ibm-aix7.1.0.0-20121207
--disable-werror --enable-languages=c,c++,fortran,objc
--with-gmp=/usr/gnu --with-mpfr=/usr/gnu --with-cloog=no --with-ppl=no
--disable-libstdcxx-pch --with-boot-ldflags=-L/usr/gnu/lib


Index Nav: [Date Index] [Subject Index] [Author Index] [Thread Index]
Message Nav: [Date Prev] [Date Next] [Thread Prev] [Thread Next]