This is the mail archive of the
gcc-testresults@gcc.gnu.org
mailing list for the GCC project.
Results for 4.8.0 20121205 (experimental) [trunk revision 194228] (GCC) testsuite on powerpc-ibm-aix7.1.0.0
- From: David Edelsohn <dje dot gcc at gmail dot com>
- To: GCC Testresults <gcc-testresults at gcc dot gnu dot org>
- Date: Thu, 6 Dec 2012 20:00:42 -0500
- Subject: Results for 4.8.0 20121205 (experimental) [trunk revision 194228] (GCC) testsuite on powerpc-ibm-aix7.1.0.0
These are the current results for native TLS enabled
LAST_UPDATED: Wed Dec 5 23:01:05 UTC 2012 (revision 194228)
Native configuration is powerpc-ibm-aix7.1.0.0
=== g++ tests ===
Running target unix
FAIL: g++.dg/bprob/g++-bprob-2.C compilation, -g -fbranch-probabilities
UNRESOLVED: g++.dg/bprob/g++-bprob-2.C execution, -g -fbranch-probabilities
FAIL: g++.dg/bprob/g++-bprob-2.C compilation, -O0 -fbranch-probabilities
UNRESOLVED: g++.dg/bprob/g++-bprob-2.C execution, -O0 -fbranch-probabilities
FAIL: g++.dg/bprob/g++-bprob-2.C compilation, -O1 -fbranch-probabilities
UNRESOLVED: g++.dg/bprob/g++-bprob-2.C execution, -O1 -fbranch-probabilities
FAIL: g++.dg/bprob/g++-bprob-2.C compilation, -O2 -fbranch-probabilities
UNRESOLVED: g++.dg/bprob/g++-bprob-2.C execution, -O2 -fbranch-probabilities
FAIL: g++.dg/bprob/g++-bprob-2.C compilation, -O3 -fbranch-probabilities
UNRESOLVED: g++.dg/bprob/g++-bprob-2.C execution, -O3 -fbranch-probabilities
FAIL: g++.dg/bprob/g++-bprob-2.C compilation, -O3 -g -fbranch-probabilities
UNRESOLVED: g++.dg/bprob/g++-bprob-2.C execution, -O3 -g
-fbranch-probabilities
FAIL: g++.dg/bprob/g++-bprob-2.C compilation, -Os -fbranch-probabilities
UNRESOLVED: g++.dg/bprob/g++-bprob-2.C execution, -Os -fbranch-probabilities
FAIL: tmpdir-g++.dg-struct-layout-1/t024
cp_compat_x_tst.o-cp_compat_y_tst.o execute
FAIL: tmpdir-g++.dg-struct-layout-1/t026
cp_compat_x_tst.o-cp_compat_y_tst.o execute
FAIL: tmpdir-g++.dg-struct-layout-1/t028
cp_compat_x_tst.o-cp_compat_y_tst.o execute
FAIL: tmpdir-g++.dg-struct-layout-1/t029
cp_compat_x_tst.o-cp_compat_y_tst.o execute
FAIL: tmpdir-g++.dg-struct-layout-1/t030
cp_compat_x_tst.o-cp_compat_y_tst.o execute
FAIL: g++.dg/abi/vtt1.C -std=c++98 scan-assembler _ZTT1B
FAIL: g++.dg/abi/vtt1.C -std=c++11 scan-assembler _ZTT1B
FAIL: g++.dg/cpp/ucn-1.C (test for excess errors)
FAIL: g++.dg/ext/alignof2.C -std=c++98 execution test
FAIL: g++.dg/ext/alignof2.C -std=c++11 execution test
FAIL: g++.dg/ext/visibility/anon1.C -std=c++98 scan-assembler-not
globl.*_ZN.*1fEv
FAIL: g++.dg/ext/visibility/anon1.C -std=c++11 scan-assembler-not
globl.*_ZN.*1fEv
FAIL: g++.dg/ext/visibility/anon2.C -std=c++98 scan-assembler-not globl.*_Z1fv
FAIL: g++.dg/ext/visibility/anon2.C -std=c++11 scan-assembler-not globl.*_Z1fv
FAIL: g++.dg/init/new40.C -std=c++98 execution test
FAIL: g++.dg/init/new40.C -std=c++11 execution test
FAIL: g++.dg/template/linkage1.C -std=c++11 scan-assembler-not
(weak|glob)[^\\n]*_Z3fooIXadL_ZL11static_funcvEEEvv
FAIL: g++.dg/warn/pr31246.C -std=gnu++98 (test for excess errors)
FAIL: g++.dg/warn/pr31246.C -std=gnu++11 (test for excess errors)
FAIL: g++.dg/gomp/tls-5.C -std=c++11 scan-assembler-not \\\\.data
FAIL: g++.dg/tls/thread_local-cse.C (test for excess errors)
WARNING: g++.dg/tls/thread_local-cse.C compilation failed to produce executable
FAIL: g++.dg/tls/thread_local-order2.C (test for excess errors)
WARNING: g++.dg/tls/thread_local-order2.C compilation failed to
produce executable
FAIL: g++.dg/tls/thread_local2.C (test for excess errors)
WARNING: g++.dg/tls/thread_local2.C compilation failed to produce executable
FAIL: g++.dg/tls/thread_local2g.C (test for excess errors)
WARNING: g++.dg/tls/thread_local2g.C compilation failed to produce executable
FAIL: g++.dg/tls/thread_local3.C -std=gnu++11 (test for excess errors)
WARNING: g++.dg/tls/thread_local3.C -std=gnu++11 compilation failed to
produce executable
FAIL: g++.dg/tls/thread_local4.C -std=gnu++11 (test for excess errors)
WARNING: g++.dg/tls/thread_local4.C -std=gnu++11 compilation failed to
produce executable
FAIL: g++.dg/tls/thread_local5.C -std=gnu++11 (test for excess errors)
WARNING: g++.dg/tls/thread_local5.C -std=gnu++11 compilation failed to
produce executable
FAIL: g++.dg/tls/thread_local6.C (test for excess errors)
WARNING: g++.dg/tls/thread_local6.C compilation failed to produce executable
FAIL: g++.dg/tls/thread_local7.C scan-assembler-not \\\\.data
FAIL: g++.dg/tls/thread_local7g.C scan-assembler-not \\\\.data
FAIL: g++.dg/tree-prof/indir-call-prof-2.C compilation, -fprofile-generate
UNRESOLVED: g++.dg/tree-prof/indir-call-prof-2.C execution,
-fprofile-generate
UNRESOLVED: g++.dg/tree-prof/indir-call-prof-2.C compilation, -fprofile-use
UNRESOLVED: g++.dg/tree-prof/indir-call-prof-2.C execution, -fprofile-use
FAIL: g++.dg/tree-prof/indir-call-prof.C compilation, -fprofile-generate
UNRESOLVED: g++.dg/tree-prof/indir-call-prof.C execution, -fprofile-generate
UNRESOLVED: g++.dg/tree-prof/indir-call-prof.C compilation, -fprofile-use
UNRESOLVED: g++.dg/tree-prof/indir-call-prof.C execution, -fprofile-use
FAIL: g++.dg/tree-prof/inline_mismatch_args.C compilation, -fprofile-generate
UNRESOLVED: g++.dg/tree-prof/inline_mismatch_args.C execution,
-fprofile-generate
UNRESOLVED: g++.dg/tree-prof/inline_mismatch_args.C compilation, -fprofile-use
UNRESOLVED: g++.dg/tree-prof/inline_mismatch_args.C execution, -fprofile-use
FAIL: g++.dg/tree-prof/partition1.C compilation, -fprofile-generate
UNRESOLVED: g++.dg/tree-prof/partition1.C execution, -fprofile-generate
UNRESOLVED: g++.dg/tree-prof/partition1.C compilation, -fprofile-use
UNRESOLVED: g++.dg/tree-prof/partition1.C execution, -fprofile-use
FAIL: g++.dg/tree-prof/partition2.C compilation, -fprofile-generate
UNRESOLVED: g++.dg/tree-prof/partition2.C execution, -fprofile-generate
UNRESOLVED: g++.dg/tree-prof/partition2.C compilation, -fprofile-use
UNRESOLVED: g++.dg/tree-prof/partition2.C execution, -fprofile-use
FAIL: g++.dg/tree-prof/partition3.C compilation, -fprofile-generate
UNRESOLVED: g++.dg/tree-prof/partition3.C execution, -fprofile-generate
UNRESOLVED: g++.dg/tree-prof/partition3.C compilation, -fprofile-use
UNRESOLVED: g++.dg/tree-prof/partition3.C execution, -fprofile-use
FAIL: g++.dg/tree-prof/pr51719.C compilation, -fprofile-generate
UNRESOLVED: g++.dg/tree-prof/pr51719.C execution, -fprofile-generate
UNRESOLVED: g++.dg/tree-prof/pr51719.C compilation, -fprofile-use
UNRESOLVED: g++.dg/tree-prof/pr51719.C execution, -fprofile-use
FAIL: g++.dg/tree-prof/pr53460.C compilation, -fprofile-generate
UNRESOLVED: g++.dg/tree-prof/pr53460.C execution, -fprofile-generate
UNRESOLVED: g++.dg/tree-prof/pr53460.C compilation, -fprofile-use
UNRESOLVED: g++.dg/tree-prof/pr53460.C execution, -fprofile-use
XPASS: g++.old-deja/g++.other/init19.C -std=c++98 execution test
XPASS: g++.old-deja/g++.other/init19.C -std=c++11 execution test
=== g++ Summary ===
# of expected passes 45264
# of unexpected failures 45
# of unexpected successes 2
# of expected failures 313
# of unresolved testcases 31
# of unsupported tests 969
/tmp/20121206/gcc/testsuite/g++/../../xg++ version 4.8.0 20121205
(experimental) [trunk revision 194228] (GCC)
=== gcc tests ===
Running target unix
FAIL: gcc.dg/cpp/assert4.c (test for excess errors)
FAIL: gcc.dg/cpp/trad/include.c (test for excess errors)
FAIL: gcc.dg/alias-7.c execution test
FAIL: gcc.dg/asm-names.c scan-assembler-not ____frob14
FAIL: gcc.dg/builtin-object-size-8.c execution test
FAIL: gcc.dg/pr47793.c (test for excess errors)
WARNING: gcc.dg/pr47793.c compilation failed to produce executable
UNRESOLVED: gcc.dg/pr47793.c scan-file .
FAIL: gcc.dg/profile-generate-3.c (test for excess errors)
FAIL: gcc.dg/pthread-init-2.c (test for excess errors)
FAIL: gcc.dg/sms-1.c scan-rtl-dump-times sms "SMS succeeded" 1
FAIL: gcc.dg/sms-10.c scan-rtl-dump-times sms "SMS succeeded" 1
FAIL: gcc.dg/sms-3.c execution test
FAIL: gcc.dg/sms-5.c execution test
FAIL: gcc.dg/sms-6.c execution test
FAIL: gcc.dg/sms-7.c execution test
FAIL: gcc.dg/stack-usage-1.c scan-file foo\\t(256|264)\\tstatic
FAIL: gcc.dg/tls/opt-12.c execution test
FAIL: gcc.dg/tls/thr-init-2.c (test for excess errors)
WARNING: gcc.dg/tls/thr-init-2.c compilation failed to produce executable
FAIL: gcc.dg/torture/tls/thr-init-1.c -O0 (test for excess errors)
WARNING: gcc.dg/torture/tls/thr-init-1.c -O0 compilation failed to
produce executable
FAIL: gcc.dg/torture/tls/thr-init-1.c -O1 (test for excess errors)
WARNING: gcc.dg/torture/tls/thr-init-1.c -O1 compilation failed to
produce executable
FAIL: gcc.dg/torture/tls/thr-init-1.c -O2 (test for excess errors)
WARNING: gcc.dg/torture/tls/thr-init-1.c -O2 compilation failed to
produce executable
FAIL: gcc.dg/torture/tls/thr-init-1.c -O3 -fomit-frame-pointer (test
for excess errors)
WARNING: gcc.dg/torture/tls/thr-init-1.c -O3 -fomit-frame-pointer
compilation failed to produce executable
FAIL: gcc.dg/torture/tls/thr-init-1.c -O3 -g (test for excess errors)
WARNING: gcc.dg/torture/tls/thr-init-1.c -O3 -g compilation failed
to produce executable
FAIL: gcc.dg/torture/tls/thr-init-1.c -Os (test for excess errors)
WARNING: gcc.dg/torture/tls/thr-init-1.c -Os compilation failed to
produce executable
FAIL: gcc.dg/torture/tls/thr-init-1.c -O0 -fpic (test for excess errors)
WARNING: gcc.dg/torture/tls/thr-init-1.c -O0 -fpic compilation
failed to produce executable
FAIL: gcc.dg/torture/tls/thr-init-1.c -O1 -fpic (test for excess errors)
WARNING: gcc.dg/torture/tls/thr-init-1.c -O1 -fpic compilation
failed to produce executable
FAIL: gcc.dg/torture/tls/thr-init-1.c -O2 -fpic (test for excess errors)
WARNING: gcc.dg/torture/tls/thr-init-1.c -O2 -fpic compilation
failed to produce executable
FAIL: gcc.dg/torture/tls/thr-init-1.c -O3 -fomit-frame-pointer -fpic
(test for excess errors)
WARNING: gcc.dg/torture/tls/thr-init-1.c -O3 -fomit-frame-pointer
-fpic compilation failed to produce executable
FAIL: gcc.dg/torture/tls/thr-init-1.c -O3 -g -fpic (test for excess errors)
WARNING: gcc.dg/torture/tls/thr-init-1.c -O3 -g -fpic compilation
failed to produce executable
FAIL: gcc.dg/torture/tls/thr-init-1.c -Os -fpic (test for excess errors)
WARNING: gcc.dg/torture/tls/thr-init-1.c -Os -fpic compilation
failed to produce executable
FAIL: gcc.dg/torture/tls/thr-init-1.c -O0 -fPIC (test for excess errors)
WARNING: gcc.dg/torture/tls/thr-init-1.c -O0 -fPIC compilation
failed to produce executable
FAIL: gcc.dg/torture/tls/thr-init-1.c -O1 -fPIC (test for excess errors)
WARNING: gcc.dg/torture/tls/thr-init-1.c -O1 -fPIC compilation
failed to produce executable
FAIL: gcc.dg/torture/tls/thr-init-1.c -O2 -fPIC (test for excess errors)
WARNING: gcc.dg/torture/tls/thr-init-1.c -O2 -fPIC compilation
failed to produce executable
FAIL: gcc.dg/torture/tls/thr-init-1.c -O3 -fomit-frame-pointer -fPIC
(test for excess errors)
WARNING: gcc.dg/torture/tls/thr-init-1.c -O3 -fomit-frame-pointer
-fPIC compilation failed to produce executable
FAIL: gcc.dg/torture/tls/thr-init-1.c -O3 -g -fPIC (test for excess errors)
WARNING: gcc.dg/torture/tls/thr-init-1.c -O3 -g -fPIC compilation
failed to produce executable
FAIL: gcc.dg/torture/tls/thr-init-1.c -Os -fPIC (test for excess errors)
WARNING: gcc.dg/torture/tls/thr-init-1.c -Os -fPIC compilation
failed to produce executable
FAIL: gcc.dg/torture/tls/thr-init-2.c -O0 (test for excess errors)
WARNING: gcc.dg/torture/tls/thr-init-2.c -O0 compilation failed to
produce executable
FAIL: gcc.dg/torture/tls/thr-init-2.c -O1 (test for excess errors)
WARNING: gcc.dg/torture/tls/thr-init-2.c -O1 compilation failed to
produce executable
FAIL: gcc.dg/torture/tls/thr-init-2.c -O2 (test for excess errors)
WARNING: gcc.dg/torture/tls/thr-init-2.c -O2 compilation failed to
produce executable
FAIL: gcc.dg/torture/tls/thr-init-2.c -O3 -fomit-frame-pointer (test
for excess errors)
WARNING: gcc.dg/torture/tls/thr-init-2.c -O3 -fomit-frame-pointer
compilation failed to produce executable
FAIL: gcc.dg/torture/tls/thr-init-2.c -O3 -g (test for excess errors)
WARNING: gcc.dg/torture/tls/thr-init-2.c -O3 -g compilation failed
to produce executable
FAIL: gcc.dg/torture/tls/thr-init-2.c -Os (test for excess errors)
WARNING: gcc.dg/torture/tls/thr-init-2.c -Os compilation failed to
produce executable
FAIL: gcc.dg/torture/tls/thr-init-2.c -O0 -fpic (test for excess errors)
WARNING: gcc.dg/torture/tls/thr-init-2.c -O0 -fpic compilation
failed to produce executable
FAIL: gcc.dg/torture/tls/thr-init-2.c -O1 -fpic (test for excess errors)
WARNING: gcc.dg/torture/tls/thr-init-2.c -O1 -fpic compilation
failed to produce executable
FAIL: gcc.dg/torture/tls/thr-init-2.c -O2 -fpic (test for excess errors)
WARNING: gcc.dg/torture/tls/thr-init-2.c -O2 -fpic compilation
failed to produce executable
FAIL: gcc.dg/torture/tls/thr-init-2.c -O3 -fomit-frame-pointer -fpic
(test for excess errors)
WARNING: gcc.dg/torture/tls/thr-init-2.c -O3 -fomit-frame-pointer
-fpic compilation failed to produce executable
FAIL: gcc.dg/torture/tls/thr-init-2.c -O3 -g -fpic (test for excess errors)
WARNING: gcc.dg/torture/tls/thr-init-2.c -O3 -g -fpic compilation
failed to produce executable
FAIL: gcc.dg/torture/tls/thr-init-2.c -Os -fpic (test for excess errors)
WARNING: gcc.dg/torture/tls/thr-init-2.c -Os -fpic compilation
failed to produce executable
FAIL: gcc.dg/torture/tls/thr-init-2.c -O0 -fPIC (test for excess errors)
WARNING: gcc.dg/torture/tls/thr-init-2.c -O0 -fPIC compilation
failed to produce executable
FAIL: gcc.dg/torture/tls/thr-init-2.c -O1 -fPIC (test for excess errors)
WARNING: gcc.dg/torture/tls/thr-init-2.c -O1 -fPIC compilation
failed to produce executable
FAIL: gcc.dg/torture/tls/thr-init-2.c -O2 -fPIC (test for excess errors)
WARNING: gcc.dg/torture/tls/thr-init-2.c -O2 -fPIC compilation
failed to produce executable
FAIL: gcc.dg/torture/tls/thr-init-2.c -O3 -fomit-frame-pointer -fPIC
(test for excess errors)
WARNING: gcc.dg/torture/tls/thr-init-2.c -O3 -fomit-frame-pointer
-fPIC compilation failed to produce executable
FAIL: gcc.dg/torture/tls/thr-init-2.c -O3 -g -fPIC (test for excess errors)
WARNING: gcc.dg/torture/tls/thr-init-2.c -O3 -g -fPIC compilation
failed to produce executable
FAIL: gcc.dg/torture/tls/thr-init-2.c -Os -fPIC (test for excess errors)
WARNING: gcc.dg/torture/tls/thr-init-2.c -Os -fPIC compilation
failed to produce executable
FAIL: gcc.dg/torture/tls/tls-test.c -O2 -fpic execution test
FAIL: gcc.dg/torture/tls/tls-test.c -O3 -fomit-frame-pointer -fpic
execution test
FAIL: gcc.dg/torture/tls/tls-test.c -O3 -g -fpic execution test
FAIL: gcc.dg/torture/tls/tls-test.c -Os -fpic execution test
FAIL: gcc.dg/torture/tls/tls-test.c -O2 -fPIC execution test
FAIL: gcc.dg/torture/tls/tls-test.c -O3 -fomit-frame-pointer -fPIC
execution test
FAIL: gcc.dg/torture/tls/tls-test.c -O3 -g -fPIC execution test
FAIL: gcc.dg/torture/tls/tls-test.c -Os -fPIC execution test
FAIL: gcc.dg/tree-prof/bb-reorg.c compilation, -fprofile-generate
-D_PROFILE_GENERATE
UNRESOLVED: gcc.dg/tree-prof/bb-reorg.c execution,
-fprofile-generate -D_PROFILE_GENERATE
UNRESOLVED: gcc.dg/tree-prof/bb-reorg.c compilation, -fprofile-use
-D_PROFILE_USE
UNRESOLVED: gcc.dg/tree-prof/bb-reorg.c execution, -fprofile-use
-D_PROFILE_USE
FAIL: gcc.dg/tree-prof/ic-misattribution-1.c compilation,
-fprofile-generate -D_PROFILE_GENERATE
UNRESOLVED: gcc.dg/tree-prof/ic-misattribution-1.c execution,
-fprofile-generate -D_PROFILE_GENERATE
UNRESOLVED: gcc.dg/tree-prof/ic-misattribution-1.c compilation,
-fprofile-use -D_PROFILE_USE
UNRESOLVED: gcc.dg/tree-prof/ic-misattribution-1.c execution,
-fprofile-use -D_PROFILE_USE
FAIL: gcc.dg/tree-prof/ic-misattribution-1a.c compilation,
-fprofile-generate -D_PROFILE_GENERATE
UNRESOLVED: gcc.dg/tree-prof/ic-misattribution-1a.c execution,
-fprofile-generate -D_PROFILE_GENERATE
UNRESOLVED: gcc.dg/tree-prof/ic-misattribution-1a.c compilation,
-fprofile-use -D_PROFILE_USE
UNRESOLVED: gcc.dg/tree-prof/ic-misattribution-1a.c execution,
-fprofile-use -D_PROFILE_USE
FAIL: gcc.dg/tree-prof/indir-call-prof.c compilation,
-fprofile-generate -D_PROFILE_GENERATE
UNRESOLVED: gcc.dg/tree-prof/indir-call-prof.c execution,
-fprofile-generate -D_PROFILE_GENERATE
UNRESOLVED: gcc.dg/tree-prof/indir-call-prof.c compilation,
-fprofile-use -D_PROFILE_USE
UNRESOLVED: gcc.dg/tree-prof/indir-call-prof.c execution,
-fprofile-use -D_PROFILE_USE
FAIL: gcc.dg/tree-prof/inliner-1.c compilation, -fprofile-generate
-D_PROFILE_GENERATE
UNRESOLVED: gcc.dg/tree-prof/inliner-1.c execution,
-fprofile-generate -D_PROFILE_GENERATE
UNRESOLVED: gcc.dg/tree-prof/inliner-1.c compilation, -fprofile-use
-D_PROFILE_USE
UNRESOLVED: gcc.dg/tree-prof/inliner-1.c execution, -fprofile-use
-D_PROFILE_USE
FAIL: gcc.dg/tree-prof/peel-1.c compilation, -fprofile-generate
-D_PROFILE_GENERATE
UNRESOLVED: gcc.dg/tree-prof/peel-1.c execution, -fprofile-generate
-D_PROFILE_GENERATE
UNRESOLVED: gcc.dg/tree-prof/peel-1.c compilation, -fprofile-use -D_PROFILE_USE
UNRESOLVED: gcc.dg/tree-prof/peel-1.c execution, -fprofile-use -D_PROFILE_USE
FAIL: gcc.dg/tree-prof/pr34999.c compilation, -fprofile-generate
-D_PROFILE_GENERATE (internal compiler error)
UNRESOLVED: gcc.dg/tree-prof/pr34999.c execution,
-fprofile-generate -D_PROFILE_GENERATE
UNRESOLVED: gcc.dg/tree-prof/pr34999.c compilation, -fprofile-use
-D_PROFILE_USE
UNRESOLVED: gcc.dg/tree-prof/pr34999.c execution, -fprofile-use
-D_PROFILE_USE
FAIL: gcc.dg/tree-prof/pr44777.c compilation, -fprofile-generate
-D_PROFILE_GENERATE
UNRESOLVED: gcc.dg/tree-prof/pr44777.c execution,
-fprofile-generate -D_PROFILE_GENERATE
UNRESOLVED: gcc.dg/tree-prof/pr44777.c compilation, -fprofile-use
-D_PROFILE_USE
UNRESOLVED: gcc.dg/tree-prof/pr44777.c execution, -fprofile-use
-D_PROFILE_USE
FAIL: gcc.dg/tree-prof/pr45354.c compilation, -fprofile-generate
-D_PROFILE_GENERATE
UNRESOLVED: gcc.dg/tree-prof/pr45354.c execution,
-fprofile-generate -D_PROFILE_GENERATE
UNRESOLVED: gcc.dg/tree-prof/pr45354.c compilation, -fprofile-use
-D_PROFILE_USE
UNRESOLVED: gcc.dg/tree-prof/pr45354.c execution, -fprofile-use
-D_PROFILE_USE
FAIL: gcc.dg/tree-prof/pr47187.c compilation, -fprofile-generate
-D_PROFILE_GENERATE
UNRESOLVED: gcc.dg/tree-prof/pr47187.c execution,
-fprofile-generate -D_PROFILE_GENERATE
UNRESOLVED: gcc.dg/tree-prof/pr47187.c compilation, -fprofile-use
-D_PROFILE_USE
UNRESOLVED: gcc.dg/tree-prof/pr47187.c execution, -fprofile-use
-D_PROFILE_USE
FAIL: gcc.dg/tree-prof/pr49299-1.c compilation, -fprofile-generate
-D_PROFILE_GENERATE
UNRESOLVED: gcc.dg/tree-prof/pr49299-1.c execution,
-fprofile-generate -D_PROFILE_GENERATE
UNRESOLVED: gcc.dg/tree-prof/pr49299-1.c compilation, -fprofile-use
-D_PROFILE_USE
UNRESOLVED: gcc.dg/tree-prof/pr49299-1.c execution, -fprofile-use
-D_PROFILE_USE
FAIL: gcc.dg/tree-prof/pr49299-2.c compilation, -fprofile-generate
-D_PROFILE_GENERATE
UNRESOLVED: gcc.dg/tree-prof/pr49299-2.c execution,
-fprofile-generate -D_PROFILE_GENERATE
UNRESOLVED: gcc.dg/tree-prof/pr49299-2.c compilation, -fprofile-use
-D_PROFILE_USE
UNRESOLVED: gcc.dg/tree-prof/pr49299-2.c execution, -fprofile-use
-D_PROFILE_USE
FAIL: gcc.dg/tree-prof/pr50907.c compilation, -fprofile-generate
-D_PROFILE_GENERATE (internal compiler error)
UNRESOLVED: gcc.dg/tree-prof/pr50907.c execution,
-fprofile-generate -D_PROFILE_GENERATE
UNRESOLVED: gcc.dg/tree-prof/pr50907.c compilation, -fprofile-use
-D_PROFILE_USE
UNRESOLVED: gcc.dg/tree-prof/pr50907.c execution, -fprofile-use
-D_PROFILE_USE
FAIL: gcc.dg/tree-prof/pr52027.c compilation, -fprofile-generate
-D_PROFILE_GENERATE
UNRESOLVED: gcc.dg/tree-prof/pr52027.c execution,
-fprofile-generate -D_PROFILE_GENERATE
UNRESOLVED: gcc.dg/tree-prof/pr52027.c compilation, -fprofile-use
-D_PROFILE_USE
UNRESOLVED: gcc.dg/tree-prof/pr52027.c execution, -fprofile-use
-D_PROFILE_USE
FAIL: gcc.dg/tree-prof/pr52150.c compilation, -fprofile-generate
-D_PROFILE_GENERATE
UNRESOLVED: gcc.dg/tree-prof/pr52150.c execution,
-fprofile-generate -D_PROFILE_GENERATE
UNRESOLVED: gcc.dg/tree-prof/pr52150.c compilation, -fprofile-use
-D_PROFILE_USE
UNRESOLVED: gcc.dg/tree-prof/pr52150.c execution, -fprofile-use
-D_PROFILE_USE
FAIL: gcc.dg/tree-prof/prof-robust-1.c compilation,
-fprofile-generate -D_PROFILE_GENERATE
UNRESOLVED: gcc.dg/tree-prof/prof-robust-1.c execution,
-fprofile-generate -D_PROFILE_GENERATE
UNRESOLVED: gcc.dg/tree-prof/prof-robust-1.c compilation,
-fprofile-use -D_PROFILE_USE
UNRESOLVED: gcc.dg/tree-prof/prof-robust-1.c execution,
-fprofile-use -D_PROFILE_USE
FAIL: gcc.dg/tree-prof/stringop-1.c compilation, -fprofile-generate
-D_PROFILE_GENERATE
UNRESOLVED: gcc.dg/tree-prof/stringop-1.c execution,
-fprofile-generate -D_PROFILE_GENERATE
UNRESOLVED: gcc.dg/tree-prof/stringop-1.c compilation, -fprofile-use
-D_PROFILE_USE
UNRESOLVED: gcc.dg/tree-prof/stringop-1.c execution, -fprofile-use
-D_PROFILE_USE
FAIL: gcc.dg/tree-prof/stringop-2.c compilation, -fprofile-generate
-D_PROFILE_GENERATE
UNRESOLVED: gcc.dg/tree-prof/stringop-2.c execution,
-fprofile-generate -D_PROFILE_GENERATE
UNRESOLVED: gcc.dg/tree-prof/stringop-2.c compilation, -fprofile-use
-D_PROFILE_USE
UNRESOLVED: gcc.dg/tree-prof/stringop-2.c execution, -fprofile-use
-D_PROFILE_USE
FAIL: gcc.dg/tree-prof/switch-case-1.c compilation,
-fprofile-generate -D_PROFILE_GENERATE
UNRESOLVED: gcc.dg/tree-prof/switch-case-1.c execution,
-fprofile-generate -D_PROFILE_GENERATE
UNRESOLVED: gcc.dg/tree-prof/switch-case-1.c compilation,
-fprofile-use -D_PROFILE_USE
UNRESOLVED: gcc.dg/tree-prof/switch-case-1.c execution,
-fprofile-use -D_PROFILE_USE
FAIL: gcc.dg/tree-prof/switch-case-2.c compilation,
-fprofile-generate -D_PROFILE_GENERATE
UNRESOLVED: gcc.dg/tree-prof/switch-case-2.c execution,
-fprofile-generate -D_PROFILE_GENERATE
UNRESOLVED: gcc.dg/tree-prof/switch-case-2.c compilation,
-fprofile-use -D_PROFILE_USE
UNRESOLVED: gcc.dg/tree-prof/switch-case-2.c execution,
-fprofile-use -D_PROFILE_USE
FAIL: gcc.dg/tree-prof/tracer-1.c compilation, -fprofile-generate
-D_PROFILE_GENERATE
UNRESOLVED: gcc.dg/tree-prof/tracer-1.c execution,
-fprofile-generate -D_PROFILE_GENERATE
UNRESOLVED: gcc.dg/tree-prof/tracer-1.c compilation, -fprofile-use
-D_PROFILE_USE
UNRESOLVED: gcc.dg/tree-prof/tracer-1.c execution, -fprofile-use
-D_PROFILE_USE
FAIL: gcc.dg/tree-prof/unroll-1.c compilation, -fprofile-generate
-D_PROFILE_GENERATE
UNRESOLVED: gcc.dg/tree-prof/unroll-1.c execution,
-fprofile-generate -D_PROFILE_GENERATE
UNRESOLVED: gcc.dg/tree-prof/unroll-1.c compilation, -fprofile-use
-D_PROFILE_USE
UNRESOLVED: gcc.dg/tree-prof/unroll-1.c execution, -fprofile-use
-D_PROFILE_USE
FAIL: gcc.dg/tree-prof/update-cunroll-2.c compilation,
-fprofile-generate -D_PROFILE_GENERATE
UNRESOLVED: gcc.dg/tree-prof/update-cunroll-2.c execution,
-fprofile-generate -D_PROFILE_GENERATE
UNRESOLVED: gcc.dg/tree-prof/update-cunroll-2.c compilation,
-fprofile-use -D_PROFILE_USE
UNRESOLVED: gcc.dg/tree-prof/update-cunroll-2.c execution,
-fprofile-use -D_PROFILE_USE
FAIL: gcc.dg/tree-prof/update-loopch.c compilation,
-fprofile-generate -D_PROFILE_GENERATE
UNRESOLVED: gcc.dg/tree-prof/update-loopch.c execution,
-fprofile-generate -D_PROFILE_GENERATE
UNRESOLVED: gcc.dg/tree-prof/update-loopch.c compilation,
-fprofile-use -D_PROFILE_USE
UNRESOLVED: gcc.dg/tree-prof/update-loopch.c execution,
-fprofile-use -D_PROFILE_USE
FAIL: gcc.dg/tree-prof/update-tailcall.c compilation,
-fprofile-generate -D_PROFILE_GENERATE
UNRESOLVED: gcc.dg/tree-prof/update-tailcall.c execution,
-fprofile-generate -D_PROFILE_GENERATE
UNRESOLVED: gcc.dg/tree-prof/update-tailcall.c compilation,
-fprofile-use -D_PROFILE_USE
UNRESOLVED: gcc.dg/tree-prof/update-tailcall.c execution,
-fprofile-use -D_PROFILE_USE
FAIL: gcc.dg/tree-prof/val-prof-1.c compilation, -fprofile-generate
-D_PROFILE_GENERATE
UNRESOLVED: gcc.dg/tree-prof/val-prof-1.c execution,
-fprofile-generate -D_PROFILE_GENERATE
UNRESOLVED: gcc.dg/tree-prof/val-prof-1.c compilation, -fprofile-use
-D_PROFILE_USE
UNRESOLVED: gcc.dg/tree-prof/val-prof-1.c execution, -fprofile-use
-D_PROFILE_USE
FAIL: gcc.dg/tree-prof/val-prof-2.c compilation, -fprofile-generate
-D_PROFILE_GENERATE
UNRESOLVED: gcc.dg/tree-prof/val-prof-2.c execution,
-fprofile-generate -D_PROFILE_GENERATE
UNRESOLVED: gcc.dg/tree-prof/val-prof-2.c compilation, -fprofile-use
-D_PROFILE_USE
UNRESOLVED: gcc.dg/tree-prof/val-prof-2.c execution, -fprofile-use
-D_PROFILE_USE
FAIL: gcc.dg/tree-prof/val-prof-3.c compilation, -fprofile-generate
-D_PROFILE_GENERATE
UNRESOLVED: gcc.dg/tree-prof/val-prof-3.c execution,
-fprofile-generate -D_PROFILE_GENERATE
UNRESOLVED: gcc.dg/tree-prof/val-prof-3.c compilation, -fprofile-use
-D_PROFILE_USE
UNRESOLVED: gcc.dg/tree-prof/val-prof-3.c execution, -fprofile-use
-D_PROFILE_USE
FAIL: gcc.dg/tree-prof/val-prof-4.c compilation, -fprofile-generate
-D_PROFILE_GENERATE
UNRESOLVED: gcc.dg/tree-prof/val-prof-4.c execution,
-fprofile-generate -D_PROFILE_GENERATE
UNRESOLVED: gcc.dg/tree-prof/val-prof-4.c compilation, -fprofile-use
-D_PROFILE_USE
UNRESOLVED: gcc.dg/tree-prof/val-prof-4.c execution, -fprofile-use
-D_PROFILE_USE
FAIL: gcc.dg/tree-prof/val-prof-5.c compilation, -fprofile-generate
-D_PROFILE_GENERATE
UNRESOLVED: gcc.dg/tree-prof/val-prof-5.c execution,
-fprofile-generate -D_PROFILE_GENERATE
UNRESOLVED: gcc.dg/tree-prof/val-prof-5.c compilation, -fprofile-use
-D_PROFILE_USE
UNRESOLVED: gcc.dg/tree-prof/val-prof-5.c execution, -fprofile-use
-D_PROFILE_USE
FAIL: gcc.dg/tree-prof/val-prof-6.c compilation, -fprofile-generate
-D_PROFILE_GENERATE
UNRESOLVED: gcc.dg/tree-prof/val-prof-6.c execution,
-fprofile-generate -D_PROFILE_GENERATE
UNRESOLVED: gcc.dg/tree-prof/val-prof-6.c compilation, -fprofile-use
-D_PROFILE_USE
UNRESOLVED: gcc.dg/tree-prof/val-prof-6.c execution, -fprofile-use
-D_PROFILE_USE
FAIL: gcc.dg/tree-prof/wcoverage-mismatch.c compilation,
-fprofile-generate -D_PROFILE_GENERATE
UNRESOLVED: gcc.dg/tree-prof/wcoverage-mismatch.c execution,
-fprofile-generate -D_PROFILE_GENERATE
UNRESOLVED: gcc.dg/tree-prof/wcoverage-mismatch.c compilation,
-fprofile-use -D_PROFILE_USE
UNRESOLVED: gcc.dg/tree-prof/wcoverage-mismatch.c execution,
-fprofile-use -D_PROFILE_USE
FAIL: gcc.dg/tree-ssa/sra-12.c scan-tree-dump-times release_ssa "l;" 0
FAIL: gcc.dg/tree-ssa/ssa-dom-thread-4.c scan-tree-dump-times dom1 "Threaded" 3
FAIL: gcc.dg/tree-ssa/vrp47.c scan-tree-dump-times vrp1 "[xy][^ ]* !=" 0
FAIL: gcc.dg/tree-ssa/vrp47.c scan-tree-dump-times dom2 "x[^ ]* & y" 1
FAIL: gcc.dg/vect/pr49352.c (test for excess errors)
FAIL: gcc.dg/vect/vect-44.c scan-tree-dump-times vect "Alignment of
access forced using peeling" 1
FAIL: gcc.dg/vect/vect-50.c scan-tree-dump-times vect "Alignment of
access forced using peeling" 1
FAIL: gcc.dg/vect/vect-82_64.c (test for excess errors)
UNRESOLVED: gcc.dg/vect/vect-82_64.c scan-tree-dump-times vect
"vectorized 1 loops" 1
FAIL: gcc.dg/vect/vect-83_64.c (test for excess errors)
UNRESOLVED: gcc.dg/vect/vect-83_64.c scan-tree-dump-times vect
"vectorized 1 loops" 1
FAIL: gcc.dg/vect/slp-widen-mult-half.c execution test
FAIL: gcc.dg/vect/aligned-section-anchors-nest-1.c scan-ipa-dump-times
increase_alignment "Increasing alignment of decl" 3
FAIL: gcc.dg/vect/no-scevccp-outer-6-global.c scan-tree-dump-times
vect "OUTER LOOP VECTORIZED." 1
FAIL: gcc.dg/vmx/3a-07.c -O3 -g execution test
FAIL: gcc.dg/vmx/3b-01.c -O0 execution test
FAIL: gcc.dg/vmx/3b-01.c -O3 -g execution test
FAIL: gcc.dg/vmx/3b-01.c -Os execution test
FAIL: gcc.dg/vmx/3b-02.c -O3 -g execution test
FAIL: gcc.dg/vmx/3b-02.c -Os execution test
FAIL: gcc.dg/vmx/3b-14.c -O0 execution test
FAIL: gcc.dg/vmx/3b-14.c -O1 execution test
FAIL: gcc.dg/vmx/3b-14.c -O2 execution test
FAIL: gcc.dg/vmx/3b-14.c -O3 -fomit-frame-pointer execution test
FAIL: gcc.dg/vmx/3b-14.c -O3 -g execution test
FAIL: gcc.dg/vmx/3b-14.c -Os execution test
FAIL: gcc.dg/vmx/varargs-4.c -O0 execution test
FAIL: gcc.dg/vmx/varargs-4.c -O1 execution test
FAIL: gcc.dg/vmx/varargs-4.c -O3 -g execution test
FAIL: gcc.dg/vmx/varargs-4.c -Os execution test
FAIL: gcc.dg/vmx/zero-1.c -O3 -g execution test
FAIL: gcc.dg/vmx/zero.c -O3 -g execution test
FAIL: gcc.dg/vmx/zero.c -Os execution test
FAIL: gcc.misc-tests/gcov-14.c (test for excess errors)
WARNING: gcc.misc-tests/gcov-14.c compilation failed to produce executable
FAIL: gcc.misc-tests/gcov-14.c gcov failed: gcov-14.c.gov does not exist
FAIL: gcc.target/powerpc/ppc-vector-memcpy.c scan-assembler lvx
=== gcc Summary ===
# of expected passes 67558
# of unexpected failures 127
# of expected failures 193
# of unresolved testcases 99
# of unsupported tests 1282
/tmp/20121206/gcc/xgcc version 4.8.0 20121205 (experimental) [trunk
revision 194228] (GCC)
=== gfortran tests ===
Running target unix
XPASS: gfortran.dg/do_1.f90 -O0 execution test
XPASS: gfortran.dg/do_1.f90 -O1 execution test
FAIL: gfortran.dg/nint_2.f90 -O0 execution test
FAIL: gfortran.dg/sms-2.f90 -O3 -fomit-frame-pointer -funroll-loops
execution test
FAIL: gfortran.dg/sms-2.f90 -O3 -fomit-frame-pointer
-funroll-all-loops -finline-functions execution test
FAIL: gfortran.fortran-torture/execute/intrinsic_nearest.f90 execution, -O0
FAIL: gfortran.fortran-torture/execute/intrinsic_nearest.f90 execution, -O1
FAIL: gfortran.fortran-torture/execute/intrinsic_nearest.f90 execution, -O2
FAIL: gfortran.fortran-torture/execute/intrinsic_nearest.f90
execution, -O2 -fomit-frame-pointer -finline-functions
FAIL: gfortran.fortran-torture/execute/intrinsic_nearest.f90
execution, -O2 -fomit-frame-pointer -finline-functions -funroll-loops
FAIL: gfortran.fortran-torture/execute/intrinsic_nearest.f90
execution, -O2 -fbounds-check
FAIL: gfortran.fortran-torture/execute/intrinsic_nearest.f90 execution, -O3 -g
FAIL: gfortran.fortran-torture/execute/intrinsic_nearest.f90 execution, -Os
FAIL: gfortran.fortran-torture/execute/intrinsic_nearest.f90
execution, -O2 -ftree-vectorize -maltivec
FAIL: gfortran.fortran-torture/execute/stack_varsize.f90 execution,
-O2 -ftree-vectorize -maltivec
=== gfortran Summary ===
# of expected passes 41498
# of unexpected failures 13
# of unexpected successes 2
# of expected failures 65
# of unsupported tests 380
/tmp/20121206/gcc/testsuite/gfortran/../../gfortran version 4.8.0
20121205 (experimental) [trunk revision 194228] (GCC)
=== objc tests ===
Running target unix
FAIL: objc.dg-struct-layout-encoding-1/t026_main.m execution test
FAIL: objc.dg/torture/tls/thr-init-2.m -O0 -fgnu-runtime (test for
excess errors)
WARNING: objc.dg/torture/tls/thr-init-2.m -O0 -fgnu-runtime
compilation failed to produce executable
FAIL: objc.dg/torture/tls/thr-init-2.m -O1 -fgnu-runtime (test for
excess errors)
WARNING: objc.dg/torture/tls/thr-init-2.m -O1 -fgnu-runtime
compilation failed to produce executable
FAIL: objc.dg/torture/tls/thr-init-2.m -O2 -fgnu-runtime (test for
excess errors)
WARNING: objc.dg/torture/tls/thr-init-2.m -O2 -fgnu-runtime
compilation failed to produce executable
FAIL: objc.dg/torture/tls/thr-init-2.m -O3 -fomit-frame-pointer
-fgnu-runtime (test for excess errors)
WARNING: objc.dg/torture/tls/thr-init-2.m -O3 -fomit-frame-pointer
-fgnu-runtime compilation failed to produce executable
FAIL: objc.dg/torture/tls/thr-init-2.m -O3 -g -fgnu-runtime (test
for excess errors)
WARNING: objc.dg/torture/tls/thr-init-2.m -O3 -g -fgnu-runtime
compilation failed to produce executable
FAIL: objc.dg/torture/tls/thr-init-2.m -Os -fgnu-runtime (test for
excess errors)
WARNING: objc.dg/torture/tls/thr-init-2.m -Os -fgnu-runtime
compilation failed to produce executable
FAIL: objc.dg/torture/tls/thr-init-3.m -O0 -fgnu-runtime (test for
excess errors)
WARNING: objc.dg/torture/tls/thr-init-3.m -O0 -fgnu-runtime
compilation failed to produce executable
FAIL: objc.dg/torture/tls/thr-init-3.m -O1 -fgnu-runtime (test for
excess errors)
WARNING: objc.dg/torture/tls/thr-init-3.m -O1 -fgnu-runtime
compilation failed to produce executable
FAIL: objc.dg/torture/tls/thr-init-3.m -O2 -fgnu-runtime (test for
excess errors)
WARNING: objc.dg/torture/tls/thr-init-3.m -O2 -fgnu-runtime
compilation failed to produce executable
FAIL: objc.dg/torture/tls/thr-init-3.m -O3 -fomit-frame-pointer
-fgnu-runtime (test for excess errors)
WARNING: objc.dg/torture/tls/thr-init-3.m -O3 -fomit-frame-pointer
-fgnu-runtime compilation failed to produce executable
FAIL: objc.dg/torture/tls/thr-init-3.m -O3 -g -fgnu-runtime (test
for excess errors)
WARNING: objc.dg/torture/tls/thr-init-3.m -O3 -g -fgnu-runtime
compilation failed to produce executable
FAIL: objc.dg/torture/tls/thr-init-3.m -Os -fgnu-runtime (test for
excess errors)
WARNING: objc.dg/torture/tls/thr-init-3.m -Os -fgnu-runtime
compilation failed to produce executable
FAIL: objc.dg/torture/tls/thr-init.m -O0 -fgnu-runtime (test for
excess errors)
WARNING: objc.dg/torture/tls/thr-init.m -O0 -fgnu-runtime
compilation failed to produce executable
FAIL: objc.dg/torture/tls/thr-init.m -O1 -fgnu-runtime (test for
excess errors)
WARNING: objc.dg/torture/tls/thr-init.m -O1 -fgnu-runtime
compilation failed to produce executable
FAIL: objc.dg/torture/tls/thr-init.m -O2 -fgnu-runtime (test for
excess errors)
WARNING: objc.dg/torture/tls/thr-init.m -O2 -fgnu-runtime
compilation failed to produce executable
FAIL: objc.dg/torture/tls/thr-init.m -O3 -fomit-frame-pointer
-fgnu-runtime (test for excess errors)
WARNING: objc.dg/torture/tls/thr-init.m -O3 -fomit-frame-pointer
-fgnu-runtime compilation failed to produce executable
FAIL: objc.dg/torture/tls/thr-init.m -O3 -g -fgnu-runtime (test for
excess errors)
WARNING: objc.dg/torture/tls/thr-init.m -O3 -g -fgnu-runtime
compilation failed to produce executable
FAIL: objc.dg/torture/tls/thr-init.m -Os -fgnu-runtime (test for
excess errors)
WARNING: objc.dg/torture/tls/thr-init.m -Os -fgnu-runtime
compilation failed to produce executable
=== objc Summary ===
# of expected passes 2843
# of unexpected failures 19
# of expected failures 10
# of unsupported tests 66
/tmp/20121206/gcc/xgcc version 4.8.0 20121205 (experimental) [trunk
revision 194228] (GCC)
=== libatomic tests ===
Running target unix
=== libatomic Summary ===
# of expected passes 34
# of unsupported tests 10
=== libgomp tests ===
Running target unix
FAIL: libgomp.c/appendix-a/a.15.1.c execution test
FAIL: libgomp.c/appendix-a/a.16.1.c execution test
FAIL: libgomp.c/appendix-a/a.18.1.c execution test
FAIL: libgomp.c/appendix-a/a.19.1.c execution test
FAIL: libgomp.c/appendix-a/a.2.1.c execution test
FAIL: libgomp.c/appendix-a/a.21.1.c execution test
FAIL: libgomp.c/appendix-a/a.26.1.c execution test
FAIL: libgomp.c/appendix-a/a.29.1.c execution test
FAIL: libgomp.c/appendix-a/a.36.1.c execution test
FAIL: libgomp.c/appendix-a/a.39.1.c execution test
FAIL: libgomp.c/appendix-a/a.4.1.c execution test
FAIL: libgomp.c/atomic-3.c execution test
FAIL: libgomp.c/atomic-4.c execution test
FAIL: libgomp.c/atomic-5.c execution test
FAIL: libgomp.c/autopar-1.c execution test
FAIL: libgomp.c/barrier-1.c execution test
FAIL: libgomp.c/collapse-1.c execution test
FAIL: libgomp.c/collapse-2.c execution test
FAIL: libgomp.c/collapse-3.c execution test
FAIL: libgomp.c/copyin-1.c execution test
FAIL: libgomp.c/copyin-2.c execution test
FAIL: libgomp.c/copyin-3.c execution test
FAIL: libgomp.c/critical-1.c execution test
FAIL: libgomp.c/critical-2.c execution test
FAIL: libgomp.c/debug-1.c execution test
FAIL: libgomp.c/icv-1.c execution test
FAIL: libgomp.c/lib-1.c execution test
FAIL: libgomp.c/lock-1.c execution test
FAIL: libgomp.c/lock-2.c execution test
FAIL: libgomp.c/loop-1.c execution test
FAIL: libgomp.c/loop-10.c execution test
FAIL: libgomp.c/loop-11.c execution test
FAIL: libgomp.c/loop-12.c execution test
FAIL: libgomp.c/loop-2.c execution test
FAIL: libgomp.c/loop-4.c execution test
FAIL: libgomp.c/loop-5.c execution test
FAIL: libgomp.c/loop-6.c execution test
FAIL: libgomp.c/loop-7.c execution test
FAIL: libgomp.c/loop-8.c execution test
FAIL: libgomp.c/loop-9.c execution test
FAIL: libgomp.c/nested-1.c execution test
FAIL: libgomp.c/nested-2.c execution test
FAIL: libgomp.c/nested-3.c execution test
FAIL: libgomp.c/nestedfn-1.c execution test
FAIL: libgomp.c/nestedfn-3.c execution test
FAIL: libgomp.c/nestedfn-4.c execution test
FAIL: libgomp.c/nestedfn-5.c execution test
FAIL: libgomp.c/nestedfn-6.c execution test
FAIL: libgomp.c/nqueens-1.c execution test
FAIL: libgomp.c/omp-loop01.c execution test
FAIL: libgomp.c/omp-loop02.c execution test
FAIL: libgomp.c/omp-loop03.c execution test
FAIL: libgomp.c/omp-nested-1.c execution test
FAIL: libgomp.c/omp-parallel-for.c execution test
FAIL: libgomp.c/omp-parallel-if.c execution test
FAIL: libgomp.c/omp-single-1.c execution test
FAIL: libgomp.c/omp-single-2.c execution test
FAIL: libgomp.c/omp-single-3.c execution test
FAIL: libgomp.c/omp_hello.c execution test
FAIL: libgomp.c/omp_matvec.c execution test
FAIL: libgomp.c/omp_orphan.c execution test
FAIL: libgomp.c/omp_reduction.c execution test
FAIL: libgomp.c/omp_workshare1.c execution test
FAIL: libgomp.c/omp_workshare2.c execution test
FAIL: libgomp.c/omp_workshare4.c execution test
FAIL: libgomp.c/ordered-1.c execution test
FAIL: libgomp.c/ordered-2.c execution test
FAIL: libgomp.c/ordered-3.c execution test
FAIL: libgomp.c/parallel-1.c execution test
FAIL: libgomp.c/pr24455.c execution test
FAIL: libgomp.c/pr26943-1.c execution test
FAIL: libgomp.c/pr26943-2.c execution test
FAIL: libgomp.c/pr26943-3.c execution test
FAIL: libgomp.c/pr26943-4.c execution test
FAIL: libgomp.c/pr29947-1.c execution test
FAIL: libgomp.c/pr29947-2.c execution test
FAIL: libgomp.c/pr30494.c execution test
FAIL: libgomp.c/pr32362-1.c execution test
FAIL: libgomp.c/pr32362-2.c execution test
FAIL: libgomp.c/pr32362-3.c execution test
FAIL: libgomp.c/pr32468.c execution test
FAIL: libgomp.c/pr33880.c execution test
FAIL: libgomp.c/pr34513.c execution test
FAIL: libgomp.c/pr35130.c execution test
FAIL: libgomp.c/pr35196.c execution test
FAIL: libgomp.c/pr35549.c execution test
FAIL: libgomp.c/pr35625.c execution test
FAIL: libgomp.c/pr36802-1.c execution test
FAIL: libgomp.c/pr36802-2.c execution test
FAIL: libgomp.c/pr36802-3.c execution test
FAIL: libgomp.c/pr38650.c execution test
FAIL: libgomp.c/pr39591-1.c execution test
FAIL: libgomp.c/pr39591-2.c execution test
FAIL: libgomp.c/pr39591-3.c execution test
FAIL: libgomp.c/pr42029.c execution test
FAIL: libgomp.c/pr42942.c execution test
FAIL: libgomp.c/pr43893.c execution test
FAIL: libgomp.c/pr46886.c execution test
FAIL: libgomp.c/pr49897-1.c execution test
FAIL: libgomp.c/pr49897-2.c execution test
FAIL: libgomp.c/pr49898-1.c execution test
FAIL: libgomp.c/pr49898-2.c execution test
FAIL: libgomp.c/pr52547.c execution test
FAIL: libgomp.c/private-1.c execution test
FAIL: libgomp.c/reduction-1.c execution test
FAIL: libgomp.c/reduction-2.c execution test
FAIL: libgomp.c/reduction-3.c execution test
FAIL: libgomp.c/reduction-4.c execution test
FAIL: libgomp.c/reduction-5.c execution test
FAIL: libgomp.c/reduction-6.c execution test
FAIL: libgomp.c/sections-1.c execution test
FAIL: libgomp.c/shared-1.c execution test
FAIL: libgomp.c/shared-2.c execution test
FAIL: libgomp.c/shared-3.c execution test
FAIL: libgomp.c/single-1.c execution test
FAIL: libgomp.c/single-2.c execution test
FAIL: libgomp.c/sort-1.c execution test
FAIL: libgomp.c/task-1.c execution test
FAIL: libgomp.c/task-2.c execution test
FAIL: libgomp.c/task-3.c execution test
FAIL: libgomp.c/task-4.c execution test
FAIL: libgomp.c/task-5.c execution test
FAIL: libgomp.c/vla-1.c execution test
FAIL: libgomp.c++/collapse-1.C -O0 execution test
FAIL: libgomp.c++/collapse-1.C -O1 execution test
FAIL: libgomp.c++/collapse-1.C -O2 execution test
FAIL: libgomp.c++/collapse-1.C -O3 -fomit-frame-pointer execution test
FAIL: libgomp.c++/collapse-1.C -O3 -fomit-frame-pointer
-funroll-loops execution test
FAIL: libgomp.c++/collapse-1.C -O3 -fomit-frame-pointer
-funroll-all-loops -finline-functions execution test
FAIL: libgomp.c++/collapse-1.C -O3 -g execution test
FAIL: libgomp.c++/collapse-1.C -Os execution test
FAIL: libgomp.c++/collapse-2.C -O0 execution test
FAIL: libgomp.c++/collapse-2.C -O1 execution test
FAIL: libgomp.c++/collapse-2.C -O2 execution test
FAIL: libgomp.c++/collapse-2.C -O3 -fomit-frame-pointer execution test
FAIL: libgomp.c++/collapse-2.C -O3 -fomit-frame-pointer
-funroll-loops execution test
FAIL: libgomp.c++/collapse-2.C -O3 -fomit-frame-pointer
-funroll-all-loops -finline-functions execution test
FAIL: libgomp.c++/collapse-2.C -O3 -g execution test
FAIL: libgomp.c++/collapse-2.C -Os execution test
FAIL: libgomp.c++/copyin-1.C -O0 execution test
FAIL: libgomp.c++/copyin-1.C -O1 execution test
FAIL: libgomp.c++/copyin-1.C -O2 execution test
FAIL: libgomp.c++/copyin-1.C -O3 -fomit-frame-pointer execution test
FAIL: libgomp.c++/copyin-1.C -O3 -fomit-frame-pointer -funroll-loops
execution test
FAIL: libgomp.c++/copyin-1.C -O3 -fomit-frame-pointer
-funroll-all-loops -finline-functions execution test
FAIL: libgomp.c++/copyin-1.C -O3 -g execution test
FAIL: libgomp.c++/copyin-1.C -Os execution test
FAIL: libgomp.c++/copyin-2.C -O0 execution test
FAIL: libgomp.c++/copyin-2.C -O1 execution test
FAIL: libgomp.c++/copyin-2.C -O2 execution test
FAIL: libgomp.c++/copyin-2.C -O3 -fomit-frame-pointer execution test
FAIL: libgomp.c++/copyin-2.C -O3 -fomit-frame-pointer -funroll-loops
execution test
FAIL: libgomp.c++/copyin-2.C -O3 -fomit-frame-pointer
-funroll-all-loops -finline-functions execution test
FAIL: libgomp.c++/copyin-2.C -O3 -g execution test
FAIL: libgomp.c++/copyin-2.C -Os execution test
FAIL: libgomp.c++/ctor-1.C -O0 execution test
FAIL: libgomp.c++/ctor-1.C -O1 execution test
FAIL: libgomp.c++/ctor-1.C -O2 execution test
FAIL: libgomp.c++/ctor-1.C -O3 -fomit-frame-pointer execution test
FAIL: libgomp.c++/ctor-1.C -O3 -fomit-frame-pointer -funroll-loops
execution test
FAIL: libgomp.c++/ctor-1.C -O3 -fomit-frame-pointer
-funroll-all-loops -finline-functions execution test
FAIL: libgomp.c++/ctor-1.C -O3 -g execution test
FAIL: libgomp.c++/ctor-1.C -Os execution test
FAIL: libgomp.c++/ctor-10.C -O0 execution test
FAIL: libgomp.c++/ctor-10.C -O1 execution test
FAIL: libgomp.c++/ctor-10.C -O2 execution test
FAIL: libgomp.c++/ctor-10.C -O3 -fomit-frame-pointer execution test
FAIL: libgomp.c++/ctor-10.C -O3 -fomit-frame-pointer -funroll-loops
execution test
FAIL: libgomp.c++/ctor-10.C -O3 -fomit-frame-pointer
-funroll-all-loops -finline-functions execution test
FAIL: libgomp.c++/ctor-10.C -O3 -g execution test
FAIL: libgomp.c++/ctor-10.C -Os execution test
FAIL: libgomp.c++/ctor-11.C -O0 execution test
FAIL: libgomp.c++/ctor-11.C -O1 execution test
FAIL: libgomp.c++/ctor-11.C -O2 execution test
FAIL: libgomp.c++/ctor-11.C -O3 -fomit-frame-pointer execution test
FAIL: libgomp.c++/ctor-11.C -O3 -fomit-frame-pointer -funroll-loops
execution test
FAIL: libgomp.c++/ctor-11.C -O3 -fomit-frame-pointer
-funroll-all-loops -finline-functions execution test
FAIL: libgomp.c++/ctor-11.C -O3 -g execution test
FAIL: libgomp.c++/ctor-11.C -Os execution test
FAIL: libgomp.c++/ctor-12.C -O0 execution test
FAIL: libgomp.c++/ctor-12.C -O1 execution test
FAIL: libgomp.c++/ctor-12.C -O2 execution test
FAIL: libgomp.c++/ctor-12.C -O3 -fomit-frame-pointer execution test
FAIL: libgomp.c++/ctor-12.C -O3 -fomit-frame-pointer -funroll-loops
execution test
FAIL: libgomp.c++/ctor-12.C -O3 -fomit-frame-pointer
-funroll-all-loops -finline-functions execution test
FAIL: libgomp.c++/ctor-12.C -O3 -g execution test
FAIL: libgomp.c++/ctor-12.C -Os execution test
FAIL: libgomp.c++/ctor-2.C -O0 execution test
FAIL: libgomp.c++/ctor-2.C -O1 execution test
FAIL: libgomp.c++/ctor-2.C -O2 execution test
FAIL: libgomp.c++/ctor-2.C -O3 -fomit-frame-pointer execution test
FAIL: libgomp.c++/ctor-2.C -O3 -fomit-frame-pointer -funroll-loops
execution test
FAIL: libgomp.c++/ctor-2.C -O3 -fomit-frame-pointer
-funroll-all-loops -finline-functions execution test
FAIL: libgomp.c++/ctor-2.C -O3 -g execution test
FAIL: libgomp.c++/ctor-2.C -Os execution test
FAIL: libgomp.c++/ctor-3.C -O0 execution test
FAIL: libgomp.c++/ctor-3.C -O1 execution test
FAIL: libgomp.c++/ctor-3.C -O2 execution test
FAIL: libgomp.c++/ctor-3.C -O3 -fomit-frame-pointer execution test
FAIL: libgomp.c++/ctor-3.C -O3 -fomit-frame-pointer -funroll-loops
execution test
FAIL: libgomp.c++/ctor-3.C -O3 -fomit-frame-pointer
-funroll-all-loops -finline-functions execution test
FAIL: libgomp.c++/ctor-3.C -O3 -g execution test
FAIL: libgomp.c++/ctor-3.C -Os execution test
FAIL: libgomp.c++/ctor-4.C -O0 execution test
FAIL: libgomp.c++/ctor-4.C -O1 execution test
FAIL: libgomp.c++/ctor-4.C -O2 execution test
FAIL: libgomp.c++/ctor-4.C -O3 -fomit-frame-pointer execution test
FAIL: libgomp.c++/ctor-4.C -O3 -fomit-frame-pointer -funroll-loops
execution test
FAIL: libgomp.c++/ctor-4.C -O3 -fomit-frame-pointer
-funroll-all-loops -finline-functions execution test
FAIL: libgomp.c++/ctor-4.C -O3 -g execution test
FAIL: libgomp.c++/ctor-4.C -Os execution test
FAIL: libgomp.c++/ctor-5.C -O0 (test for excess errors)
WARNING: libgomp.c++/ctor-5.C -O0 compilation failed to produce executable
FAIL: libgomp.c++/ctor-5.C -O1 (test for excess errors)
WARNING: libgomp.c++/ctor-5.C -O1 compilation failed to produce executable
FAIL: libgomp.c++/ctor-5.C -O2 (test for excess errors)
WARNING: libgomp.c++/ctor-5.C -O2 compilation failed to produce executable
FAIL: libgomp.c++/ctor-5.C -O3 -fomit-frame-pointer (test for excess errors)
WARNING: libgomp.c++/ctor-5.C -O3 -fomit-frame-pointer compilation
failed to produce executable
FAIL: libgomp.c++/ctor-5.C -O3 -fomit-frame-pointer -funroll-loops
(test for excess errors)
WARNING: libgomp.c++/ctor-5.C -O3 -fomit-frame-pointer -funroll-loops
compilation failed to produce executable
FAIL: libgomp.c++/ctor-5.C -O3 -fomit-frame-pointer
-funroll-all-loops -finline-functions (test for excess errors)
WARNING: libgomp.c++/ctor-5.C -O3 -fomit-frame-pointer
-funroll-all-loops -finline-functions compilation failed to produce
executable
FAIL: libgomp.c++/ctor-5.C -O3 -g (test for excess errors)
WARNING: libgomp.c++/ctor-5.C -O3 -g compilation failed to produce executable
FAIL: libgomp.c++/ctor-5.C -Os (test for excess errors)
WARNING: libgomp.c++/ctor-5.C -Os compilation failed to produce executable
FAIL: libgomp.c++/ctor-6.C -O0 execution test
FAIL: libgomp.c++/ctor-6.C -O1 execution test
FAIL: libgomp.c++/ctor-6.C -O2 execution test
FAIL: libgomp.c++/ctor-6.C -O3 -fomit-frame-pointer execution test
FAIL: libgomp.c++/ctor-6.C -O3 -fomit-frame-pointer -funroll-loops
execution test
FAIL: libgomp.c++/ctor-6.C -O3 -fomit-frame-pointer
-funroll-all-loops -finline-functions execution test
FAIL: libgomp.c++/ctor-6.C -O3 -g execution test
FAIL: libgomp.c++/ctor-6.C -Os execution test
FAIL: libgomp.c++/ctor-7.C -O0 execution test
FAIL: libgomp.c++/ctor-7.C -O1 execution test
FAIL: libgomp.c++/ctor-7.C -O2 execution test
FAIL: libgomp.c++/ctor-7.C -O3 -fomit-frame-pointer execution test
FAIL: libgomp.c++/ctor-7.C -O3 -fomit-frame-pointer -funroll-loops
execution test
FAIL: libgomp.c++/ctor-7.C -O3 -fomit-frame-pointer
-funroll-all-loops -finline-functions execution test
FAIL: libgomp.c++/ctor-7.C -O3 -g execution test
FAIL: libgomp.c++/ctor-7.C -Os execution test
FAIL: libgomp.c++/ctor-8.C -O0 (test for excess errors)
WARNING: libgomp.c++/ctor-8.C -O0 compilation failed to produce executable
FAIL: libgomp.c++/ctor-8.C -O1 (test for excess errors)
WARNING: libgomp.c++/ctor-8.C -O1 compilation failed to produce executable
FAIL: libgomp.c++/ctor-8.C -O2 (test for excess errors)
WARNING: libgomp.c++/ctor-8.C -O2 compilation failed to produce executable
FAIL: libgomp.c++/ctor-8.C -O3 -fomit-frame-pointer (test for excess errors)
WARNING: libgomp.c++/ctor-8.C -O3 -fomit-frame-pointer compilation
failed to produce executable
FAIL: libgomp.c++/ctor-8.C -O3 -fomit-frame-pointer -funroll-loops
(test for excess errors)
WARNING: libgomp.c++/ctor-8.C -O3 -fomit-frame-pointer -funroll-loops
compilation failed to produce executable
FAIL: libgomp.c++/ctor-8.C -O3 -fomit-frame-pointer
-funroll-all-loops -finline-functions (test for excess errors)
WARNING: libgomp.c++/ctor-8.C -O3 -fomit-frame-pointer
-funroll-all-loops -finline-functions compilation failed to produce
executable
FAIL: libgomp.c++/ctor-8.C -O3 -g (test for excess errors)
WARNING: libgomp.c++/ctor-8.C -O3 -g compilation failed to produce executable
FAIL: libgomp.c++/ctor-8.C -Os (test for excess errors)
WARNING: libgomp.c++/ctor-8.C -Os compilation failed to produce executable
FAIL: libgomp.c++/ctor-9.C -O0 (test for excess errors)
WARNING: libgomp.c++/ctor-9.C -O0 compilation failed to produce executable
FAIL: libgomp.c++/ctor-9.C -O1 (test for excess errors)
WARNING: libgomp.c++/ctor-9.C -O1 compilation failed to produce executable
FAIL: libgomp.c++/ctor-9.C -O2 (test for excess errors)
WARNING: libgomp.c++/ctor-9.C -O2 compilation failed to produce executable
FAIL: libgomp.c++/ctor-9.C -O3 -fomit-frame-pointer (test for excess errors)
WARNING: libgomp.c++/ctor-9.C -O3 -fomit-frame-pointer compilation
failed to produce executable
FAIL: libgomp.c++/ctor-9.C -O3 -fomit-frame-pointer -funroll-loops
(test for excess errors)
WARNING: libgomp.c++/ctor-9.C -O3 -fomit-frame-pointer -funroll-loops
compilation failed to produce executable
FAIL: libgomp.c++/ctor-9.C -O3 -fomit-frame-pointer
-funroll-all-loops -finline-functions (test for excess errors)
WARNING: libgomp.c++/ctor-9.C -O3 -fomit-frame-pointer
-funroll-all-loops -finline-functions compilation failed to produce
executable
FAIL: libgomp.c++/ctor-9.C -O3 -g (test for excess errors)
WARNING: libgomp.c++/ctor-9.C -O3 -g compilation failed to produce executable
FAIL: libgomp.c++/ctor-9.C -Os (test for excess errors)
WARNING: libgomp.c++/ctor-9.C -Os compilation failed to produce executable
FAIL: libgomp.c++/for-1.C -O0 execution test
FAIL: libgomp.c++/for-1.C -O1 execution test
FAIL: libgomp.c++/for-1.C -O2 execution test
FAIL: libgomp.c++/for-1.C -O3 -fomit-frame-pointer execution test
FAIL: libgomp.c++/for-1.C -O3 -fomit-frame-pointer -funroll-loops
execution test
FAIL: libgomp.c++/for-1.C -O3 -fomit-frame-pointer -funroll-all-loops
-finline-functions execution test
FAIL: libgomp.c++/for-1.C -O3 -g execution test
FAIL: libgomp.c++/for-1.C -Os execution test
FAIL: libgomp.c++/for-2.C -O0 execution test
FAIL: libgomp.c++/for-2.C -O1 execution test
FAIL: libgomp.c++/for-2.C -O2 execution test
FAIL: libgomp.c++/for-2.C -O3 -fomit-frame-pointer execution test
FAIL: libgomp.c++/for-2.C -O3 -fomit-frame-pointer -funroll-loops
execution test
FAIL: libgomp.c++/for-2.C -O3 -fomit-frame-pointer -funroll-all-loops
-finline-functions execution test
FAIL: libgomp.c++/for-2.C -O3 -g execution test
FAIL: libgomp.c++/for-2.C -Os execution test
FAIL: libgomp.c++/for-3.C -O0 execution test
FAIL: libgomp.c++/for-3.C -O1 execution test
FAIL: libgomp.c++/for-3.C -O2 execution test
FAIL: libgomp.c++/for-3.C -O3 -fomit-frame-pointer execution test
FAIL: libgomp.c++/for-3.C -O3 -fomit-frame-pointer -funroll-loops
execution test
FAIL: libgomp.c++/for-3.C -O3 -fomit-frame-pointer -funroll-all-loops
-finline-functions execution test
FAIL: libgomp.c++/for-3.C -O3 -g execution test
FAIL: libgomp.c++/for-3.C -Os execution test
FAIL: libgomp.c++/for-4.C -O0 execution test
FAIL: libgomp.c++/for-4.C -O1 execution test
FAIL: libgomp.c++/for-4.C -O2 execution test
FAIL: libgomp.c++/for-4.C -O3 -fomit-frame-pointer execution test
FAIL: libgomp.c++/for-4.C -O3 -fomit-frame-pointer -funroll-loops
execution test
FAIL: libgomp.c++/for-4.C -O3 -fomit-frame-pointer -funroll-all-loops
-finline-functions execution test
FAIL: libgomp.c++/for-4.C -O3 -g execution test
FAIL: libgomp.c++/for-4.C -Os execution test
FAIL: libgomp.c++/for-5.C -O0 execution test
FAIL: libgomp.c++/for-5.C -O1 execution test
FAIL: libgomp.c++/for-5.C -O2 execution test
FAIL: libgomp.c++/for-5.C -O3 -fomit-frame-pointer execution test
FAIL: libgomp.c++/for-5.C -O3 -fomit-frame-pointer -funroll-loops
execution test
FAIL: libgomp.c++/for-5.C -O3 -fomit-frame-pointer -funroll-all-loops
-finline-functions execution test
FAIL: libgomp.c++/for-5.C -O3 -g execution test
FAIL: libgomp.c++/for-5.C -Os execution test
FAIL: libgomp.c++/for-6.C -O0 execution test
FAIL: libgomp.c++/for-6.C -O1 execution test
FAIL: libgomp.c++/for-6.C -O2 execution test
FAIL: libgomp.c++/for-6.C -O3 -fomit-frame-pointer execution test
FAIL: libgomp.c++/for-6.C -O3 -fomit-frame-pointer -funroll-loops
execution test
FAIL: libgomp.c++/for-6.C -O3 -fomit-frame-pointer -funroll-all-loops
-finline-functions execution test
FAIL: libgomp.c++/for-6.C -O3 -g execution test
FAIL: libgomp.c++/for-6.C -Os execution test
FAIL: libgomp.c++/for-7.C -O0 execution test
FAIL: libgomp.c++/for-7.C -O1 execution test
FAIL: libgomp.c++/for-7.C -O2 execution test
FAIL: libgomp.c++/for-7.C -O3 -fomit-frame-pointer execution test
FAIL: libgomp.c++/for-7.C -O3 -fomit-frame-pointer -funroll-loops
execution test
FAIL: libgomp.c++/for-7.C -O3 -fomit-frame-pointer -funroll-all-loops
-finline-functions execution test
FAIL: libgomp.c++/for-7.C -O3 -g execution test
FAIL: libgomp.c++/for-7.C -Os execution test
FAIL: libgomp.c++/for-8.C -O0 execution test
FAIL: libgomp.c++/for-8.C -O1 execution test
FAIL: libgomp.c++/for-8.C -O2 execution test
FAIL: libgomp.c++/for-8.C -O3 -fomit-frame-pointer execution test
FAIL: libgomp.c++/for-8.C -O3 -fomit-frame-pointer -funroll-loops
execution test
FAIL: libgomp.c++/for-8.C -O3 -fomit-frame-pointer -funroll-all-loops
-finline-functions execution test
FAIL: libgomp.c++/for-8.C -O3 -g execution test
FAIL: libgomp.c++/for-8.C -Os execution test
FAIL: libgomp.c++/loop-1.C -O execution test
FAIL: libgomp.c++/loop-10.C -O0 execution test
FAIL: libgomp.c++/loop-10.C -O1 execution test
FAIL: libgomp.c++/loop-10.C -O2 execution test
FAIL: libgomp.c++/loop-10.C -O3 -fomit-frame-pointer execution test
FAIL: libgomp.c++/loop-10.C -O3 -fomit-frame-pointer -funroll-loops
execution test
FAIL: libgomp.c++/loop-10.C -O3 -fomit-frame-pointer
-funroll-all-loops -finline-functions execution test
FAIL: libgomp.c++/loop-10.C -O3 -g execution test
FAIL: libgomp.c++/loop-10.C -Os execution test
FAIL: libgomp.c++/loop-11.C -O execution test
FAIL: libgomp.c++/loop-12.C -O0 execution test
FAIL: libgomp.c++/loop-12.C -O1 execution test
FAIL: libgomp.c++/loop-12.C -O2 execution test
FAIL: libgomp.c++/loop-12.C -O3 -fomit-frame-pointer execution test
FAIL: libgomp.c++/loop-12.C -O3 -fomit-frame-pointer -funroll-loops
execution test
FAIL: libgomp.c++/loop-12.C -O3 -fomit-frame-pointer
-funroll-all-loops -finline-functions execution test
FAIL: libgomp.c++/loop-12.C -O3 -g execution test
FAIL: libgomp.c++/loop-12.C -Os execution test
FAIL: libgomp.c++/loop-2.C -O execution test
FAIL: libgomp.c++/loop-3.C -O execution test
FAIL: libgomp.c++/loop-4.C -O execution test
FAIL: libgomp.c++/loop-8.C -O execution test
FAIL: libgomp.c++/loop-9.C -O0 execution test
FAIL: libgomp.c++/loop-9.C -O1 execution test
FAIL: libgomp.c++/loop-9.C -O2 execution test
FAIL: libgomp.c++/loop-9.C -O3 -fomit-frame-pointer execution test
FAIL: libgomp.c++/loop-9.C -O3 -fomit-frame-pointer -funroll-loops
execution test
FAIL: libgomp.c++/loop-9.C -O3 -fomit-frame-pointer
-funroll-all-loops -finline-functions execution test
FAIL: libgomp.c++/loop-9.C -O3 -g execution test
FAIL: libgomp.c++/loop-9.C -Os execution test
FAIL: libgomp.c++/master-1.C -O0 execution test
FAIL: libgomp.c++/master-1.C -O1 execution test
FAIL: libgomp.c++/master-1.C -O2 execution test
FAIL: libgomp.c++/master-1.C -O3 -fomit-frame-pointer execution test
FAIL: libgomp.c++/master-1.C -O3 -fomit-frame-pointer -funroll-loops
execution test
FAIL: libgomp.c++/master-1.C -O3 -fomit-frame-pointer
-funroll-all-loops -finline-functions execution test
FAIL: libgomp.c++/master-1.C -O3 -g execution test
FAIL: libgomp.c++/master-1.C -Os execution test
FAIL: libgomp.c++/nested-1.C -O0 execution test
FAIL: libgomp.c++/nested-1.C -O1 execution test
FAIL: libgomp.c++/nested-1.C -O2 execution test
FAIL: libgomp.c++/nested-1.C -O3 -fomit-frame-pointer execution test
FAIL: libgomp.c++/nested-1.C -O3 -fomit-frame-pointer -funroll-loops
execution test
FAIL: libgomp.c++/nested-1.C -O3 -fomit-frame-pointer
-funroll-all-loops -finline-functions execution test
FAIL: libgomp.c++/nested-1.C -O3 -g execution test
FAIL: libgomp.c++/nested-1.C -Os execution test
FAIL: libgomp.c++/parallel-1.C -O execution test
FAIL: libgomp.c++/pr24455.C -O0 execution test
FAIL: libgomp.c++/pr24455.C -O1 execution test
FAIL: libgomp.c++/pr24455.C -O2 execution test
FAIL: libgomp.c++/pr24455.C -O3 -fomit-frame-pointer execution test
FAIL: libgomp.c++/pr24455.C -O3 -fomit-frame-pointer -funroll-loops
execution test
FAIL: libgomp.c++/pr24455.C -O3 -fomit-frame-pointer
-funroll-all-loops -finline-functions execution test
FAIL: libgomp.c++/pr24455.C -O3 -g execution test
FAIL: libgomp.c++/pr24455.C -Os execution test
FAIL: libgomp.c++/pr26691.C -O execution test
FAIL: libgomp.c++/pr26943.C -O0 execution test
FAIL: libgomp.c++/pr26943.C -O1 execution test
FAIL: libgomp.c++/pr26943.C -O2 execution test
FAIL: libgomp.c++/pr26943.C -O3 -fomit-frame-pointer execution test
FAIL: libgomp.c++/pr26943.C -O3 -fomit-frame-pointer -funroll-loops
execution test
FAIL: libgomp.c++/pr26943.C -O3 -fomit-frame-pointer
-funroll-all-loops -finline-functions execution test
FAIL: libgomp.c++/pr26943.C -O3 -g execution test
FAIL: libgomp.c++/pr26943.C -Os execution test
FAIL: libgomp.c++/pr27337.C -O0 execution test
FAIL: libgomp.c++/pr27337.C -O1 execution test
FAIL: libgomp.c++/pr27337.C -O2 execution test
FAIL: libgomp.c++/pr27337.C -O3 -fomit-frame-pointer execution test
FAIL: libgomp.c++/pr27337.C -O3 -fomit-frame-pointer -funroll-loops
execution test
FAIL: libgomp.c++/pr27337.C -O3 -fomit-frame-pointer
-funroll-all-loops -finline-functions execution test
FAIL: libgomp.c++/pr27337.C -O3 -g execution test
FAIL: libgomp.c++/pr27337.C -Os execution test
FAIL: libgomp.c++/pr30703.C -O0 execution test
FAIL: libgomp.c++/pr30703.C -O1 execution test
FAIL: libgomp.c++/pr30703.C -O2 execution test
FAIL: libgomp.c++/pr30703.C -O3 -fomit-frame-pointer execution test
FAIL: libgomp.c++/pr30703.C -O3 -fomit-frame-pointer -funroll-loops
execution test
FAIL: libgomp.c++/pr30703.C -O3 -fomit-frame-pointer
-funroll-all-loops -finline-functions execution test
FAIL: libgomp.c++/pr30703.C -O3 -g execution test
FAIL: libgomp.c++/pr30703.C -Os execution test
FAIL: libgomp.c++/pr34513.C -O0 execution test
FAIL: libgomp.c++/pr34513.C -O1 execution test
FAIL: libgomp.c++/pr34513.C -O2 execution test
FAIL: libgomp.c++/pr34513.C -O3 -fomit-frame-pointer execution test
FAIL: libgomp.c++/pr34513.C -O3 -fomit-frame-pointer -funroll-loops
execution test
FAIL: libgomp.c++/pr34513.C -O3 -fomit-frame-pointer
-funroll-all-loops -finline-functions execution test
FAIL: libgomp.c++/pr34513.C -O3 -g execution test
FAIL: libgomp.c++/pr34513.C -Os execution test
FAIL: libgomp.c++/pr35185.C -O0 execution test
FAIL: libgomp.c++/pr35185.C -O1 execution test
FAIL: libgomp.c++/pr35185.C -O2 execution test
FAIL: libgomp.c++/pr35185.C -O3 -fomit-frame-pointer execution test
FAIL: libgomp.c++/pr35185.C -O3 -fomit-frame-pointer -funroll-loops
execution test
FAIL: libgomp.c++/pr35185.C -O3 -fomit-frame-pointer
-funroll-all-loops -finline-functions execution test
FAIL: libgomp.c++/pr35185.C -O3 -g execution test
FAIL: libgomp.c++/pr35185.C -Os execution test
FAIL: libgomp.c++/pr38650.C -O0 execution test
FAIL: libgomp.c++/pr38650.C -O1 execution test
FAIL: libgomp.c++/pr38650.C -O2 execution test
FAIL: libgomp.c++/pr38650.C -O3 -fomit-frame-pointer execution test
FAIL: libgomp.c++/pr38650.C -O3 -fomit-frame-pointer -funroll-loops
execution test
FAIL: libgomp.c++/pr38650.C -O3 -fomit-frame-pointer
-funroll-all-loops -finline-functions execution test
FAIL: libgomp.c++/pr38650.C -O3 -g execution test
FAIL: libgomp.c++/pr38650.C -Os execution test
FAIL: libgomp.c++/pr39573.C -O0 execution test
FAIL: libgomp.c++/pr39573.C -O1 execution test
FAIL: libgomp.c++/pr39573.C -O2 execution test
FAIL: libgomp.c++/pr39573.C -O3 -fomit-frame-pointer execution test
FAIL: libgomp.c++/pr39573.C -O3 -fomit-frame-pointer -funroll-loops
execution test
FAIL: libgomp.c++/pr39573.C -O3 -fomit-frame-pointer
-funroll-all-loops -finline-functions execution test
FAIL: libgomp.c++/pr39573.C -O3 -g execution test
FAIL: libgomp.c++/pr39573.C -Os execution test
FAIL: libgomp.c++/pr43893.C -O0 execution test
FAIL: libgomp.c++/pr43893.C -O1 execution test
FAIL: libgomp.c++/pr43893.C -O2 execution test
FAIL: libgomp.c++/pr43893.C -O3 -fomit-frame-pointer execution test
FAIL: libgomp.c++/pr43893.C -O3 -fomit-frame-pointer -funroll-loops
execution test
FAIL: libgomp.c++/pr43893.C -O3 -fomit-frame-pointer
-funroll-all-loops -finline-functions execution test
FAIL: libgomp.c++/pr43893.C -O3 -g execution test
FAIL: libgomp.c++/pr43893.C -Os execution test
FAIL: libgomp.c++/pr48869.C -O0 execution test
FAIL: libgomp.c++/pr48869.C -O1 execution test
FAIL: libgomp.c++/pr48869.C -O2 execution test
FAIL: libgomp.c++/pr48869.C -O3 -fomit-frame-pointer execution test
FAIL: libgomp.c++/pr48869.C -O3 -fomit-frame-pointer -funroll-loops
execution test
FAIL: libgomp.c++/pr48869.C -O3 -fomit-frame-pointer
-funroll-all-loops -finline-functions execution test
FAIL: libgomp.c++/pr48869.C -O3 -g execution test
FAIL: libgomp.c++/pr48869.C -Os execution test
FAIL: libgomp.c++/pr49043.C -O0 execution test
FAIL: libgomp.c++/pr49043.C -O1 execution test
FAIL: libgomp.c++/pr49043.C -O2 execution test
FAIL: libgomp.c++/pr49043.C -O3 -fomit-frame-pointer execution test
FAIL: libgomp.c++/pr49043.C -O3 -fomit-frame-pointer -funroll-loops
execution test
FAIL: libgomp.c++/pr49043.C -O3 -fomit-frame-pointer
-funroll-all-loops -finline-functions execution test
FAIL: libgomp.c++/pr49043.C -O3 -g execution test
FAIL: libgomp.c++/pr49043.C -Os execution test
FAIL: libgomp.c++/reduction-1.C -O execution test
FAIL: libgomp.c++/reduction-2.C -O execution test
FAIL: libgomp.c++/reduction-3.C -O execution test
FAIL: libgomp.c++/reduction-4.C -O0 execution test
FAIL: libgomp.c++/reduction-4.C -O1 execution test
FAIL: libgomp.c++/reduction-4.C -O2 execution test
FAIL: libgomp.c++/reduction-4.C -O3 -fomit-frame-pointer execution test
FAIL: libgomp.c++/reduction-4.C -O3 -fomit-frame-pointer
-funroll-loops execution test
FAIL: libgomp.c++/reduction-4.C -O3 -fomit-frame-pointer
-funroll-all-loops -finline-functions execution test
FAIL: libgomp.c++/reduction-4.C -O3 -g execution test
FAIL: libgomp.c++/reduction-4.C -Os execution test
FAIL: libgomp.c++/sections-1.C -O execution test
FAIL: libgomp.c++/shared-1.C -O execution test
FAIL: libgomp.c++/shared-2.C -O execution test
FAIL: libgomp.c++/single-1.C -O execution test
FAIL: libgomp.c++/single-2.C -O execution test
FAIL: libgomp.c++/single-3.C -O execution test
FAIL: libgomp.c++/task-1.C -O execution test
FAIL: libgomp.c++/task-2.C -O0 execution test
FAIL: libgomp.c++/task-2.C -O1 execution test
FAIL: libgomp.c++/task-2.C -O2 execution test
FAIL: libgomp.c++/task-2.C -O3 -fomit-frame-pointer execution test
FAIL: libgomp.c++/task-2.C -O3 -fomit-frame-pointer -funroll-loops
execution test
FAIL: libgomp.c++/task-2.C -O3 -fomit-frame-pointer
-funroll-all-loops -finline-functions execution test
FAIL: libgomp.c++/task-2.C -O3 -g execution test
FAIL: libgomp.c++/task-2.C -Os execution test
FAIL: libgomp.c++/task-3.C -O0 execution test
FAIL: libgomp.c++/task-3.C -O1 execution test
FAIL: libgomp.c++/task-3.C -O2 execution test
FAIL: libgomp.c++/task-3.C -O3 -fomit-frame-pointer execution test
FAIL: libgomp.c++/task-3.C -O3 -fomit-frame-pointer -funroll-loops
execution test
FAIL: libgomp.c++/task-3.C -O3 -fomit-frame-pointer
-funroll-all-loops -finline-functions execution test
FAIL: libgomp.c++/task-3.C -O3 -g execution test
FAIL: libgomp.c++/task-3.C -Os execution test
FAIL: libgomp.c++/task-4.C -O execution test
FAIL: libgomp.c++/task-5.C -O0 execution test
FAIL: libgomp.c++/task-5.C -O1 execution test
FAIL: libgomp.c++/task-5.C -O2 execution test
FAIL: libgomp.c++/task-5.C -O3 -fomit-frame-pointer execution test
FAIL: libgomp.c++/task-5.C -O3 -fomit-frame-pointer -funroll-loops
execution test
FAIL: libgomp.c++/task-5.C -O3 -fomit-frame-pointer
-funroll-all-loops -finline-functions execution test
FAIL: libgomp.c++/task-5.C -O3 -g execution test
FAIL: libgomp.c++/task-5.C -Os execution test
FAIL: libgomp.c++/task-6.C -O execution test
FAIL: libgomp.c++/task-7.C -O0 execution test
FAIL: libgomp.c++/task-7.C -O1 execution test
FAIL: libgomp.c++/task-7.C -O2 execution test
FAIL: libgomp.c++/task-7.C -O3 -fomit-frame-pointer execution test
FAIL: libgomp.c++/task-7.C -O3 -fomit-frame-pointer -funroll-loops
execution test
FAIL: libgomp.c++/task-7.C -O3 -fomit-frame-pointer
-funroll-all-loops -finline-functions execution test
FAIL: libgomp.c++/task-7.C -O3 -g execution test
FAIL: libgomp.c++/task-7.C -Os execution test
FAIL: libgomp.c++/task-8.C -O0 execution test
FAIL: libgomp.c++/task-8.C -O1 execution test
FAIL: libgomp.c++/task-8.C -O2 execution test
FAIL: libgomp.c++/task-8.C -O3 -fomit-frame-pointer execution test
FAIL: libgomp.c++/task-8.C -O3 -fomit-frame-pointer -funroll-loops
execution test
FAIL: libgomp.c++/task-8.C -O3 -fomit-frame-pointer
-funroll-all-loops -finline-functions execution test
FAIL: libgomp.c++/task-8.C -O3 -g execution test
FAIL: libgomp.c++/task-8.C -Os execution test
FAIL: libgomp.c++/tls-init1.C -O (test for excess errors)
WARNING: libgomp.c++/tls-init1.C -O compilation failed to produce executable
FAIL: libgomp.fortran/allocatable1.f90 -O0 execution test
FAIL: libgomp.fortran/allocatable1.f90 -O1 execution test
FAIL: libgomp.fortran/allocatable1.f90 -O2 execution test
FAIL: libgomp.fortran/allocatable1.f90 -O3 -fomit-frame-pointer execution test
FAIL: libgomp.fortran/allocatable1.f90 -O3 -fomit-frame-pointer
-funroll-loops execution test
FAIL: libgomp.fortran/allocatable1.f90 -O3 -fomit-frame-pointer
-funroll-all-loops -finline-functions execution test
FAIL: libgomp.fortran/allocatable1.f90 -O3 -g execution test
FAIL: libgomp.fortran/allocatable1.f90 -Os execution test
FAIL: libgomp.fortran/allocatable2.f90 -O0 (test for excess errors)
WARNING: libgomp.fortran/allocatable2.f90 -O0 compilation failed to
produce executable
FAIL: libgomp.fortran/allocatable2.f90 -O1 (test for excess errors)
WARNING: libgomp.fortran/allocatable2.f90 -O1 compilation failed to
produce executable
FAIL: libgomp.fortran/allocatable2.f90 -O2 (test for excess errors)
WARNING: libgomp.fortran/allocatable2.f90 -O2 compilation failed to
produce executable
FAIL: libgomp.fortran/allocatable2.f90 -O3 -fomit-frame-pointer
(test for excess errors)
WARNING: libgomp.fortran/allocatable2.f90 -O3 -fomit-frame-pointer
compilation failed to produce executable
FAIL: libgomp.fortran/allocatable2.f90 -O3 -fomit-frame-pointer
-funroll-loops (test for excess errors)
WARNING: libgomp.fortran/allocatable2.f90 -O3 -fomit-frame-pointer
-funroll-loops compilation failed to produce executable
FAIL: libgomp.fortran/allocatable2.f90 -O3 -fomit-frame-pointer
-funroll-all-loops -finline-functions (test for excess errors)
WARNING: libgomp.fortran/allocatable2.f90 -O3 -fomit-frame-pointer
-funroll-all-loops -finline-functions compilation failed to produce
executable
FAIL: libgomp.fortran/allocatable2.f90 -O3 -g (test for excess errors)
WARNING: libgomp.fortran/allocatable2.f90 -O3 -g compilation failed
to produce executable
FAIL: libgomp.fortran/allocatable2.f90 -Os (test for excess errors)
WARNING: libgomp.fortran/allocatable2.f90 -Os compilation failed to
produce executable
FAIL: libgomp.fortran/allocatable3.f90 -O0 execution test
FAIL: libgomp.fortran/allocatable3.f90 -O1 execution test
FAIL: libgomp.fortran/allocatable3.f90 -O2 execution test
FAIL: libgomp.fortran/allocatable3.f90 -O3 -fomit-frame-pointer execution test
FAIL: libgomp.fortran/allocatable3.f90 -O3 -fomit-frame-pointer
-funroll-loops execution test
FAIL: libgomp.fortran/allocatable3.f90 -O3 -fomit-frame-pointer
-funroll-all-loops -finline-functions execution test
FAIL: libgomp.fortran/allocatable3.f90 -O3 -g execution test
FAIL: libgomp.fortran/allocatable3.f90 -Os execution test
FAIL: libgomp.fortran/allocatable4.f90 -O0 execution test
FAIL: libgomp.fortran/allocatable4.f90 -O1 execution test
FAIL: libgomp.fortran/allocatable4.f90 -O2 execution test
FAIL: libgomp.fortran/allocatable4.f90 -O3 -fomit-frame-pointer execution test
FAIL: libgomp.fortran/allocatable4.f90 -O3 -fomit-frame-pointer
-funroll-loops execution test
FAIL: libgomp.fortran/allocatable4.f90 -O3 -fomit-frame-pointer
-funroll-all-loops -finline-functions execution test
FAIL: libgomp.fortran/allocatable4.f90 -O3 -g execution test
FAIL: libgomp.fortran/allocatable4.f90 -Os execution test
FAIL: libgomp.fortran/allocatable5.f90 -O0 execution test
FAIL: libgomp.fortran/allocatable5.f90 -O1 execution test
FAIL: libgomp.fortran/allocatable5.f90 -O2 execution test
FAIL: libgomp.fortran/allocatable5.f90 -O3 -fomit-frame-pointer execution test
FAIL: libgomp.fortran/allocatable5.f90 -O3 -fomit-frame-pointer
-funroll-loops execution test
FAIL: libgomp.fortran/allocatable5.f90 -O3 -fomit-frame-pointer
-funroll-all-loops -finline-functions execution test
FAIL: libgomp.fortran/allocatable5.f90 -O3 -g execution test
FAIL: libgomp.fortran/allocatable5.f90 -Os execution test
FAIL: libgomp.fortran/allocatable6.f90 -O0 execution test
FAIL: libgomp.fortran/allocatable6.f90 -O1 execution test
FAIL: libgomp.fortran/allocatable6.f90 -O2 execution test
FAIL: libgomp.fortran/allocatable6.f90 -O3 -fomit-frame-pointer execution test
FAIL: libgomp.fortran/allocatable6.f90 -O3 -fomit-frame-pointer
-funroll-loops execution test
FAIL: libgomp.fortran/allocatable6.f90 -O3 -fomit-frame-pointer
-funroll-all-loops -finline-functions execution test
FAIL: libgomp.fortran/allocatable6.f90 -O3 -g execution test
FAIL: libgomp.fortran/allocatable6.f90 -Os execution test
FAIL: libgomp.fortran/allocatable7.f90 -O0 execution test
FAIL: libgomp.fortran/allocatable7.f90 -O1 execution test
FAIL: libgomp.fortran/allocatable7.f90 -O2 execution test
FAIL: libgomp.fortran/allocatable7.f90 -O3 -fomit-frame-pointer execution test
FAIL: libgomp.fortran/allocatable7.f90 -O3 -fomit-frame-pointer
-funroll-loops execution test
FAIL: libgomp.fortran/allocatable7.f90 -O3 -fomit-frame-pointer
-funroll-all-loops -finline-functions execution test
FAIL: libgomp.fortran/allocatable7.f90 -O3 -g execution test
FAIL: libgomp.fortran/allocatable7.f90 -Os execution test
FAIL: libgomp.fortran/allocatable8.f90 -O0 (test for excess errors)
WARNING: libgomp.fortran/allocatable8.f90 -O0 compilation failed to
produce executable
FAIL: libgomp.fortran/allocatable8.f90 -O1 (test for excess errors)
WARNING: libgomp.fortran/allocatable8.f90 -O1 compilation failed to
produce executable
FAIL: libgomp.fortran/allocatable8.f90 -O2 (test for excess errors)
WARNING: libgomp.fortran/allocatable8.f90 -O2 compilation failed to
produce executable
FAIL: libgomp.fortran/allocatable8.f90 -O3 -fomit-frame-pointer
(test for excess errors)
WARNING: libgomp.fortran/allocatable8.f90 -O3 -fomit-frame-pointer
compilation failed to produce executable
FAIL: libgomp.fortran/allocatable8.f90 -O3 -fomit-frame-pointer
-funroll-loops (test for excess errors)
WARNING: libgomp.fortran/allocatable8.f90 -O3 -fomit-frame-pointer
-funroll-loops compilation failed to produce executable
FAIL: libgomp.fortran/allocatable8.f90 -O3 -fomit-frame-pointer
-funroll-all-loops -finline-functions (test for excess errors)
WARNING: libgomp.fortran/allocatable8.f90 -O3 -fomit-frame-pointer
-funroll-all-loops -finline-functions compilation failed to produce
executable
FAIL: libgomp.fortran/allocatable8.f90 -O3 -g (test for excess errors)
WARNING: libgomp.fortran/allocatable8.f90 -O3 -g compilation failed
to produce executable
FAIL: libgomp.fortran/allocatable8.f90 -Os (test for excess errors)
WARNING: libgomp.fortran/allocatable8.f90 -Os compilation failed to
produce executable
FAIL: libgomp.fortran/appendix-a/a.16.1.f90 -O0 execution test
FAIL: libgomp.fortran/appendix-a/a.16.1.f90 -O1 execution test
FAIL: libgomp.fortran/appendix-a/a.16.1.f90 -O2 execution test
FAIL: libgomp.fortran/appendix-a/a.16.1.f90 -O3 -fomit-frame-pointer
execution test
FAIL: libgomp.fortran/appendix-a/a.16.1.f90 -O3 -fomit-frame-pointer
-funroll-loops execution test
FAIL: libgomp.fortran/appendix-a/a.16.1.f90 -O3 -fomit-frame-pointer
-funroll-all-loops -finline-functions execution test
FAIL: libgomp.fortran/appendix-a/a.16.1.f90 -O3 -g execution test
FAIL: libgomp.fortran/appendix-a/a.16.1.f90 -Os execution test
FAIL: libgomp.fortran/appendix-a/a.18.1.f90 -O0 execution test
FAIL: libgomp.fortran/appendix-a/a.18.1.f90 -O1 execution test
FAIL: libgomp.fortran/appendix-a/a.18.1.f90 -O2 execution test
FAIL: libgomp.fortran/appendix-a/a.18.1.f90 -O3 -fomit-frame-pointer
execution test
FAIL: libgomp.fortran/appendix-a/a.18.1.f90 -O3 -fomit-frame-pointer
-funroll-loops execution test
FAIL: libgomp.fortran/appendix-a/a.18.1.f90 -O3 -fomit-frame-pointer
-funroll-all-loops -finline-functions execution test
FAIL: libgomp.fortran/appendix-a/a.18.1.f90 -O3 -g execution test
FAIL: libgomp.fortran/appendix-a/a.18.1.f90 -Os execution test
FAIL: libgomp.fortran/appendix-a/a.19.1.f90 -O0 execution test
FAIL: libgomp.fortran/appendix-a/a.19.1.f90 -O1 execution test
FAIL: libgomp.fortran/appendix-a/a.19.1.f90 -O2 execution test
FAIL: libgomp.fortran/appendix-a/a.19.1.f90 -O3 -fomit-frame-pointer
execution test
FAIL: libgomp.fortran/appendix-a/a.19.1.f90 -O3 -fomit-frame-pointer
-funroll-loops execution test
FAIL: libgomp.fortran/appendix-a/a.19.1.f90 -O3 -fomit-frame-pointer
-funroll-all-loops -finline-functions execution test
FAIL: libgomp.fortran/appendix-a/a.19.1.f90 -O3 -g execution test
FAIL: libgomp.fortran/appendix-a/a.19.1.f90 -Os execution test
FAIL: libgomp.fortran/appendix-a/a.2.1.f90 -O0 execution test
FAIL: libgomp.fortran/appendix-a/a.2.1.f90 -O1 execution test
FAIL: libgomp.fortran/appendix-a/a.2.1.f90 -O2 execution test
FAIL: libgomp.fortran/appendix-a/a.2.1.f90 -O3 -fomit-frame-pointer
execution test
FAIL: libgomp.fortran/appendix-a/a.2.1.f90 -O3 -fomit-frame-pointer
-funroll-loops execution test
FAIL: libgomp.fortran/appendix-a/a.2.1.f90 -O3 -fomit-frame-pointer
-funroll-all-loops -finline-functions execution test
FAIL: libgomp.fortran/appendix-a/a.2.1.f90 -O3 -g execution test
FAIL: libgomp.fortran/appendix-a/a.2.1.f90 -Os execution test
FAIL: libgomp.fortran/appendix-a/a.22.7.f90 -O0 (test for excess errors)
WARNING: libgomp.fortran/appendix-a/a.22.7.f90 -O0 compilation
failed to produce executable
FAIL: libgomp.fortran/appendix-a/a.22.7.f90 -O1 (test for excess errors)
WARNING: libgomp.fortran/appendix-a/a.22.7.f90 -O1 compilation
failed to produce executable
FAIL: libgomp.fortran/appendix-a/a.22.7.f90 -O2 (test for excess errors)
WARNING: libgomp.fortran/appendix-a/a.22.7.f90 -O2 compilation
failed to produce executable
FAIL: libgomp.fortran/appendix-a/a.22.7.f90 -O3 -fomit-frame-pointer
(test for excess errors)
WARNING: libgomp.fortran/appendix-a/a.22.7.f90 -O3
-fomit-frame-pointer compilation failed to produce executable
FAIL: libgomp.fortran/appendix-a/a.22.7.f90 -O3 -fomit-frame-pointer
-funroll-loops (test for excess errors)
WARNING: libgomp.fortran/appendix-a/a.22.7.f90 -O3
-fomit-frame-pointer -funroll-loops compilation failed to produce
executable
FAIL: libgomp.fortran/appendix-a/a.22.7.f90 -O3 -fomit-frame-pointer
-funroll-all-loops -finline-functions (test for excess errors)
WARNING: libgomp.fortran/appendix-a/a.22.7.f90 -O3
-fomit-frame-pointer -funroll-all-loops -finline-functions
compilation failed to produce executable
FAIL: libgomp.fortran/appendix-a/a.22.7.f90 -O3 -g (test for excess errors)
WARNING: libgomp.fortran/appendix-a/a.22.7.f90 -O3 -g compilation
failed to produce executable
FAIL: libgomp.fortran/appendix-a/a.22.7.f90 -Os (test for excess errors)
WARNING: libgomp.fortran/appendix-a/a.22.7.f90 -Os compilation
failed to produce executable
FAIL: libgomp.fortran/appendix-a/a.22.8.f90 -O0 execution test
FAIL: libgomp.fortran/appendix-a/a.22.8.f90 -O1 execution test
FAIL: libgomp.fortran/appendix-a/a.22.8.f90 -O2 execution test
FAIL: libgomp.fortran/appendix-a/a.22.8.f90 -O3 -fomit-frame-pointer
execution test
FAIL: libgomp.fortran/appendix-a/a.22.8.f90 -O3 -fomit-frame-pointer
-funroll-loops execution test
FAIL: libgomp.fortran/appendix-a/a.22.8.f90 -O3 -fomit-frame-pointer
-funroll-all-loops -finline-functions execution test
FAIL: libgomp.fortran/appendix-a/a.22.8.f90 -O3 -g execution test
FAIL: libgomp.fortran/appendix-a/a.22.8.f90 -Os execution test
FAIL: libgomp.fortran/appendix-a/a.26.1.f90 -O0 execution test
FAIL: libgomp.fortran/appendix-a/a.26.1.f90 -O1 execution test
FAIL: libgomp.fortran/appendix-a/a.26.1.f90 -O2 execution test
FAIL: libgomp.fortran/appendix-a/a.26.1.f90 -O3 -fomit-frame-pointer
execution test
FAIL: libgomp.fortran/appendix-a/a.26.1.f90 -O3 -fomit-frame-pointer
-funroll-loops execution test
FAIL: libgomp.fortran/appendix-a/a.26.1.f90 -O3 -fomit-frame-pointer
-funroll-all-loops -finline-functions execution test
FAIL: libgomp.fortran/appendix-a/a.26.1.f90 -O3 -g execution test
FAIL: libgomp.fortran/appendix-a/a.26.1.f90 -Os execution test
FAIL: libgomp.fortran/appendix-a/a.28.1.f90 -O0 execution test
FAIL: libgomp.fortran/appendix-a/a.28.1.f90 -O1 execution test
FAIL: libgomp.fortran/appendix-a/a.28.1.f90 -O2 execution test
FAIL: libgomp.fortran/appendix-a/a.28.1.f90 -O3 -fomit-frame-pointer
execution test
FAIL: libgomp.fortran/appendix-a/a.28.1.f90 -O3 -fomit-frame-pointer
-funroll-loops execution test
FAIL: libgomp.fortran/appendix-a/a.28.1.f90 -O3 -fomit-frame-pointer
-funroll-all-loops -finline-functions execution test
FAIL: libgomp.fortran/appendix-a/a.28.1.f90 -O3 -g execution test
FAIL: libgomp.fortran/appendix-a/a.28.1.f90 -Os execution test
FAIL: libgomp.fortran/appendix-a/a.28.2.f90 -O0 execution test
FAIL: libgomp.fortran/appendix-a/a.28.2.f90 -O1 execution test
FAIL: libgomp.fortran/appendix-a/a.28.2.f90 -O2 execution test
FAIL: libgomp.fortran/appendix-a/a.28.2.f90 -O3 -fomit-frame-pointer
execution test
FAIL: libgomp.fortran/appendix-a/a.28.2.f90 -O3 -fomit-frame-pointer
-funroll-loops execution test
FAIL: libgomp.fortran/appendix-a/a.28.2.f90 -O3 -fomit-frame-pointer
-funroll-all-loops -finline-functions execution test
FAIL: libgomp.fortran/appendix-a/a.28.2.f90 -O3 -g execution test
FAIL: libgomp.fortran/appendix-a/a.28.2.f90 -Os execution test
FAIL: libgomp.fortran/appendix-a/a.28.3.f90 -O0 execution test
FAIL: libgomp.fortran/appendix-a/a.28.3.f90 -O1 execution test
FAIL: libgomp.fortran/appendix-a/a.28.3.f90 -O2 execution test
FAIL: libgomp.fortran/appendix-a/a.28.3.f90 -O3 -fomit-frame-pointer
execution test
FAIL: libgomp.fortran/appendix-a/a.28.3.f90 -O3 -fomit-frame-pointer
-funroll-loops execution test
FAIL: libgomp.fortran/appendix-a/a.28.3.f90 -O3 -fomit-frame-pointer
-funroll-all-loops -finline-functions execution test
FAIL: libgomp.fortran/appendix-a/a.28.3.f90 -O3 -g execution test
FAIL: libgomp.fortran/appendix-a/a.28.3.f90 -Os execution test
FAIL: libgomp.fortran/appendix-a/a.28.4.f90 -O0 execution test
FAIL: libgomp.fortran/appendix-a/a.28.4.f90 -O1 execution test
FAIL: libgomp.fortran/appendix-a/a.28.4.f90 -O2 execution test
FAIL: libgomp.fortran/appendix-a/a.28.4.f90 -O3 -fomit-frame-pointer
execution test
FAIL: libgomp.fortran/appendix-a/a.28.4.f90 -O3 -fomit-frame-pointer
-funroll-loops execution test
FAIL: libgomp.fortran/appendix-a/a.28.4.f90 -O3 -fomit-frame-pointer
-funroll-all-loops -finline-functions execution test
FAIL: libgomp.fortran/appendix-a/a.28.4.f90 -O3 -g execution test
FAIL: libgomp.fortran/appendix-a/a.28.4.f90 -Os execution test
FAIL: libgomp.fortran/appendix-a/a.31.4.f90 -O0 execution test
FAIL: libgomp.fortran/appendix-a/a.31.4.f90 -O1 execution test
FAIL: libgomp.fortran/appendix-a/a.31.4.f90 -O2 execution test
FAIL: libgomp.fortran/appendix-a/a.31.4.f90 -O3 -fomit-frame-pointer
execution test
FAIL: libgomp.fortran/appendix-a/a.31.4.f90 -O3 -fomit-frame-pointer
-funroll-loops execution test
FAIL: libgomp.fortran/appendix-a/a.31.4.f90 -O3 -fomit-frame-pointer
-funroll-all-loops -finline-functions execution test
FAIL: libgomp.fortran/appendix-a/a.31.4.f90 -O3 -g execution test
FAIL: libgomp.fortran/appendix-a/a.31.4.f90 -Os execution test
FAIL: libgomp.fortran/appendix-a/a.31.5.f90 -O0 execution test
FAIL: libgomp.fortran/appendix-a/a.31.5.f90 -O1 execution test
FAIL: libgomp.fortran/appendix-a/a.31.5.f90 -O2 execution test
FAIL: libgomp.fortran/appendix-a/a.31.5.f90 -O3 -fomit-frame-pointer
execution test
FAIL: libgomp.fortran/appendix-a/a.31.5.f90 -O3 -fomit-frame-pointer
-funroll-loops execution test
FAIL: libgomp.fortran/appendix-a/a.31.5.f90 -O3 -fomit-frame-pointer
-funroll-all-loops -finline-functions execution test
FAIL: libgomp.fortran/appendix-a/a.31.5.f90 -O3 -g execution test
FAIL: libgomp.fortran/appendix-a/a.31.5.f90 -Os execution test
FAIL: libgomp.fortran/appendix-a/a.39.1.f90 -O0 execution test
FAIL: libgomp.fortran/appendix-a/a.39.1.f90 -O1 execution test
FAIL: libgomp.fortran/appendix-a/a.39.1.f90 -O2 execution test
FAIL: libgomp.fortran/appendix-a/a.39.1.f90 -O3 -fomit-frame-pointer
execution test
FAIL: libgomp.fortran/appendix-a/a.39.1.f90 -O3 -fomit-frame-pointer
-funroll-loops execution test
FAIL: libgomp.fortran/appendix-a/a.39.1.f90 -O3 -fomit-frame-pointer
-funroll-all-loops -finline-functions execution test
FAIL: libgomp.fortran/appendix-a/a.39.1.f90 -O3 -g execution test
FAIL: libgomp.fortran/appendix-a/a.39.1.f90 -Os execution test
FAIL: libgomp.fortran/appendix-a/a.4.1.f90 -O0 execution test
FAIL: libgomp.fortran/appendix-a/a.4.1.f90 -O1 execution test
FAIL: libgomp.fortran/appendix-a/a.4.1.f90 -O2 execution test
FAIL: libgomp.fortran/appendix-a/a.4.1.f90 -O3 -fomit-frame-pointer
execution test
FAIL: libgomp.fortran/appendix-a/a.4.1.f90 -O3 -fomit-frame-pointer
-funroll-loops execution test
FAIL: libgomp.fortran/appendix-a/a.4.1.f90 -O3 -fomit-frame-pointer
-funroll-all-loops -finline-functions execution test
FAIL: libgomp.fortran/appendix-a/a.4.1.f90 -O3 -g execution test
FAIL: libgomp.fortran/appendix-a/a.4.1.f90 -Os execution test
FAIL: libgomp.fortran/appendix-a/a.5.1.f90 -O0 execution test
FAIL: libgomp.fortran/appendix-a/a10.1.f90 -O0 execution test
FAIL: libgomp.fortran/appendix-a/a10.1.f90 -O1 execution test
FAIL: libgomp.fortran/appendix-a/a10.1.f90 -O2 execution test
FAIL: libgomp.fortran/appendix-a/a10.1.f90 -O3 -fomit-frame-pointer
execution test
FAIL: libgomp.fortran/appendix-a/a10.1.f90 -O3 -fomit-frame-pointer
-funroll-loops execution test
FAIL: libgomp.fortran/appendix-a/a10.1.f90 -O3 -fomit-frame-pointer
-funroll-all-loops -finline-functions execution test
FAIL: libgomp.fortran/appendix-a/a10.1.f90 -O3 -g execution test
FAIL: libgomp.fortran/appendix-a/a10.1.f90 -Os execution test
FAIL: libgomp.fortran/character1.f90 -O0 execution test
FAIL: libgomp.fortran/character1.f90 -O1 execution test
FAIL: libgomp.fortran/character1.f90 -O2 execution test
FAIL: libgomp.fortran/character1.f90 -O3 -fomit-frame-pointer execution test
FAIL: libgomp.fortran/character1.f90 -O3 -fomit-frame-pointer
-funroll-loops execution test
FAIL: libgomp.fortran/character1.f90 -O3 -fomit-frame-pointer
-funroll-all-loops -finline-functions execution test
FAIL: libgomp.fortran/character1.f90 -O3 -g execution test
FAIL: libgomp.fortran/character1.f90 -Os execution test
FAIL: libgomp.fortran/character2.f90 -O0 execution test
FAIL: libgomp.fortran/character2.f90 -O1 execution test
FAIL: libgomp.fortran/character2.f90 -O2 execution test
FAIL: libgomp.fortran/character2.f90 -O3 -fomit-frame-pointer execution test
FAIL: libgomp.fortran/character2.f90 -O3 -fomit-frame-pointer
-funroll-loops execution test
FAIL: libgomp.fortran/character2.f90 -O3 -fomit-frame-pointer
-funroll-all-loops -finline-functions execution test
FAIL: libgomp.fortran/character2.f90 -O3 -g execution test
FAIL: libgomp.fortran/character2.f90 -Os execution test
FAIL: libgomp.fortran/collapse1.f90 -O0 execution test
FAIL: libgomp.fortran/collapse1.f90 -O1 execution test
FAIL: libgomp.fortran/collapse1.f90 -O2 execution test
FAIL: libgomp.fortran/collapse1.f90 -O3 -fomit-frame-pointer execution test
FAIL: libgomp.fortran/collapse1.f90 -O3 -fomit-frame-pointer
-funroll-loops execution test
FAIL: libgomp.fortran/collapse1.f90 -O3 -fomit-frame-pointer
-funroll-all-loops -finline-functions execution test
FAIL: libgomp.fortran/collapse1.f90 -O3 -g execution test
FAIL: libgomp.fortran/collapse1.f90 -Os execution test
FAIL: libgomp.fortran/collapse2.f90 -O0 execution test
FAIL: libgomp.fortran/collapse2.f90 -O1 execution test
FAIL: libgomp.fortran/collapse2.f90 -O2 execution test
FAIL: libgomp.fortran/collapse2.f90 -O3 -fomit-frame-pointer execution test
FAIL: libgomp.fortran/collapse2.f90 -O3 -fomit-frame-pointer
-funroll-loops execution test
FAIL: libgomp.fortran/collapse2.f90 -O3 -fomit-frame-pointer
-funroll-all-loops -finline-functions execution test
FAIL: libgomp.fortran/collapse2.f90 -O3 -g execution test
FAIL: libgomp.fortran/collapse2.f90 -Os execution test
FAIL: libgomp.fortran/collapse3.f90 -O0 execution test
FAIL: libgomp.fortran/collapse3.f90 -O1 execution test
FAIL: libgomp.fortran/collapse3.f90 -O2 execution test
FAIL: libgomp.fortran/collapse3.f90 -O3 -fomit-frame-pointer execution test
FAIL: libgomp.fortran/collapse3.f90 -O3 -fomit-frame-pointer
-funroll-loops execution test
FAIL: libgomp.fortran/collapse3.f90 -O3 -fomit-frame-pointer
-funroll-all-loops -finline-functions execution test
FAIL: libgomp.fortran/collapse3.f90 -O3 -g execution test
FAIL: libgomp.fortran/collapse3.f90 -Os execution test
FAIL: libgomp.fortran/collapse4.f90 -O0 execution test
FAIL: libgomp.fortran/collapse4.f90 -O1 execution test
FAIL: libgomp.fortran/collapse4.f90 -O2 execution test
FAIL: libgomp.fortran/collapse4.f90 -O3 -fomit-frame-pointer execution test
FAIL: libgomp.fortran/collapse4.f90 -O3 -fomit-frame-pointer
-funroll-loops execution test
FAIL: libgomp.fortran/collapse4.f90 -O3 -fomit-frame-pointer
-funroll-all-loops -finline-functions execution test
FAIL: libgomp.fortran/collapse4.f90 -O3 -g execution test
FAIL: libgomp.fortran/collapse4.f90 -Os execution test
FAIL: libgomp.fortran/crayptr1.f90 -O0 execution test
FAIL: libgomp.fortran/crayptr1.f90 -O1 execution test
FAIL: libgomp.fortran/crayptr1.f90 -O2 execution test
FAIL: libgomp.fortran/crayptr1.f90 -O3 -fomit-frame-pointer execution test
FAIL: libgomp.fortran/crayptr1.f90 -O3 -fomit-frame-pointer
-funroll-loops execution test
FAIL: libgomp.fortran/crayptr1.f90 -O3 -fomit-frame-pointer
-funroll-all-loops -finline-functions execution test
FAIL: libgomp.fortran/crayptr1.f90 -O3 -g execution test
FAIL: libgomp.fortran/crayptr1.f90 -Os execution test
FAIL: libgomp.fortran/crayptr2.f90 -O0 (test for excess errors)
WARNING: libgomp.fortran/crayptr2.f90 -O0 compilation failed to
produce executable
FAIL: libgomp.fortran/crayptr2.f90 -O1 (test for excess errors)
WARNING: libgomp.fortran/crayptr2.f90 -O1 compilation failed to
produce executable
FAIL: libgomp.fortran/crayptr2.f90 -O2 (test for excess errors)
WARNING: libgomp.fortran/crayptr2.f90 -O2 compilation failed to
produce executable
FAIL: libgomp.fortran/crayptr2.f90 -O3 -fomit-frame-pointer (test
for excess errors)
WARNING: libgomp.fortran/crayptr2.f90 -O3 -fomit-frame-pointer
compilation failed to produce executable
FAIL: libgomp.fortran/crayptr2.f90 -O3 -fomit-frame-pointer
-funroll-loops (test for excess errors)
WARNING: libgomp.fortran/crayptr2.f90 -O3 -fomit-frame-pointer
-funroll-loops compilation failed to produce executable
FAIL: libgomp.fortran/crayptr2.f90 -O3 -fomit-frame-pointer
-funroll-all-loops -finline-functions (test for excess errors)
WARNING: libgomp.fortran/crayptr2.f90 -O3 -fomit-frame-pointer
-funroll-all-loops -finline-functions compilation failed to produce
executable
FAIL: libgomp.fortran/crayptr2.f90 -O3 -g (test for excess errors)
WARNING: libgomp.fortran/crayptr2.f90 -O3 -g compilation failed to
produce executable
FAIL: libgomp.fortran/crayptr2.f90 -Os (test for excess errors)
WARNING: libgomp.fortran/crayptr2.f90 -Os compilation failed to
produce executable
FAIL: libgomp.fortran/crayptr3.f90 -O0 execution test
FAIL: libgomp.fortran/crayptr3.f90 -O1 execution test
FAIL: libgomp.fortran/crayptr3.f90 -O2 execution test
FAIL: libgomp.fortran/crayptr3.f90 -O3 -fomit-frame-pointer execution test
FAIL: libgomp.fortran/crayptr3.f90 -O3 -fomit-frame-pointer
-funroll-loops execution test
FAIL: libgomp.fortran/crayptr3.f90 -O3 -fomit-frame-pointer
-funroll-all-loops -finline-functions execution test
FAIL: libgomp.fortran/crayptr3.f90 -O3 -g execution test
FAIL: libgomp.fortran/crayptr3.f90 -Os execution test
FAIL: libgomp.fortran/do1.f90 -O0 execution test
FAIL: libgomp.fortran/do1.f90 -O1 execution test
FAIL: libgomp.fortran/do1.f90 -O2 execution test
FAIL: libgomp.fortran/do1.f90 -O3 -fomit-frame-pointer execution test
FAIL: libgomp.fortran/do1.f90 -O3 -fomit-frame-pointer -funroll-loops
execution test
FAIL: libgomp.fortran/do1.f90 -O3 -fomit-frame-pointer
-funroll-all-loops -finline-functions execution test
FAIL: libgomp.fortran/do1.f90 -O3 -g execution test
FAIL: libgomp.fortran/do1.f90 -Os execution test
FAIL: libgomp.fortran/do2.f90 -O0 execution test
FAIL: libgomp.fortran/do2.f90 -O1 execution test
FAIL: libgomp.fortran/do2.f90 -O2 execution test
FAIL: libgomp.fortran/do2.f90 -O3 -fomit-frame-pointer execution test
FAIL: libgomp.fortran/do2.f90 -O3 -fomit-frame-pointer -funroll-loops
execution test
FAIL: libgomp.fortran/do2.f90 -O3 -fomit-frame-pointer
-funroll-all-loops -finline-functions execution test
FAIL: libgomp.fortran/do2.f90 -O3 -g execution test
FAIL: libgomp.fortran/do2.f90 -Os execution test
FAIL: libgomp.fortran/jacobi.f -O0 execution test
FAIL: libgomp.fortran/jacobi.f -O1 execution test
FAIL: libgomp.fortran/jacobi.f -O2 execution test
FAIL: libgomp.fortran/jacobi.f -O3 -fomit-frame-pointer execution test
FAIL: libgomp.fortran/jacobi.f -O3 -fomit-frame-pointer
-funroll-loops execution test
FAIL: libgomp.fortran/jacobi.f -O3 -fomit-frame-pointer
-funroll-all-loops -finline-functions execution test
FAIL: libgomp.fortran/jacobi.f -O3 -g execution test
FAIL: libgomp.fortran/jacobi.f -Os execution test
FAIL: libgomp.fortran/lastprivate1.f90 -O execution test
FAIL: libgomp.fortran/lastprivate2.f90 -O execution test
FAIL: libgomp.fortran/lib1.f90 -O0 execution test
FAIL: libgomp.fortran/lib1.f90 -O1 execution test
FAIL: libgomp.fortran/lib1.f90 -O2 execution test
FAIL: libgomp.fortran/lib1.f90 -O3 -fomit-frame-pointer execution test
FAIL: libgomp.fortran/lib1.f90 -O3 -fomit-frame-pointer
-funroll-loops execution test
FAIL: libgomp.fortran/lib1.f90 -O3 -fomit-frame-pointer
-funroll-all-loops -finline-functions execution test
FAIL: libgomp.fortran/lib1.f90 -O3 -g execution test
FAIL: libgomp.fortran/lib1.f90 -Os execution test
FAIL: libgomp.fortran/lib2.f -O0 execution test
FAIL: libgomp.fortran/lib2.f -O1 execution test
FAIL: libgomp.fortran/lib2.f -O2 execution test
FAIL: libgomp.fortran/lib2.f -O3 -fomit-frame-pointer execution test
FAIL: libgomp.fortran/lib2.f -O3 -fomit-frame-pointer -funroll-loops
execution test
FAIL: libgomp.fortran/lib2.f -O3 -fomit-frame-pointer
-funroll-all-loops -finline-functions execution test
FAIL: libgomp.fortran/lib2.f -O3 -g execution test
FAIL: libgomp.fortran/lib2.f -Os execution test
FAIL: libgomp.fortran/lib3.f -O0 execution test
FAIL: libgomp.fortran/lib3.f -O1 execution test
FAIL: libgomp.fortran/lib3.f -O2 execution test
FAIL: libgomp.fortran/lib3.f -O3 -fomit-frame-pointer execution test
FAIL: libgomp.fortran/lib3.f -O3 -fomit-frame-pointer -funroll-loops
execution test
FAIL: libgomp.fortran/lib3.f -O3 -fomit-frame-pointer
-funroll-all-loops -finline-functions execution test
FAIL: libgomp.fortran/lib3.f -O3 -g execution test
FAIL: libgomp.fortran/lib3.f -Os execution test
FAIL: libgomp.fortran/lock-1.f90 -O0 execution test
FAIL: libgomp.fortran/lock-1.f90 -O1 execution test
FAIL: libgomp.fortran/lock-1.f90 -O2 execution test
FAIL: libgomp.fortran/lock-1.f90 -O3 -fomit-frame-pointer execution test
FAIL: libgomp.fortran/lock-1.f90 -O3 -fomit-frame-pointer
-funroll-loops execution test
FAIL: libgomp.fortran/lock-1.f90 -O3 -fomit-frame-pointer
-funroll-all-loops -finline-functions execution test
FAIL: libgomp.fortran/lock-1.f90 -O3 -g execution test
FAIL: libgomp.fortran/lock-1.f90 -Os execution test
FAIL: libgomp.fortran/lock-2.f90 -O0 execution test
FAIL: libgomp.fortran/lock-2.f90 -O1 execution test
FAIL: libgomp.fortran/lock-2.f90 -O2 execution test
FAIL: libgomp.fortran/lock-2.f90 -O3 -fomit-frame-pointer execution test
FAIL: libgomp.fortran/lock-2.f90 -O3 -fomit-frame-pointer
-funroll-loops execution test
FAIL: libgomp.fortran/lock-2.f90 -O3 -fomit-frame-pointer
-funroll-all-loops -finline-functions execution test
FAIL: libgomp.fortran/lock-2.f90 -O3 -g execution test
FAIL: libgomp.fortran/lock-2.f90 -Os execution test
FAIL: libgomp.fortran/nested1.f90 -O0 execution test
FAIL: libgomp.fortran/nested1.f90 -O1 execution test
FAIL: libgomp.fortran/nested1.f90 -O2 execution test
FAIL: libgomp.fortran/nested1.f90 -O3 -fomit-frame-pointer execution test
FAIL: libgomp.fortran/nested1.f90 -O3 -fomit-frame-pointer
-funroll-loops execution test
FAIL: libgomp.fortran/nested1.f90 -O3 -fomit-frame-pointer
-funroll-all-loops -finline-functions execution test
FAIL: libgomp.fortran/nested1.f90 -O3 -g execution test
FAIL: libgomp.fortran/nested1.f90 -Os execution test
FAIL: libgomp.fortran/nestedfn1.f90 -O0 execution test
FAIL: libgomp.fortran/nestedfn1.f90 -O1 execution test
FAIL: libgomp.fortran/nestedfn1.f90 -O2 execution test
FAIL: libgomp.fortran/nestedfn1.f90 -O3 -fomit-frame-pointer execution test
FAIL: libgomp.fortran/nestedfn1.f90 -O3 -fomit-frame-pointer
-funroll-loops execution test
FAIL: libgomp.fortran/nestedfn1.f90 -O3 -fomit-frame-pointer
-funroll-all-loops -finline-functions execution test
FAIL: libgomp.fortran/nestedfn1.f90 -O3 -g execution test
FAIL: libgomp.fortran/nestedfn1.f90 -Os execution test
FAIL: libgomp.fortran/nestedfn2.f90 -O0 execution test
FAIL: libgomp.fortran/nestedfn2.f90 -O1 execution test
FAIL: libgomp.fortran/nestedfn2.f90 -O2 execution test
FAIL: libgomp.fortran/nestedfn2.f90 -O3 -fomit-frame-pointer execution test
FAIL: libgomp.fortran/nestedfn2.f90 -O3 -fomit-frame-pointer
-funroll-loops execution test
FAIL: libgomp.fortran/nestedfn2.f90 -O3 -fomit-frame-pointer
-funroll-all-loops -finline-functions execution test
FAIL: libgomp.fortran/nestedfn2.f90 -O3 -g execution test
FAIL: libgomp.fortran/nestedfn2.f90 -Os execution test
FAIL: libgomp.fortran/nestedfn3.f90 -O0 execution test
FAIL: libgomp.fortran/nestedfn3.f90 -O1 execution test
FAIL: libgomp.fortran/nestedfn3.f90 -O2 execution test
FAIL: libgomp.fortran/nestedfn3.f90 -O3 -fomit-frame-pointer execution test
FAIL: libgomp.fortran/nestedfn3.f90 -O3 -fomit-frame-pointer
-funroll-loops execution test
FAIL: libgomp.fortran/nestedfn3.f90 -O3 -fomit-frame-pointer
-funroll-all-loops -finline-functions execution test
FAIL: libgomp.fortran/nestedfn3.f90 -O3 -g execution test
FAIL: libgomp.fortran/nestedfn3.f90 -Os execution test
FAIL: libgomp.fortran/nestedfn4.f90 -O execution test
FAIL: libgomp.fortran/omp_hello.f -O execution test
FAIL: libgomp.fortran/omp_orphan.f -O execution test
FAIL: libgomp.fortran/omp_parse1.f90 -O0 execution test
FAIL: libgomp.fortran/omp_parse1.f90 -O1 execution test
FAIL: libgomp.fortran/omp_parse1.f90 -O2 execution test
FAIL: libgomp.fortran/omp_parse1.f90 -O3 -fomit-frame-pointer execution test
FAIL: libgomp.fortran/omp_parse1.f90 -O3 -fomit-frame-pointer
-funroll-loops execution test
FAIL: libgomp.fortran/omp_parse1.f90 -O3 -fomit-frame-pointer
-funroll-all-loops -finline-functions execution test
FAIL: libgomp.fortran/omp_parse1.f90 -O3 -g execution test
FAIL: libgomp.fortran/omp_parse1.f90 -Os execution test
FAIL: libgomp.fortran/omp_parse2.f90 -O0 execution test
FAIL: libgomp.fortran/omp_parse2.f90 -O1 execution test
FAIL: libgomp.fortran/omp_parse2.f90 -O2 execution test
FAIL: libgomp.fortran/omp_parse2.f90 -O3 -fomit-frame-pointer execution test
FAIL: libgomp.fortran/omp_parse2.f90 -O3 -fomit-frame-pointer
-funroll-loops execution test
FAIL: libgomp.fortran/omp_parse2.f90 -O3 -fomit-frame-pointer
-funroll-all-loops -finline-functions execution test
FAIL: libgomp.fortran/omp_parse2.f90 -O3 -g execution test
FAIL: libgomp.fortran/omp_parse2.f90 -Os execution test
FAIL: libgomp.fortran/omp_parse3.f90 -O0 (test for excess errors)
WARNING: libgomp.fortran/omp_parse3.f90 -O0 compilation failed to
produce executable
FAIL: libgomp.fortran/omp_parse3.f90 -O1 (test for excess errors)
WARNING: libgomp.fortran/omp_parse3.f90 -O1 compilation failed to
produce executable
FAIL: libgomp.fortran/omp_parse3.f90 -O2 (test for excess errors)
WARNING: libgomp.fortran/omp_parse3.f90 -O2 compilation failed to
produce executable
FAIL: libgomp.fortran/omp_parse3.f90 -O3 -fomit-frame-pointer (test
for excess errors)
WARNING: libgomp.fortran/omp_parse3.f90 -O3 -fomit-frame-pointer
compilation failed to produce executable
FAIL: libgomp.fortran/omp_parse3.f90 -O3 -fomit-frame-pointer
-funroll-loops (test for excess errors)
WARNING: libgomp.fortran/omp_parse3.f90 -O3 -fomit-frame-pointer
-funroll-loops compilation failed to produce executable
FAIL: libgomp.fortran/omp_parse3.f90 -O3 -fomit-frame-pointer
-funroll-all-loops -finline-functions (test for excess errors)
WARNING: libgomp.fortran/omp_parse3.f90 -O3 -fomit-frame-pointer
-funroll-all-loops -finline-functions compilation failed to produce
executable
FAIL: libgomp.fortran/omp_parse3.f90 -O3 -g (test for excess errors)
WARNING: libgomp.fortran/omp_parse3.f90 -O3 -g compilation failed to
produce executable
FAIL: libgomp.fortran/omp_parse3.f90 -Os (test for excess errors)
WARNING: libgomp.fortran/omp_parse3.f90 -Os compilation failed to
produce executable
FAIL: libgomp.fortran/omp_parse4.f90 -O0 execution test
FAIL: libgomp.fortran/omp_parse4.f90 -O1 execution test
FAIL: libgomp.fortran/omp_parse4.f90 -O2 execution test
FAIL: libgomp.fortran/omp_parse4.f90 -O3 -fomit-frame-pointer execution test
FAIL: libgomp.fortran/omp_parse4.f90 -O3 -fomit-frame-pointer
-funroll-loops execution test
FAIL: libgomp.fortran/omp_parse4.f90 -O3 -fomit-frame-pointer
-funroll-all-loops -finline-functions execution test
FAIL: libgomp.fortran/omp_parse4.f90 -O3 -g execution test
FAIL: libgomp.fortran/omp_parse4.f90 -Os execution test
FAIL: libgomp.fortran/omp_reduction.f -O execution test
FAIL: libgomp.fortran/omp_workshare1.f -O execution test
FAIL: libgomp.fortran/omp_workshare2.f -O execution test
FAIL: libgomp.fortran/pointer1.f90 -O0 execution test
FAIL: libgomp.fortran/pointer1.f90 -O1 execution test
FAIL: libgomp.fortran/pointer1.f90 -O2 execution test
FAIL: libgomp.fortran/pointer1.f90 -O3 -fomit-frame-pointer execution test
FAIL: libgomp.fortran/pointer1.f90 -O3 -fomit-frame-pointer
-funroll-loops execution test
FAIL: libgomp.fortran/pointer1.f90 -O3 -fomit-frame-pointer
-funroll-all-loops -finline-functions execution test
FAIL: libgomp.fortran/pointer1.f90 -O3 -g execution test
FAIL: libgomp.fortran/pointer1.f90 -Os execution test
FAIL: libgomp.fortran/pointer2.f90 -O0 (test for excess errors)
WARNING: libgomp.fortran/pointer2.f90 -O0 compilation failed to
produce executable
FAIL: libgomp.fortran/pointer2.f90 -O1 (test for excess errors)
WARNING: libgomp.fortran/pointer2.f90 -O1 compilation failed to
produce executable
FAIL: libgomp.fortran/pointer2.f90 -O2 (test for excess errors)
WARNING: libgomp.fortran/pointer2.f90 -O2 compilation failed to
produce executable
FAIL: libgomp.fortran/pointer2.f90 -O3 -fomit-frame-pointer (test
for excess errors)
WARNING: libgomp.fortran/pointer2.f90 -O3 -fomit-frame-pointer
compilation failed to produce executable
FAIL: libgomp.fortran/pointer2.f90 -O3 -fomit-frame-pointer
-funroll-loops (test for excess errors)
WARNING: libgomp.fortran/pointer2.f90 -O3 -fomit-frame-pointer
-funroll-loops compilation failed to produce executable
FAIL: libgomp.fortran/pointer2.f90 -O3 -fomit-frame-pointer
-funroll-all-loops -finline-functions (test for excess errors)
WARNING: libgomp.fortran/pointer2.f90 -O3 -fomit-frame-pointer
-funroll-all-loops -finline-functions compilation failed to produce
executable
FAIL: libgomp.fortran/pointer2.f90 -O3 -g (test for excess errors)
WARNING: libgomp.fortran/pointer2.f90 -O3 -g compilation failed to
produce executable
FAIL: libgomp.fortran/pointer2.f90 -Os (test for excess errors)
WARNING: libgomp.fortran/pointer2.f90 -Os compilation failed to
produce executable
FAIL: libgomp.fortran/pr25162.f -O0 execution test
FAIL: libgomp.fortran/pr25162.f -O1 execution test
FAIL: libgomp.fortran/pr25162.f -O2 execution test
FAIL: libgomp.fortran/pr25162.f -O3 -fomit-frame-pointer execution test
FAIL: libgomp.fortran/pr25162.f -O3 -fomit-frame-pointer
-funroll-loops execution test
FAIL: libgomp.fortran/pr25162.f -O3 -fomit-frame-pointer
-funroll-all-loops -finline-functions execution test
FAIL: libgomp.fortran/pr25162.f -O3 -g execution test
FAIL: libgomp.fortran/pr25162.f -Os execution test
FAIL: libgomp.fortran/pr25219.f90 -O execution test
FAIL: libgomp.fortran/pr27395-1.f90 -O0 execution test
FAIL: libgomp.fortran/pr27395-1.f90 -O1 execution test
FAIL: libgomp.fortran/pr27395-1.f90 -O2 execution test
FAIL: libgomp.fortran/pr27395-1.f90 -O3 -fomit-frame-pointer execution test
FAIL: libgomp.fortran/pr27395-1.f90 -O3 -fomit-frame-pointer
-funroll-loops execution test
FAIL: libgomp.fortran/pr27395-1.f90 -O3 -fomit-frame-pointer
-funroll-all-loops -finline-functions execution test
FAIL: libgomp.fortran/pr27395-1.f90 -O3 -g execution test
FAIL: libgomp.fortran/pr27395-1.f90 -Os execution test
FAIL: libgomp.fortran/pr27395-2.f90 -O0 execution test
FAIL: libgomp.fortran/pr27395-2.f90 -O1 execution test
FAIL: libgomp.fortran/pr27395-2.f90 -O2 execution test
FAIL: libgomp.fortran/pr27395-2.f90 -O3 -fomit-frame-pointer execution test
FAIL: libgomp.fortran/pr27395-2.f90 -O3 -fomit-frame-pointer
-funroll-loops execution test
FAIL: libgomp.fortran/pr27395-2.f90 -O3 -fomit-frame-pointer
-funroll-all-loops -finline-functions execution test
FAIL: libgomp.fortran/pr27395-2.f90 -O3 -g execution test
FAIL: libgomp.fortran/pr27395-2.f90 -Os execution test
FAIL: libgomp.fortran/pr27416-1.f90 -O0 execution test
FAIL: libgomp.fortran/pr27416-1.f90 -O1 execution test
FAIL: libgomp.fortran/pr27416-1.f90 -O2 execution test
FAIL: libgomp.fortran/pr27416-1.f90 -O3 -fomit-frame-pointer execution test
FAIL: libgomp.fortran/pr27416-1.f90 -O3 -fomit-frame-pointer
-funroll-loops execution test
FAIL: libgomp.fortran/pr27416-1.f90 -O3 -fomit-frame-pointer
-funroll-all-loops -finline-functions execution test
FAIL: libgomp.fortran/pr27416-1.f90 -O3 -g execution test
FAIL: libgomp.fortran/pr27416-1.f90 -Os execution test
FAIL: libgomp.fortran/pr27916-1.f90 -O0 execution test
FAIL: libgomp.fortran/pr27916-1.f90 -O1 execution test
FAIL: libgomp.fortran/pr27916-1.f90 -O2 execution test
FAIL: libgomp.fortran/pr27916-1.f90 -O3 -fomit-frame-pointer execution test
FAIL: libgomp.fortran/pr27916-1.f90 -O3 -fomit-frame-pointer
-funroll-loops execution test
FAIL: libgomp.fortran/pr27916-1.f90 -O3 -fomit-frame-pointer
-funroll-all-loops -finline-functions execution test
FAIL: libgomp.fortran/pr27916-1.f90 -O3 -g execution test
FAIL: libgomp.fortran/pr27916-1.f90 -Os execution test
FAIL: libgomp.fortran/pr27916-2.f90 -O0 execution test
FAIL: libgomp.fortran/pr27916-2.f90 -O1 execution test
FAIL: libgomp.fortran/pr27916-2.f90 -O2 execution test
FAIL: libgomp.fortran/pr27916-2.f90 -O3 -fomit-frame-pointer execution test
FAIL: libgomp.fortran/pr27916-2.f90 -O3 -fomit-frame-pointer
-funroll-loops execution test
FAIL: libgomp.fortran/pr27916-2.f90 -O3 -fomit-frame-pointer
-funroll-all-loops -finline-functions execution test
FAIL: libgomp.fortran/pr27916-2.f90 -O3 -g execution test
FAIL: libgomp.fortran/pr27916-2.f90 -Os execution test
FAIL: libgomp.fortran/pr28390.f -O execution test
FAIL: libgomp.fortran/pr29629.f90 -O0 execution test
FAIL: libgomp.fortran/pr29629.f90 -O1 execution test
FAIL: libgomp.fortran/pr29629.f90 -O2 execution test
FAIL: libgomp.fortran/pr29629.f90 -O3 -fomit-frame-pointer execution test
FAIL: libgomp.fortran/pr29629.f90 -O3 -fomit-frame-pointer
-funroll-loops execution test
FAIL: libgomp.fortran/pr29629.f90 -O3 -fomit-frame-pointer
-funroll-all-loops -finline-functions execution test
FAIL: libgomp.fortran/pr29629.f90 -O3 -g execution test
FAIL: libgomp.fortran/pr29629.f90 -Os execution test
FAIL: libgomp.fortran/pr32550.f90 -O0 (test for excess errors)
WARNING: libgomp.fortran/pr32550.f90 -O0 compilation failed to
produce executable
FAIL: libgomp.fortran/pr32550.f90 -O1 (test for excess errors)
WARNING: libgomp.fortran/pr32550.f90 -O1 compilation failed to
produce executable
FAIL: libgomp.fortran/pr32550.f90 -O2 (test for excess errors)
WARNING: libgomp.fortran/pr32550.f90 -O2 compilation failed to
produce executable
FAIL: libgomp.fortran/pr32550.f90 -O3 -fomit-frame-pointer (test for
excess errors)
WARNING: libgomp.fortran/pr32550.f90 -O3 -fomit-frame-pointer
compilation failed to produce executable
FAIL: libgomp.fortran/pr32550.f90 -O3 -fomit-frame-pointer
-funroll-loops (test for excess errors)
WARNING: libgomp.fortran/pr32550.f90 -O3 -fomit-frame-pointer
-funroll-loops compilation failed to produce executable
FAIL: libgomp.fortran/pr32550.f90 -O3 -fomit-frame-pointer
-funroll-all-loops -finline-functions (test for excess errors)
WARNING: libgomp.fortran/pr32550.f90 -O3 -fomit-frame-pointer
-funroll-all-loops -finline-functions compilation failed to produce
executable
FAIL: libgomp.fortran/pr32550.f90 -O3 -g (test for excess errors)
WARNING: libgomp.fortran/pr32550.f90 -O3 -g compilation failed to
produce executable
FAIL: libgomp.fortran/pr32550.f90 -Os (test for excess errors)
WARNING: libgomp.fortran/pr32550.f90 -Os compilation failed to
produce executable
FAIL: libgomp.fortran/pr33880.f90 -O0 execution test
FAIL: libgomp.fortran/pr33880.f90 -O1 execution test
FAIL: libgomp.fortran/pr33880.f90 -O2 execution test
FAIL: libgomp.fortran/pr33880.f90 -O3 -fomit-frame-pointer execution test
FAIL: libgomp.fortran/pr33880.f90 -O3 -fomit-frame-pointer
-funroll-loops execution test
FAIL: libgomp.fortran/pr33880.f90 -O3 -fomit-frame-pointer
-funroll-all-loops -finline-functions execution test
FAIL: libgomp.fortran/pr33880.f90 -O3 -g execution test
FAIL: libgomp.fortran/pr33880.f90 -Os execution test
FAIL: libgomp.fortran/pr34020.f90 -O0 execution test
FAIL: libgomp.fortran/pr34020.f90 -O1 execution test
FAIL: libgomp.fortran/pr34020.f90 -O2 execution test
FAIL: libgomp.fortran/pr34020.f90 -O3 -fomit-frame-pointer execution test
FAIL: libgomp.fortran/pr34020.f90 -O3 -fomit-frame-pointer
-funroll-loops execution test
FAIL: libgomp.fortran/pr34020.f90 -O3 -fomit-frame-pointer
-funroll-all-loops -finline-functions execution test
FAIL: libgomp.fortran/pr34020.f90 -O3 -g execution test
FAIL: libgomp.fortran/pr34020.f90 -Os execution test
FAIL: libgomp.fortran/pr35130.f90 -O execution test
FAIL: libgomp.fortran/pr42162.f90 -O0 execution test
FAIL: libgomp.fortran/pr42162.f90 -O1 execution test
FAIL: libgomp.fortran/pr42162.f90 -O2 execution test
FAIL: libgomp.fortran/pr42162.f90 -O3 -fomit-frame-pointer execution test
FAIL: libgomp.fortran/pr42162.f90 -O3 -fomit-frame-pointer
-funroll-loops execution test
FAIL: libgomp.fortran/pr42162.f90 -O3 -fomit-frame-pointer
-funroll-all-loops -finline-functions execution test
FAIL: libgomp.fortran/pr42162.f90 -O3 -g execution test
FAIL: libgomp.fortran/pr42162.f90 -Os execution test
FAIL: libgomp.fortran/pr46753.f90 -O0 execution test
FAIL: libgomp.fortran/pr46753.f90 -O1 execution test
FAIL: libgomp.fortran/pr46753.f90 -O2 execution test
FAIL: libgomp.fortran/pr46753.f90 -O3 -fomit-frame-pointer execution test
FAIL: libgomp.fortran/pr46753.f90 -O3 -fomit-frame-pointer
-funroll-loops execution test
FAIL: libgomp.fortran/pr46753.f90 -O3 -fomit-frame-pointer
-funroll-all-loops -finline-functions execution test
FAIL: libgomp.fortran/pr46753.f90 -O3 -g execution test
FAIL: libgomp.fortran/pr46753.f90 -Os execution test
FAIL: libgomp.fortran/pr48894.f90 -O0 execution test
FAIL: libgomp.fortran/pr48894.f90 -O1 execution test
FAIL: libgomp.fortran/pr48894.f90 -O2 execution test
FAIL: libgomp.fortran/pr48894.f90 -O3 -fomit-frame-pointer execution test
FAIL: libgomp.fortran/pr48894.f90 -O3 -fomit-frame-pointer
-funroll-loops execution test
FAIL: libgomp.fortran/pr48894.f90 -O3 -fomit-frame-pointer
-funroll-all-loops -finline-functions execution test
FAIL: libgomp.fortran/pr48894.f90 -O3 -g execution test
FAIL: libgomp.fortran/pr48894.f90 -Os execution test
FAIL: libgomp.fortran/pr49792-1.f90 -O0 execution test
FAIL: libgomp.fortran/pr49792-1.f90 -O1 execution test
FAIL: libgomp.fortran/pr49792-1.f90 -O2 execution test
FAIL: libgomp.fortran/pr49792-1.f90 -O3 -fomit-frame-pointer execution test
FAIL: libgomp.fortran/pr49792-1.f90 -O3 -fomit-frame-pointer
-funroll-loops execution test
FAIL: libgomp.fortran/pr49792-1.f90 -O3 -fomit-frame-pointer
-funroll-all-loops -finline-functions execution test
FAIL: libgomp.fortran/pr49792-1.f90 -O3 -g execution test
FAIL: libgomp.fortran/pr49792-1.f90 -Os execution test
FAIL: libgomp.fortran/pr49792-2.f90 -O0 execution test
FAIL: libgomp.fortran/pr49792-2.f90 -O1 execution test
FAIL: libgomp.fortran/pr49792-2.f90 -O2 execution test
FAIL: libgomp.fortran/pr49792-2.f90 -O3 -fomit-frame-pointer execution test
FAIL: libgomp.fortran/pr49792-2.f90 -O3 -fomit-frame-pointer
-funroll-loops execution test
FAIL: libgomp.fortran/pr49792-2.f90 -O3 -fomit-frame-pointer
-funroll-all-loops -finline-functions execution test
FAIL: libgomp.fortran/pr49792-2.f90 -O3 -g execution test
FAIL: libgomp.fortran/pr49792-2.f90 -Os execution test
FAIL: libgomp.fortran/recursion1.f90 -O0 execution test
FAIL: libgomp.fortran/recursion1.f90 -O1 execution test
FAIL: libgomp.fortran/recursion1.f90 -O2 execution test
FAIL: libgomp.fortran/recursion1.f90 -O3 -fomit-frame-pointer execution test
FAIL: libgomp.fortran/recursion1.f90 -O3 -fomit-frame-pointer
-funroll-loops execution test
FAIL: libgomp.fortran/recursion1.f90 -O3 -fomit-frame-pointer
-funroll-all-loops -finline-functions execution test
WARNING: program timed out.
FAIL: libgomp.fortran/recursion1.f90 -O3 -g execution test
FAIL: libgomp.fortran/recursion1.f90 -Os execution test
FAIL: libgomp.fortran/reduction1.f90 -O0 execution test
FAIL: libgomp.fortran/reduction1.f90 -O1 execution test
FAIL: libgomp.fortran/reduction1.f90 -O2 execution test
FAIL: libgomp.fortran/reduction1.f90 -O3 -fomit-frame-pointer execution test
FAIL: libgomp.fortran/reduction1.f90 -O3 -fomit-frame-pointer
-funroll-loops execution test
FAIL: libgomp.fortran/reduction1.f90 -O3 -fomit-frame-pointer
-funroll-all-loops -finline-functions execution test
FAIL: libgomp.fortran/reduction1.f90 -O3 -g execution test
FAIL: libgomp.fortran/reduction1.f90 -Os execution test
FAIL: libgomp.fortran/reduction2.f90 -O0 execution test
FAIL: libgomp.fortran/reduction2.f90 -O1 execution test
FAIL: libgomp.fortran/reduction2.f90 -O2 execution test
FAIL: libgomp.fortran/reduction2.f90 -O3 -fomit-frame-pointer execution test
FAIL: libgomp.fortran/reduction2.f90 -O3 -fomit-frame-pointer
-funroll-loops execution test
FAIL: libgomp.fortran/reduction2.f90 -O3 -fomit-frame-pointer
-funroll-all-loops -finline-functions execution test
FAIL: libgomp.fortran/reduction2.f90 -O3 -g execution test
FAIL: libgomp.fortran/reduction2.f90 -Os execution test
FAIL: libgomp.fortran/reduction3.f90 -O0 execution test
FAIL: libgomp.fortran/reduction3.f90 -O1 execution test
FAIL: libgomp.fortran/reduction3.f90 -O2 execution test
FAIL: libgomp.fortran/reduction3.f90 -O3 -fomit-frame-pointer execution test
FAIL: libgomp.fortran/reduction3.f90 -O3 -fomit-frame-pointer
-funroll-loops execution test
FAIL: libgomp.fortran/reduction3.f90 -O3 -fomit-frame-pointer
-funroll-all-loops -finline-functions execution test
FAIL: libgomp.fortran/reduction3.f90 -O3 -g execution test
FAIL: libgomp.fortran/reduction3.f90 -Os execution test
FAIL: libgomp.fortran/reduction4.f90 -O0 execution test
FAIL: libgomp.fortran/reduction4.f90 -O1 execution test
FAIL: libgomp.fortran/reduction4.f90 -O2 execution test
FAIL: libgomp.fortran/reduction4.f90 -O3 -fomit-frame-pointer execution test
FAIL: libgomp.fortran/reduction4.f90 -O3 -fomit-frame-pointer
-funroll-loops execution test
FAIL: libgomp.fortran/reduction4.f90 -O3 -fomit-frame-pointer
-funroll-all-loops -finline-functions execution test
FAIL: libgomp.fortran/reduction4.f90 -O3 -g execution test
FAIL: libgomp.fortran/reduction4.f90 -Os execution test
FAIL: libgomp.fortran/reduction5.f90 -O0 execution test
FAIL: libgomp.fortran/reduction5.f90 -O1 execution test
FAIL: libgomp.fortran/reduction5.f90 -O2 execution test
FAIL: libgomp.fortran/reduction5.f90 -O3 -fomit-frame-pointer execution test
FAIL: libgomp.fortran/reduction5.f90 -O3 -fomit-frame-pointer
-funroll-loops execution test
FAIL: libgomp.fortran/reduction5.f90 -O3 -fomit-frame-pointer
-funroll-all-loops -finline-functions execution test
FAIL: libgomp.fortran/reduction5.f90 -O3 -g execution test
FAIL: libgomp.fortran/reduction5.f90 -Os execution test
FAIL: libgomp.fortran/reduction6.f90 -O0 execution test
FAIL: libgomp.fortran/reduction6.f90 -O1 execution test
FAIL: libgomp.fortran/reduction6.f90 -O2 execution test
FAIL: libgomp.fortran/reduction6.f90 -O3 -fomit-frame-pointer execution test
FAIL: libgomp.fortran/reduction6.f90 -O3 -fomit-frame-pointer
-funroll-loops execution test
FAIL: libgomp.fortran/reduction6.f90 -O3 -fomit-frame-pointer
-funroll-all-loops -finline-functions execution test
FAIL: libgomp.fortran/reduction6.f90 -O3 -g execution test
FAIL: libgomp.fortran/reduction6.f90 -Os execution test
FAIL: libgomp.fortran/reference1.f90 -O0 execution test
FAIL: libgomp.fortran/reference1.f90 -O1 execution test
FAIL: libgomp.fortran/reference1.f90 -O2 execution test
FAIL: libgomp.fortran/reference1.f90 -O3 -fomit-frame-pointer execution test
FAIL: libgomp.fortran/reference1.f90 -O3 -fomit-frame-pointer
-funroll-loops execution test
FAIL: libgomp.fortran/reference1.f90 -O3 -fomit-frame-pointer
-funroll-all-loops -finline-functions execution test
FAIL: libgomp.fortran/reference1.f90 -O3 -g execution test
FAIL: libgomp.fortran/reference1.f90 -Os execution test
FAIL: libgomp.fortran/reference2.f90 -O0 execution test
FAIL: libgomp.fortran/reference2.f90 -O1 execution test
FAIL: libgomp.fortran/reference2.f90 -O2 execution test
FAIL: libgomp.fortran/reference2.f90 -O3 -fomit-frame-pointer execution test
FAIL: libgomp.fortran/reference2.f90 -O3 -fomit-frame-pointer
-funroll-loops execution test
FAIL: libgomp.fortran/reference2.f90 -O3 -fomit-frame-pointer
-funroll-all-loops -finline-functions execution test
FAIL: libgomp.fortran/reference2.f90 -O3 -g execution test
FAIL: libgomp.fortran/reference2.f90 -Os execution test
FAIL: libgomp.fortran/retval1.f90 -O0 execution test
FAIL: libgomp.fortran/retval1.f90 -O1 execution test
FAIL: libgomp.fortran/retval1.f90 -O2 execution test
FAIL: libgomp.fortran/retval1.f90 -O3 -fomit-frame-pointer execution test
FAIL: libgomp.fortran/retval1.f90 -O3 -fomit-frame-pointer
-funroll-loops execution test
FAIL: libgomp.fortran/retval1.f90 -O3 -fomit-frame-pointer
-funroll-all-loops -finline-functions execution test
FAIL: libgomp.fortran/retval1.f90 -O3 -g execution test
FAIL: libgomp.fortran/retval1.f90 -Os execution test
FAIL: libgomp.fortran/retval2.f90 -O0 execution test
FAIL: libgomp.fortran/retval2.f90 -O1 execution test
FAIL: libgomp.fortran/retval2.f90 -O2 execution test
FAIL: libgomp.fortran/retval2.f90 -O3 -fomit-frame-pointer execution test
FAIL: libgomp.fortran/retval2.f90 -O3 -fomit-frame-pointer
-funroll-loops execution test
FAIL: libgomp.fortran/retval2.f90 -O3 -fomit-frame-pointer
-funroll-all-loops -finline-functions execution test
FAIL: libgomp.fortran/retval2.f90 -O3 -g execution test
FAIL: libgomp.fortran/retval2.f90 -Os execution test
FAIL: libgomp.fortran/sharing1.f90 -O0 execution test
FAIL: libgomp.fortran/sharing1.f90 -O1 execution test
FAIL: libgomp.fortran/sharing1.f90 -O2 execution test
FAIL: libgomp.fortran/sharing1.f90 -O3 -fomit-frame-pointer execution test
FAIL: libgomp.fortran/sharing1.f90 -O3 -fomit-frame-pointer
-funroll-loops execution test
FAIL: libgomp.fortran/sharing1.f90 -O3 -fomit-frame-pointer
-funroll-all-loops -finline-functions execution test
FAIL: libgomp.fortran/sharing1.f90 -O3 -g execution test
FAIL: libgomp.fortran/sharing1.f90 -Os execution test
FAIL: libgomp.fortran/sharing2.f90 -O0 execution test
FAIL: libgomp.fortran/sharing2.f90 -O1 execution test
FAIL: libgomp.fortran/sharing2.f90 -O2 execution test
FAIL: libgomp.fortran/sharing2.f90 -O3 -fomit-frame-pointer execution test
FAIL: libgomp.fortran/sharing2.f90 -O3 -fomit-frame-pointer
-funroll-loops execution test
FAIL: libgomp.fortran/sharing2.f90 -O3 -fomit-frame-pointer
-funroll-all-loops -finline-functions execution test
FAIL: libgomp.fortran/sharing2.f90 -O3 -g execution test
FAIL: libgomp.fortran/sharing2.f90 -Os execution test
FAIL: libgomp.fortran/stack.f90 -O0 execution test
FAIL: libgomp.fortran/stack.f90 -O1 execution test
FAIL: libgomp.fortran/stack.f90 -O2 execution test
FAIL: libgomp.fortran/stack.f90 -O3 -fomit-frame-pointer execution test
FAIL: libgomp.fortran/stack.f90 -O3 -fomit-frame-pointer
-funroll-loops execution test
FAIL: libgomp.fortran/stack.f90 -O3 -fomit-frame-pointer
-funroll-all-loops -finline-functions execution test
FAIL: libgomp.fortran/stack.f90 -O3 -g execution test
FAIL: libgomp.fortran/stack.f90 -Os execution test
FAIL: libgomp.fortran/strassen.f90 -O execution test
FAIL: libgomp.fortran/task1.f90 -O0 execution test
FAIL: libgomp.fortran/task1.f90 -O1 execution test
FAIL: libgomp.fortran/task1.f90 -O2 execution test
FAIL: libgomp.fortran/task1.f90 -O3 -fomit-frame-pointer execution test
FAIL: libgomp.fortran/task1.f90 -O3 -fomit-frame-pointer
-funroll-loops execution test
FAIL: libgomp.fortran/task1.f90 -O3 -fomit-frame-pointer
-funroll-all-loops -finline-functions execution test
FAIL: libgomp.fortran/task1.f90 -O3 -g execution test
FAIL: libgomp.fortran/task1.f90 -Os execution test
FAIL: libgomp.fortran/task2.f90 -O execution test
FAIL: libgomp.fortran/task3.f90 -O0 execution test
FAIL: libgomp.fortran/task3.f90 -O1 execution test
FAIL: libgomp.fortran/task3.f90 -O2 execution test
FAIL: libgomp.fortran/task3.f90 -O3 -fomit-frame-pointer execution test
FAIL: libgomp.fortran/task3.f90 -O3 -fomit-frame-pointer
-funroll-loops execution test
FAIL: libgomp.fortran/task3.f90 -O3 -fomit-frame-pointer
-funroll-all-loops -finline-functions execution test
FAIL: libgomp.fortran/task3.f90 -O3 -g execution test
FAIL: libgomp.fortran/task3.f90 -Os execution test
FAIL: libgomp.fortran/task4.f90 -O0 execution test
FAIL: libgomp.fortran/task4.f90 -O1 execution test
FAIL: libgomp.fortran/task4.f90 -O2 execution test
FAIL: libgomp.fortran/task4.f90 -O3 -fomit-frame-pointer execution test
FAIL: libgomp.fortran/task4.f90 -O3 -fomit-frame-pointer
-funroll-loops execution test
FAIL: libgomp.fortran/task4.f90 -O3 -fomit-frame-pointer
-funroll-all-loops -finline-functions execution test
FAIL: libgomp.fortran/task4.f90 -O3 -g execution test
FAIL: libgomp.fortran/task4.f90 -Os execution test
FAIL: libgomp.fortran/threadprivate1.f90 -O0 execution test
FAIL: libgomp.fortran/threadprivate1.f90 -O1 execution test
FAIL: libgomp.fortran/threadprivate1.f90 -O2 execution test
FAIL: libgomp.fortran/threadprivate1.f90 -O3 -fomit-frame-pointer
execution test
FAIL: libgomp.fortran/threadprivate1.f90 -O3 -fomit-frame-pointer
-funroll-loops execution test
FAIL: libgomp.fortran/threadprivate1.f90 -O3 -fomit-frame-pointer
-funroll-all-loops -finline-functions execution test
FAIL: libgomp.fortran/threadprivate1.f90 -O3 -g execution test
FAIL: libgomp.fortran/threadprivate1.f90 -Os execution test
FAIL: libgomp.fortran/threadprivate2.f90 -O0 (test for excess errors)
WARNING: libgomp.fortran/threadprivate2.f90 -O0 compilation failed
to produce executable
FAIL: libgomp.fortran/threadprivate2.f90 -O1 (test for excess errors)
WARNING: libgomp.fortran/threadprivate2.f90 -O1 compilation failed
to produce executable
FAIL: libgomp.fortran/threadprivate2.f90 -O2 (test for excess errors)
WARNING: libgomp.fortran/threadprivate2.f90 -O2 compilation failed
to produce executable
FAIL: libgomp.fortran/threadprivate2.f90 -O3 -fomit-frame-pointer
(test for excess errors)
WARNING: libgomp.fortran/threadprivate2.f90 -O3 -fomit-frame-pointer
compilation failed to produce executable
FAIL: libgomp.fortran/threadprivate2.f90 -O3 -fomit-frame-pointer
-funroll-loops (test for excess errors)
WARNING: libgomp.fortran/threadprivate2.f90 -O3 -fomit-frame-pointer
-funroll-loops compilation failed to produce executable
FAIL: libgomp.fortran/threadprivate2.f90 -O3 -fomit-frame-pointer
-funroll-all-loops -finline-functions (test for excess errors)
WARNING: libgomp.fortran/threadprivate2.f90 -O3 -fomit-frame-pointer
-funroll-all-loops -finline-functions compilation failed to produce
executable
FAIL: libgomp.fortran/threadprivate2.f90 -O3 -g (test for excess errors)
WARNING: libgomp.fortran/threadprivate2.f90 -O3 -g compilation
failed to produce executable
FAIL: libgomp.fortran/threadprivate2.f90 -Os (test for excess errors)
WARNING: libgomp.fortran/threadprivate2.f90 -Os compilation failed
to produce executable
FAIL: libgomp.fortran/threadprivate3.f90 -O0 (test for excess errors)
WARNING: libgomp.fortran/threadprivate3.f90 -O0 compilation failed
to produce executable
FAIL: libgomp.fortran/threadprivate3.f90 -O1 (test for excess errors)
WARNING: libgomp.fortran/threadprivate3.f90 -O1 compilation failed
to produce executable
FAIL: libgomp.fortran/threadprivate3.f90 -O2 (test for excess errors)
WARNING: libgomp.fortran/threadprivate3.f90 -O2 compilation failed
to produce executable
FAIL: libgomp.fortran/threadprivate3.f90 -O3 -fomit-frame-pointer
(test for excess errors)
WARNING: libgomp.fortran/threadprivate3.f90 -O3 -fomit-frame-pointer
compilation failed to produce executable
FAIL: libgomp.fortran/threadprivate3.f90 -O3 -fomit-frame-pointer
-funroll-loops (test for excess errors)
WARNING: libgomp.fortran/threadprivate3.f90 -O3 -fomit-frame-pointer
-funroll-loops compilation failed to produce executable
FAIL: libgomp.fortran/threadprivate3.f90 -O3 -fomit-frame-pointer
-funroll-all-loops -finline-functions (test for excess errors)
WARNING: libgomp.fortran/threadprivate3.f90 -O3 -fomit-frame-pointer
-funroll-all-loops -finline-functions compilation failed to produce
executable
FAIL: libgomp.fortran/threadprivate3.f90 -O3 -g (test for excess errors)
WARNING: libgomp.fortran/threadprivate3.f90 -O3 -g compilation
failed to produce executable
FAIL: libgomp.fortran/threadprivate3.f90 -Os (test for excess errors)
WARNING: libgomp.fortran/threadprivate3.f90 -Os compilation failed
to produce executable
FAIL: libgomp.fortran/threadprivate4.f90 -O0 (test for excess errors)
WARNING: libgomp.fortran/threadprivate4.f90 -O0 compilation failed
to produce executable
FAIL: libgomp.fortran/threadprivate4.f90 -O1 (test for excess errors)
WARNING: libgomp.fortran/threadprivate4.f90 -O1 compilation failed
to produce executable
FAIL: libgomp.fortran/threadprivate4.f90 -O2 (test for excess errors)
WARNING: libgomp.fortran/threadprivate4.f90 -O2 compilation failed
to produce executable
FAIL: libgomp.fortran/threadprivate4.f90 -O3 -fomit-frame-pointer
(test for excess errors)
WARNING: libgomp.fortran/threadprivate4.f90 -O3 -fomit-frame-pointer
compilation failed to produce executable
FAIL: libgomp.fortran/threadprivate4.f90 -O3 -fomit-frame-pointer
-funroll-loops (test for excess errors)
WARNING: libgomp.fortran/threadprivate4.f90 -O3 -fomit-frame-pointer
-funroll-loops compilation failed to produce executable
FAIL: libgomp.fortran/threadprivate4.f90 -O3 -fomit-frame-pointer
-funroll-all-loops -finline-functions (test for excess errors)
WARNING: libgomp.fortran/threadprivate4.f90 -O3 -fomit-frame-pointer
-funroll-all-loops -finline-functions compilation failed to produce
executable
FAIL: libgomp.fortran/threadprivate4.f90 -O3 -g (test for excess errors)
WARNING: libgomp.fortran/threadprivate4.f90 -O3 -g compilation
failed to produce executable
FAIL: libgomp.fortran/threadprivate4.f90 -Os (test for excess errors)
WARNING: libgomp.fortran/threadprivate4.f90 -Os compilation failed
to produce executable
FAIL: libgomp.fortran/vla1.f90 -O0 execution test
FAIL: libgomp.fortran/vla1.f90 -O1 execution test
FAIL: libgomp.fortran/vla1.f90 -O2 execution test
FAIL: libgomp.fortran/vla1.f90 -O3 -fomit-frame-pointer execution test
FAIL: libgomp.fortran/vla1.f90 -O3 -fomit-frame-pointer
-funroll-loops execution test
FAIL: libgomp.fortran/vla1.f90 -O3 -fomit-frame-pointer
-funroll-all-loops -finline-functions execution test
FAIL: libgomp.fortran/vla1.f90 -O3 -g execution test
FAIL: libgomp.fortran/vla1.f90 -Os execution test
FAIL: libgomp.fortran/vla2.f90 -O0 execution test
FAIL: libgomp.fortran/vla2.f90 -O1 execution test
FAIL: libgomp.fortran/vla2.f90 -O2 execution test
FAIL: libgomp.fortran/vla2.f90 -O3 -fomit-frame-pointer execution test
FAIL: libgomp.fortran/vla2.f90 -O3 -fomit-frame-pointer
-funroll-loops execution test
FAIL: libgomp.fortran/vla2.f90 -O3 -fomit-frame-pointer
-funroll-all-loops -finline-functions execution test
FAIL: libgomp.fortran/vla2.f90 -O3 -g execution test
FAIL: libgomp.fortran/vla2.f90 -Os execution test
FAIL: libgomp.fortran/vla3.f90 -O0 execution test
FAIL: libgomp.fortran/vla3.f90 -O1 execution test
FAIL: libgomp.fortran/vla3.f90 -O2 execution test
FAIL: libgomp.fortran/vla3.f90 -O3 -fomit-frame-pointer execution test
FAIL: libgomp.fortran/vla3.f90 -O3 -fomit-frame-pointer
-funroll-loops execution test
FAIL: libgomp.fortran/vla3.f90 -O3 -fomit-frame-pointer
-funroll-all-loops -finline-functions execution test
FAIL: libgomp.fortran/vla3.f90 -O3 -g execution test
FAIL: libgomp.fortran/vla3.f90 -Os execution test
FAIL: libgomp.fortran/vla4.f90 -O0 execution test
FAIL: libgomp.fortran/vla4.f90 -O1 execution test
FAIL: libgomp.fortran/vla4.f90 -O2 execution test
FAIL: libgomp.fortran/vla4.f90 -O3 -fomit-frame-pointer execution test
FAIL: libgomp.fortran/vla4.f90 -O3 -fomit-frame-pointer
-funroll-loops execution test
FAIL: libgomp.fortran/vla4.f90 -O3 -fomit-frame-pointer
-funroll-all-loops -finline-functions execution test
FAIL: libgomp.fortran/vla4.f90 -O3 -g execution test
FAIL: libgomp.fortran/vla4.f90 -Os execution test
FAIL: libgomp.fortran/vla5.f90 -O0 execution test
FAIL: libgomp.fortran/vla5.f90 -O1 execution test
FAIL: libgomp.fortran/vla5.f90 -O2 execution test
FAIL: libgomp.fortran/vla5.f90 -O3 -fomit-frame-pointer execution test
FAIL: libgomp.fortran/vla5.f90 -O3 -fomit-frame-pointer
-funroll-loops execution test
FAIL: libgomp.fortran/vla5.f90 -O3 -fomit-frame-pointer
-funroll-all-loops -finline-functions execution test
FAIL: libgomp.fortran/vla5.f90 -O3 -g execution test
FAIL: libgomp.fortran/vla5.f90 -Os execution test
FAIL: libgomp.fortran/vla6.f90 -O0 execution test
FAIL: libgomp.fortran/vla6.f90 -O1 execution test
FAIL: libgomp.fortran/vla6.f90 -O2 execution test
FAIL: libgomp.fortran/vla6.f90 -O3 -fomit-frame-pointer execution test
FAIL: libgomp.fortran/vla6.f90 -O3 -fomit-frame-pointer
-funroll-loops execution test
FAIL: libgomp.fortran/vla6.f90 -O3 -fomit-frame-pointer
-funroll-all-loops -finline-functions execution test
FAIL: libgomp.fortran/vla6.f90 -O3 -g execution test
FAIL: libgomp.fortran/vla6.f90 -Os execution test
FAIL: libgomp.fortran/vla7.f90 -O0 execution test
FAIL: libgomp.fortran/vla7.f90 -O1 execution test
FAIL: libgomp.fortran/vla7.f90 -O2 execution test
FAIL: libgomp.fortran/vla7.f90 -O3 -fomit-frame-pointer execution test
FAIL: libgomp.fortran/vla7.f90 -O3 -fomit-frame-pointer
-funroll-loops execution test
FAIL: libgomp.fortran/vla7.f90 -O3 -fomit-frame-pointer
-funroll-all-loops -finline-functions execution test
FAIL: libgomp.fortran/vla7.f90 -O3 -g execution test
FAIL: libgomp.fortran/vla7.f90 -Os execution test
FAIL: libgomp.fortran/vla8.f90 -O0 execution test
FAIL: libgomp.fortran/vla8.f90 -O1 execution test
FAIL: libgomp.fortran/vla8.f90 -O2 execution test
FAIL: libgomp.fortran/vla8.f90 -O3 -fomit-frame-pointer execution test
FAIL: libgomp.fortran/vla8.f90 -O3 -fomit-frame-pointer
-funroll-loops execution test
FAIL: libgomp.fortran/vla8.f90 -O3 -fomit-frame-pointer
-funroll-all-loops -finline-functions execution test
FAIL: libgomp.fortran/vla8.f90 -O3 -g execution test
FAIL: libgomp.fortran/vla8.f90 -Os execution test
FAIL: libgomp.fortran/workshare1.f90 -O execution test
FAIL: libgomp.fortran/workshare2.f90 -O execution test
=== libgomp Summary ===
# of expected passes 1533
# of unexpected failures 1288
# of unsupported tests 3
=== libstdc++ tests ===
Running target unix
FAIL: 17_intro/static.cc (test for excess errors)
FAIL: 18_support/50594.cc execution test
FAIL: 21_strings/basic_string/inserters_extractors/wchar_t/28277.cc
execution test
FAIL: 23_containers/vector/profile/vector.cc execution test
FAIL: 26_numerics/headers/cmath/c99_classification_macros_c.cc (test
for excess errors)
FAIL: 27_io/basic_ostream/inserters_character/wchar_t/28277-3.cc execution test
FAIL: 27_io/basic_ostream/inserters_character/wchar_t/28277-4.cc execution test
FAIL: 27_io/ios_base/storage/11584.cc execution test
FAIL: 27_io/objects/char/6.cc execution test
FAIL: 27_io/objects/wchar_t/6.cc execution test
FAIL: ext/headers.cc (test for excess errors)
FAIL: ext/mt_allocator/check_new.cc execution test
FAIL: ext/pool_allocator/check_new.cc execution test
FAIL: ext/vstring/inserters_extractors/wchar_t/28277.cc execution test
=== libstdc++ Summary ===
# of expected passes 7707
# of unexpected failures 14
# of expected failures 42
# of unsupported tests 603
Compiler version: 4.8.0 20121205 (experimental) [trunk revision 194228] (GCC)
Platform: powerpc-ibm-aix7.1.0.0
configure flags:
--prefix=/gsa/yktgsa/home/e/d/edelsohn/install/powerpc-ibm-aix7.1.0.0-20121206
--disable-werror --enable-languages=c,c++,fortran,objc
--with-gmp=/usr/gnu --with-mpfr=/usr/gnu --with-cloog=no --with-ppl=no
--disable-libstdcxx-pch --with-boot-ldflags=-L/usr/gnu/lib
NB: TLS enabled