This is the mail archive of the
gcc-testresults@gcc.gnu.org
mailing list for the GCC project.
Results for 4.7.2 (GCC) testsuite on x86_64-pc-solaris2.10
- From: Jim Rice <jmrice6640 at yahoo dot com>
- To: gcc-testresults at gcc dot gnu dot org
- Date: Wed, 5 Dec 2012 09:52:10 -0800 (PST)
- Subject: Results for 4.7.2 (GCC) testsuite on x86_64-pc-solaris2.10
LAST_UPDATED: Obtained from SVN: tags/gcc_4_7_2_release revision 191558
Native configuration is x86_64-pc-solaris2.10
=== g++ tests ===
Running target unix
FAIL: g++.dg/eh/gcsec1.C -std=gnu++98 (test for excess errors)
UNRESOLVED: g++.dg/eh/gcsec1.C -std=gnu++98 compilation failed to produce executable
FAIL: g++.dg/eh/gcsec1.C -std=gnu++11 (test for excess errors)
UNRESOLVED: g++.dg/eh/gcsec1.C -std=gnu++11 compilation failed to produce executable
=== g++ Summary ===
# of expected passes 47834
# of unexpected failures 2
# of expected failures 288
# of unresolved testcases 2
# of unsupported tests 627
/rpool/export/home/jim/MySQL/gcc-4.7.2_build/gcc/testsuite/g++/../../g++ version 4.7.2 (GCC)
=== gcc tests ===
Running target unix
FAIL: gcc.dg/special/gcsec-1.c (test for excess errors)
UNRESOLVED: gcc.dg/special/gcsec-1.c compilation failed to produce executable
=== gcc Summary ===
# of expected passes 83817
# of unexpected failures 1
# of expected failures 258
# of unresolved testcases 1
# of unsupported tests 1614
/rpool/export/home/jim/MySQL/gcc-4.7.2_build/gcc/xgcc version 4.7.2 (GCC)
=== libgomp tests ===
Running target unix
=== libgomp Summary ===
# of expected passes 1235
# of unsupported tests 3
=== libitm tests ===
Running target unix
=== libitm Summary ===
# of expected passes 26
# of expected failures 3
# of unsupported tests 1
=== libstdc++ tests ===
Running target unix
=== libstdc++ Summary ===
# of expected passes 7977
# of expected failures 44
# of unsupported tests 509
Compiler version: 4.7.2 (GCC)
Platform: x86_64-pc-solaris2.10
configure flags: --prefix=/opt/gcc-4.7.2 --with-gnu-as --with-as=/opt/csw/bin/gas --enable-languages=c,c++ CC='gcc -m64'