This is the mail archive of the gcc-testresults@gcc.gnu.org mailing list for the GCC project.


Index Nav: [Date Index] [Subject Index] [Author Index] [Thread Index]
Message Nav: [Date Prev] [Date Next] [Thread Prev] [Thread Next]
Other format: [Raw text]

Results for 4.8.0 20121202 (experimental) testsuite on sparc-unknown-linux-gnu


LAST_UPDATED: Obtained from SVN: trunk revision 194060

		=== acats tests ===
FAIL:	c52103x
FAIL:	c52104x
FAIL:	c52104y

		=== acats Summary ===
# of expected passes		2317
# of unexpected failures	3
Native configuration is sparc-unknown-linux-gnu

		=== g++ tests ===


Running target unix

		=== g++ Summary ===

# of expected passes		47822
# of expected failures		286
# of unsupported tests		863
/mnt/scratch/objdir48/gcc/testsuite/g++/../../xg++  version 4.8.0 20121202 (experimental) (GCC) 

		=== gcc tests ===


Running target unix
FAIL: gcc.dg/attr-weakref-1.c (test for excess errors)
WARNING: gcc.dg/attr-weakref-1.c compilation failed to produce executable
FAIL: gcc.dg/builtin-object-size-8.c execution test

		=== gcc Summary ===

# of expected passes		68354
# of unexpected failures	2
# of expected failures		225
# of unsupported tests		1276
/mnt/scratch/objdir48/gcc/xgcc  version 4.8.0 20121202 (experimental) (GCC) 

		=== gfortran tests ===


Running target unix
XPASS: gfortran.dg/do_1.f90  -O0  execution test
XPASS: gfortran.dg/do_1.f90  -O1  execution test
FAIL: gfortran.dg/reassoc_4.f  -O   scan-tree-dump-times reassoc1 "[0-9] \\\\* " 22

		=== gfortran Summary ===

# of expected passes		41859
# of unexpected failures	1
# of unexpected successes	2
# of expected failures		50
# of unsupported tests		275
/mnt/scratch/objdir48/gcc/testsuite/gfortran/../../gfortran  version 4.8.0 20121202 (experimental) (GCC) 

		=== gnat tests ===


Running target unix
FAIL: gnat.dg/null_pointer_deref1.adb execution test
FAIL: gnat.dg/null_pointer_deref3.adb execution test

		=== gnat Summary ===

# of expected passes		1128
# of unexpected failures	2
# of expected failures		17
# of unsupported tests		10
/mnt/scratch/objdir48/gcc/gnatmake version 4.8.0 20121202 (experimental)

		=== libatomic tests ===


Running target unix

		=== libatomic Summary ===

# of expected passes		34
# of unsupported tests		10
		=== libgomp tests ===


Running target unix

		=== libgomp Summary ===

# of expected passes		2930
# of unsupported tests		1
		=== libitm tests ===


Running target unix

		=== libitm Summary ===

# of expected passes		26
# of expected failures		3
# of unsupported tests		1
		=== libstdc++ tests ===


Running target unix
FAIL: 22_locale/messages/members/char/1.cc execution test
FAIL: 22_locale/messages/members/char/2.cc execution test
FAIL: 22_locale/messages/members/char/wrapped_env.cc execution test
FAIL: 22_locale/messages/members/char/wrapped_locale.cc execution test
FAIL: 22_locale/messages_byname/named_equivalence.cc execution test

		=== libstdc++ Summary ===

# of expected passes		8912
# of unexpected failures	5
# of expected failures		43
# of unsupported tests		245

Compiler version: 4.8.0 20121202 (experimental) 
Platform: sparc-unknown-linux-gnu
configure flags: --prefix=/mnt/scratch/install48 --with-gmp=/home/mikpe/pkgs/linux-sparc64/gmp-5.0.5 --with-mpfr=/home/mikpe/pkgs/linux-sparc64/mpfr-3.1.1 --with-mpc=/home/mikpe/pkgs/linux-sparc64/mpc-1.0.1 --enable-multilib --disable-plugin --disable-lto --disable-nls --enable-threads=posix --enable-checking=release --disable-libmudflap --enable-languages=c,c++,fortran,ada --build=sparc-unknown-linux --target=sparc-unknown-linux --with-cpu=ultrasparc --enable-targets=all --disable-libsanitizer
BOOT_CFLAGS=-g -O2


Index Nav: [Date Index] [Subject Index] [Author Index] [Thread Index]
Message Nav: [Date Prev] [Date Next] [Thread Prev] [Thread Next]