This is the mail archive of the gcc-testresults@gcc.gnu.org mailing list for the GCC project.


Index Nav: [Date Index] [Subject Index] [Author Index] [Thread Index]
Message Nav: [Date Prev] [Date Next] [Thread Prev] [Thread Next]
Other format: [Raw text]

Results for 4.8.0 20121202 (experimental) [trunk revision 194049] (GCC) testsuite on x86_64-pc-linux-gnu


LAST_UPDATED: Sun Dec  2 07:47:52 UTC 2012 (revision 194049)

		=== acats tests ===

		=== acats Summary ===
# of expected passes		2320
# of unexpected failures	0
Native configuration is x86_64-pc-linux-gnu

		=== gcc tests ===


Running target unix
FAIL: gcc.dg/attr-weakref-1.c (test for excess errors)
UNRESOLVED: gcc.dg/attr-weakref-1.c compilation failed to produce executable
FAIL: gcc.dg/builtin-object-size-8.c execution test
XPASS: gcc.dg/inline_3.c (test for excess errors)
XPASS: gcc.dg/inline_4.c (test for excess errors)
XPASS: gcc.dg/unroll_2.c (test for excess errors)
XPASS: gcc.dg/unroll_3.c (test for excess errors)
XPASS: gcc.dg/unroll_4.c (test for excess errors)

		=== gcc Summary ===

# of expected passes		91736
# of unexpected failures	2
# of unexpected successes	5
# of expected failures		255
# of unresolved testcases	1
# of unsupported tests		1243
/home/cuiwd/gcc/build/gcc/xgcc  version 4.8.0 20121202 (experimental) [trunk revision 194049] (GCC) 

		=== gfortran tests ===


Running target unix
FAIL: gfortran.dg/allocate_error_4.f90  -O  (test for excess errors)
XPASS: gfortran.dg/do_1.f90  -O0  execution test
XPASS: gfortran.dg/do_1.f90  -O1  execution test
FAIL: gfortran.dg/reassoc_4.f  -O   scan-tree-dump-times reassoc1 "[0-9] \\\\* " 22
FAIL: gfortran.dg/typebound_operator_18.f90  -O  (test for excess errors)
FAIL: gfortran.dg/guality/pr41558.f90  -O0  line 7 s == 'foo'
FAIL: gfortran.dg/guality/pr41558.f90  -O1  line 7 s == 'foo'
FAIL: gfortran.dg/guality/pr41558.f90  -O2  line 7 s == 'foo'
FAIL: gfortran.dg/guality/pr41558.f90  -O3 -fomit-frame-pointer  line 7 s == 'foo'
FAIL: gfortran.dg/guality/pr41558.f90  -O3 -fomit-frame-pointer -funroll-loops  line 7 s == 'foo'
FAIL: gfortran.dg/guality/pr41558.f90  -O3 -fomit-frame-pointer -funroll-all-loops -finline-functions  line 7 s == 'foo'
FAIL: gfortran.dg/guality/pr41558.f90  -O3 -g  line 7 s == 'foo'
FAIL: gfortran.dg/guality/pr41558.f90  -Os  line 7 s == 'foo'
FAIL: gfortran.dg/lto/pr45586-2 f_lto_pr45586-2_0.o-f_lto_pr45586-2_0.o link, -O0 -flto -flto-partition=none -fuse-linker-plugin (internal compiler error)
UNRESOLVED: gfortran.dg/lto/pr45586-2 f_lto_pr45586-2_0.o-f_lto_pr45586-2_0.o execute -O0 -flto -flto-partition=none -fuse-linker-plugin
FAIL: gfortran.dg/lto/pr45586-2 f_lto_pr45586-2_0.o-f_lto_pr45586-2_0.o link, -O0 -flto -flto-partition=1to1 -fno-use-linker-plugin  (internal compiler error)
UNRESOLVED: gfortran.dg/lto/pr45586-2 f_lto_pr45586-2_0.o-f_lto_pr45586-2_0.o execute -O0 -flto -flto-partition=1to1 -fno-use-linker-plugin 
FAIL: gfortran.dg/lto/pr45586-2 f_lto_pr45586-2_0.o-f_lto_pr45586-2_0.o link, -O0 -flto -fuse-linker-plugin -fno-fat-lto-objects  (internal compiler error)
UNRESOLVED: gfortran.dg/lto/pr45586-2 f_lto_pr45586-2_0.o-f_lto_pr45586-2_0.o execute -O0 -flto -fuse-linker-plugin -fno-fat-lto-objects 
FAIL: gfortran.dg/lto/pr45586 f_lto_pr45586_0.o-f_lto_pr45586_0.o link, -O0 -flto -flto-partition=none -fuse-linker-plugin (internal compiler error)
UNRESOLVED: gfortran.dg/lto/pr45586 f_lto_pr45586_0.o-f_lto_pr45586_0.o execute -O0 -flto -flto-partition=none -fuse-linker-plugin
FAIL: gfortran.dg/lto/pr45586 f_lto_pr45586_0.o-f_lto_pr45586_0.o link, -O0 -flto -flto-partition=1to1 -fno-use-linker-plugin  (internal compiler error)
UNRESOLVED: gfortran.dg/lto/pr45586 f_lto_pr45586_0.o-f_lto_pr45586_0.o execute -O0 -flto -flto-partition=1to1 -fno-use-linker-plugin 
FAIL: gfortran.dg/lto/pr45586 f_lto_pr45586_0.o-f_lto_pr45586_0.o link, -O0 -flto -fuse-linker-plugin -fno-fat-lto-objects  (internal compiler error)
UNRESOLVED: gfortran.dg/lto/pr45586 f_lto_pr45586_0.o-f_lto_pr45586_0.o execute -O0 -flto -fuse-linker-plugin -fno-fat-lto-objects 

		=== gfortran Summary ===

# of expected passes		42473
# of unexpected failures	17
# of unexpected successes	2
# of expected failures		48
# of unresolved testcases	6
# of unsupported tests		69
/home/cuiwd/gcc/build/gcc/testsuite/gfortran/../../gfortran  version 4.8.0 20121202 (experimental) [trunk revision 194049] (GCC) 

		=== g++ tests ===


Running target unix

		=== g++ Summary ===

# of expected passes		51676
# of expected failures		288
# of unsupported tests		694
/home/cuiwd/gcc/build/gcc/testsuite/g++/../../xg++  version 4.8.0 20121202 (experimental) [trunk revision 194049] (GCC) 

		=== gnat tests ===


Running target unix

		=== gnat Summary ===

# of expected passes		1145
# of expected failures		17
# of unsupported tests		2
/home/cuiwd/gcc/build/gcc/gnatmake version 4.8.0 20121202 (experimental) [trunk revision 194049]

		=== go tests ===


Running target unix

		=== go Summary ===

# of expected passes		4967
# of expected failures		1
# of untested testcases		3
/home/cuiwd/gcc/build/gcc/testsuite/go/../../gccgo  version 4.8.0 20121202 (experimental) [trunk revision 194049] (GCC) 

		=== obj-c++ tests ===


Running target unix

		=== obj-c++ Summary ===

# of expected passes		1442
# of expected failures		10
# of unsupported tests		86
/home/cuiwd/gcc/build/gcc/testsuite/obj-c++/../../xg++  version 4.8.0 20121202 (experimental) [trunk revision 194049] (GCC) 

		=== objc tests ===


Running target unix

		=== objc Summary ===

# of expected passes		2988
# of expected failures		6
# of unsupported tests		74
/home/cuiwd/gcc/build/gcc/xgcc  version 4.8.0 20121202 (experimental) [trunk revision 194049] (GCC) 

		=== boehm-gc tests ===


Running target unix

		=== boehm-gc Summary ===

# of expected passes		12
# of unsupported tests		1
		=== libatomic tests ===


Running target unix

		=== libatomic Summary ===

# of expected passes		54
		=== libffi tests ===


Running target unix

		=== libffi Summary ===

# of expected passes		1659
# of unsupported tests		55
		=== libgo tests ===


Running target unix
FAIL: net

		=== libgo Summary ===

# of expected passes		128
# of unexpected failures	1
/home/cuiwd/gcc/build/./gcc/gccgo version 4.8.0 20121202 (experimental) [trunk revision 194049] (GCC)

		=== libgomp tests ===


Running target unix

		=== libgomp Summary ===

# of expected passes		2932
		=== libitm tests ===


Running target unix

		=== libitm Summary ===

# of expected passes		26
# of expected failures		3
# of unsupported tests		1
		=== libjava tests ===


Running target unix
FAIL: sourcelocation output - source compiled test
FAIL: sourcelocation -findirect-dispatch output - source compiled test
FAIL: sourcelocation -O3 output - source compiled test

		=== libjava Summary ===

# of expected passes		2583
# of unexpected failures	3
		=== libmudflap tests ===


Running target unix
FAIL: libmudflap.c/fail37-frag.c (-O2) crash test
FAIL: libmudflap.c/fail37-frag.c (-O2) output pattern test
FAIL: libmudflap.c/fail37-frag.c (-O3) crash test
FAIL: libmudflap.c/fail37-frag.c (-O3) output pattern test
FAIL: libmudflap.c++/pass41-frag.cxx ( -O) execution test
FAIL: libmudflap.c++/pass55-frag.cxx ( -O) execution test
FAIL: libmudflap.c++/pass41-frag.cxx (-O2) execution test
FAIL: libmudflap.c++/pass55-frag.cxx (-O2) execution test
FAIL: libmudflap.c++/pass41-frag.cxx (-O3) execution test
FAIL: libmudflap.c++/pass55-frag.cxx (-O3) execution test

		=== libmudflap Summary ===

# of expected passes		1426
# of unexpected failures	10
		=== libstdc++ tests ===


Running target unix

		=== libstdc++ Summary ===

# of expected passes		8554
# of expected failures		43
# of unsupported tests		523

Compiler version: 4.8.0 20121202 (experimental) [trunk revision 194049] (GCC) 
Platform: x86_64-pc-linux-gnu
configure flags: --build=x86_64-linux-gnu --prefix=/usr/gcc_4_8 --with-gmp=/usr/gcc_4_7 --with-mpfr=/usr/gcc_4_7 --with-mpc=/usr/gcc_4_7 --enable-languages=ada,c,c++,fortran,go,java,objc,obj-c++ --disable-multilib --program-suffix=-4.8


Index Nav: [Date Index] [Subject Index] [Author Index] [Thread Index]
Message Nav: [Date Prev] [Date Next] [Thread Prev] [Thread Next]