This is the mail archive of the
gcc-testresults@gcc.gnu.org
mailing list for the GCC project.
Results for 4.8.0 20121120 (experimental) [trunk revision 193662] (Debian 20121120-1) testsuite on mips-unknown-linux-gnu
- From: Matthias Klose <doko at debian dot org>
- To: gcc-testresults at gcc dot gnu dot org
- Cc: debian-gcc at lists dot debian dot org
- Date: Fri, 23 Nov 2012 17:55:07 +0000
- Subject: Results for 4.8.0 20121120 (experimental) [trunk revision 193662] (Debian 20121120-1) testsuite on mips-unknown-linux-gnu
- Reply-to: Matthias Klose <doko at debian dot org>
LAST_UPDATED: Tue Nov 20 13:48:52 UTC 2012 (revision 193662)
Target: mips-linux-gnu
gcc version 4.8.0 20121120 (experimental) [trunk revision 193662] (Debian 20121120-1)
=== acats tests ===
FAIL: c761007
FAIL: c94020a
FAIL: c99004a
FAIL: cb1010a
=== acats Summary ===
# of expected passes 2316
# of unexpected failures 4
Native configuration is mips-unknown-linux-gnu
=== g++ tests ===
Running target unix
WARNING: program timed out.
WARNING: program timed out.
FAIL: g++.dg/plugin/attribute_plugin.c compilation
FAIL: g++.dg/plugin/pragma_plugin.c compilation
FAIL: g++.dg/plugin/selfassign.c compilation
FAIL: g++.dg/plugin/dumb_plugin.c compilation
FAIL: g++.dg/plugin/header_plugin.c compilation
FAIL: g++.dg/plugin/decl_plugin.c compilation
WARNING: program timed out.
FAIL: c-c++-common/torture/complex-sign-add.c -O2 -flto -fno-use-linker-plugin -flto-partition=none (test for excess errors)
UNRESOLVED: c-c++-common/torture/complex-sign-add.c -O2 -flto -fno-use-linker-plugin -flto-partition=none compilation failed to produce executable
WARNING: program timed out.
FAIL: c-c++-common/torture/complex-sign-add.c -O2 -flto -fuse-linker-plugin -fno-fat-lto-objects (test for excess errors)
FAIL: c-c++-common/torture/complex-sign-add.c -O2 -flto -fuse-linker-plugin -fno-fat-lto-objects execution test
=== g++ Summary for unix ===
# of expected passes 49405
# of unexpected failures 9
# of expected failures 289
# of unresolved testcases 1
# of unsupported tests 826
Running target unix/-mabi=64
FAIL: g++.dg/plugin/attribute_plugin.c compilation
FAIL: g++.dg/plugin/pragma_plugin.c compilation
FAIL: g++.dg/plugin/selfassign.c compilation
FAIL: g++.dg/plugin/dumb_plugin.c compilation
FAIL: g++.dg/plugin/header_plugin.c compilation
FAIL: g++.dg/plugin/decl_plugin.c compilation
=== g++ Summary for unix/-mabi=64 ===
# of expected passes 50654
# of unexpected failures 6
# of expected failures 289
# of unsupported tests 819
Running target unix/-mabi=n32
FAIL: g++.dg/plugin/attribute_plugin.c compilation
FAIL: g++.dg/plugin/pragma_plugin.c compilation
FAIL: g++.dg/plugin/selfassign.c compilation
FAIL: g++.dg/plugin/dumb_plugin.c compilation
FAIL: g++.dg/plugin/header_plugin.c compilation
FAIL: g++.dg/plugin/decl_plugin.c compilation
=== g++ Summary for unix/-mabi=n32 ===
# of expected passes 50727
# of unexpected failures 6
# of expected failures 289
# of unsupported tests 814
=== g++ Summary ===
# of expected passes 150786
# of unexpected failures 21
# of expected failures 867
# of unresolved testcases 1
# of unsupported tests 2459
/build/buildd-gcc-snapshot_20121120-1-mips-iB1dV4/gcc-snapshot-20121120/build/gcc/testsuite/g++/../../g++ version 4.8.0 20121120 (experimental) [trunk revision 193662] (Debian 20121120-1)
=== gcc tests ===
Running target unix
FAIL: gcc.c-torture/compile/mipscop-1.c -O3 -g (internal compiler error)
FAIL: gcc.c-torture/compile/mipscop-1.c -O3 -g (test for excess errors)
FAIL: gcc.c-torture/compile/mipscop-2.c -O3 -g (internal compiler error)
FAIL: gcc.c-torture/compile/mipscop-2.c -O3 -g (test for excess errors)
FAIL: gcc.c-torture/compile/mipscop-3.c -O3 -g (internal compiler error)
FAIL: gcc.c-torture/compile/mipscop-3.c -O3 -g (test for excess errors)
FAIL: gcc.c-torture/compile/mipscop-4.c -O3 -g (internal compiler error)
FAIL: gcc.c-torture/compile/mipscop-4.c -O3 -g (test for excess errors)
FAIL: gcc.c-torture/compile/pr43186.c -O3 -fomit-frame-pointer (test for excess errors)
FAIL: gcc.c-torture/compile/pr43186.c -O3 -fomit-frame-pointer -funroll-loops (test for excess errors)
FAIL: gcc.c-torture/compile/pr43186.c -O3 -fomit-frame-pointer -funroll-all-loops -finline-functions (test for excess errors)
FAIL: gcc.c-torture/compile/pr43186.c -O3 -g (test for excess errors)
WARNING: program timed out.
WARNING: program timed out.
WARNING: program timed out.
WARNING: program timed out.
FAIL: gcc.c-torture/execute/20041124-1.c compilation, -O2 -flto -fuse-linker-plugin -fno-fat-lto-objects
UNRESOLVED: gcc.c-torture/execute/20041124-1.c execution, -O2 -flto -fuse-linker-plugin -fno-fat-lto-objects
FAIL: gcc.c-torture/execute/20041212-1.c compilation, -O2 -flto -fuse-linker-plugin -fno-fat-lto-objects
UNRESOLVED: gcc.c-torture/execute/20041212-1.c execution, -O2 -flto -fuse-linker-plugin -fno-fat-lto-objects
FAIL: gcc.c-torture/execute/divcmp-2.c compilation, -O2 -flto -fuse-linker-plugin -fno-fat-lto-objects
UNRESOLVED: gcc.c-torture/execute/divcmp-2.c execution, -O2 -flto -fuse-linker-plugin -fno-fat-lto-objects
FAIL: gcc.c-torture/execute/pr44202-1.c compilation, -O2 -flto -fuse-linker-plugin -fno-fat-lto-objects
UNRESOLVED: gcc.c-torture/execute/pr44202-1.c execution, -O2 -flto -fuse-linker-plugin -fno-fat-lto-objects
WARNING: program timed out.
WARNING: program timed out.
WARNING: program timed out.
WARNING: program timed out.
FAIL: gcc.dg/attr-weakref-1.c (test for excess errors)
UNRESOLVED: gcc.dg/attr-weakref-1.c compilation failed to produce executable
FAIL: gcc.dg/builtin-object-size-8.c execution test
FAIL: gcc.dg/fixed-point/unary.c execution test
FAIL: gcc.dg/graphite/id-pr46845.c (internal compiler error)
FAIL: gcc.dg/graphite/id-pr46845.c (test for excess errors)
FAIL: gcc.dg/graphite/pr42521.c (internal compiler error)
FAIL: gcc.dg/graphite/pr42521.c (test for excess errors)
FAIL: gcc.dg/graphite/pr42771.c (internal compiler error)
FAIL: gcc.dg/graphite/pr42771.c (test for excess errors)
FAIL: gcc.dg/plugin/selfassign.c compilation
FAIL: gcc.dg/plugin/ggcplug.c compilation
FAIL: gcc.dg/plugin/one_time_plugin.c compilation
FAIL: gcc.dg/plugin/start_unit_plugin.c compilation
FAIL: gcc.dg/plugin/finish_unit_plugin.c compilation
FAIL: gcc.dg/torture/pr51106-2.c -O0 (internal compiler error)
FAIL: gcc.dg/torture/pr51106-2.c -O0 (test for excess errors)
FAIL: gcc.dg/torture/pr51106-2.c -O1 (internal compiler error)
FAIL: gcc.dg/torture/pr51106-2.c -O1 (test for excess errors)
FAIL: gcc.dg/torture/pr51106-2.c -O2 (internal compiler error)
FAIL: gcc.dg/torture/pr51106-2.c -O2 (test for excess errors)
FAIL: gcc.dg/torture/pr51106-2.c -O3 -fomit-frame-pointer (internal compiler error)
FAIL: gcc.dg/torture/pr51106-2.c -O3 -fomit-frame-pointer (test for excess errors)
FAIL: gcc.dg/torture/pr51106-2.c -O3 -g (internal compiler error)
FAIL: gcc.dg/torture/pr51106-2.c -O3 -g (test for excess errors)
FAIL: gcc.dg/torture/pr51106-2.c -Os (internal compiler error)
FAIL: gcc.dg/torture/pr51106-2.c -Os (test for excess errors)
FAIL: gcc.dg/torture/pr51106-2.c -O2 -flto -fno-use-linker-plugin -flto-partition=none (internal compiler error)
FAIL: gcc.dg/torture/pr51106-2.c -O2 -flto -fno-use-linker-plugin -flto-partition=none (test for excess errors)
FAIL: gcc.dg/tree-ssa/ssa-dom-thread-4.c scan-tree-dump-times dom1 "Threaded" 4
FAIL: gcc.target/mips/ext-2.c -O1 scan-assembler \\tdext\\t
FAIL: gcc.target/mips/ext-2.c -O2 scan-assembler \\tdext\\t
FAIL: gcc.target/mips/ext-2.c -O3 -fomit-frame-pointer scan-assembler \\tdext\\t
FAIL: gcc.target/mips/ext-2.c -O3 -g scan-assembler \\tdext\\t
FAIL: gcc.target/mips/ext-2.c -Os scan-assembler \\tdext\\t
FAIL: gcc.target/mips/ext-2.c -O2 -flto -fno-use-linker-plugin -flto-partition=none scan-assembler \\tdext\\t
FAIL: gcc.target/mips/ext-2.c -O2 -flto -fuse-linker-plugin -fno-fat-lto-objects scan-assembler \\tdext\\t
FAIL: gcc.target/mips/mips-sched-madd.c -O2 scan-assembler \\tmult\\t
FAIL: gcc.target/mips/mips-sched-madd.c -O3 -fomit-frame-pointer scan-assembler \\tmult\\t
FAIL: gcc.target/mips/mips-sched-madd.c -O3 -g scan-assembler \\tmult\\t
FAIL: gcc.target/mips/mips-sched-madd.c -O2 -flto -fno-use-linker-plugin -flto-partition=none scan-assembler \\tmult\\t
FAIL: gcc.target/mips/mips-sched-madd.c -O2 -flto -fuse-linker-plugin -fno-fat-lto-objects scan-assembler \\tmult\\t
FAIL: gcc.target/mips/octeon-bbit-2.c -Os scan-assembler \\tbnel\\t
FAIL: gcc.target/mips/octeon-pipe-1.c -O1 scan-rtl-dump sched2 "octeon_mult\\\\*71"
FAIL: gcc.target/mips/octeon-pipe-1.c -O2 scan-rtl-dump sched2 "octeon_mult\\\\*71"
FAIL: gcc.target/mips/octeon-pipe-1.c -O3 -fomit-frame-pointer scan-rtl-dump sched2 "octeon_mult\\\\*71"
FAIL: gcc.target/mips/octeon-pipe-1.c -O3 -g scan-rtl-dump sched2 "octeon_mult\\\\*71"
FAIL: gcc.target/mips/octeon-pipe-1.c -Os scan-rtl-dump sched2 "octeon_mult\\\\*71"
FAIL: gcc.target/mips/octeon-pipe-1.c -O2 -flto -fno-use-linker-plugin -flto-partition=none scan-rtl-dump sched2 "octeon_mult\\\\*71"
UNRESOLVED: gcc.target/mips/octeon-pipe-1.c -O2 -flto -fuse-linker-plugin -fno-fat-lto-objects scan-rtl-dump sched2 "octeon_mult\\\\*71"
FAIL: gcc.target/mips/octeon2-pipe-1.c -O1 scan-rtl-dump sched2 "octeon_mult\\\\*17"
FAIL: gcc.target/mips/octeon2-pipe-1.c -O2 scan-rtl-dump sched2 "octeon_mult\\\\*17"
FAIL: gcc.target/mips/octeon2-pipe-1.c -O3 -fomit-frame-pointer scan-rtl-dump sched2 "octeon_mult\\\\*17"
FAIL: gcc.target/mips/octeon2-pipe-1.c -O3 -g scan-rtl-dump sched2 "octeon_mult\\\\*17"
FAIL: gcc.target/mips/octeon2-pipe-1.c -Os scan-rtl-dump sched2 "octeon_mult\\\\*17"
FAIL: gcc.target/mips/octeon2-pipe-1.c -O2 -flto -fno-use-linker-plugin -flto-partition=none scan-rtl-dump sched2 "octeon_mult\\\\*17"
UNRESOLVED: gcc.target/mips/octeon2-pipe-1.c -O2 -flto -fuse-linker-plugin -fno-fat-lto-objects scan-rtl-dump sched2 "octeon_mult\\\\*17"
UNRESOLVED: gcc.target/mips/pr54240.c -O2 -flto -fuse-linker-plugin -fno-fat-lto-objects scan-tree-dump phiopt1 "Hoisting adjacent loads"
FAIL: gcc.target/mips/r10k-cache-barrier-10.c -O3 -fomit-frame-pointer -funroll-all-loops -finline-functions scan-assembler-not \\tcache\\t
=== gcc Summary for unix ===
# of expected passes 89846
# of unexpected failures 71
# of expected failures 145
# of unresolved testcases 8
# of unsupported tests 1289
Running target unix/-mabi=64
FAIL: gcc.c-torture/compile/mipscop-1.c -O3 -g (internal compiler error)
FAIL: gcc.c-torture/compile/mipscop-1.c -O3 -g (test for excess errors)
FAIL: gcc.c-torture/compile/mipscop-2.c -O3 -g (internal compiler error)
FAIL: gcc.c-torture/compile/mipscop-2.c -O3 -g (test for excess errors)
FAIL: gcc.c-torture/compile/mipscop-3.c -O3 -g (internal compiler error)
FAIL: gcc.c-torture/compile/mipscop-3.c -O3 -g (test for excess errors)
FAIL: gcc.c-torture/compile/mipscop-4.c -O3 -g (internal compiler error)
FAIL: gcc.c-torture/compile/mipscop-4.c -O3 -g (test for excess errors)
FAIL: gcc.c-torture/compile/pr43186.c -O3 -fomit-frame-pointer (test for excess errors)
FAIL: gcc.c-torture/compile/pr43186.c -O3 -fomit-frame-pointer -funroll-loops (test for excess errors)
FAIL: gcc.c-torture/compile/pr43186.c -O3 -fomit-frame-pointer -funroll-all-loops -finline-functions (test for excess errors)
FAIL: gcc.c-torture/compile/pr43186.c -O3 -g (test for excess errors)
WARNING: program timed out.
WARNING: program timed out.
WARNING: program timed out.
WARNING: program timed out.
FAIL: gcc.c-torture/execute/20020412-1.c execution, -O3 -fomit-frame-pointer -funroll-loops
FAIL: gcc.c-torture/execute/20020412-1.c execution, -O3 -fomit-frame-pointer -funroll-all-loops -finline-functions
FAIL: gcc.dg/attr-weakref-1.c (test for excess errors)
UNRESOLVED: gcc.dg/attr-weakref-1.c compilation failed to produce executable
FAIL: gcc.dg/builtin-object-size-8.c execution test
FAIL: gcc.dg/builtins-53.c (internal compiler error)
FAIL: gcc.dg/builtins-53.c (test for excess errors)
FAIL: gcc.dg/fixed-point/convert-float-4.c execution test
FAIL: gcc.dg/fixed-point/unary.c execution test
FAIL: gcc.dg/graphite/id-pr46845.c (internal compiler error)
FAIL: gcc.dg/graphite/id-pr46845.c (test for excess errors)
FAIL: gcc.dg/graphite/pr42521.c (internal compiler error)
FAIL: gcc.dg/graphite/pr42521.c (test for excess errors)
FAIL: gcc.dg/graphite/pr42771.c (internal compiler error)
FAIL: gcc.dg/graphite/pr42771.c (test for excess errors)
FAIL: gcc.dg/plugin/selfassign.c compilation
FAIL: gcc.dg/plugin/ggcplug.c compilation
FAIL: gcc.dg/plugin/one_time_plugin.c compilation
FAIL: gcc.dg/plugin/start_unit_plugin.c compilation
FAIL: gcc.dg/plugin/finish_unit_plugin.c compilation
FAIL: gcc.dg/torture/pr51106-2.c -O0 (internal compiler error)
FAIL: gcc.dg/torture/pr51106-2.c -O0 (test for excess errors)
FAIL: gcc.dg/torture/pr51106-2.c -O1 (internal compiler error)
FAIL: gcc.dg/torture/pr51106-2.c -O1 (test for excess errors)
FAIL: gcc.dg/torture/pr51106-2.c -O2 (internal compiler error)
FAIL: gcc.dg/torture/pr51106-2.c -O2 (test for excess errors)
FAIL: gcc.dg/torture/pr51106-2.c -O3 -fomit-frame-pointer (internal compiler error)
FAIL: gcc.dg/torture/pr51106-2.c -O3 -fomit-frame-pointer (test for excess errors)
FAIL: gcc.dg/torture/pr51106-2.c -O3 -g (internal compiler error)
FAIL: gcc.dg/torture/pr51106-2.c -O3 -g (test for excess errors)
FAIL: gcc.dg/torture/pr51106-2.c -Os (internal compiler error)
FAIL: gcc.dg/torture/pr51106-2.c -Os (test for excess errors)
FAIL: gcc.dg/torture/pr51106-2.c -O2 -flto -fno-use-linker-plugin -flto-partition=none (internal compiler error)
FAIL: gcc.dg/torture/pr51106-2.c -O2 -flto -fno-use-linker-plugin -flto-partition=none (test for excess errors)
FAIL: gcc.dg/tree-ssa/slsr-8.c scan-tree-dump-times optimized " \\\\* " 7
FAIL: gcc.dg/tree-ssa/ssa-dom-thread-4.c scan-tree-dump-times dom1 "Threaded" 4
FAIL: gcc.target/mips/mips-sched-madd.c -O2 scan-assembler \\tmult\\t
FAIL: gcc.target/mips/mips-sched-madd.c -O3 -fomit-frame-pointer scan-assembler \\tmult\\t
FAIL: gcc.target/mips/mips-sched-madd.c -O3 -g scan-assembler \\tmult\\t
FAIL: gcc.target/mips/mips-sched-madd.c -O2 -flto -fno-use-linker-plugin -flto-partition=none scan-assembler \\tmult\\t
FAIL: gcc.target/mips/mips-sched-madd.c -O2 -flto -fuse-linker-plugin -fno-fat-lto-objects scan-assembler \\tmult\\t
FAIL: gcc.target/mips/octeon-bbit-2.c -Os scan-assembler \\tbnel\\t
FAIL: gcc.target/mips/octeon-pipe-1.c -O1 scan-rtl-dump sched2 "octeon_mult\\\\*71"
FAIL: gcc.target/mips/octeon-pipe-1.c -O2 scan-rtl-dump sched2 "octeon_mult\\\\*71"
FAIL: gcc.target/mips/octeon-pipe-1.c -O3 -fomit-frame-pointer scan-rtl-dump sched2 "octeon_mult\\\\*71"
FAIL: gcc.target/mips/octeon-pipe-1.c -O3 -g scan-rtl-dump sched2 "octeon_mult\\\\*71"
FAIL: gcc.target/mips/octeon-pipe-1.c -Os scan-rtl-dump sched2 "octeon_mult\\\\*71"
FAIL: gcc.target/mips/octeon-pipe-1.c -O2 -flto -fno-use-linker-plugin -flto-partition=none scan-rtl-dump sched2 "octeon_mult\\\\*71"
UNRESOLVED: gcc.target/mips/octeon-pipe-1.c -O2 -flto -fuse-linker-plugin -fno-fat-lto-objects scan-rtl-dump sched2 "octeon_mult\\\\*71"
FAIL: gcc.target/mips/octeon2-pipe-1.c -O1 scan-rtl-dump sched2 "octeon_mult\\\\*17"
FAIL: gcc.target/mips/octeon2-pipe-1.c -O2 scan-rtl-dump sched2 "octeon_mult\\\\*17"
FAIL: gcc.target/mips/octeon2-pipe-1.c -O3 -fomit-frame-pointer scan-rtl-dump sched2 "octeon_mult\\\\*17"
FAIL: gcc.target/mips/octeon2-pipe-1.c -O3 -g scan-rtl-dump sched2 "octeon_mult\\\\*17"
FAIL: gcc.target/mips/octeon2-pipe-1.c -Os scan-rtl-dump sched2 "octeon_mult\\\\*17"
FAIL: gcc.target/mips/octeon2-pipe-1.c -O2 -flto -fno-use-linker-plugin -flto-partition=none scan-rtl-dump sched2 "octeon_mult\\\\*17"
UNRESOLVED: gcc.target/mips/octeon2-pipe-1.c -O2 -flto -fuse-linker-plugin -fno-fat-lto-objects scan-rtl-dump sched2 "octeon_mult\\\\*17"
UNRESOLVED: gcc.target/mips/pr54240.c -O2 -flto -fuse-linker-plugin -fno-fat-lto-objects scan-tree-dump phiopt1 "Hoisting adjacent loads"
FAIL: gcc.target/mips/pr55315.c -O0 (test for excess errors)
FAIL: gcc.target/mips/pr55315.c -O1 (test for excess errors)
FAIL: gcc.target/mips/pr55315.c -O2 (test for excess errors)
FAIL: gcc.target/mips/pr55315.c -O3 -fomit-frame-pointer (test for excess errors)
FAIL: gcc.target/mips/pr55315.c -O3 -g (test for excess errors)
FAIL: gcc.target/mips/pr55315.c -Os (test for excess errors)
FAIL: gcc.target/mips/pr55315.c -O2 -flto -fno-use-linker-plugin -flto-partition=none (test for excess errors)
FAIL: gcc.target/mips/pr55315.c -O2 -flto -fuse-linker-plugin -fno-fat-lto-objects (test for excess errors)
FAIL: gcc.target/mips/r10k-cache-barrier-10.c -O3 -fomit-frame-pointer -funroll-all-loops -finline-functions scan-assembler-not \\tcache\\t
=== gcc Summary for unix/-mabi=64 ===
# of expected passes 90485
# of unexpected failures 74
# of expected failures 148
# of unresolved testcases 4
# of unsupported tests 1282
Running target unix/-mabi=n32
FAIL: gcc.c-torture/compile/mipscop-1.c -O3 -g (internal compiler error)
FAIL: gcc.c-torture/compile/mipscop-1.c -O3 -g (test for excess errors)
FAIL: gcc.c-torture/compile/mipscop-2.c -O3 -g (internal compiler error)
FAIL: gcc.c-torture/compile/mipscop-2.c -O3 -g (test for excess errors)
FAIL: gcc.c-torture/compile/mipscop-3.c -O3 -g (internal compiler error)
FAIL: gcc.c-torture/compile/mipscop-3.c -O3 -g (test for excess errors)
FAIL: gcc.c-torture/compile/mipscop-4.c -O3 -g (internal compiler error)
FAIL: gcc.c-torture/compile/mipscop-4.c -O3 -g (test for excess errors)
FAIL: gcc.c-torture/compile/pr43186.c -O3 -fomit-frame-pointer (test for excess errors)
FAIL: gcc.c-torture/compile/pr43186.c -O3 -fomit-frame-pointer -funroll-loops (test for excess errors)
FAIL: gcc.c-torture/compile/pr43186.c -O3 -fomit-frame-pointer -funroll-all-loops -finline-functions (test for excess errors)
FAIL: gcc.c-torture/compile/pr43186.c -O3 -g (test for excess errors)
WARNING: program timed out.
WARNING: program timed out.
WARNING: program timed out.
WARNING: program timed out.
FAIL: gcc.c-torture/execute/pr53645-2.c compilation, -O2 -flto -fno-use-linker-plugin -flto-partition=none
UNRESOLVED: gcc.c-torture/execute/pr53645-2.c execution, -O2 -flto -fno-use-linker-plugin -flto-partition=none
FAIL: gcc.c-torture/execute/pr53645-2.c compilation, -O2 -flto -fuse-linker-plugin -fno-fat-lto-objects
UNRESOLVED: gcc.c-torture/execute/pr53645-2.c execution, -O2 -flto -fuse-linker-plugin -fno-fat-lto-objects
WARNING: program timed out.
WARNING: program timed out.
FAIL: gcc.dg/attr-weakref-1.c (test for excess errors)
UNRESOLVED: gcc.dg/attr-weakref-1.c compilation failed to produce executable
FAIL: gcc.dg/builtin-object-size-8.c execution test
FAIL: gcc.dg/builtins-53.c (internal compiler error)
FAIL: gcc.dg/builtins-53.c (test for excess errors)
FAIL: gcc.dg/fixed-point/convert-float-4.c execution test
FAIL: gcc.dg/fixed-point/unary.c execution test
FAIL: gcc.dg/graphite/id-pr46845.c (internal compiler error)
FAIL: gcc.dg/graphite/id-pr46845.c (test for excess errors)
FAIL: gcc.dg/graphite/pr42521.c (internal compiler error)
FAIL: gcc.dg/graphite/pr42521.c (test for excess errors)
FAIL: gcc.dg/graphite/pr42771.c (internal compiler error)
FAIL: gcc.dg/graphite/pr42771.c (test for excess errors)
FAIL: gcc.dg/plugin/selfassign.c compilation
FAIL: gcc.dg/plugin/ggcplug.c compilation
FAIL: gcc.dg/plugin/one_time_plugin.c compilation
FAIL: gcc.dg/plugin/start_unit_plugin.c compilation
FAIL: gcc.dg/plugin/finish_unit_plugin.c compilation
FAIL: gcc.dg/torture/pr51106-2.c -O0 (internal compiler error)
FAIL: gcc.dg/torture/pr51106-2.c -O0 (test for excess errors)
FAIL: gcc.dg/torture/pr51106-2.c -O1 (internal compiler error)
FAIL: gcc.dg/torture/pr51106-2.c -O1 (test for excess errors)
FAIL: gcc.dg/torture/pr51106-2.c -O2 (internal compiler error)
FAIL: gcc.dg/torture/pr51106-2.c -O2 (test for excess errors)
FAIL: gcc.dg/torture/pr51106-2.c -O3 -fomit-frame-pointer (internal compiler error)
FAIL: gcc.dg/torture/pr51106-2.c -O3 -fomit-frame-pointer (test for excess errors)
FAIL: gcc.dg/torture/pr51106-2.c -O3 -g (internal compiler error)
FAIL: gcc.dg/torture/pr51106-2.c -O3 -g (test for excess errors)
FAIL: gcc.dg/torture/pr51106-2.c -Os (internal compiler error)
FAIL: gcc.dg/torture/pr51106-2.c -Os (test for excess errors)
FAIL: gcc.dg/torture/pr51106-2.c -O2 -flto -fno-use-linker-plugin -flto-partition=none (internal compiler error)
FAIL: gcc.dg/torture/pr51106-2.c -O2 -flto -fno-use-linker-plugin -flto-partition=none (test for excess errors)
FAIL: gcc.dg/tree-ssa/ssa-dom-thread-4.c scan-tree-dump-times dom1 "Threaded" 4
FAIL: gcc.target/mips/ext-2.c -O1 scan-assembler \\tdext\\t
FAIL: gcc.target/mips/ext-2.c -O2 scan-assembler \\tdext\\t
FAIL: gcc.target/mips/ext-2.c -O3 -fomit-frame-pointer scan-assembler \\tdext\\t
FAIL: gcc.target/mips/ext-2.c -O3 -g scan-assembler \\tdext\\t
FAIL: gcc.target/mips/ext-2.c -Os scan-assembler \\tdext\\t
FAIL: gcc.target/mips/ext-2.c -O2 -flto -fno-use-linker-plugin -flto-partition=none scan-assembler \\tdext\\t
FAIL: gcc.target/mips/ext-2.c -O2 -flto -fuse-linker-plugin -fno-fat-lto-objects scan-assembler \\tdext\\t
FAIL: gcc.target/mips/mips-sched-madd.c -O2 scan-assembler \\tmult\\t
FAIL: gcc.target/mips/mips-sched-madd.c -O3 -fomit-frame-pointer scan-assembler \\tmult\\t
FAIL: gcc.target/mips/mips-sched-madd.c -O3 -g scan-assembler \\tmult\\t
FAIL: gcc.target/mips/mips-sched-madd.c -O2 -flto -fno-use-linker-plugin -flto-partition=none scan-assembler \\tmult\\t
FAIL: gcc.target/mips/mips-sched-madd.c -O2 -flto -fuse-linker-plugin -fno-fat-lto-objects scan-assembler \\tmult\\t
FAIL: gcc.target/mips/octeon-bbit-2.c -Os scan-assembler \\tbnel\\t
FAIL: gcc.target/mips/octeon-pipe-1.c -O1 scan-rtl-dump sched2 "octeon_mult\\\\*71"
FAIL: gcc.target/mips/octeon-pipe-1.c -O2 scan-rtl-dump sched2 "octeon_mult\\\\*71"
FAIL: gcc.target/mips/octeon-pipe-1.c -O3 -fomit-frame-pointer scan-rtl-dump sched2 "octeon_mult\\\\*71"
FAIL: gcc.target/mips/octeon-pipe-1.c -O3 -g scan-rtl-dump sched2 "octeon_mult\\\\*71"
FAIL: gcc.target/mips/octeon-pipe-1.c -Os scan-rtl-dump sched2 "octeon_mult\\\\*71"
FAIL: gcc.target/mips/octeon-pipe-1.c -O2 -flto -fno-use-linker-plugin -flto-partition=none scan-rtl-dump sched2 "octeon_mult\\\\*71"
UNRESOLVED: gcc.target/mips/octeon-pipe-1.c -O2 -flto -fuse-linker-plugin -fno-fat-lto-objects scan-rtl-dump sched2 "octeon_mult\\\\*71"
FAIL: gcc.target/mips/octeon2-pipe-1.c -O1 scan-rtl-dump sched2 "octeon_mult\\\\*17"
FAIL: gcc.target/mips/octeon2-pipe-1.c -O2 scan-rtl-dump sched2 "octeon_mult\\\\*17"
FAIL: gcc.target/mips/octeon2-pipe-1.c -O3 -fomit-frame-pointer scan-rtl-dump sched2 "octeon_mult\\\\*17"
FAIL: gcc.target/mips/octeon2-pipe-1.c -O3 -g scan-rtl-dump sched2 "octeon_mult\\\\*17"
FAIL: gcc.target/mips/octeon2-pipe-1.c -Os scan-rtl-dump sched2 "octeon_mult\\\\*17"
FAIL: gcc.target/mips/octeon2-pipe-1.c -O2 -flto -fno-use-linker-plugin -flto-partition=none scan-rtl-dump sched2 "octeon_mult\\\\*17"
UNRESOLVED: gcc.target/mips/octeon2-pipe-1.c -O2 -flto -fuse-linker-plugin -fno-fat-lto-objects scan-rtl-dump sched2 "octeon_mult\\\\*17"
UNRESOLVED: gcc.target/mips/pr54240.c -O2 -flto -fuse-linker-plugin -fno-fat-lto-objects scan-tree-dump phiopt1 "Hoisting adjacent loads"
FAIL: gcc.target/mips/r10k-cache-barrier-10.c -O3 -fomit-frame-pointer -funroll-all-loops -finline-functions scan-assembler-not \\tcache\\t
=== gcc Summary for unix/-mabi=n32 ===
# of expected passes 90507
# of unexpected failures 72
# of expected failures 145
# of unresolved testcases 6
# of unsupported tests 1277
=== gcc Summary ===
# of expected passes 270838
# of unexpected failures 217
# of expected failures 438
# of unresolved testcases 18
# of unsupported tests 3848
/build/buildd-gcc-snapshot_20121120-1-mips-iB1dV4/gcc-snapshot-20121120/build/gcc/xgcc version 4.8.0 20121120 (experimental) [trunk revision 193662] (Debian 20121120-1)
=== gfortran tests ===
Running target unix
XPASS: gfortran.dg/do_1.f90 -O0 execution test
XPASS: gfortran.dg/do_1.f90 -O1 execution test
FAIL: gfortran.dg/reassoc_4.f -O scan-tree-dump-times reassoc1 "[0-9] \\\\* " 22
FAIL: gfortran.dg/lto/pr45586-2 f_lto_pr45586-2_0.o-f_lto_pr45586-2_0.o link, -O0 -flto -flto-partition=none -fuse-linker-plugin (internal compiler error)
UNRESOLVED: gfortran.dg/lto/pr45586-2 f_lto_pr45586-2_0.o-f_lto_pr45586-2_0.o execute -O0 -flto -flto-partition=none -fuse-linker-plugin
FAIL: gfortran.dg/lto/pr45586-2 f_lto_pr45586-2_0.o-f_lto_pr45586-2_0.o link, -O0 -flto -flto-partition=1to1 -fno-use-linker-plugin (internal compiler error)
UNRESOLVED: gfortran.dg/lto/pr45586-2 f_lto_pr45586-2_0.o-f_lto_pr45586-2_0.o execute -O0 -flto -flto-partition=1to1 -fno-use-linker-plugin
FAIL: gfortran.dg/lto/pr45586-2 f_lto_pr45586-2_0.o-f_lto_pr45586-2_0.o link, -O0 -flto -fuse-linker-plugin -fno-fat-lto-objects (internal compiler error)
UNRESOLVED: gfortran.dg/lto/pr45586-2 f_lto_pr45586-2_0.o-f_lto_pr45586-2_0.o execute -O0 -flto -fuse-linker-plugin -fno-fat-lto-objects
FAIL: gfortran.dg/lto/pr45586 f_lto_pr45586_0.o-f_lto_pr45586_0.o link, -O0 -flto -flto-partition=none -fuse-linker-plugin (internal compiler error)
UNRESOLVED: gfortran.dg/lto/pr45586 f_lto_pr45586_0.o-f_lto_pr45586_0.o execute -O0 -flto -flto-partition=none -fuse-linker-plugin
FAIL: gfortran.dg/lto/pr45586 f_lto_pr45586_0.o-f_lto_pr45586_0.o link, -O0 -flto -flto-partition=1to1 -fno-use-linker-plugin (internal compiler error)
UNRESOLVED: gfortran.dg/lto/pr45586 f_lto_pr45586_0.o-f_lto_pr45586_0.o execute -O0 -flto -flto-partition=1to1 -fno-use-linker-plugin
FAIL: gfortran.dg/lto/pr45586 f_lto_pr45586_0.o-f_lto_pr45586_0.o link, -O0 -flto -fuse-linker-plugin -fno-fat-lto-objects (internal compiler error)
UNRESOLVED: gfortran.dg/lto/pr45586 f_lto_pr45586_0.o-f_lto_pr45586_0.o execute -O0 -flto -fuse-linker-plugin -fno-fat-lto-objects
=== gfortran Summary for unix ===
# of expected passes 41218
# of unexpected failures 7
# of unexpected successes 2
# of expected failures 62
# of unresolved testcases 6
# of unsupported tests 396
Running target unix/-mabi=64
FAIL: gfortran.dg/bind_c_array_params_2.f90 -O scan-assembler-times myBindC 1
XPASS: gfortran.dg/do_1.f90 -O0 execution test
XPASS: gfortran.dg/do_1.f90 -O1 execution test
FAIL: gfortran.dg/reassoc_4.f -O scan-tree-dump-times reassoc1 "[0-9] \\\\* " 22
FAIL: gfortran.dg/lto/pr45586-2 f_lto_pr45586-2_0.o-f_lto_pr45586-2_0.o link, -O0 -flto -flto-partition=none -fuse-linker-plugin (internal compiler error)
UNRESOLVED: gfortran.dg/lto/pr45586-2 f_lto_pr45586-2_0.o-f_lto_pr45586-2_0.o execute -O0 -flto -flto-partition=none -fuse-linker-plugin
FAIL: gfortran.dg/lto/pr45586-2 f_lto_pr45586-2_0.o-f_lto_pr45586-2_0.o link, -O0 -flto -flto-partition=1to1 -fno-use-linker-plugin (internal compiler error)
UNRESOLVED: gfortran.dg/lto/pr45586-2 f_lto_pr45586-2_0.o-f_lto_pr45586-2_0.o execute -O0 -flto -flto-partition=1to1 -fno-use-linker-plugin
FAIL: gfortran.dg/lto/pr45586-2 f_lto_pr45586-2_0.o-f_lto_pr45586-2_0.o link, -O0 -flto -fuse-linker-plugin -fno-fat-lto-objects (internal compiler error)
UNRESOLVED: gfortran.dg/lto/pr45586-2 f_lto_pr45586-2_0.o-f_lto_pr45586-2_0.o execute -O0 -flto -fuse-linker-plugin -fno-fat-lto-objects
FAIL: gfortran.dg/lto/pr45586 f_lto_pr45586_0.o-f_lto_pr45586_0.o link, -O0 -flto -flto-partition=none -fuse-linker-plugin (internal compiler error)
UNRESOLVED: gfortran.dg/lto/pr45586 f_lto_pr45586_0.o-f_lto_pr45586_0.o execute -O0 -flto -flto-partition=none -fuse-linker-plugin
FAIL: gfortran.dg/lto/pr45586 f_lto_pr45586_0.o-f_lto_pr45586_0.o link, -O0 -flto -flto-partition=1to1 -fno-use-linker-plugin (internal compiler error)
UNRESOLVED: gfortran.dg/lto/pr45586 f_lto_pr45586_0.o-f_lto_pr45586_0.o execute -O0 -flto -flto-partition=1to1 -fno-use-linker-plugin
FAIL: gfortran.dg/lto/pr45586 f_lto_pr45586_0.o-f_lto_pr45586_0.o link, -O0 -flto -fuse-linker-plugin -fno-fat-lto-objects (internal compiler error)
UNRESOLVED: gfortran.dg/lto/pr45586 f_lto_pr45586_0.o-f_lto_pr45586_0.o execute -O0 -flto -fuse-linker-plugin -fno-fat-lto-objects
=== gfortran Summary for unix/-mabi=64 ===
# of expected passes 41849
# of unexpected failures 8
# of unexpected successes 2
# of expected failures 62
# of unresolved testcases 6
# of unsupported tests 87
Running target unix/-mabi=n32
XPASS: gfortran.dg/do_1.f90 -O0 execution test
XPASS: gfortran.dg/do_1.f90 -O1 execution test
FAIL: gfortran.dg/reassoc_4.f -O scan-tree-dump-times reassoc1 "[0-9] \\\\* " 22
FAIL: gfortran.dg/lto/pr45586-2 f_lto_pr45586-2_0.o-f_lto_pr45586-2_0.o link, -O0 -flto -flto-partition=none -fuse-linker-plugin (internal compiler error)
UNRESOLVED: gfortran.dg/lto/pr45586-2 f_lto_pr45586-2_0.o-f_lto_pr45586-2_0.o execute -O0 -flto -flto-partition=none -fuse-linker-plugin
FAIL: gfortran.dg/lto/pr45586-2 f_lto_pr45586-2_0.o-f_lto_pr45586-2_0.o link, -O0 -flto -flto-partition=1to1 -fno-use-linker-plugin (internal compiler error)
UNRESOLVED: gfortran.dg/lto/pr45586-2 f_lto_pr45586-2_0.o-f_lto_pr45586-2_0.o execute -O0 -flto -flto-partition=1to1 -fno-use-linker-plugin
FAIL: gfortran.dg/lto/pr45586-2 f_lto_pr45586-2_0.o-f_lto_pr45586-2_0.o link, -O0 -flto -fuse-linker-plugin -fno-fat-lto-objects (internal compiler error)
UNRESOLVED: gfortran.dg/lto/pr45586-2 f_lto_pr45586-2_0.o-f_lto_pr45586-2_0.o execute -O0 -flto -fuse-linker-plugin -fno-fat-lto-objects
FAIL: gfortran.dg/lto/pr45586 f_lto_pr45586_0.o-f_lto_pr45586_0.o link, -O0 -flto -flto-partition=none -fuse-linker-plugin (internal compiler error)
UNRESOLVED: gfortran.dg/lto/pr45586 f_lto_pr45586_0.o-f_lto_pr45586_0.o execute -O0 -flto -flto-partition=none -fuse-linker-plugin
FAIL: gfortran.dg/lto/pr45586 f_lto_pr45586_0.o-f_lto_pr45586_0.o link, -O0 -flto -flto-partition=1to1 -fno-use-linker-plugin (internal compiler error)
UNRESOLVED: gfortran.dg/lto/pr45586 f_lto_pr45586_0.o-f_lto_pr45586_0.o execute -O0 -flto -flto-partition=1to1 -fno-use-linker-plugin
FAIL: gfortran.dg/lto/pr45586 f_lto_pr45586_0.o-f_lto_pr45586_0.o link, -O0 -flto -fuse-linker-plugin -fno-fat-lto-objects (internal compiler error)
UNRESOLVED: gfortran.dg/lto/pr45586 f_lto_pr45586_0.o-f_lto_pr45586_0.o execute -O0 -flto -fuse-linker-plugin -fno-fat-lto-objects
=== gfortran Summary for unix/-mabi=n32 ===
# of expected passes 41850
# of unexpected failures 7
# of unexpected successes 2
# of expected failures 62
# of unresolved testcases 6
# of unsupported tests 87
=== gfortran Summary ===
# of expected passes 124917
# of unexpected failures 22
# of unexpected successes 6
# of expected failures 186
# of unresolved testcases 18
# of unsupported tests 570
/build/buildd-gcc-snapshot_20121120-1-mips-iB1dV4/gcc-snapshot-20121120/build/gcc/testsuite/gfortran/../../gfortran version 4.8.0 20121120 (experimental) [trunk revision 193662] (Debian 20121120-1)
=== gnat tests ===
Running target unix
FAIL: gnat.dg/array11.adb (test for warnings, line 12)
FAIL: gnat.dg/null_pointer_deref2.adb execution test
FAIL: gnat.dg/object_overflow.adb (test for warnings, line 8)
FAIL: gnat.dg/stack_check1.adb execution test
FAIL: gnat.dg/stack_check2.adb execution test
XPASS: gnat.dg/specs/addr1.ads (test for bogus messages, line 24)
XPASS: gnat.dg/specs/atomic1.ads (test for errors, line 9)
XPASS: gnat.dg/specs/atomic1.ads (test for errors, line 13)
=== gnat Summary for unix ===
# of expected passes 1105
# of unexpected failures 5
# of unexpected successes 3
# of expected failures 17
# of unsupported tests 11
Running target unix/-mabi=64
UNRESOLVED: gnat.dg/abstract_with_anonymous_result.adb compilation failed to produce executable
UNRESOLVED: gnat.dg/access4.adb compilation failed to produce executable
UNRESOLVED: gnat.dg/access_discr2.adb compilation failed to produce executable
UNRESOLVED: gnat.dg/access_test.adb compilation failed to produce executable
UNRESOLVED: gnat.dg/addr2.adb compilation failed to produce executable
UNRESOLVED: gnat.dg/address_conversion.adb compilation failed to produce executable
UNRESOLVED: gnat.dg/aggr1.adb compilation failed to produce executable
UNRESOLVED: gnat.dg/aggr12.adb scan-tree-dump-not original "{.i1=0, .i2=2}"
UNRESOLVED: gnat.dg/aggr13.adb scan-tree-dump-not gimple "= {}"
UNRESOLVED: gnat.dg/aggr14.adb compilation failed to produce executable
UNRESOLVED: gnat.dg/aggr19.adb compilation failed to produce executable
UNRESOLVED: gnat.dg/aggr3.adb compilation failed to produce executable
UNRESOLVED: gnat.dg/aliased_prefix_accessibility.adb compilation failed to produce executable
UNRESOLVED: gnat.dg/aliasing1.adb scan-tree-dump-not optimized "__gnat_rcheck"
UNRESOLVED: gnat.dg/aliasing2.adb scan-tree-dump-not optimized "gnat_rcheck"
UNRESOLVED: gnat.dg/aliasing3.adb compilation failed to produce executable
UNRESOLVED: gnat.dg/align_check.adb compilation failed to produce executable
UNRESOLVED: gnat.dg/align_max.adb compilation failed to produce executable
UNRESOLVED: gnat.dg/aligned_vla.adb compilation failed to produce executable
UNRESOLVED: gnat.dg/alignment1.adb compilation failed to produce executable
UNRESOLVED: gnat.dg/alignment2.adb compilation failed to produce executable
UNRESOLVED: gnat.dg/alignment4.adb scan-tree-dump-not gimple ".F"
UNRESOLVED: gnat.dg/alignment5.adb scan-tree-dump-not gimple ".F"
UNRESOLVED: gnat.dg/alignment6.adb scan-tree-dump-not gimple "VIEW_CONVERT_EXPR"
UNRESOLVED: gnat.dg/alignment7.adb compilation failed to produce executable
UNRESOLVED: gnat.dg/alignment8.adb compilation failed to produce executable
UNRESOLVED: gnat.dg/alignment9.adb compilation failed to produce executable
UNRESOLVED: gnat.dg/allocator_maxalign1.adb compilation failed to produce executable
FAIL: gnat.dg/ancestor_type.adb (test for errors, line 8)
UNRESOLVED: gnat.dg/array10.adb compilation failed to produce executable
FAIL: gnat.dg/array11.adb (test for warnings, line 8)
FAIL: gnat.dg/array11.adb (test for warnings, line 9)
FAIL: gnat.dg/array11.adb (test for warnings, line 12)
UNRESOLVED: gnat.dg/array12.adb compilation failed to produce executable
UNRESOLVED: gnat.dg/array16.adb scan-tree-dump-not optimized "secondary_stack"
UNRESOLVED: gnat.dg/array21.adb compilation failed to produce executable
UNRESOLVED: gnat.dg/array3.adb compilation failed to produce executable
UNRESOLVED: gnat.dg/array4.adb compilation failed to produce executable
UNRESOLVED: gnat.dg/array5.adb compilation failed to produce executable
UNRESOLVED: gnat.dg/array6.adb compilation failed to produce executable
UNRESOLVED: gnat.dg/array7.adb scan-tree-dump-not optimized "MAX_EXPR"
UNRESOLVED: gnat.dg/array9.adb compilation failed to produce executable
UNRESOLVED: gnat.dg/array_bounds_test.adb compilation failed to produce executable
UNRESOLVED: gnat.dg/assert1.adb compilation failed to produce executable
UNRESOLVED: gnat.dg/assign_from_packed.adb compilation failed to produce executable
UNRESOLVED: gnat.dg/atomic1.adb scan-tree-dump-times gimple "v_16" 1
UNRESOLVED: gnat.dg/atomic1.adb scan-tree-dump-times gimple "v_32" 1
FAIL: gnat.dg/atomic2.adb (test for warnings, line 7)
UNRESOLVED: gnat.dg/atomic6_1.adb scan-tree-dump-times gimple "atomic_load[^\\n\\r]*&atomic6_pkg__counter1" 2
UNRESOLVED: gnat.dg/atomic6_1.adb scan-tree-dump-times gimple "atomic_load[^\\n\\r]*&atomic6_pkg__counter2" 1
UNRESOLVED: gnat.dg/atomic6_1.adb scan-tree-dump-times gimple "atomic_load[^\\n\\r]*&atomic6_pkg__timer1" 2
UNRESOLVED: gnat.dg/atomic6_1.adb scan-tree-dump-times gimple "atomic_load[^\\n\\r]*&atomic6_pkg__timer2" 1
UNRESOLVED: gnat.dg/atomic6_1.adb scan-tree-dump-times gimple "atomic_load[^\\n\\r]*&temp" 0
UNRESOLVED: gnat.dg/atomic6_1.adb scan-tree-dump-times gimple "atomic_load[^\\n\\r]*ptr" 0
UNRESOLVED: gnat.dg/atomic6_1.adb scan-tree-dump-times gimple "atomic_store[^\\n\\r]*&atomic6_pkg__counter1" 3
UNRESOLVED: gnat.dg/atomic6_1.adb scan-tree-dump-times gimple "atomic_store[^\\n\\r]*&atomic6_pkg__counter2" 0
UNRESOLVED: gnat.dg/atomic6_1.adb scan-tree-dump-times gimple "atomic_store[^\\n\\r]*&atomic6_pkg__timer1" 3
UNRESOLVED: gnat.dg/atomic6_1.adb scan-tree-dump-times gimple "atomic_store[^\\n\\r]*&atomic6_pkg__timer2" 0
UNRESOLVED: gnat.dg/atomic6_1.adb scan-tree-dump-times gimple "atomic_store[^\\n\\r]*&temp" 0
UNRESOLVED: gnat.dg/atomic6_1.adb scan-tree-dump-times gimple "atomic_store[^\\n\\r]*ptr" 0
UNRESOLVED: gnat.dg/atomic6_2.adb scan-tree-dump-times gimple "atomic_load[^\\n\\r]*&atomic6_pkg__counter1" 6
UNRESOLVED: gnat.dg/atomic6_2.adb scan-tree-dump-times gimple "atomic_load[^\\n\\r]*&atomic6_pkg__counter2" 2
UNRESOLVED: gnat.dg/atomic6_2.adb scan-tree-dump-times gimple "atomic_load[^\\n\\r]*&atomic6_pkg__timer1" 6
UNRESOLVED: gnat.dg/atomic6_2.adb scan-tree-dump-times gimple "atomic_load[^\\n\\r]*&atomic6_pkg__timer2" 2
UNRESOLVED: gnat.dg/atomic6_2.adb scan-tree-dump-times gimple "atomic_load[^\\n\\r]*&temp" 0
UNRESOLVED: gnat.dg/atomic6_2.adb scan-tree-dump-times gimple "atomic_load[^\\n\\r]*ptr" 0
UNRESOLVED: gnat.dg/atomic6_2.adb scan-tree-dump-times gimple "atomic_store[^\\n\\r]*&atomic6_pkg__counter1" 3
UNRESOLVED: gnat.dg/atomic6_2.adb scan-tree-dump-times gimple "atomic_store[^\\n\\r]*&atomic6_pkg__counter2" 0
UNRESOLVED: gnat.dg/atomic6_2.adb scan-tree-dump-times gimple "atomic_store[^\\n\\r]*&atomic6_pkg__timer1" 3
UNRESOLVED: gnat.dg/atomic6_2.adb scan-tree-dump-times gimple "atomic_store[^\\n\\r]*&atomic6_pkg__timer2" 0
UNRESOLVED: gnat.dg/atomic6_2.adb scan-tree-dump-times gimple "atomic_store[^\\n\\r]*&temp" 0
UNRESOLVED: gnat.dg/atomic6_2.adb scan-tree-dump-times gimple "atomic_store[^\\n\\r]*ptr" 0
UNRESOLVED: gnat.dg/atomic6_3.adb scan-tree-dump-times gimple "atomic_load[^\\n\\r]*&atomic6_pkg__counter1" 3
UNRESOLVED: gnat.dg/atomic6_3.adb scan-tree-dump-times gimple "atomic_load[^\\n\\r]*&atomic6_pkg__counter2" 1
UNRESOLVED: gnat.dg/atomic6_3.adb scan-tree-dump-times gimple "atomic_load[^\\n\\r]*&atomic6_pkg__timer1" 3
UNRESOLVED: gnat.dg/atomic6_3.adb scan-tree-dump-times gimple "atomic_load[^\\n\\r]*&atomic6_pkg__timer2" 1
UNRESOLVED: gnat.dg/atomic6_3.adb scan-tree-dump-times gimple "atomic_load[^\\n\\r]*&temp" 0
UNRESOLVED: gnat.dg/atomic6_3.adb scan-tree-dump-times gimple "atomic_load[^\\n\\r]*ptr" 0
UNRESOLVED: gnat.dg/atomic6_3.adb scan-tree-dump-times gimple "atomic_store[^\\n\\r]*&atomic6_pkg__counter1" 3
UNRESOLVED: gnat.dg/atomic6_3.adb scan-tree-dump-times gimple "atomic_store[^\\n\\r]*&atomic6_pkg__counter2" 0
UNRESOLVED: gnat.dg/atomic6_3.adb scan-tree-dump-times gimple "atomic_store[^\\n\\r]*&atomic6_pkg__timer1" 3
UNRESOLVED: gnat.dg/atomic6_3.adb scan-tree-dump-times gimple "atomic_store[^\\n\\r]*&atomic6_pkg__timer2" 0
UNRESOLVED: gnat.dg/atomic6_3.adb scan-tree-dump-times gimple "atomic_store[^\\n\\r]*&temp" 0
UNRESOLVED: gnat.dg/atomic6_3.adb scan-tree-dump-times gimple "atomic_store[^\\n\\r]*ptr" 0
UNRESOLVED: gnat.dg/atomic6_4.adb scan-tree-dump-times gimple "atomic_load[^\\n\\r]*&atomic6_pkg__counter1" 2
UNRESOLVED: gnat.dg/atomic6_4.adb scan-tree-dump-times gimple "atomic_load[^\\n\\r]*&atomic6_pkg__counter2" 1
UNRESOLVED: gnat.dg/atomic6_4.adb scan-tree-dump-times gimple "atomic_load[^\\n\\r]*&atomic6_pkg__timer1" 2
UNRESOLVED: gnat.dg/atomic6_4.adb scan-tree-dump-times gimple "atomic_load[^\\n\\r]*&atomic6_pkg__timer2" 1
UNRESOLVED: gnat.dg/atomic6_4.adb scan-tree-dump-times gimple "atomic_load[^\\n\\r]*&temp" 0
UNRESOLVED: gnat.dg/atomic6_4.adb scan-tree-dump-times gimple "atomic_load[^\\n\\r]*ptr" 0
UNRESOLVED: gnat.dg/atomic6_4.adb scan-tree-dump-times gimple "atomic_store[^\\n\\r]*&atomic6_pkg__counter1" 3
UNRESOLVED: gnat.dg/atomic6_4.adb scan-tree-dump-times gimple "atomic_store[^\\n\\r]*&atomic6_pkg__counter2" 0
UNRESOLVED: gnat.dg/atomic6_4.adb scan-tree-dump-times gimple "atomic_store[^\\n\\r]*&atomic6_pkg__timer1" 3
UNRESOLVED: gnat.dg/atomic6_4.adb scan-tree-dump-times gimple "atomic_store[^\\n\\r]*&atomic6_pkg__timer2" 0
UNRESOLVED: gnat.dg/atomic6_4.adb scan-tree-dump-times gimple "atomic_store[^\\n\\r]*&temp" 0
UNRESOLVED: gnat.dg/atomic6_4.adb scan-tree-dump-times gimple "atomic_store[^\\n\\r]*ptr" 0
UNRESOLVED: gnat.dg/atomic6_5.adb scan-tree-dump-times gimple "atomic_load[^\\n\\r]*&atomic6_pkg__counter1" 2
UNRESOLVED: gnat.dg/atomic6_5.adb scan-tree-dump-times gimple "atomic_load[^\\n\\r]*&atomic6_pkg__counter2" 0
UNRESOLVED: gnat.dg/atomic6_5.adb scan-tree-dump-times gimple "atomic_load[^\\n\\r]*&atomic6_pkg__timer1" 2
UNRESOLVED: gnat.dg/atomic6_5.adb scan-tree-dump-times gimple "atomic_load[^\\n\\r]*&atomic6_pkg__timer2" 0
UNRESOLVED: gnat.dg/atomic6_5.adb scan-tree-dump-times gimple "atomic_load[^\\n\\r]*&temp" 0
UNRESOLVED: gnat.dg/atomic6_5.adb scan-tree-dump-times gimple "atomic_load[^\\n\\r]*ptr" 0
UNRESOLVED: gnat.dg/atomic6_5.adb scan-tree-dump-times gimple "atomic_store[^\\n\\r]*&atomic6_pkg__counter1" 0
UNRESOLVED: gnat.dg/atomic6_5.adb scan-tree-dump-times gimple "atomic_store[^\\n\\r]*&atomic6_pkg__counter2" 0
UNRESOLVED: gnat.dg/atomic6_5.adb scan-tree-dump-times gimple "atomic_store[^\\n\\r]*&atomic6_pkg__timer1" 0
UNRESOLVED: gnat.dg/atomic6_5.adb scan-tree-dump-times gimple "atomic_store[^\\n\\r]*&atomic6_pkg__timer2" 0
UNRESOLVED: gnat.dg/atomic6_5.adb scan-tree-dump-times gimple "atomic_store[^\\n\\r]*&temp" 0
UNRESOLVED: gnat.dg/atomic6_5.adb scan-tree-dump-times gimple "atomic_store[^\\n\\r]*ptr" 0
UNRESOLVED: gnat.dg/atomic6_6.adb scan-tree-dump-times gimple "atomic_load[^\\n\\r]*&atomic6_pkg__counter\\\\[1" 2
UNRESOLVED: gnat.dg/atomic6_6.adb scan-tree-dump-times gimple "atomic_load[^\\n\\r]*&atomic6_pkg__counter\\\\[2" 1
UNRESOLVED: gnat.dg/atomic6_6.adb scan-tree-dump-times gimple "atomic_load[^\\n\\r]*&atomic6_pkg__timer\\\\[1" 2
UNRESOLVED: gnat.dg/atomic6_6.adb scan-tree-dump-times gimple "atomic_load[^\\n\\r]*&atomic6_pkg__timer\\\\[2" 1
UNRESOLVED: gnat.dg/atomic6_6.adb scan-tree-dump-times gimple "atomic_load[^\\n\\r]*&temp" 0
UNRESOLVED: gnat.dg/atomic6_6.adb scan-tree-dump-times gimple "atomic_load[^\\n\\r]*ptr" 0
UNRESOLVED: gnat.dg/atomic6_6.adb scan-tree-dump-times gimple "atomic_store[^\\n\\r]*&atomic6_pkg__counter\\\\[1" 3
UNRESOLVED: gnat.dg/atomic6_6.adb scan-tree-dump-times gimple "atomic_store[^\\n\\r]*&atomic6_pkg__counter\\\\[2" 0
UNRESOLVED: gnat.dg/atomic6_6.adb scan-tree-dump-times gimple "atomic_store[^\\n\\r]*&atomic6_pkg__timer\\\\[1" 3
UNRESOLVED: gnat.dg/atomic6_6.adb scan-tree-dump-times gimple "atomic_store[^\\n\\r]*&atomic6_pkg__timer\\\\[2" 0
UNRESOLVED: gnat.dg/atomic6_6.adb scan-tree-dump-times gimple "atomic_store[^\\n\\r]*&temp" 0
UNRESOLVED: gnat.dg/atomic6_6.adb scan-tree-dump-times gimple "atomic_store[^\\n\\r]*ptr" 0
UNRESOLVED: gnat.dg/atomic6_7.adb scan-tree-dump-times gimple "atomic_load[^\\n\\r]*&my_atomic.counter1" 2
UNRESOLVED: gnat.dg/atomic6_7.adb scan-tree-dump-times gimple "atomic_load[^\\n\\r]*&atomic6_pkg__counter2" 1
UNRESOLVED: gnat.dg/atomic6_7.adb scan-tree-dump-times gimple "atomic_load[^\\n\\r]*&my_atomic.timer1" 2
UNRESOLVED: gnat.dg/atomic6_7.adb scan-tree-dump-times gimple "atomic_load[^\\n\\r]*&atomic6_pkg__timer2" 1
UNRESOLVED: gnat.dg/atomic6_7.adb scan-tree-dump-times gimple "atomic_load[^\\n\\r]*&temp" 0
UNRESOLVED: gnat.dg/atomic6_7.adb scan-tree-dump-times gimple "atomic_load[^\\n\\r]*ptr" 0
UNRESOLVED: gnat.dg/atomic6_7.adb scan-tree-dump-times gimple "atomic_store[^\\n\\r]*&my_atomic.counter1" 3
UNRESOLVED: gnat.dg/atomic6_7.adb scan-tree-dump-times gimple "atomic_store[^\\n\\r]*&atomic6_pkg__counter2" 0
UNRESOLVED: gnat.dg/atomic6_7.adb scan-tree-dump-times gimple "atomic_store[^\\n\\r]*&my_atomic.timer1" 3
UNRESOLVED: gnat.dg/atomic6_7.adb scan-tree-dump-times gimple "atomic_store[^\\n\\r]*&atomic6_pkg__timer2" 0
UNRESOLVED: gnat.dg/atomic6_7.adb scan-tree-dump-times gimple "atomic_store[^\\n\\r]*&temp" 0
UNRESOLVED: gnat.dg/atomic6_7.adb scan-tree-dump-times gimple "atomic_store[^\\n\\r]*ptr" 0
UNRESOLVED: gnat.dg/atomic6_8.adb scan-tree-dump-times gimple "atomic_load[^\\n\\r]*&atomic6_pkg__counter1" 1
UNRESOLVED: gnat.dg/atomic6_8.adb scan-tree-dump-times gimple "atomic_load[^\\n\\r]*&atomic6_pkg__counter2" 0
UNRESOLVED: gnat.dg/atomic6_8.adb scan-tree-dump-times gimple "atomic_load[^\\n\\r]*&atomic6_pkg__timer1" 1
UNRESOLVED: gnat.dg/atomic6_8.adb scan-tree-dump-times gimple "atomic_load[^\\n\\r]*&atomic6_pkg__timer2" 0
UNRESOLVED: gnat.dg/atomic6_8.adb scan-tree-dump-times gimple "atomic_load[^\\n\\r]*&temp" 0
UNRESOLVED: gnat.dg/atomic6_8.adb scan-tree-dump-times gimple "atomic_load[^\\n\\r]*ptr" 3
UNRESOLVED: gnat.dg/atomic6_8.adb scan-tree-dump-times gimple "atomic_store[^\\n\\r]*&atomic6_pkg__counter1" 1
UNRESOLVED: gnat.dg/atomic6_8.adb scan-tree-dump-times gimple "atomic_store[^\\n\\r]*&atomic6_pkg__counter2" 0
UNRESOLVED: gnat.dg/atomic6_8.adb scan-tree-dump-times gimple "atomic_store[^\\n\\r]*&atomic6_pkg__timer1" 1
UNRESOLVED: gnat.dg/atomic6_8.adb scan-tree-dump-times gimple "atomic_store[^\\n\\r]*&atomic6_pkg__timer2" 0
UNRESOLVED: gnat.dg/atomic6_8.adb scan-tree-dump-times gimple "atomic_store[^\\n\\r]*&temp" 0
UNRESOLVED: gnat.dg/atomic6_8.adb scan-tree-dump-times gimple "atomic_store[^\\n\\r]*ptr" 3
UNRESOLVED: gnat.dg/biased_uc.adb compilation failed to produce executable
UNRESOLVED: gnat.dg/bip_aggregate_bug.adb compilation failed to produce executable
UNRESOLVED: gnat.dg/bit_packed_array3.adb compilation failed to produce executable
UNRESOLVED: gnat.dg/blkextract_from_reg.adb compilation failed to produce executable
UNRESOLVED: gnat.dg/bltins.adb compilation failed to produce executable
UNRESOLVED: gnat.dg/boolean_bitfield.adb compilation failed to produce executable
UNRESOLVED: gnat.dg/boolean_conv.adb compilation failed to produce executable
UNRESOLVED: gnat.dg/boolean_expr2.adb compilation failed to produce executable
UNRESOLVED: gnat.dg/capture_value.adb compilation failed to produce executable
UNRESOLVED: gnat.dg/case_optimization2.adb compilation failed to produce executable
UNRESOLVED: gnat.dg/check_displace_generation.adb compilation failed to produce executable
UNRESOLVED: gnat.dg/check_elaboration_code.adb compilation failed to produce executable
UNRESOLVED: gnat.dg/compose.adb compilation failed to produce executable
UNRESOLVED: gnat.dg/concat1.adb compilation failed to produce executable
UNRESOLVED: gnat.dg/concat_length.adb compilation failed to produce executable
UNRESOLVED: gnat.dg/constant2.adb compilation failed to produce executable
UNRESOLVED: gnat.dg/controlled5.adb compilation failed to produce executable
UNRESOLVED: gnat.dg/conv_bug.adb compilation failed to produce executable
UNRESOLVED: gnat.dg/conv_decimal.adb compilation failed to produce executable
UNRESOLVED: gnat.dg/conv_real.adb compilation failed to produce executable
UNRESOLVED: gnat.dg/curr_task.adb compilation failed to produce executable
FAIL: gnat.dg/deferred_const1.adb (test for warnings, line 8)
UNRESOLVED: gnat.dg/deferred_const2.adb compilation failed to produce executable
UNRESOLVED: gnat.dg/deferred_const3.adb compilation failed to produce executable
UNRESOLVED: gnat.dg/derived_aggregate.adb compilation failed to produce executable
UNRESOLVED: gnat.dg/derived_type1.adb scan-tree-dump-not original "VIEW_CONVERT_EXPR<struct derived_type1__root>"
UNRESOLVED: gnat.dg/derived_type1.adb scan-tree-dump-not original "VIEW_CONVERT_EXPR<struct derived_type1__derived1>"
UNRESOLVED: gnat.dg/derived_type2.adb compilation failed to produce executable
UNRESOLVED: gnat.dg/derived_type3.adb compilation failed to produce executable
UNRESOLVED: gnat.dg/discr24.adb compilation failed to produce executable
UNRESOLVED: gnat.dg/discr32.adb compilation failed to produce executable
UNRESOLVED: gnat.dg/discr33.adb compilation failed to produce executable
UNRESOLVED: gnat.dg/discr4.adb compilation failed to produce executable
UNRESOLVED: gnat.dg/dispatch1.adb compilation failed to produce executable
UNRESOLVED: gnat.dg/dispatch2.adb compilation failed to produce executable
UNRESOLVED: gnat.dg/elim2.adb compilation failed to produce executable
UNRESOLVED: gnat.dg/empty_vector_length.adb compilation failed to produce executable
UNRESOLVED: gnat.dg/entry_queues.adb compilation failed to produce executable
UNRESOLVED: gnat.dg/enum1.adb compilation failed to produce executable
UNRESOLVED: gnat.dg/enum2.adb compilation failed to produce executable
UNRESOLVED: gnat.dg/exp0_eval.adb compilation failed to produce executable
UNRESOLVED: gnat.dg/expect1.adb compilation failed to produce executable
UNRESOLVED: gnat.dg/fixce.adb compilation failed to produce executable
UNRESOLVED: gnat.dg/fixedpnt.adb compilation failed to produce executable
FAIL: gnat.dg/frame_overflow.adb (test for errors, line 5)
FAIL: gnat.dg/frame_overflow.adb (test for errors, line 14)
UNRESOLVED: gnat.dg/generic_dispatch.adb compilation failed to produce executable
UNRESOLVED: gnat.dg/gnat_malloc.adb compilation failed to produce executable
UNRESOLVED: gnat.dg/handle_and_return.adb compilation failed to produce executable
UNRESOLVED: gnat.dg/handle_raise_from_pure.adb compilation failed to produce executable
UNRESOLVED: gnat.dg/hyper_flat.adb compilation failed to produce executable
UNRESOLVED: gnat.dg/in_out_parameter.adb compilation failed to produce executable
UNRESOLVED: gnat.dg/in_out_parameter2.adb compilation failed to produce executable
UNRESOLVED: gnat.dg/in_out_parameter3.adb compilation failed to produce executable
FAIL: gnat.dg/include.adb (test for errors, line )
XPASS: gnat.dg/incomplete2.adb (test for excess errors)
UNRESOLVED: gnat.dg/init_scalar1.adb compilation failed to produce executable
UNRESOLVED: gnat.dg/inline_tagged.adb compilation failed to produce executable
UNRESOLVED: gnat.dg/interface1.adb compilation failed to produce executable
UNRESOLVED: gnat.dg/interface2.adb compilation failed to produce executable
UNRESOLVED: gnat.dg/interface3.adb compilation failed to produce executable
UNRESOLVED: gnat.dg/interface_conv.adb compilation failed to produce executable
UNRESOLVED: gnat.dg/invalid1.adb compilation failed to produce executable
UNRESOLVED: gnat.dg/iprot_test.adb compilation failed to produce executable
UNRESOLVED: gnat.dg/kill_value.adb compilation failed to produce executable
UNRESOLVED: gnat.dg/lhs_view_convert.adb compilation failed to produce executable
UNRESOLVED: gnat.dg/loop_boolean.adb compilation failed to produce executable
UNRESOLVED: gnat.dg/loop_optimization3.adb compilation failed to produce executable
UNRESOLVED: gnat.dg/loop_optimization4.adb compilation failed to produce executable
UNRESOLVED: gnat.dg/loop_optimization6.adb scan-tree-dump-not optimized "goto"
UNRESOLVED: gnat.dg/loop_optimization8.adb compilation failed to produce executable
UNRESOLVED: gnat.dg/lto1.adb compilation failed to produce executable
UNRESOLVED: gnat.dg/lto10.adb compilation failed to produce executable
UNRESOLVED: gnat.dg/lto5.adb compilation failed to produce executable
UNRESOLVED: gnat.dg/lto6.adb compilation failed to produce executable
UNRESOLVED: gnat.dg/lto7.adb compilation failed to produce executable
UNRESOLVED: gnat.dg/lto8.adb compilation failed to produce executable
UNRESOLVED: gnat.dg/lto9.adb compilation failed to produce executable
UNRESOLVED: gnat.dg/md5_test.adb compilation failed to produce executable
UNRESOLVED: gnat.dg/memtrap.adb scan-assembler __gnat_begin_handler|__gnat_raise_nodefer
UNRESOLVED: gnat.dg/misaligned_nest.adb compilation failed to produce executable
UNRESOLVED: gnat.dg/misaligned_param.adb compilation failed to produce executable
UNRESOLVED: gnat.dg/missing_acc_check.adb compilation failed to produce executable
UNRESOLVED: gnat.dg/modular1.adb compilation failed to produce executable
UNRESOLVED: gnat.dg/modular2.adb compilation failed to produce executable
UNRESOLVED: gnat.dg/modular3.adb compilation failed to produce executable
UNRESOLVED: gnat.dg/mutable1.adb compilation failed to produce executable
UNRESOLVED: gnat.dg/named_test.adb compilation failed to produce executable
UNRESOLVED: gnat.dg/nat1r.adb compilation failed to produce executable
UNRESOLVED: gnat.dg/nested_controlled_alloc.adb compilation failed to produce executable
UNRESOLVED: gnat.dg/nested_proc1.adb compilation failed to produce executable
UNRESOLVED: gnat.dg/nested_return_test.adb compilation failed to produce executable
UNRESOLVED: gnat.dg/no_final.adb compilation failed to produce executable
UNRESOLVED: gnat.dg/not_null.adb compilation failed to produce executable
FAIL: gnat.dg/notnot.adb (test for warnings, line 6)
UNRESOLVED: gnat.dg/null_pointer_deref1.adb compilation failed to produce executable
UNRESOLVED: gnat.dg/null_pointer_deref2.adb compilation failed to produce executable
UNRESOLVED: gnat.dg/null_pointer_deref3.adb compilation failed to produce executable
FAIL: gnat.dg/object_overflow.adb (test for warnings, line 8)
UNRESOLVED: gnat.dg/oconst1.adb scan-assembler-not elabs
UNRESOLVED: gnat.dg/oconst2.adb scan-assembler-not elabs
UNRESOLVED: gnat.dg/oconst3.adb scan-assembler-not elabs
UNRESOLVED: gnat.dg/oconst4.adb scan-assembler-not elabs
UNRESOLVED: gnat.dg/oconst5.adb scan-assembler-not elabs
UNRESOLVED: gnat.dg/opt12.adb compilation failed to produce executable
UNRESOLVED: gnat.dg/opt13.adb compilation failed to produce executable
UNRESOLVED: gnat.dg/opt14.adb compilation failed to produce executable
UNRESOLVED: gnat.dg/opt15.adb scan-tree-dump-not optimized "trace_inlined"
UNRESOLVED: gnat.dg/opt2.adb compilation failed to produce executable
UNRESOLVED: gnat.dg/opt21.adb compilation failed to produce executable
UNRESOLVED: gnat.dg/opt22.adb compilation failed to produce executable
UNRESOLVED: gnat.dg/opt4.adb compilation failed to produce executable
UNRESOLVED: gnat.dg/opt5.adb compilation failed to produce executable
UNRESOLVED: gnat.dg/outer_agg_bitfield_constructor.adb compilation failed to produce executable
UNRESOLVED: gnat.dg/overflow_sum.adb compilation failed to produce executable
UNRESOLVED: gnat.dg/pack10.adb compilation failed to produce executable
UNRESOLVED: gnat.dg/pack11.adb compilation failed to produce executable
UNRESOLVED: gnat.dg/pack12.adb compilation failed to produce executable
UNRESOLVED: gnat.dg/pack17.adb compilation failed to produce executable
UNRESOLVED: gnat.dg/pack18.adb compilation failed to produce executable
UNRESOLVED: gnat.dg/pack3.adb compilation failed to produce executable
UNRESOLVED: gnat.dg/pack4.adb compilation failed to produce executable
FAIL: gnat.dg/pack8.adb (test for errors, line 19)
UNRESOLVED: gnat.dg/pack9.adb scan-tree-dump-not optimized "gnat_rcheck"
UNRESOLVED: gnat.dg/packed_subtype.adb compilation failed to produce executable
UNRESOLVED: gnat.dg/pointer_conversion.adb compilation failed to produce executable
UNRESOLVED: gnat.dg/prot_def.adb compilation failed to produce executable
UNRESOLVED: gnat.dg/protected_self_ref1.adb compilation failed to produce executable
FAIL: gnat.dg/protected_self_ref2.adb (test for errors, line 12)
UNRESOLVED: gnat.dg/quote.adb compilation failed to produce executable
UNRESOLVED: gnat.dg/range_check.adb compilation failed to produce executable
UNRESOLVED: gnat.dg/regpat1.adb compilation failed to produce executable
UNRESOLVED: gnat.dg/release_unc_maxalign.adb compilation failed to produce executable
UNRESOLVED: gnat.dg/renaming2.adb compilation failed to produce executable
UNRESOLVED: gnat.dg/renaming3.adb compilation failed to produce executable
UNRESOLVED: gnat.dg/renaming5.adb scan-tree-dump-times optimized "goto" 3
UNRESOLVED: gnat.dg/rep_clause4.adb compilation failed to produce executable
UNRESOLVED: gnat.dg/requeue1.adb compilation failed to produce executable
UNRESOLVED: gnat.dg/return3.adb scan-assembler loc 1 6
UNRESOLVED: gnat.dg/scalar_mode_agg_compare.adb compilation failed to produce executable
UNRESOLVED: gnat.dg/self_aggregate_with_array.adb compilation failed to produce executable
UNRESOLVED: gnat.dg/self_aggregate_with_call.adb compilation failed to produce executable
UNRESOLVED: gnat.dg/self_aggregate_with_pointer.adb compilation failed to produce executable
UNRESOLVED: gnat.dg/self_aggregate_with_zeros.adb compilation failed to produce executable
UNRESOLVED: gnat.dg/sizetype1.adb compilation failed to produce executable
UNRESOLVED: gnat.dg/sizetype2.adb compilation failed to produce executable
UNRESOLVED: gnat.dg/sizetype4.adb compilation failed to produce executable
UNRESOLVED: gnat.dg/slice3.adb compilation failed to produce executable
UNRESOLVED: gnat.dg/slice4.adb compilation failed to produce executable
FAIL: gnat.dg/slice5.adb (test for warnings, line 15)
FAIL: gnat.dg/slice5.adb (test for warnings, line 21)
UNRESOLVED: gnat.dg/small_alignment.adb compilation failed to produce executable
UNRESOLVED: gnat.dg/socket1.adb compilation failed to produce executable
UNRESOLVED: gnat.dg/sort2.adb compilation failed to produce executable
UNRESOLVED: gnat.dg/spipaterr.adb compilation failed to produce executable
UNRESOLVED: gnat.dg/stack_check1.adb compilation failed to produce executable
UNRESOLVED: gnat.dg/stack_check2.adb compilation failed to produce executable
UNRESOLVED: gnat.dg/string_slice.adb compilation failed to produce executable
FAIL: gnat.dg/subp_elim_errors.adb (test for errors, line 25)
FAIL: gnat.dg/subp_elim_errors.adb (test for errors, line 27)
FAIL: gnat.dg/subp_elim_errors.adb (test for errors, line 29)
FAIL: gnat.dg/subp_elim_errors.adb (test for errors, line 31)
UNRESOLVED: gnat.dg/taft_type1.adb compilation failed to produce executable
UNRESOLVED: gnat.dg/tag1.adb compilation failed to produce executable
UNRESOLVED: gnat.dg/tagged_alloc_free.adb compilation failed to produce executable
UNRESOLVED: gnat.dg/tail_call.adb compilation failed to produce executable
UNRESOLVED: gnat.dg/task_stack_align.adb compilation failed to produce executable
UNRESOLVED: gnat.dg/test_8bitlong_overflow.adb compilation failed to produce executable
UNRESOLVED: gnat.dg/test_address_null_init.adb compilation failed to produce executable
UNRESOLVED: gnat.dg/test_allocator_maxalign2.adb compilation failed to produce executable
UNRESOLVED: gnat.dg/test_bounded.adb compilation failed to produce executable
UNRESOLVED: gnat.dg/test_delay.adb compilation failed to produce executable
UNRESOLVED: gnat.dg/test_direct_io.adb compilation failed to produce executable
UNRESOLVED: gnat.dg/test_enum_io.adb compilation failed to produce executable
UNRESOLVED: gnat.dg/test_fixed_io.adb compilation failed to produce executable
UNRESOLVED: gnat.dg/test_iface_aggr.adb compilation failed to produce executable
UNRESOLVED: gnat.dg/test_ifaces.adb compilation failed to produce executable
UNRESOLVED: gnat.dg/test_image.adb compilation failed to produce executable
UNRESOLVED: gnat.dg/test_nested_subtype_byref.adb compilation failed to produce executable
UNRESOLVED: gnat.dg/test_oalign.adb compilation failed to produce executable
UNRESOLVED: gnat.dg/test_oconst.adb compilation failed to produce executable
UNRESOLVED: gnat.dg/test_prefix1.adb compilation failed to produce executable
UNRESOLVED: gnat.dg/test_prio.adb compilation failed to produce executable
UNRESOLVED: gnat.dg/test_raise_from_pure.adb compilation failed to produce executable
UNRESOLVED: gnat.dg/test_self.adb compilation failed to produce executable
UNRESOLVED: gnat.dg/test_self_ref.adb compilation failed to produce executable
UNRESOLVED: gnat.dg/test_table1.adb compilation failed to produce executable
UNRESOLVED: gnat.dg/test_time_stamp.adb compilation failed to produce executable
UNRESOLVED: gnat.dg/test_version.adb compilation failed to produce executable
UNRESOLVED: gnat.dg/testint.adb compilation failed to produce executable
UNRESOLVED: gnat.dg/tfren.adb compilation failed to produce executable
UNRESOLVED: gnat.dg/thin_pointer2.adb compilation failed to produce executable
UNRESOLVED: gnat.dg/timer_cancel.adb compilation failed to produce executable
UNRESOLVED: gnat.dg/timing_events.adb compilation failed to produce executable
UNRESOLVED: gnat.dg/trampoline1.adb scan-assembler-not GNU-stack.*x
UNRESOLVED: gnat.dg/trampoline2.adb compilation failed to produce executable
UNRESOLVED: gnat.dg/tree_static_use.adb compilation failed to produce executable
UNRESOLVED: gnat.dg/unc_memfree.adb compilation failed to produce executable
UNRESOLVED: gnat.dg/unchecked_convert1.adb compilation failed to produce executable
UNRESOLVED: gnat.dg/unchecked_convert2.adb compilation failed to produce executable
UNRESOLVED: gnat.dg/unchecked_convert3.adb compilation failed to produce executable
UNRESOLVED: gnat.dg/unchecked_convert9.adb scan-rtl-dump-times final "set \\\\(mem/v" 1
UNRESOLVED: gnat.dg/unchecked_union1.adb compilation failed to produce executable
FAIL: gnat.dg/uninit_func.adb (test for warnings, line 12)
UNRESOLVED: gnat.dg/valid1.adb compilation failed to produce executable
UNRESOLVED: gnat.dg/view_conversion1.adb compilation failed to produce executable
UNRESOLVED: gnat.dg/volatile3.adb scan-assembler __gnat_rcheck
UNRESOLVED: gnat.dg/volatile4.adb compilation failed to produce executable
UNRESOLVED: gnat.dg/volatile6.adb scan-tree-dump optimized "goto"
UNRESOLVED: gnat.dg/volatile7.adb scan-tree-dump optimized "goto"
UNRESOLVED: gnat.dg/volatile8.adb scan-tree-dump optimized "goto"
UNRESOLVED: gnat.dg/volatile9.adb scan-tree-dump optimized "goto"
UNRESOLVED: gnat.dg/warn1.adb compilation failed to produce executable
FAIL: gnat.dg/warn4.adb (test for warnings, line 14)
FAIL: gnat.dg/warn4.adb (test for warnings, line 14)
FAIL: gnat.dg/warn5.adb (test for warnings, line 29)
UNRESOLVED: gnat.dg/wide_boolean.adb compilation failed to produce executable
UNRESOLVED: gnat.dg/wide_test.adb compilation failed to produce executable
FAIL: gnat.dg/specs/abstract_private.ads (test for errors, line 12)
FAIL: gnat.dg/specs/access_constant.ads (test for errors, line 10)
FAIL: gnat.dg/specs/access_constant_decl.ads (test for errors, line 9)
XPASS: gnat.dg/specs/addr1.ads (test for bogus messages, line 24)
FAIL: gnat.dg/specs/addr1.ads (test for warnings, line 30)
XPASS: gnat.dg/specs/aggr4_pkg.ads (test for excess errors)
FAIL: gnat.dg/specs/alignment2.ads (test for warnings, line 12)
FAIL: gnat.dg/specs/alignment2.ads (test for warnings, line 18)
FAIL: gnat.dg/specs/alignment2.ads (test for warnings, line 36)
FAIL: gnat.dg/specs/alignment2.ads (test for warnings, line 40)
XPASS: gnat.dg/specs/controlled1_pkg.ads (test for excess errors)
UNRESOLVED: gnat.dg/specs/debug1.ads scan-assembler-times DW_AT_artificial 8
XPASS: gnat.dg/specs/elab2_pkg.ads (test for excess errors)
XPASS: gnat.dg/specs/fe_inlining_helper.ads (test for excess errors)
FAIL: gnat.dg/specs/import_abstract.ads (test for errors, line 5)
FAIL: gnat.dg/specs/integer_value.ads (test for errors, line 4)
FAIL: gnat.dg/specs/linker_section.ads (test for errors, line 6)
FAIL: gnat.dg/specs/linker_section.ads (test for errors, line 10)
XPASS: gnat.dg/specs/loop_optimization1_pkg.ads (test for excess errors)
XPASS: gnat.dg/specs/lto12_pkg.ads (test for excess errors)
XPASS: gnat.dg/specs/lto3_pkg1.ads (test for excess errors)
XPASS: gnat.dg/specs/lto3_pkg2.ads (test for excess errors)
UNRESOLVED: gnat.dg/specs/oconst6.ads scan-assembler-not elabs
FAIL: gnat.dg/specs/oversize.ads (test for errors, line 18)
FAIL: gnat.dg/specs/oversize.ads (test for errors, line 25)
FAIL: gnat.dg/specs/oversize.ads (test for errors, line 33)
FAIL: gnat.dg/specs/oversize.ads (test for errors, line 44)
XPASS: gnat.dg/specs/pack3_pkg.ads (test for excess errors)
FAIL: gnat.dg/specs/renaming1.ads (test for errors, line 11)
FAIL: gnat.dg/specs/renaming1.ads (test for errors, line 15)
XPASS: gnat.dg/specs/renaming2_pkg1.ads (test for excess errors)
XPASS: gnat.dg/specs/renaming2_pkg3.ads (test for excess errors)
XPASS: gnat.dg/specs/renaming2_pkg4.ads (test for excess errors)
XPASS: gnat.dg/specs/size_attribute1_pkg1.ads (test for excess errors)
XPASS: gnat.dg/specs/size_attribute1_pkg2.ads (test for excess errors)
FAIL: gnat.dg/specs/size_clause2.ads (test for errors, line 40)
FAIL: gnat.dg/specs/size_clause3.ads (test for errors, line 17)
FAIL: gnat.dg/specs/size_clause3.ads (test for errors, line 47)
UNRESOLVED: gnat.dg/specs/static_initializer.ads scan-assembler-not elabs
UNRESOLVED: gnat.dg/specs/static_initializer2.ads scan-assembler-not elabs
FAIL: gnat.dg/specs/storage.ads (test for errors, line 6)
FAIL: gnat.dg/specs/tag2.ads (test for errors, line 11)
FAIL: gnat.dg/specs/tag2.ads (test for errors, line 12)
FAIL: gnat.dg/specs/tag2.ads (test for errors, line 13)
FAIL: gnat.dg/specs/variant_part.ads (test for errors, line 4)
XPASS: gnat.dg/specs/varsize_return_pkg1.ads (test for excess errors)
XPASS: gnat.dg/specs/varsize_return_pkg2.ads (test for excess errors)
=== gnat Summary for unix/-mabi=64 ===
# of expected passes 719
# of unexpected failures 49
# of unexpected successes 18
# of expected failures 2
# of unresolved testcases 342
# of unsupported tests 11
Running target unix/-mabi=n32
UNRESOLVED: gnat.dg/abstract_with_anonymous_result.adb compilation failed to produce executable
UNRESOLVED: gnat.dg/access4.adb compilation failed to produce executable
UNRESOLVED: gnat.dg/access_discr2.adb compilation failed to produce executable
UNRESOLVED: gnat.dg/access_test.adb compilation failed to produce executable
UNRESOLVED: gnat.dg/addr2.adb compilation failed to produce executable
UNRESOLVED: gnat.dg/address_conversion.adb compilation failed to produce executable
UNRESOLVED: gnat.dg/aggr1.adb compilation failed to produce executable
UNRESOLVED: gnat.dg/aggr12.adb scan-tree-dump-not original "{.i1=0, .i2=2}"
UNRESOLVED: gnat.dg/aggr13.adb scan-tree-dump-not gimple "= {}"
UNRESOLVED: gnat.dg/aggr14.adb compilation failed to produce executable
UNRESOLVED: gnat.dg/aggr19.adb compilation failed to produce executable
UNRESOLVED: gnat.dg/aggr3.adb compilation failed to produce executable
UNRESOLVED: gnat.dg/aliased_prefix_accessibility.adb compilation failed to produce executable
UNRESOLVED: gnat.dg/aliasing1.adb scan-tree-dump-not optimized "__gnat_rcheck"
UNRESOLVED: gnat.dg/aliasing2.adb scan-tree-dump-not optimized "gnat_rcheck"
UNRESOLVED: gnat.dg/aliasing3.adb compilation failed to produce executable
UNRESOLVED: gnat.dg/align_check.adb compilation failed to produce executable
UNRESOLVED: gnat.dg/align_max.adb compilation failed to produce executable
UNRESOLVED: gnat.dg/aligned_vla.adb compilation failed to produce executable
UNRESOLVED: gnat.dg/alignment1.adb compilation failed to produce executable
UNRESOLVED: gnat.dg/alignment2.adb compilation failed to produce executable
UNRESOLVED: gnat.dg/alignment4.adb scan-tree-dump-not gimple ".F"
UNRESOLVED: gnat.dg/alignment5.adb scan-tree-dump-not gimple ".F"
UNRESOLVED: gnat.dg/alignment6.adb scan-tree-dump-not gimple "VIEW_CONVERT_EXPR"
UNRESOLVED: gnat.dg/alignment7.adb compilation failed to produce executable
UNRESOLVED: gnat.dg/alignment8.adb compilation failed to produce executable
UNRESOLVED: gnat.dg/alignment9.adb compilation failed to produce executable
UNRESOLVED: gnat.dg/allocator_maxalign1.adb compilation failed to produce executable
FAIL: gnat.dg/ancestor_type.adb (test for errors, line 8)
UNRESOLVED: gnat.dg/array10.adb compilation failed to produce executable
FAIL: gnat.dg/array11.adb (test for warnings, line 8)
FAIL: gnat.dg/array11.adb (test for warnings, line 9)
FAIL: gnat.dg/array11.adb (test for warnings, line 12)
UNRESOLVED: gnat.dg/array12.adb compilation failed to produce executable
UNRESOLVED: gnat.dg/array16.adb scan-tree-dump-not optimized "secondary_stack"
UNRESOLVED: gnat.dg/array21.adb compilation failed to produce executable
UNRESOLVED: gnat.dg/array3.adb compilation failed to produce executable
UNRESOLVED: gnat.dg/array4.adb compilation failed to produce executable
UNRESOLVED: gnat.dg/array5.adb compilation failed to produce executable
UNRESOLVED: gnat.dg/array6.adb compilation failed to produce executable
UNRESOLVED: gnat.dg/array7.adb scan-tree-dump-not optimized "MAX_EXPR"
UNRESOLVED: gnat.dg/array9.adb compilation failed to produce executable
UNRESOLVED: gnat.dg/array_bounds_test.adb compilation failed to produce executable
UNRESOLVED: gnat.dg/assert1.adb compilation failed to produce executable
UNRESOLVED: gnat.dg/assign_from_packed.adb compilation failed to produce executable
UNRESOLVED: gnat.dg/atomic1.adb scan-tree-dump-times gimple "v_16" 1
UNRESOLVED: gnat.dg/atomic1.adb scan-tree-dump-times gimple "v_32" 1
FAIL: gnat.dg/atomic2.adb (test for warnings, line 7)
UNRESOLVED: gnat.dg/atomic6_1.adb scan-tree-dump-times gimple "atomic_load[^\\n\\r]*&atomic6_pkg__counter1" 2
UNRESOLVED: gnat.dg/atomic6_1.adb scan-tree-dump-times gimple "atomic_load[^\\n\\r]*&atomic6_pkg__counter2" 1
UNRESOLVED: gnat.dg/atomic6_1.adb scan-tree-dump-times gimple "atomic_load[^\\n\\r]*&atomic6_pkg__timer1" 2
UNRESOLVED: gnat.dg/atomic6_1.adb scan-tree-dump-times gimple "atomic_load[^\\n\\r]*&atomic6_pkg__timer2" 1
UNRESOLVED: gnat.dg/atomic6_1.adb scan-tree-dump-times gimple "atomic_load[^\\n\\r]*&temp" 0
UNRESOLVED: gnat.dg/atomic6_1.adb scan-tree-dump-times gimple "atomic_load[^\\n\\r]*ptr" 0
UNRESOLVED: gnat.dg/atomic6_1.adb scan-tree-dump-times gimple "atomic_store[^\\n\\r]*&atomic6_pkg__counter1" 3
UNRESOLVED: gnat.dg/atomic6_1.adb scan-tree-dump-times gimple "atomic_store[^\\n\\r]*&atomic6_pkg__counter2" 0
UNRESOLVED: gnat.dg/atomic6_1.adb scan-tree-dump-times gimple "atomic_store[^\\n\\r]*&atomic6_pkg__timer1" 3
UNRESOLVED: gnat.dg/atomic6_1.adb scan-tree-dump-times gimple "atomic_store[^\\n\\r]*&atomic6_pkg__timer2" 0
UNRESOLVED: gnat.dg/atomic6_1.adb scan-tree-dump-times gimple "atomic_store[^\\n\\r]*&temp" 0
UNRESOLVED: gnat.dg/atomic6_1.adb scan-tree-dump-times gimple "atomic_store[^\\n\\r]*ptr" 0
UNRESOLVED: gnat.dg/atomic6_2.adb scan-tree-dump-times gimple "atomic_load[^\\n\\r]*&atomic6_pkg__counter1" 6
UNRESOLVED: gnat.dg/atomic6_2.adb scan-tree-dump-times gimple "atomic_load[^\\n\\r]*&atomic6_pkg__counter2" 2
UNRESOLVED: gnat.dg/atomic6_2.adb scan-tree-dump-times gimple "atomic_load[^\\n\\r]*&atomic6_pkg__timer1" 6
UNRESOLVED: gnat.dg/atomic6_2.adb scan-tree-dump-times gimple "atomic_load[^\\n\\r]*&atomic6_pkg__timer2" 2
UNRESOLVED: gnat.dg/atomic6_2.adb scan-tree-dump-times gimple "atomic_load[^\\n\\r]*&temp" 0
UNRESOLVED: gnat.dg/atomic6_2.adb scan-tree-dump-times gimple "atomic_load[^\\n\\r]*ptr" 0
UNRESOLVED: gnat.dg/atomic6_2.adb scan-tree-dump-times gimple "atomic_store[^\\n\\r]*&atomic6_pkg__counter1" 3
UNRESOLVED: gnat.dg/atomic6_2.adb scan-tree-dump-times gimple "atomic_store[^\\n\\r]*&atomic6_pkg__counter2" 0
UNRESOLVED: gnat.dg/atomic6_2.adb scan-tree-dump-times gimple "atomic_store[^\\n\\r]*&atomic6_pkg__timer1" 3
UNRESOLVED: gnat.dg/atomic6_2.adb scan-tree-dump-times gimple "atomic_store[^\\n\\r]*&atomic6_pkg__timer2" 0
UNRESOLVED: gnat.dg/atomic6_2.adb scan-tree-dump-times gimple "atomic_store[^\\n\\r]*&temp" 0
UNRESOLVED: gnat.dg/atomic6_2.adb scan-tree-dump-times gimple "atomic_store[^\\n\\r]*ptr" 0
UNRESOLVED: gnat.dg/atomic6_3.adb scan-tree-dump-times gimple "atomic_load[^\\n\\r]*&atomic6_pkg__counter1" 3
UNRESOLVED: gnat.dg/atomic6_3.adb scan-tree-dump-times gimple "atomic_load[^\\n\\r]*&atomic6_pkg__counter2" 1
UNRESOLVED: gnat.dg/atomic6_3.adb scan-tree-dump-times gimple "atomic_load[^\\n\\r]*&atomic6_pkg__timer1" 3
UNRESOLVED: gnat.dg/atomic6_3.adb scan-tree-dump-times gimple "atomic_load[^\\n\\r]*&atomic6_pkg__timer2" 1
UNRESOLVED: gnat.dg/atomic6_3.adb scan-tree-dump-times gimple "atomic_load[^\\n\\r]*&temp" 0
UNRESOLVED: gnat.dg/atomic6_3.adb scan-tree-dump-times gimple "atomic_load[^\\n\\r]*ptr" 0
UNRESOLVED: gnat.dg/atomic6_3.adb scan-tree-dump-times gimple "atomic_store[^\\n\\r]*&atomic6_pkg__counter1" 3
UNRESOLVED: gnat.dg/atomic6_3.adb scan-tree-dump-times gimple "atomic_store[^\\n\\r]*&atomic6_pkg__counter2" 0
UNRESOLVED: gnat.dg/atomic6_3.adb scan-tree-dump-times gimple "atomic_store[^\\n\\r]*&atomic6_pkg__timer1" 3
UNRESOLVED: gnat.dg/atomic6_3.adb scan-tree-dump-times gimple "atomic_store[^\\n\\r]*&atomic6_pkg__timer2" 0
UNRESOLVED: gnat.dg/atomic6_3.adb scan-tree-dump-times gimple "atomic_store[^\\n\\r]*&temp" 0
UNRESOLVED: gnat.dg/atomic6_3.adb scan-tree-dump-times gimple "atomic_store[^\\n\\r]*ptr" 0
UNRESOLVED: gnat.dg/atomic6_4.adb scan-tree-dump-times gimple "atomic_load[^\\n\\r]*&atomic6_pkg__counter1" 2
UNRESOLVED: gnat.dg/atomic6_4.adb scan-tree-dump-times gimple "atomic_load[^\\n\\r]*&atomic6_pkg__counter2" 1
UNRESOLVED: gnat.dg/atomic6_4.adb scan-tree-dump-times gimple "atomic_load[^\\n\\r]*&atomic6_pkg__timer1" 2
UNRESOLVED: gnat.dg/atomic6_4.adb scan-tree-dump-times gimple "atomic_load[^\\n\\r]*&atomic6_pkg__timer2" 1
UNRESOLVED: gnat.dg/atomic6_4.adb scan-tree-dump-times gimple "atomic_load[^\\n\\r]*&temp" 0
UNRESOLVED: gnat.dg/atomic6_4.adb scan-tree-dump-times gimple "atomic_load[^\\n\\r]*ptr" 0
UNRESOLVED: gnat.dg/atomic6_4.adb scan-tree-dump-times gimple "atomic_store[^\\n\\r]*&atomic6_pkg__counter1" 3
UNRESOLVED: gnat.dg/atomic6_4.adb scan-tree-dump-times gimple "atomic_store[^\\n\\r]*&atomic6_pkg__counter2" 0
UNRESOLVED: gnat.dg/atomic6_4.adb scan-tree-dump-times gimple "atomic_store[^\\n\\r]*&atomic6_pkg__timer1" 3
UNRESOLVED: gnat.dg/atomic6_4.adb scan-tree-dump-times gimple "atomic_store[^\\n\\r]*&atomic6_pkg__timer2" 0
UNRESOLVED: gnat.dg/atomic6_4.adb scan-tree-dump-times gimple "atomic_store[^\\n\\r]*&temp" 0
UNRESOLVED: gnat.dg/atomic6_4.adb scan-tree-dump-times gimple "atomic_store[^\\n\\r]*ptr" 0
UNRESOLVED: gnat.dg/atomic6_5.adb scan-tree-dump-times gimple "atomic_load[^\\n\\r]*&atomic6_pkg__counter1" 2
UNRESOLVED: gnat.dg/atomic6_5.adb scan-tree-dump-times gimple "atomic_load[^\\n\\r]*&atomic6_pkg__counter2" 0
UNRESOLVED: gnat.dg/atomic6_5.adb scan-tree-dump-times gimple "atomic_load[^\\n\\r]*&atomic6_pkg__timer1" 2
UNRESOLVED: gnat.dg/atomic6_5.adb scan-tree-dump-times gimple "atomic_load[^\\n\\r]*&atomic6_pkg__timer2" 0
UNRESOLVED: gnat.dg/atomic6_5.adb scan-tree-dump-times gimple "atomic_load[^\\n\\r]*&temp" 0
UNRESOLVED: gnat.dg/atomic6_5.adb scan-tree-dump-times gimple "atomic_load[^\\n\\r]*ptr" 0
UNRESOLVED: gnat.dg/atomic6_5.adb scan-tree-dump-times gimple "atomic_store[^\\n\\r]*&atomic6_pkg__counter1" 0
UNRESOLVED: gnat.dg/atomic6_5.adb scan-tree-dump-times gimple "atomic_store[^\\n\\r]*&atomic6_pkg__counter2" 0
UNRESOLVED: gnat.dg/atomic6_5.adb scan-tree-dump-times gimple "atomic_store[^\\n\\r]*&atomic6_pkg__timer1" 0
UNRESOLVED: gnat.dg/atomic6_5.adb scan-tree-dump-times gimple "atomic_store[^\\n\\r]*&atomic6_pkg__timer2" 0
UNRESOLVED: gnat.dg/atomic6_5.adb scan-tree-dump-times gimple "atomic_store[^\\n\\r]*&temp" 0
UNRESOLVED: gnat.dg/atomic6_5.adb scan-tree-dump-times gimple "atomic_store[^\\n\\r]*ptr" 0
UNRESOLVED: gnat.dg/atomic6_6.adb scan-tree-dump-times gimple "atomic_load[^\\n\\r]*&atomic6_pkg__counter\\\\[1" 2
UNRESOLVED: gnat.dg/atomic6_6.adb scan-tree-dump-times gimple "atomic_load[^\\n\\r]*&atomic6_pkg__counter\\\\[2" 1
UNRESOLVED: gnat.dg/atomic6_6.adb scan-tree-dump-times gimple "atomic_load[^\\n\\r]*&atomic6_pkg__timer\\\\[1" 2
UNRESOLVED: gnat.dg/atomic6_6.adb scan-tree-dump-times gimple "atomic_load[^\\n\\r]*&atomic6_pkg__timer\\\\[2" 1
UNRESOLVED: gnat.dg/atomic6_6.adb scan-tree-dump-times gimple "atomic_load[^\\n\\r]*&temp" 0
UNRESOLVED: gnat.dg/atomic6_6.adb scan-tree-dump-times gimple "atomic_load[^\\n\\r]*ptr" 0
UNRESOLVED: gnat.dg/atomic6_6.adb scan-tree-dump-times gimple "atomic_store[^\\n\\r]*&atomic6_pkg__counter\\\\[1" 3
UNRESOLVED: gnat.dg/atomic6_6.adb scan-tree-dump-times gimple "atomic_store[^\\n\\r]*&atomic6_pkg__counter\\\\[2" 0
UNRESOLVED: gnat.dg/atomic6_6.adb scan-tree-dump-times gimple "atomic_store[^\\n\\r]*&atomic6_pkg__timer\\\\[1" 3
UNRESOLVED: gnat.dg/atomic6_6.adb scan-tree-dump-times gimple "atomic_store[^\\n\\r]*&atomic6_pkg__timer\\\\[2" 0
UNRESOLVED: gnat.dg/atomic6_6.adb scan-tree-dump-times gimple "atomic_store[^\\n\\r]*&temp" 0
UNRESOLVED: gnat.dg/atomic6_6.adb scan-tree-dump-times gimple "atomic_store[^\\n\\r]*ptr" 0
UNRESOLVED: gnat.dg/atomic6_7.adb scan-tree-dump-times gimple "atomic_load[^\\n\\r]*&my_atomic.counter1" 2
UNRESOLVED: gnat.dg/atomic6_7.adb scan-tree-dump-times gimple "atomic_load[^\\n\\r]*&atomic6_pkg__counter2" 1
UNRESOLVED: gnat.dg/atomic6_7.adb scan-tree-dump-times gimple "atomic_load[^\\n\\r]*&my_atomic.timer1" 2
UNRESOLVED: gnat.dg/atomic6_7.adb scan-tree-dump-times gimple "atomic_load[^\\n\\r]*&atomic6_pkg__timer2" 1
UNRESOLVED: gnat.dg/atomic6_7.adb scan-tree-dump-times gimple "atomic_load[^\\n\\r]*&temp" 0
UNRESOLVED: gnat.dg/atomic6_7.adb scan-tree-dump-times gimple "atomic_load[^\\n\\r]*ptr" 0
UNRESOLVED: gnat.dg/atomic6_7.adb scan-tree-dump-times gimple "atomic_store[^\\n\\r]*&my_atomic.counter1" 3
UNRESOLVED: gnat.dg/atomic6_7.adb scan-tree-dump-times gimple "atomic_store[^\\n\\r]*&atomic6_pkg__counter2" 0
UNRESOLVED: gnat.dg/atomic6_7.adb scan-tree-dump-times gimple "atomic_store[^\\n\\r]*&my_atomic.timer1" 3
UNRESOLVED: gnat.dg/atomic6_7.adb scan-tree-dump-times gimple "atomic_store[^\\n\\r]*&atomic6_pkg__timer2" 0
UNRESOLVED: gnat.dg/atomic6_7.adb scan-tree-dump-times gimple "atomic_store[^\\n\\r]*&temp" 0
UNRESOLVED: gnat.dg/atomic6_7.adb scan-tree-dump-times gimple "atomic_store[^\\n\\r]*ptr" 0
UNRESOLVED: gnat.dg/atomic6_8.adb scan-tree-dump-times gimple "atomic_load[^\\n\\r]*&atomic6_pkg__counter1" 1
UNRESOLVED: gnat.dg/atomic6_8.adb scan-tree-dump-times gimple "atomic_load[^\\n\\r]*&atomic6_pkg__counter2" 0
UNRESOLVED: gnat.dg/atomic6_8.adb scan-tree-dump-times gimple "atomic_load[^\\n\\r]*&atomic6_pkg__timer1" 1
UNRESOLVED: gnat.dg/atomic6_8.adb scan-tree-dump-times gimple "atomic_load[^\\n\\r]*&atomic6_pkg__timer2" 0
UNRESOLVED: gnat.dg/atomic6_8.adb scan-tree-dump-times gimple "atomic_load[^\\n\\r]*&temp" 0
UNRESOLVED: gnat.dg/atomic6_8.adb scan-tree-dump-times gimple "atomic_load[^\\n\\r]*ptr" 3
UNRESOLVED: gnat.dg/atomic6_8.adb scan-tree-dump-times gimple "atomic_store[^\\n\\r]*&atomic6_pkg__counter1" 1
UNRESOLVED: gnat.dg/atomic6_8.adb scan-tree-dump-times gimple "atomic_store[^\\n\\r]*&atomic6_pkg__counter2" 0
UNRESOLVED: gnat.dg/atomic6_8.adb scan-tree-dump-times gimple "atomic_store[^\\n\\r]*&atomic6_pkg__timer1" 1
UNRESOLVED: gnat.dg/atomic6_8.adb scan-tree-dump-times gimple "atomic_store[^\\n\\r]*&atomic6_pkg__timer2" 0
UNRESOLVED: gnat.dg/atomic6_8.adb scan-tree-dump-times gimple "atomic_store[^\\n\\r]*&temp" 0
UNRESOLVED: gnat.dg/atomic6_8.adb scan-tree-dump-times gimple "atomic_store[^\\n\\r]*ptr" 3
UNRESOLVED: gnat.dg/biased_uc.adb compilation failed to produce executable
UNRESOLVED: gnat.dg/bip_aggregate_bug.adb compilation failed to produce executable
UNRESOLVED: gnat.dg/bit_packed_array3.adb compilation failed to produce executable
UNRESOLVED: gnat.dg/blkextract_from_reg.adb compilation failed to produce executable
UNRESOLVED: gnat.dg/bltins.adb compilation failed to produce executable
UNRESOLVED: gnat.dg/boolean_bitfield.adb compilation failed to produce executable
UNRESOLVED: gnat.dg/boolean_conv.adb compilation failed to produce executable
UNRESOLVED: gnat.dg/boolean_expr2.adb compilation failed to produce executable
UNRESOLVED: gnat.dg/capture_value.adb compilation failed to produce executable
UNRESOLVED: gnat.dg/case_optimization2.adb compilation failed to produce executable
UNRESOLVED: gnat.dg/check_displace_generation.adb compilation failed to produce executable
UNRESOLVED: gnat.dg/check_elaboration_code.adb compilation failed to produce executable
UNRESOLVED: gnat.dg/compose.adb compilation failed to produce executable
UNRESOLVED: gnat.dg/concat1.adb compilation failed to produce executable
UNRESOLVED: gnat.dg/concat_length.adb compilation failed to produce executable
UNRESOLVED: gnat.dg/constant2.adb compilation failed to produce executable
UNRESOLVED: gnat.dg/controlled5.adb compilation failed to produce executable
UNRESOLVED: gnat.dg/conv_bug.adb compilation failed to produce executable
UNRESOLVED: gnat.dg/conv_decimal.adb compilation failed to produce executable
UNRESOLVED: gnat.dg/conv_real.adb compilation failed to produce executable
UNRESOLVED: gnat.dg/curr_task.adb compilation failed to produce executable
FAIL: gnat.dg/deferred_const1.adb (test for warnings, line 8)
UNRESOLVED: gnat.dg/deferred_const2.adb compilation failed to produce executable
UNRESOLVED: gnat.dg/deferred_const3.adb compilation failed to produce executable
UNRESOLVED: gnat.dg/derived_aggregate.adb compilation failed to produce executable
UNRESOLVED: gnat.dg/derived_type1.adb scan-tree-dump-not original "VIEW_CONVERT_EXPR<struct derived_type1__root>"
UNRESOLVED: gnat.dg/derived_type1.adb scan-tree-dump-not original "VIEW_CONVERT_EXPR<struct derived_type1__derived1>"
UNRESOLVED: gnat.dg/derived_type2.adb compilation failed to produce executable
UNRESOLVED: gnat.dg/derived_type3.adb compilation failed to produce executable
UNRESOLVED: gnat.dg/discr24.adb compilation failed to produce executable
UNRESOLVED: gnat.dg/discr32.adb compilation failed to produce executable
UNRESOLVED: gnat.dg/discr33.adb compilation failed to produce executable
UNRESOLVED: gnat.dg/discr4.adb compilation failed to produce executable
UNRESOLVED: gnat.dg/dispatch1.adb compilation failed to produce executable
UNRESOLVED: gnat.dg/dispatch2.adb compilation failed to produce executable
UNRESOLVED: gnat.dg/elim2.adb compilation failed to produce executable
UNRESOLVED: gnat.dg/empty_vector_length.adb compilation failed to produce executable
UNRESOLVED: gnat.dg/entry_queues.adb compilation failed to produce executable
UNRESOLVED: gnat.dg/enum1.adb compilation failed to produce executable
UNRESOLVED: gnat.dg/enum2.adb compilation failed to produce executable
UNRESOLVED: gnat.dg/exp0_eval.adb compilation failed to produce executable
UNRESOLVED: gnat.dg/expect1.adb compilation failed to produce executable
UNRESOLVED: gnat.dg/fixce.adb compilation failed to produce executable
UNRESOLVED: gnat.dg/fixedpnt.adb compilation failed to produce executable
FAIL: gnat.dg/frame_overflow.adb (test for errors, line 5)
FAIL: gnat.dg/frame_overflow.adb (test for errors, line 14)
UNRESOLVED: gnat.dg/generic_dispatch.adb compilation failed to produce executable
UNRESOLVED: gnat.dg/gnat_malloc.adb compilation failed to produce executable
UNRESOLVED: gnat.dg/handle_and_return.adb compilation failed to produce executable
UNRESOLVED: gnat.dg/handle_raise_from_pure.adb compilation failed to produce executable
UNRESOLVED: gnat.dg/hyper_flat.adb compilation failed to produce executable
UNRESOLVED: gnat.dg/in_out_parameter.adb compilation failed to produce executable
UNRESOLVED: gnat.dg/in_out_parameter2.adb compilation failed to produce executable
UNRESOLVED: gnat.dg/in_out_parameter3.adb compilation failed to produce executable
FAIL: gnat.dg/include.adb (test for errors, line )
XPASS: gnat.dg/incomplete2.adb (test for excess errors)
UNRESOLVED: gnat.dg/init_scalar1.adb compilation failed to produce executable
UNRESOLVED: gnat.dg/inline_tagged.adb compilation failed to produce executable
UNRESOLVED: gnat.dg/interface1.adb compilation failed to produce executable
UNRESOLVED: gnat.dg/interface2.adb compilation failed to produce executable
UNRESOLVED: gnat.dg/interface3.adb compilation failed to produce executable
UNRESOLVED: gnat.dg/interface_conv.adb compilation failed to produce executable
UNRESOLVED: gnat.dg/invalid1.adb compilation failed to produce executable
UNRESOLVED: gnat.dg/iprot_test.adb compilation failed to produce executable
UNRESOLVED: gnat.dg/kill_value.adb compilation failed to produce executable
UNRESOLVED: gnat.dg/lhs_view_convert.adb compilation failed to produce executable
UNRESOLVED: gnat.dg/loop_boolean.adb compilation failed to produce executable
UNRESOLVED: gnat.dg/loop_optimization3.adb compilation failed to produce executable
UNRESOLVED: gnat.dg/loop_optimization4.adb compilation failed to produce executable
UNRESOLVED: gnat.dg/loop_optimization6.adb scan-tree-dump-not optimized "goto"
UNRESOLVED: gnat.dg/loop_optimization8.adb compilation failed to produce executable
UNRESOLVED: gnat.dg/lto1.adb compilation failed to produce executable
UNRESOLVED: gnat.dg/lto10.adb compilation failed to produce executable
UNRESOLVED: gnat.dg/lto5.adb compilation failed to produce executable
UNRESOLVED: gnat.dg/lto6.adb compilation failed to produce executable
UNRESOLVED: gnat.dg/lto7.adb compilation failed to produce executable
UNRESOLVED: gnat.dg/lto8.adb compilation failed to produce executable
UNRESOLVED: gnat.dg/lto9.adb compilation failed to produce executable
UNRESOLVED: gnat.dg/md5_test.adb compilation failed to produce executable
UNRESOLVED: gnat.dg/memtrap.adb scan-assembler __gnat_begin_handler|__gnat_raise_nodefer
UNRESOLVED: gnat.dg/misaligned_nest.adb compilation failed to produce executable
UNRESOLVED: gnat.dg/misaligned_param.adb compilation failed to produce executable
UNRESOLVED: gnat.dg/missing_acc_check.adb compilation failed to produce executable
UNRESOLVED: gnat.dg/modular1.adb compilation failed to produce executable
UNRESOLVED: gnat.dg/modular2.adb compilation failed to produce executable
UNRESOLVED: gnat.dg/modular3.adb compilation failed to produce executable
UNRESOLVED: gnat.dg/mutable1.adb compilation failed to produce executable
UNRESOLVED: gnat.dg/named_test.adb compilation failed to produce executable
UNRESOLVED: gnat.dg/nat1r.adb compilation failed to produce executable
UNRESOLVED: gnat.dg/nested_controlled_alloc.adb compilation failed to produce executable
UNRESOLVED: gnat.dg/nested_proc1.adb compilation failed to produce executable
UNRESOLVED: gnat.dg/nested_return_test.adb compilation failed to produce executable
UNRESOLVED: gnat.dg/no_final.adb compilation failed to produce executable
UNRESOLVED: gnat.dg/not_null.adb compilation failed to produce executable
FAIL: gnat.dg/notnot.adb (test for warnings, line 6)
UNRESOLVED: gnat.dg/null_pointer_deref1.adb compilation failed to produce executable
UNRESOLVED: gnat.dg/null_pointer_deref2.adb compilation failed to produce executable
UNRESOLVED: gnat.dg/null_pointer_deref3.adb compilation failed to produce executable
FAIL: gnat.dg/object_overflow.adb (test for warnings, line 8)
UNRESOLVED: gnat.dg/oconst1.adb scan-assembler-not elabs
UNRESOLVED: gnat.dg/oconst2.adb scan-assembler-not elabs
UNRESOLVED: gnat.dg/oconst3.adb scan-assembler-not elabs
UNRESOLVED: gnat.dg/oconst4.adb scan-assembler-not elabs
UNRESOLVED: gnat.dg/oconst5.adb scan-assembler-not elabs
UNRESOLVED: gnat.dg/opt12.adb compilation failed to produce executable
UNRESOLVED: gnat.dg/opt13.adb compilation failed to produce executable
UNRESOLVED: gnat.dg/opt14.adb compilation failed to produce executable
UNRESOLVED: gnat.dg/opt15.adb scan-tree-dump-not optimized "trace_inlined"
UNRESOLVED: gnat.dg/opt2.adb compilation failed to produce executable
UNRESOLVED: gnat.dg/opt21.adb compilation failed to produce executable
UNRESOLVED: gnat.dg/opt22.adb compilation failed to produce executable
UNRESOLVED: gnat.dg/opt4.adb compilation failed to produce executable
UNRESOLVED: gnat.dg/opt5.adb compilation failed to produce executable
UNRESOLVED: gnat.dg/outer_agg_bitfield_constructor.adb compilation failed to produce executable
UNRESOLVED: gnat.dg/overflow_sum.adb compilation failed to produce executable
UNRESOLVED: gnat.dg/pack10.adb compilation failed to produce executable
UNRESOLVED: gnat.dg/pack11.adb compilation failed to produce executable
UNRESOLVED: gnat.dg/pack12.adb compilation failed to produce executable
UNRESOLVED: gnat.dg/pack17.adb compilation failed to produce executable
UNRESOLVED: gnat.dg/pack18.adb compilation failed to produce executable
UNRESOLVED: gnat.dg/pack3.adb compilation failed to produce executable
UNRESOLVED: gnat.dg/pack4.adb compilation failed to produce executable
FAIL: gnat.dg/pack8.adb (test for errors, line 19)
UNRESOLVED: gnat.dg/pack9.adb scan-tree-dump-not optimized "gnat_rcheck"
UNRESOLVED: gnat.dg/packed_subtype.adb compilation failed to produce executable
UNRESOLVED: gnat.dg/pointer_conversion.adb compilation failed to produce executable
UNRESOLVED: gnat.dg/prot_def.adb compilation failed to produce executable
UNRESOLVED: gnat.dg/protected_self_ref1.adb compilation failed to produce executable
FAIL: gnat.dg/protected_self_ref2.adb (test for errors, line 12)
UNRESOLVED: gnat.dg/quote.adb compilation failed to produce executable
UNRESOLVED: gnat.dg/range_check.adb compilation failed to produce executable
UNRESOLVED: gnat.dg/regpat1.adb compilation failed to produce executable
UNRESOLVED: gnat.dg/release_unc_maxalign.adb compilation failed to produce executable
UNRESOLVED: gnat.dg/renaming2.adb compilation failed to produce executable
UNRESOLVED: gnat.dg/renaming3.adb compilation failed to produce executable
UNRESOLVED: gnat.dg/renaming5.adb scan-tree-dump-times optimized "goto" 3
UNRESOLVED: gnat.dg/rep_clause4.adb compilation failed to produce executable
UNRESOLVED: gnat.dg/requeue1.adb compilation failed to produce executable
UNRESOLVED: gnat.dg/return3.adb scan-assembler loc 1 6
UNRESOLVED: gnat.dg/scalar_mode_agg_compare.adb compilation failed to produce executable
UNRESOLVED: gnat.dg/self_aggregate_with_array.adb compilation failed to produce executable
UNRESOLVED: gnat.dg/self_aggregate_with_call.adb compilation failed to produce executable
UNRESOLVED: gnat.dg/self_aggregate_with_pointer.adb compilation failed to produce executable
UNRESOLVED: gnat.dg/self_aggregate_with_zeros.adb compilation failed to produce executable
UNRESOLVED: gnat.dg/sizetype1.adb compilation failed to produce executable
UNRESOLVED: gnat.dg/sizetype2.adb compilation failed to produce executable
UNRESOLVED: gnat.dg/sizetype4.adb compilation failed to produce executable
UNRESOLVED: gnat.dg/slice3.adb compilation failed to produce executable
UNRESOLVED: gnat.dg/slice4.adb compilation failed to produce executable
FAIL: gnat.dg/slice5.adb (test for warnings, line 15)
FAIL: gnat.dg/slice5.adb (test for warnings, line 21)
UNRESOLVED: gnat.dg/small_alignment.adb compilation failed to produce executable
UNRESOLVED: gnat.dg/socket1.adb compilation failed to produce executable
UNRESOLVED: gnat.dg/sort2.adb compilation failed to produce executable
UNRESOLVED: gnat.dg/spipaterr.adb compilation failed to produce executable
UNRESOLVED: gnat.dg/stack_check1.adb compilation failed to produce executable
UNRESOLVED: gnat.dg/stack_check2.adb compilation failed to produce executable
UNRESOLVED: gnat.dg/string_slice.adb compilation failed to produce executable
FAIL: gnat.dg/subp_elim_errors.adb (test for errors, line 25)
FAIL: gnat.dg/subp_elim_errors.adb (test for errors, line 27)
FAIL: gnat.dg/subp_elim_errors.adb (test for errors, line 29)
FAIL: gnat.dg/subp_elim_errors.adb (test for errors, line 31)
UNRESOLVED: gnat.dg/taft_type1.adb compilation failed to produce executable
UNRESOLVED: gnat.dg/tag1.adb compilation failed to produce executable
UNRESOLVED: gnat.dg/tagged_alloc_free.adb compilation failed to produce executable
UNRESOLVED: gnat.dg/tail_call.adb compilation failed to produce executable
UNRESOLVED: gnat.dg/task_stack_align.adb compilation failed to produce executable
UNRESOLVED: gnat.dg/test_8bitlong_overflow.adb compilation failed to produce executable
UNRESOLVED: gnat.dg/test_address_null_init.adb compilation failed to produce executable
UNRESOLVED: gnat.dg/test_allocator_maxalign2.adb compilation failed to produce executable
UNRESOLVED: gnat.dg/test_bounded.adb compilation failed to produce executable
UNRESOLVED: gnat.dg/test_delay.adb compilation failed to produce executable
UNRESOLVED: gnat.dg/test_direct_io.adb compilation failed to produce executable
UNRESOLVED: gnat.dg/test_enum_io.adb compilation failed to produce executable
UNRESOLVED: gnat.dg/test_fixed_io.adb compilation failed to produce executable
UNRESOLVED: gnat.dg/test_iface_aggr.adb compilation failed to produce executable
UNRESOLVED: gnat.dg/test_ifaces.adb compilation failed to produce executable
UNRESOLVED: gnat.dg/test_image.adb compilation failed to produce executable
UNRESOLVED: gnat.dg/test_nested_subtype_byref.adb compilation failed to produce executable
UNRESOLVED: gnat.dg/test_oalign.adb compilation failed to produce executable
UNRESOLVED: gnat.dg/test_oconst.adb compilation failed to produce executable
UNRESOLVED: gnat.dg/test_prefix1.adb compilation failed to produce executable
UNRESOLVED: gnat.dg/test_prio.adb compilation failed to produce executable
UNRESOLVED: gnat.dg/test_raise_from_pure.adb compilation failed to produce executable
UNRESOLVED: gnat.dg/test_self.adb compilation failed to produce executable
UNRESOLVED: gnat.dg/test_self_ref.adb compilation failed to produce executable
UNRESOLVED: gnat.dg/test_table1.adb compilation failed to produce executable
UNRESOLVED: gnat.dg/test_time_stamp.adb compilation failed to produce executable
UNRESOLVED: gnat.dg/test_version.adb compilation failed to produce executable
UNRESOLVED: gnat.dg/testint.adb compilation failed to produce executable
UNRESOLVED: gnat.dg/tfren.adb compilation failed to produce executable
UNRESOLVED: gnat.dg/thin_pointer2.adb compilation failed to produce executable
UNRESOLVED: gnat.dg/timer_cancel.adb compilation failed to produce executable
UNRESOLVED: gnat.dg/timing_events.adb compilation failed to produce executable
UNRESOLVED: gnat.dg/trampoline1.adb scan-assembler-not GNU-stack.*x
UNRESOLVED: gnat.dg/trampoline2.adb compilation failed to produce executable
UNRESOLVED: gnat.dg/tree_static_use.adb compilation failed to produce executable
UNRESOLVED: gnat.dg/unc_memfree.adb compilation failed to produce executable
UNRESOLVED: gnat.dg/unchecked_convert1.adb compilation failed to produce executable
UNRESOLVED: gnat.dg/unchecked_convert2.adb compilation failed to produce executable
UNRESOLVED: gnat.dg/unchecked_convert3.adb compilation failed to produce executable
UNRESOLVED: gnat.dg/unchecked_convert9.adb scan-rtl-dump-times final "set \\\\(mem/v" 1
UNRESOLVED: gnat.dg/unchecked_union1.adb compilation failed to produce executable
FAIL: gnat.dg/uninit_func.adb (test for warnings, line 12)
UNRESOLVED: gnat.dg/valid1.adb compilation failed to produce executable
UNRESOLVED: gnat.dg/view_conversion1.adb compilation failed to produce executable
UNRESOLVED: gnat.dg/volatile3.adb scan-assembler __gnat_rcheck
UNRESOLVED: gnat.dg/volatile4.adb compilation failed to produce executable
UNRESOLVED: gnat.dg/volatile6.adb scan-tree-dump optimized "goto"
UNRESOLVED: gnat.dg/volatile7.adb scan-tree-dump optimized "goto"
UNRESOLVED: gnat.dg/volatile8.adb scan-tree-dump optimized "goto"
UNRESOLVED: gnat.dg/volatile9.adb scan-tree-dump optimized "goto"
UNRESOLVED: gnat.dg/warn1.adb compilation failed to produce executable
FAIL: gnat.dg/warn4.adb (test for warnings, line 14)
FAIL: gnat.dg/warn4.adb (test for warnings, line 14)
FAIL: gnat.dg/warn5.adb (test for warnings, line 29)
UNRESOLVED: gnat.dg/wide_boolean.adb compilation failed to produce executable
UNRESOLVED: gnat.dg/wide_test.adb compilation failed to produce executable
FAIL: gnat.dg/specs/abstract_private.ads (test for errors, line 12)
FAIL: gnat.dg/specs/access_constant.ads (test for errors, line 10)
FAIL: gnat.dg/specs/access_constant_decl.ads (test for errors, line 9)
XPASS: gnat.dg/specs/addr1.ads (test for bogus messages, line 24)
FAIL: gnat.dg/specs/addr1.ads (test for warnings, line 30)
XPASS: gnat.dg/specs/aggr4_pkg.ads (test for excess errors)
FAIL: gnat.dg/specs/alignment2.ads (test for warnings, line 12)
FAIL: gnat.dg/specs/alignment2.ads (test for warnings, line 18)
FAIL: gnat.dg/specs/alignment2.ads (test for warnings, line 36)
FAIL: gnat.dg/specs/alignment2.ads (test for warnings, line 40)
XPASS: gnat.dg/specs/controlled1_pkg.ads (test for excess errors)
UNRESOLVED: gnat.dg/specs/debug1.ads scan-assembler-times DW_AT_artificial 8
XPASS: gnat.dg/specs/elab2_pkg.ads (test for excess errors)
XPASS: gnat.dg/specs/fe_inlining_helper.ads (test for excess errors)
FAIL: gnat.dg/specs/import_abstract.ads (test for errors, line 5)
FAIL: gnat.dg/specs/integer_value.ads (test for errors, line 4)
FAIL: gnat.dg/specs/linker_section.ads (test for errors, line 6)
FAIL: gnat.dg/specs/linker_section.ads (test for errors, line 10)
XPASS: gnat.dg/specs/loop_optimization1_pkg.ads (test for excess errors)
XPASS: gnat.dg/specs/lto12_pkg.ads (test for excess errors)
XPASS: gnat.dg/specs/lto3_pkg1.ads (test for excess errors)
XPASS: gnat.dg/specs/lto3_pkg2.ads (test for excess errors)
UNRESOLVED: gnat.dg/specs/oconst6.ads scan-assembler-not elabs
FAIL: gnat.dg/specs/oversize.ads (test for errors, line 18)
FAIL: gnat.dg/specs/oversize.ads (test for errors, line 25)
FAIL: gnat.dg/specs/oversize.ads (test for errors, line 33)
FAIL: gnat.dg/specs/oversize.ads (test for errors, line 44)
XPASS: gnat.dg/specs/pack3_pkg.ads (test for excess errors)
FAIL: gnat.dg/specs/renaming1.ads (test for errors, line 11)
FAIL: gnat.dg/specs/renaming1.ads (test for errors, line 15)
XPASS: gnat.dg/specs/renaming2_pkg1.ads (test for excess errors)
XPASS: gnat.dg/specs/renaming2_pkg3.ads (test for excess errors)
XPASS: gnat.dg/specs/renaming2_pkg4.ads (test for excess errors)
XPASS: gnat.dg/specs/size_attribute1_pkg1.ads (test for excess errors)
XPASS: gnat.dg/specs/size_attribute1_pkg2.ads (test for excess errors)
FAIL: gnat.dg/specs/size_clause2.ads (test for errors, line 40)
FAIL: gnat.dg/specs/size_clause3.ads (test for errors, line 17)
FAIL: gnat.dg/specs/size_clause3.ads (test for errors, line 47)
UNRESOLVED: gnat.dg/specs/static_initializer.ads scan-assembler-not elabs
UNRESOLVED: gnat.dg/specs/static_initializer2.ads scan-assembler-not elabs
FAIL: gnat.dg/specs/storage.ads (test for errors, line 6)
FAIL: gnat.dg/specs/tag2.ads (test for errors, line 11)
FAIL: gnat.dg/specs/tag2.ads (test for errors, line 12)
FAIL: gnat.dg/specs/tag2.ads (test for errors, line 13)
FAIL: gnat.dg/specs/variant_part.ads (test for errors, line 4)
XPASS: gnat.dg/specs/varsize_return_pkg1.ads (test for excess errors)
XPASS: gnat.dg/specs/varsize_return_pkg2.ads (test for excess errors)
=== gnat Summary for unix/-mabi=n32 ===
# of expected passes 719
# of unexpected failures 49
# of unexpected successes 18
# of expected failures 2
# of unresolved testcases 342
# of unsupported tests 11
=== gnat Summary ===
# of expected passes 2543
# of unexpected failures 103
# of unexpected successes 39
# of expected failures 21
# of unresolved testcases 684
# of unsupported tests 33
/build/buildd-gcc-snapshot_20121120-1-mips-iB1dV4/gcc-snapshot-20121120/build/gcc/gnatmake version 4.8.0 20121120 (experimental) [trunk revision 193662]
=== go tests ===
Running target unix
FAIL: go.go-torture/execute/array-1.go compilation, -O0
FAIL: go.go-torture/execute/array-1.go compilation, -O1
FAIL: go.go-torture/execute/array-1.go compilation, -O2
FAIL: go.go-torture/execute/array-1.go compilation, -O2 -fomit-frame-pointer -finline-functions
FAIL: go.go-torture/execute/array-1.go compilation, -O2 -fomit-frame-pointer -finline-functions -funroll-loops
FAIL: go.go-torture/execute/array-1.go compilation, -O2 -fbounds-check
FAIL: go.go-torture/execute/array-1.go compilation, -O3 -g
FAIL: go.go-torture/execute/array-1.go compilation, -Os
FAIL: go.go-torture/execute/array-2.go compilation, -O0
FAIL: go.go-torture/execute/array-2.go compilation, -O1
FAIL: go.go-torture/execute/array-2.go compilation, -O2
FAIL: go.go-torture/execute/array-2.go compilation, -O2 -fomit-frame-pointer -finline-functions
FAIL: go.go-torture/execute/array-2.go compilation, -O2 -fomit-frame-pointer -finline-functions -funroll-loops
FAIL: go.go-torture/execute/array-2.go compilation, -O2 -fbounds-check
FAIL: go.go-torture/execute/array-2.go compilation, -O3 -g
FAIL: go.go-torture/execute/array-2.go compilation, -Os
FAIL: go.go-torture/execute/chan-1.go compilation, -O0
FAIL: go.go-torture/execute/chan-1.go compilation, -O1
FAIL: go.go-torture/execute/chan-1.go compilation, -O2
FAIL: go.go-torture/execute/chan-1.go compilation, -O2 -fomit-frame-pointer -finline-functions
FAIL: go.go-torture/execute/chan-1.go compilation, -O2 -fomit-frame-pointer -finline-functions -funroll-loops
FAIL: go.go-torture/execute/chan-1.go compilation, -O2 -fbounds-check
FAIL: go.go-torture/execute/chan-1.go compilation, -O3 -g
FAIL: go.go-torture/execute/chan-1.go compilation, -Os
FAIL: go.go-torture/execute/const-1.go compilation, -O0
FAIL: go.go-torture/execute/const-1.go compilation, -O1
FAIL: go.go-torture/execute/const-1.go compilation, -O2
FAIL: go.go-torture/execute/const-1.go compilation, -O2 -fomit-frame-pointer -finline-functions
FAIL: go.go-torture/execute/const-1.go compilation, -O2 -fomit-frame-pointer -finline-functions -funroll-loops
FAIL: go.go-torture/execute/const-1.go compilation, -O2 -fbounds-check
FAIL: go.go-torture/execute/const-1.go compilation, -O3 -g
FAIL: go.go-torture/execute/const-1.go compilation, -Os
FAIL: go.go-torture/execute/const-2.go compilation, -O0
FAIL: go.go-torture/execute/const-2.go compilation, -O1
FAIL: go.go-torture/execute/const-2.go compilation, -O2
FAIL: go.go-torture/execute/const-2.go compilation, -O2 -fomit-frame-pointer -finline-functions
FAIL: go.go-torture/execute/const-2.go compilation, -O2 -fomit-frame-pointer -finline-functions -funroll-loops
FAIL: go.go-torture/execute/const-2.go compilation, -O2 -fbounds-check
FAIL: go.go-torture/execute/const-2.go compilation, -O3 -g
FAIL: go.go-torture/execute/const-2.go compilation, -Os
FAIL: go.go-torture/execute/expr-1.go compilation, -O0
FAIL: go.go-torture/execute/expr-1.go compilation, -O1
FAIL: go.go-torture/execute/expr-1.go compilation, -O2
FAIL: go.go-torture/execute/expr-1.go compilation, -O2 -fomit-frame-pointer -finline-functions
FAIL: go.go-torture/execute/expr-1.go compilation, -O2 -fomit-frame-pointer -finline-functions -funroll-loops
FAIL: go.go-torture/execute/expr-1.go compilation, -O2 -fbounds-check
FAIL: go.go-torture/execute/expr-1.go compilation, -O3 -g
FAIL: go.go-torture/execute/expr-1.go compilation, -Os
FAIL: go.go-torture/execute/for-1.go compilation, -O0
FAIL: go.go-torture/execute/for-1.go compilation, -O1
FAIL: go.go-torture/execute/for-1.go compilation, -O2
FAIL: go.go-torture/execute/for-1.go compilation, -O2 -fomit-frame-pointer -finline-functions
FAIL: go.go-torture/execute/for-1.go compilation, -O2 -fomit-frame-pointer -finline-functions -funroll-loops
FAIL: go.go-torture/execute/for-1.go compilation, -O2 -fbounds-check
FAIL: go.go-torture/execute/for-1.go compilation, -O3 -g
FAIL: go.go-torture/execute/for-1.go compilation, -Os
FAIL: go.go-torture/execute/for-2.go compilation, -O0
FAIL: go.go-torture/execute/for-2.go compilation, -O1
FAIL: go.go-torture/execute/for-2.go compilation, -O2
FAIL: go.go-torture/execute/for-2.go compilation, -O2 -fomit-frame-pointer -finline-functions
FAIL: go.go-torture/execute/for-2.go compilation, -O2 -fomit-frame-pointer -finline-functions -funroll-loops
FAIL: go.go-torture/execute/for-2.go compilation, -O2 -fbounds-check
FAIL: go.go-torture/execute/for-2.go compilation, -O3 -g
FAIL: go.go-torture/execute/for-2.go compilation, -Os
FAIL: go.go-torture/execute/function-1.go compilation, -O0
FAIL: go.go-torture/execute/function-1.go compilation, -O1
FAIL: go.go-torture/execute/function-1.go compilation, -O2
FAIL: go.go-torture/execute/function-1.go compilation, -O2 -fomit-frame-pointer -finline-functions
FAIL: go.go-torture/execute/function-1.go compilation, -O2 -fomit-frame-pointer -finline-functions -funroll-loops
FAIL: go.go-torture/execute/function-1.go compilation, -O2 -fbounds-check
FAIL: go.go-torture/execute/function-1.go compilation, -O3 -g
FAIL: go.go-torture/execute/function-1.go compilation, -Os
FAIL: go.go-torture/execute/function-2.go compilation, -O0
FAIL: go.go-torture/execute/function-2.go compilation, -O1
FAIL: go.go-torture/execute/function-2.go compilation, -O2
FAIL: go.go-torture/execute/function-2.go compilation, -O2 -fomit-frame-pointer -finline-functions
FAIL: go.go-torture/execute/function-2.go compilation, -O2 -fomit-frame-pointer -finline-functions -funroll-loops
FAIL: go.go-torture/execute/function-2.go compilation, -O2 -fbounds-check
FAIL: go.go-torture/execute/function-2.go compilation, -O3 -g
FAIL: go.go-torture/execute/function-2.go compilation, -Os
FAIL: go.go-torture/execute/go-1.go compilation, -O0
FAIL: go.go-torture/execute/go-1.go compilation, -O1
FAIL: go.go-torture/execute/go-1.go compilation, -O2
FAIL: go.go-torture/execute/go-1.go compilation, -O2 -fomit-frame-pointer -finline-functions
FAIL: go.go-torture/execute/go-1.go compilation, -O2 -fomit-frame-pointer -finline-functions -funroll-loops
FAIL: go.go-torture/execute/go-1.go compilation, -O2 -fbounds-check
FAIL: go.go-torture/execute/go-1.go compilation, -O3 -g
FAIL: go.go-torture/execute/go-1.go compilation, -Os
FAIL: go.go-torture/execute/go-2.go compilation, -O0
FAIL: go.go-torture/execute/go-2.go compilation, -O1
FAIL: go.go-torture/execute/go-2.go compilation, -O2
FAIL: go.go-torture/execute/go-2.go compilation, -O2 -fomit-frame-pointer -finline-functions
FAIL: go.go-torture/execute/go-2.go compilation, -O2 -fomit-frame-pointer -finline-functions -funroll-loops
FAIL: go.go-torture/execute/go-2.go compilation, -O2 -fbounds-check
FAIL: go.go-torture/execute/go-2.go compilation, -O3 -g
FAIL: go.go-torture/execute/go-2.go compilation, -Os
FAIL: go.go-torture/execute/go-3.go compilation, -O0
FAIL: go.go-torture/execute/go-3.go compilation, -O1
FAIL: go.go-torture/execute/go-3.go compilation, -O2
FAIL: go.go-torture/execute/go-3.go compilation, -O2 -fomit-frame-pointer -finline-functions
FAIL: go.go-torture/execute/go-3.go compilation, -O2 -fomit-frame-pointer -finline-functions -funroll-loops
FAIL: go.go-torture/execute/go-3.go compilation, -O2 -fbounds-check
FAIL: go.go-torture/execute/go-3.go compilation, -O3 -g
FAIL: go.go-torture/execute/go-3.go compilation, -Os
FAIL: go.go-torture/execute/goto-1.go compilation, -O0
FAIL: go.go-torture/execute/goto-1.go compilation, -O1
FAIL: go.go-torture/execute/goto-1.go compilation, -O2
FAIL: go.go-torture/execute/goto-1.go compilation, -O2 -fomit-frame-pointer -finline-functions
FAIL: go.go-torture/execute/goto-1.go compilation, -O2 -fomit-frame-pointer -finline-functions -funroll-loops
FAIL: go.go-torture/execute/goto-1.go compilation, -O2 -fbounds-check
FAIL: go.go-torture/execute/goto-1.go compilation, -O3 -g
FAIL: go.go-torture/execute/goto-1.go compilation, -Os
FAIL: go.go-torture/execute/map-1.go compilation, -O0
FAIL: go.go-torture/execute/map-1.go compilation, -O1
FAIL: go.go-torture/execute/map-1.go compilation, -O2
FAIL: go.go-torture/execute/map-1.go compilation, -O2 -fomit-frame-pointer -finline-functions
FAIL: go.go-torture/execute/map-1.go compilation, -O2 -fomit-frame-pointer -finline-functions -funroll-loops
FAIL: go.go-torture/execute/map-1.go compilation, -O2 -fbounds-check
FAIL: go.go-torture/execute/map-1.go compilation, -O3 -g
FAIL: go.go-torture/execute/map-1.go compilation, -Os
FAIL: go.go-torture/execute/method-1.go compilation, -O0
FAIL: go.go-torture/execute/method-1.go compilation, -O1
FAIL: go.go-torture/execute/method-1.go compilation, -O2
FAIL: go.go-torture/execute/method-1.go compilation, -O2 -fomit-frame-pointer -finline-functions
FAIL: go.go-torture/execute/method-1.go compilation, -O2 -fomit-frame-pointer -finline-functions -funroll-loops
FAIL: go.go-torture/execute/method-1.go compilation, -O2 -fbounds-check
FAIL: go.go-torture/execute/method-1.go compilation, -O3 -g
FAIL: go.go-torture/execute/method-1.go compilation, -Os
FAIL: go.go-torture/execute/nested-1.go compilation, -O0
FAIL: go.go-torture/execute/nested-1.go compilation, -O1
FAIL: go.go-torture/execute/nested-1.go compilation, -O2
FAIL: go.go-torture/execute/nested-1.go compilation, -O2 -fomit-frame-pointer -finline-functions
FAIL: go.go-torture/execute/nested-1.go compilation, -O2 -fomit-frame-pointer -finline-functions -funroll-loops
FAIL: go.go-torture/execute/nested-1.go compilation, -O2 -fbounds-check
FAIL: go.go-torture/execute/nested-1.go compilation, -O3 -g
FAIL: go.go-torture/execute/nested-1.go compilation, -Os
FAIL: go.go-torture/execute/pointer-1.go compilation, -O0
FAIL: go.go-torture/execute/pointer-1.go compilation, -O1
FAIL: go.go-torture/execute/pointer-1.go compilation, -O2
FAIL: go.go-torture/execute/pointer-1.go compilation, -O2 -fomit-frame-pointer -finline-functions
FAIL: go.go-torture/execute/pointer-1.go compilation, -O2 -fomit-frame-pointer -finline-functions -funroll-loops
FAIL: go.go-torture/execute/pointer-1.go compilation, -O2 -fbounds-check
FAIL: go.go-torture/execute/pointer-1.go compilation, -O3 -g
FAIL: go.go-torture/execute/pointer-1.go compilation, -Os
FAIL: go.go-torture/execute/return-1.go compilation, -O0
FAIL: go.go-torture/execute/return-1.go compilation, -O1
FAIL: go.go-torture/execute/return-1.go compilation, -O2
FAIL: go.go-torture/execute/return-1.go compilation, -O2 -fomit-frame-pointer -finline-functions
FAIL: go.go-torture/execute/return-1.go compilation, -O2 -fomit-frame-pointer -finline-functions -funroll-loops
FAIL: go.go-torture/execute/return-1.go compilation, -O2 -fbounds-check
FAIL: go.go-torture/execute/return-1.go compilation, -O3 -g
FAIL: go.go-torture/execute/return-1.go compilation, -Os
FAIL: go.go-torture/execute/return-2.go compilation, -O0
FAIL: go.go-torture/execute/return-2.go compilation, -O1
FAIL: go.go-torture/execute/return-2.go compilation, -O2
FAIL: go.go-torture/execute/return-2.go compilation, -O2 -fomit-frame-pointer -finline-functions
FAIL: go.go-torture/execute/return-2.go compilation, -O2 -fomit-frame-pointer -finline-functions -funroll-loops
FAIL: go.go-torture/execute/return-2.go compilation, -O2 -fbounds-check
FAIL: go.go-torture/execute/return-2.go compilation, -O3 -g
FAIL: go.go-torture/execute/return-2.go compilation, -Os
FAIL: go.go-torture/execute/return-3.go compilation, -O0
FAIL: go.go-torture/execute/return-3.go compilation, -O1
FAIL: go.go-torture/execute/return-3.go compilation, -O2
FAIL: go.go-torture/execute/return-3.go compilation, -O2 -fomit-frame-pointer -finline-functions
FAIL: go.go-torture/execute/return-3.go compilation, -O2 -fomit-frame-pointer -finline-functions -funroll-loops
FAIL: go.go-torture/execute/return-3.go compilation, -O2 -fbounds-check
FAIL: go.go-torture/execute/return-3.go compilation, -O3 -g
FAIL: go.go-torture/execute/return-3.go compilation, -Os
FAIL: go.go-torture/execute/select-1.go compilation, -O0
FAIL: go.go-torture/execute/select-1.go compilation, -O1
FAIL: go.go-torture/execute/select-1.go compilation, -O2
FAIL: go.go-torture/execute/select-1.go compilation, -O2 -fomit-frame-pointer -finline-functions
FAIL: go.go-torture/execute/select-1.go compilation, -O2 -fomit-frame-pointer -finline-functions -funroll-loops
FAIL: go.go-torture/execute/select-1.go compilation, -O2 -fbounds-check
FAIL: go.go-torture/execute/select-1.go compilation, -O3 -g
FAIL: go.go-torture/execute/select-1.go compilation, -Os
FAIL: go.go-torture/execute/string-1.go compilation, -O0
FAIL: go.go-torture/execute/string-1.go compilation, -O1
FAIL: go.go-torture/execute/string-1.go compilation, -O2
FAIL: go.go-torture/execute/string-1.go compilation, -O2 -fomit-frame-pointer -finline-functions
FAIL: go.go-torture/execute/string-1.go compilation, -O2 -fomit-frame-pointer -finline-functions -funroll-loops
FAIL: go.go-torture/execute/string-1.go compilation, -O2 -fbounds-check
FAIL: go.go-torture/execute/string-1.go compilation, -O3 -g
FAIL: go.go-torture/execute/string-1.go compilation, -Os
FAIL: go.go-torture/execute/string-2.go compilation, -O0
FAIL: go.go-torture/execute/string-2.go compilation, -O1
FAIL: go.go-torture/execute/string-2.go compilation, -O2
FAIL: go.go-torture/execute/string-2.go compilation, -O2 -fomit-frame-pointer -finline-functions
FAIL: go.go-torture/execute/string-2.go compilation, -O2 -fomit-frame-pointer -finline-functions -funroll-loops
FAIL: go.go-torture/execute/string-2.go compilation, -O2 -fbounds-check
FAIL: go.go-torture/execute/string-2.go compilation, -O3 -g
FAIL: go.go-torture/execute/string-2.go compilation, -Os
FAIL: go.go-torture/execute/struct-1.go compilation, -O0
FAIL: go.go-torture/execute/struct-1.go compilation, -O1
FAIL: go.go-torture/execute/struct-1.go compilation, -O2
FAIL: go.go-torture/execute/struct-1.go compilation, -O2 -fomit-frame-pointer -finline-functions
FAIL: go.go-torture/execute/struct-1.go compilation, -O2 -fomit-frame-pointer -finline-functions -funroll-loops
FAIL: go.go-torture/execute/struct-1.go compilation, -O2 -fbounds-check
FAIL: go.go-torture/execute/struct-1.go compilation, -O3 -g
FAIL: go.go-torture/execute/struct-1.go compilation, -Os
FAIL: go.go-torture/execute/struct-2.go compilation, -O0
FAIL: go.go-torture/execute/struct-2.go compilation, -O1
FAIL: go.go-torture/execute/struct-2.go compilation, -O2
FAIL: go.go-torture/execute/struct-2.go compilation, -O2 -fomit-frame-pointer -finline-functions
FAIL: go.go-torture/execute/struct-2.go compilation, -O2 -fomit-frame-pointer -finline-functions -funroll-loops
FAIL: go.go-torture/execute/struct-2.go compilation, -O2 -fbounds-check
FAIL: go.go-torture/execute/struct-2.go compilation, -O3 -g
FAIL: go.go-torture/execute/struct-2.go compilation, -Os
FAIL: go.go-torture/execute/switch-1.go compilation, -O0
FAIL: go.go-torture/execute/switch-1.go compilation, -O1
FAIL: go.go-torture/execute/switch-1.go compilation, -O2
FAIL: go.go-torture/execute/switch-1.go compilation, -O2 -fomit-frame-pointer -finline-functions
FAIL: go.go-torture/execute/switch-1.go compilation, -O2 -fomit-frame-pointer -finline-functions -funroll-loops
FAIL: go.go-torture/execute/switch-1.go compilation, -O2 -fbounds-check
FAIL: go.go-torture/execute/switch-1.go compilation, -O3 -g
FAIL: go.go-torture/execute/switch-1.go compilation, -Os
FAIL: go.go-torture/execute/var-1.go compilation, -O0
FAIL: go.go-torture/execute/var-1.go compilation, -O1
FAIL: go.go-torture/execute/var-1.go compilation, -O2
FAIL: go.go-torture/execute/var-1.go compilation, -O2 -fomit-frame-pointer -finline-functions
FAIL: go.go-torture/execute/var-1.go compilation, -O2 -fomit-frame-pointer -finline-functions -funroll-loops
FAIL: go.go-torture/execute/var-1.go compilation, -O2 -fbounds-check
FAIL: go.go-torture/execute/var-1.go compilation, -O3 -g
FAIL: go.go-torture/execute/var-1.go compilation, -Os
FAIL: go.go-torture/execute/var-2.go compilation, -O0
FAIL: go.go-torture/execute/var-2.go compilation, -O1
FAIL: go.go-torture/execute/var-2.go compilation, -O2
FAIL: go.go-torture/execute/var-2.go compilation, -O2 -fomit-frame-pointer -finline-functions
FAIL: go.go-torture/execute/var-2.go compilation, -O2 -fomit-frame-pointer -finline-functions -funroll-loops
FAIL: go.go-torture/execute/var-2.go compilation, -O2 -fbounds-check
FAIL: go.go-torture/execute/var-2.go compilation, -O3 -g
FAIL: go.go-torture/execute/var-2.go compilation, -Os
FAIL: go.go-torture/execute/var-3.go compilation, -O0
FAIL: go.go-torture/execute/var-3.go compilation, -O1
FAIL: go.go-torture/execute/var-3.go compilation, -O2
FAIL: go.go-torture/execute/var-3.go compilation, -O2 -fomit-frame-pointer -finline-functions
FAIL: go.go-torture/execute/var-3.go compilation, -O2 -fomit-frame-pointer -finline-functions -funroll-loops
FAIL: go.go-torture/execute/var-3.go compilation, -O2 -fbounds-check
FAIL: go.go-torture/execute/var-3.go compilation, -O3 -g
FAIL: go.go-torture/execute/var-3.go compilation, -Os
ERROR: ./bug160.exe does not exist in unix_load.
ERROR: ./bug324.exe does not exist in unix_load.
ERROR: ./bug414.exe does not exist in unix_load.
ERROR: ./bug424.exe does not exist in unix_load.
ERROR: ./bug437.exe does not exist in unix_load.
ERROR: ./method4.exe does not exist in unix_load.
FAIL: bug429.go -O2 -g (test for excess errors)
UNRESOLVED: bug429.go -O2 -g compilation failed to produce executable
FAIL: go.test/test/235.go compilation, -O2 -g
FAIL: go.test/test/64bit.go -O (test for excess errors)
FAIL: go.test/test/64bit.go execution
FAIL: go.test/test/alias1.go compilation, -O2 -g
FAIL: go.test/test/append.go compilation, -O2 -g
FAIL: go.test/test/args.go compilation, -O2 -g
FAIL: go.test/test/bigalg.go compilation, -O2 -g
FAIL: go.test/test/bigmap.go compilation, -O2 -g
FAIL: go.test/test/blank.go compilation, -O2 -g
FAIL: go.test/test/bom.go -O (test for excess errors)
FAIL: go.test/test/bom.go execution
FAIL: go.test/test/chan/doubleselect.go compilation, -O2 -g
FAIL: go.test/test/chan/fifo.go compilation, -O2 -g
FAIL: go.test/test/chan/goroutines.go compilation, -O2 -g
FAIL: go.test/test/chan/nonblock.go compilation, -O2 -g
FAIL: go.test/test/chan/powser1.go compilation, -O2 -g
FAIL: go.test/test/chan/powser2.go compilation, -O2 -g
FAIL: go.test/test/chan/select.go compilation, -O2 -g
FAIL: go.test/test/chan/select3.go compilation, -O2 -g
FAIL: go.test/test/chan/select4.go compilation, -O2 -g
FAIL: go.test/test/chan/select5.go -O (test for excess errors)
FAIL: go.test/test/chan/select5.go execution
FAIL: go.test/test/chan/select6.go compilation, -O2 -g
FAIL: go.test/test/chan/select7.go compilation, -O2 -g
FAIL: go.test/test/chan/sendstmt.go compilation, -O2 -g
FAIL: go.test/test/chan/sieve1.go compilation, -O2 -g
FAIL: go.test/test/chan/sieve2.go compilation, -O2 -g
FAIL: go.test/test/chan/zerosize.go compilation, -O2 -g
FAIL: go.test/test/chancap.go compilation, -O2 -g
FAIL: go.test/test/char_lit.go compilation, -O2 -g
FAIL: go.test/test/closedchan.go compilation, -O2 -g
FAIL: go.test/test/cmp.go compilation, -O2 -g
FAIL: go.test/test/cmplxdivide.go
FAIL: go.test/test/complit.go compilation, -O2 -g
FAIL: go.test/test/compos.go compilation, -O2 -g
FAIL: go.test/test/const.go compilation, -O2 -g
FAIL: go.test/test/const3.go compilation, -O2 -g
FAIL: go.test/test/const4.go compilation, -O2 -g
FAIL: go.test/test/convT2X.go compilation, -O2 -g
FAIL: go.test/test/convert.go compilation, -O2 -g
FAIL: go.test/test/copy.go compilation, -O2 -g
FAIL: go.test/test/crlf.go -O (test for excess errors)
FAIL: go.test/test/crlf.go execution
FAIL: go.test/test/ddd.go compilation, -O2 -g
FAIL: go.test/test/ddd3.go
FAIL: go.test/test/decl.go compilation, -O2 -g
FAIL: go.test/test/defer.go compilation, -O2 -g
FAIL: go.test/test/deferprint.go -O (test for excess errors)
FAIL: go.test/test/deferprint.go execution
FAIL: go.test/test/divide.go compilation, -O2 -g
FAIL: go.test/test/dwarf/linedirectives.go compilation, -O2 -g
FAIL: go.test/test/dwarf/main.go compilation, -O2 -g
FAIL: go.test/test/env.go compilation, -O2 -g
FAIL: go.test/test/escape.go compilation, -O2 -g
FAIL: go.test/test/escape3.go compilation, -O2 -g
FAIL: go.test/test/fixedbugs/bug000.go compilation, -O2 -g
FAIL: go.test/test/fixedbugs/bug002.go compilation, -O2 -g
FAIL: go.test/test/fixedbugs/bug003.go compilation, -O2 -g
FAIL: go.test/test/fixedbugs/bug004.go compilation, -O2 -g
FAIL: go.test/test/fixedbugs/bug005.go compilation, -O2 -g
FAIL: go.test/test/fixedbugs/bug006.go compilation, -O2 -g
FAIL: go.test/test/fixedbugs/bug007.go compilation, -O2 -g
FAIL: go.test/test/fixedbugs/bug008.go compilation, -O2 -g
FAIL: go.test/test/fixedbugs/bug009.go compilation, -O2 -g
FAIL: go.test/test/fixedbugs/bug010.go compilation, -O2 -g
FAIL: go.test/test/fixedbugs/bug011.go compilation, -O2 -g
FAIL: go.test/test/fixedbugs/bug012.go compilation, -O2 -g
FAIL: go.test/test/fixedbugs/bug013.go compilation, -O2 -g
FAIL: go.test/test/fixedbugs/bug017.go compilation, -O2 -g
FAIL: go.test/test/fixedbugs/bug021.go compilation, -O2 -g
FAIL: go.test/test/fixedbugs/bug023.go compilation, -O2 -g
FAIL: go.test/test/fixedbugs/bug024.go compilation, -O2 -g
FAIL: go.test/test/fixedbugs/bug026.go compilation, -O2 -g
FAIL: go.test/test/fixedbugs/bug027.go compilation, -O2 -g
FAIL: go.test/test/fixedbugs/bug028.go compilation, -O2 -g
FAIL: go.test/test/fixedbugs/bug031.go compilation, -O2 -g
FAIL: go.test/test/fixedbugs/bug045.go compilation, -O2 -g
FAIL: go.test/test/fixedbugs/bug047.go compilation, -O2 -g
FAIL: go.test/test/fixedbugs/bug048.go compilation, -O2 -g
FAIL: go.test/test/fixedbugs/bug052.go compilation, -O2 -g
FAIL: go.test/test/fixedbugs/bug053.go compilation, -O2 -g
FAIL: go.test/test/fixedbugs/bug054.go compilation, -O2 -g
FAIL: go.test/test/fixedbugs/bug055.go compilation, -O2 -g
FAIL: go.test/test/fixedbugs/bug056.go compilation, -O2 -g
FAIL: go.test/test/fixedbugs/bug058.go compilation, -O2 -g
FAIL: go.test/test/fixedbugs/bug059.go compilation, -O2 -g
FAIL: go.test/test/fixedbugs/bug060.go compilation, -O2 -g
FAIL: go.test/test/fixedbugs/bug061.go compilation, -O2 -g
FAIL: go.test/test/fixedbugs/bug065.go compilation, -O2 -g
FAIL: go.test/test/fixedbugs/bug067.go compilation, -O2 -g
FAIL: go.test/test/fixedbugs/bug070.go compilation, -O2 -g
FAIL: go.test/test/fixedbugs/bug075.go compilation, -O2 -g
FAIL: go.test/test/fixedbugs/bug076.go -O (test for excess errors)
FAIL: go.test/test/fixedbugs/bug078.go compilation, -O2 -g
FAIL: go.test/test/fixedbugs/bug082.go compilation, -O2 -g
FAIL: go.test/test/fixedbugs/bug084.go compilation, -O2 -g
FAIL: go.test/test/fixedbugs/bug092.go compilation, -O2 -g
FAIL: go.test/test/fixedbugs/bug093.go compilation, -O2 -g
FAIL: go.test/test/fixedbugs/bug097.go compilation, -O2 -g
FAIL: go.test/test/fixedbugs/bug099.go compilation, -O2 -g
FAIL: go.test/test/fixedbugs/bug101.go compilation, -O2 -g
FAIL: go.test/test/fixedbugs/bug102.go compilation, -O2 -g
FAIL: go.test/test/fixedbugs/bug110.go -O (test for excess errors)
FAIL: go.test/test/fixedbugs/bug111.go compilation, -O2 -g
FAIL: go.test/test/fixedbugs/bug113.go compilation, -O2 -g
FAIL: go.test/test/fixedbugs/bug114.go compilation, -O2 -g
FAIL: go.test/test/fixedbugs/bug116.go compilation, -O2 -g
FAIL: go.test/test/fixedbugs/bug119.go compilation, -O2 -g
FAIL: go.test/test/fixedbugs/bug120.go compilation, -O2 -g
FAIL: go.test/test/fixedbugs/bug128.go compilation, -O2 -g
FAIL: go.test/test/fixedbugs/bug130.go compilation, -O2 -g
FAIL: go.test/test/fixedbugs/bug141.go compilation, -O2 -g
FAIL: go.test/test/fixedbugs/bug142.go compilation, -O2 -g
FAIL: go.test/test/fixedbugs/bug147.go compilation, -O2 -g
FAIL: go.test/test/fixedbugs/bug148.go compilation, -O2 -g
FAIL: go.test/test/fixedbugs/bug1515.go compilation, -O2 -g
FAIL: go.test/test/fixedbugs/bug152.go compilation, -O2 -g
FAIL: go.test/test/fixedbugs/bug154.go compilation, -O2 -g
FAIL: go.test/test/fixedbugs/bug155.go -O (test for excess errors)
FAIL: go.test/test/fixedbugs/bug159.go compilation, -O2 -g
UNRESOLVED: go.test/test/fixedbugs/bug160.go
FAIL: go.test/test/fixedbugs/bug167.go -O (test for excess errors)
FAIL: go.test/test/fixedbugs/bug168.go compilation, -O2 -g
FAIL: go.test/test/fixedbugs/bug177.go compilation, -O2 -g
FAIL: go.test/test/fixedbugs/bug178.go compilation, -O2 -g
FAIL: go.test/test/fixedbugs/bug180.go compilation, -O2 -g
FAIL: go.test/test/fixedbugs/bug184.go compilation, -O2 -g
FAIL: go.test/test/fixedbugs/bug185.go compilation, -O2 -g
FAIL: go.test/test/fixedbugs/bug187.go compilation, -O2 -g
FAIL: go.test/test/fixedbugs/bug191.go
FAIL: go.test/test/fixedbugs/bug194.go compilation, -O2 -g
FAIL: go.test/test/fixedbugs/bug196.go compilation, -O2 -g
FAIL: go.test/test/fixedbugs/bug199.go compilation, -O2 -g
FAIL: go.test/test/fixedbugs/bug201.go compilation, -O2 -g
FAIL: go.test/test/fixedbugs/bug202.go compilation, -O2 -g
FAIL: go.test/test/fixedbugs/bug203.go compilation, -O2 -g
FAIL: go.test/test/fixedbugs/bug204.go compilation, -O2 -g
FAIL: go.test/test/fixedbugs/bug206.go -O (test for excess errors)
FAIL: go.test/test/fixedbugs/bug206.go execution
FAIL: go.test/test/fixedbugs/bug207.go compilation, -O2 -g
FAIL: go.test/test/fixedbugs/bug221.go compilation, -O2 -g
FAIL: go.test/test/fixedbugs/bug225.go compilation, -O2 -g
FAIL: go.test/test/fixedbugs/bug227.go compilation, -O2 -g
FAIL: go.test/test/fixedbugs/bug230.go compilation, -O2 -g
FAIL: go.test/test/fixedbugs/bug234.go compilation, -O2 -g
FAIL: go.test/test/fixedbugs/bug236.go compilation, -O2 -g
FAIL: go.test/test/fixedbugs/bug237.go compilation, -O2 -g
FAIL: go.test/test/fixedbugs/bug242.go compilation, -O2 -g
FAIL: go.test/test/fixedbugs/bug243.go compilation, -O2 -g
FAIL: go.test/test/fixedbugs/bug244.go compilation, -O2 -g
FAIL: go.test/test/fixedbugs/bug246.go compilation, -O2 -g
FAIL: go.test/test/fixedbugs/bug247.go compilation, -O2 -g
FAIL: go.test/test/fixedbugs/bug248.go
FAIL: go.test/test/fixedbugs/bug253.go compilation, -O2 -g
FAIL: go.test/test/fixedbugs/bug254.go compilation, -O2 -g
FAIL: go.test/test/fixedbugs/bug257.go compilation, -O2 -g
FAIL: go.test/test/fixedbugs/bug258.go compilation, -O2 -g
FAIL: go.test/test/fixedbugs/bug259.go compilation, -O2 -g
FAIL: go.test/test/fixedbugs/bug260.go compilation, -O2 -g
FAIL: go.test/test/fixedbugs/bug261.go compilation, -O2 -g
FAIL: go.test/test/fixedbugs/bug262.go compilation, -O2 -g
FAIL: go.test/test/fixedbugs/bug263.go compilation, -O2 -g
FAIL: go.test/test/fixedbugs/bug264.go compilation, -O2 -g
FAIL: go.test/test/fixedbugs/bug265.go compilation, -O2 -g
FAIL: go.test/test/fixedbugs/bug266.go compilation, -O2 -g
FAIL: go.test/test/fixedbugs/bug269.go compilation, -O2 -g
FAIL: go.test/test/fixedbugs/bug271.go compilation, -O2 -g
FAIL: go.test/test/fixedbugs/bug272.go compilation, -O2 -g
FAIL: go.test/test/fixedbugs/bug273.go compilation, -O2 -g
FAIL: go.test/test/fixedbugs/bug276.go compilation, -O2 -g
FAIL: go.test/test/fixedbugs/bug279.go compilation, -O2 -g
FAIL: go.test/test/fixedbugs/bug281.go compilation, -O2 -g
FAIL: go.test/test/fixedbugs/bug285.go compilation, -O2 -g
FAIL: go.test/test/fixedbugs/bug286.go compilation, -O2 -g
FAIL: go.test/test/fixedbugs/bug290.go compilation, -O2 -g
FAIL: go.test/test/fixedbugs/bug291.go compilation, -O2 -g
FAIL: go.test/test/fixedbugs/bug292.go compilation, -O2 -g
FAIL: go.test/test/fixedbugs/bug293.go compilation, -O2 -g
FAIL: go.test/test/fixedbugs/bug294.go compilation, -O2 -g
FAIL: go.test/test/fixedbugs/bug295.go compilation, -O2 -g
FAIL: go.test/test/fixedbugs/bug296.go compilation, -O2 -g
FAIL: go.test/test/fixedbugs/bug303.go compilation, -O2 -g
FAIL: go.test/test/fixedbugs/bug311.go compilation, -O2 -g
FAIL: go.test/test/fixedbugs/bug312.go compilation, -O2 -g
FAIL: go.test/test/fixedbugs/bug314.go compilation, -O2 -g
FAIL: go.test/test/fixedbugs/bug317.go compilation, -O2 -g
FAIL: go.test/test/fixedbugs/bug320.go compilation, -O2 -g
FAIL: go.test/test/fixedbugs/bug321.go compilation, -O2 -g
FAIL: go.test/test/fixedbugs/bug322.go
UNRESOLVED: go.test/test/fixedbugs/bug324.go
FAIL: go.test/test/fixedbugs/bug327.go compilation, -O2 -g
FAIL: go.test/test/fixedbugs/bug328.go -O (test for excess errors)
FAIL: go.test/test/fixedbugs/bug328.go execution
FAIL: go.test/test/fixedbugs/bug329.go compilation, -O2 -g
FAIL: go.test/test/fixedbugs/bug331.go compilation, -O2 -g
FAIL: go.test/test/fixedbugs/bug333.go compilation, -O2 -g
FAIL: go.test/test/fixedbugs/bug336.go compilation, -O2 -g
FAIL: go.test/test/fixedbugs/bug339.go compilation, -O2 -g
FAIL: go.test/test/fixedbugs/bug341.go compilation, -O2 -g
FAIL: go.test/test/fixedbugs/bug343.go compilation, -O2 -g
FAIL: go.test/test/fixedbugs/bug346.go compilation, -O2 -g
FAIL: go.test/test/fixedbugs/bug347.go compilation, -O0 -g
FAIL: go.test/test/fixedbugs/bug348.go compilation, -O0 -g
FAIL: go.test/test/fixedbugs/bug352.go compilation, -O2 -g
FAIL: go.test/test/fixedbugs/bug355.go compilation, -O2 -g
FAIL: go.test/test/fixedbugs/bug356.go compilation, -O2 -g
FAIL: go.test/test/fixedbugs/bug364.go compilation, -O2 -g
FAIL: go.test/test/fixedbugs/bug366.go compilation, -O2 -g
FAIL: go.test/test/fixedbugs/bug367.go
FAIL: go.test/test/fixedbugs/bug368.go compilation, -O2 -g
FAIL: go.test/test/fixedbugs/bug369.go
FAIL: go.test/test/fixedbugs/bug370.go compilation, -O2 -g
FAIL: go.test/test/fixedbugs/bug372.go compilation, -O2 -g
FAIL: go.test/test/fixedbugs/bug375.go compilation, -O2 -g
FAIL: go.test/test/fixedbugs/bug378.go compilation, -O2 -g
FAIL: go.test/test/fixedbugs/bug401.go compilation, -O2 -g
FAIL: go.test/test/fixedbugs/bug402.go compilation, -O2 -g
FAIL: go.test/test/fixedbugs/bug405.go compilation, -O2 -g
FAIL: go.test/test/fixedbugs/bug406.go compilation, -O2 -g
FAIL: go.test/test/fixedbugs/bug409.go -O (test for excess errors)
FAIL: go.test/test/fixedbugs/bug409.go execution
UNRESOLVED: go.test/test/fixedbugs/bug414.go
FAIL: go.test/test/fixedbugs/bug423.go compilation, -O2 -g
UNRESOLVED: go.test/test/fixedbugs/bug424.go
FAIL: go.test/test/fixedbugs/bug428.go compilation, -O2 -g
FAIL: go.test/test/fixedbugs/bug433.go compilation, -O2 -g
FAIL: go.test/test/fixedbugs/bug434.go compilation, -O2 -g
FAIL: go.test/test/fixedbugs/bug436.go compilation, -O2 -g
UNRESOLVED: go.test/test/fixedbugs/bug437.go
FAIL: go.test/test/fixedbugs/bug440_32.go compilation, -O2 -g
FAIL: go.test/test/fixedbugs/bug440_64.go compilation, -O2 -g
FAIL: go.test/test/fixedbugs/bug441.go compilation, -O2 -g
FAIL: go.test/test/fixedbugs/bug442.go compilation, -O2 -g
FAIL: go.test/test/fixedbugs/bug444.go compilation, -O2 -g
FAIL: go.test/test/fixedbugs/bug446.go compilation, -O2 -g
FAIL: go.test/test/fixedbugs/bug447.go -O (test for excess errors)
FAIL: go.test/test/fixedbugs/bug447.go execution
FAIL: go.test/test/fixedbugs/bug449.go -O (test for excess errors)
FAIL: go.test/test/fixedbugs/bug449.go execution
FAIL: go.test/test/fixedbugs/bug450.go compilation, -O2 -g
FAIL: go.test/test/fixedbugs/bug452.go compilation, -O2 -g
FAIL: go.test/test/float_lit.go compilation, -O2 -g
FAIL: go.test/test/floatcmp.go compilation, -O2 -g
FAIL: go.test/test/for.go compilation, -O2 -g
FAIL: go.test/test/func.go compilation, -O2 -g
FAIL: go.test/test/func5.go compilation, -O2 -g
FAIL: go.test/test/func6.go compilation, -O2 -g
FAIL: go.test/test/func7.go compilation, -O2 -g
FAIL: go.test/test/func8.go compilation, -O2 -g
FAIL: go.test/test/gc.go compilation, -O2 -g
FAIL: go.test/test/gc1.go compilation, -O2 -g
FAIL: go.test/test/gc2.go compilation, -O2 -g
FAIL: go.test/test/goprint.go -O (test for excess errors)
FAIL: go.test/test/goprint.go execution
FAIL: go.test/test/helloworld.go -O (test for excess errors)
FAIL: go.test/test/helloworld.go execution
FAIL: go.test/test/if.go compilation, -O2 -g
FAIL: go.test/test/index0.go -O (test for excess errors)
FAIL: go.test/test/index0.go execution
FAIL: go.test/test/index1.go -O (test for excess errors)
FAIL: go.test/test/index1.go execution
FAIL: go.test/test/index2.go -O (test for excess errors)
FAIL: go.test/test/index2.go execution
FAIL: go.test/test/indirect.go compilation, -O2 -g
FAIL: go.test/test/initcomma.go compilation, -O2 -g
FAIL: go.test/test/initialize.go compilation, -O2 -g
FAIL: go.test/test/int_lit.go compilation, -O2 -g
FAIL: go.test/test/intcvt.go compilation, -O2 -g
FAIL: go.test/test/interface/bigdata.go compilation, -O2 -g
FAIL: go.test/test/interface/convert.go compilation, -O2 -g
FAIL: go.test/test/interface/convert1.go compilation, -O2 -g
FAIL: go.test/test/interface/convert2.go compilation, -O2 -g
FAIL: go.test/test/interface/embed.go compilation, -O2 -g
FAIL: go.test/test/interface/embed1.go
FAIL: go.test/test/interface/fail.go compilation, -O2 -g
FAIL: go.test/test/interface/fake.go compilation, -O2 -g
FAIL: go.test/test/interface/noeq.go compilation, -O2 -g
FAIL: go.test/test/interface/receiver.go compilation, -O2 -g
FAIL: go.test/test/interface/returntype.go compilation, -O2 -g
FAIL: go.test/test/interface/struct.go compilation, -O2 -g
FAIL: go.test/test/iota.go compilation, -O2 -g
FAIL: go.test/test/ken/array.go compilation, -O2 -g
FAIL: go.test/test/ken/chan.go compilation, -O2 -g
FAIL: go.test/test/ken/chan1.go compilation, -O2 -g
FAIL: go.test/test/ken/complit.go compilation, -O2 -g
FAIL: go.test/test/ken/convert.go compilation, -O2 -g
FAIL: go.test/test/ken/cplx0.go -O (test for excess errors)
FAIL: go.test/test/ken/cplx0.go execution
FAIL: go.test/test/ken/cplx1.go compilation, -O2 -g
FAIL: go.test/test/ken/cplx2.go compilation, -O2 -g
FAIL: go.test/test/ken/cplx3.go compilation, -O2 -g
FAIL: go.test/test/ken/cplx4.go compilation, -O2 -g
FAIL: go.test/test/ken/cplx5.go compilation, -O2 -g
FAIL: go.test/test/ken/divconst.go compilation, -O2 -g
FAIL: go.test/test/ken/divmod.go compilation, -O2 -g
FAIL: go.test/test/ken/embed.go compilation, -O2 -g
FAIL: go.test/test/ken/for.go compilation, -O2 -g
FAIL: go.test/test/ken/interbasic.go compilation, -O2 -g
FAIL: go.test/test/ken/interfun.go compilation, -O2 -g
FAIL: go.test/test/ken/intervar.go compilation, -O2 -g
FAIL: go.test/test/ken/label.go compilation, -O2 -g
FAIL: go.test/test/ken/litfun.go compilation, -O2 -g
FAIL: go.test/test/ken/mfunc.go compilation, -O2 -g
FAIL: go.test/test/ken/modconst.go compilation, -O2 -g
FAIL: go.test/test/ken/ptrfun.go compilation, -O2 -g
FAIL: go.test/test/ken/ptrvar.go compilation, -O2 -g
FAIL: go.test/test/ken/range.go compilation, -O2 -g
FAIL: go.test/test/ken/rob1.go compilation, -O2 -g
FAIL: go.test/test/ken/rob2.go compilation, -O2 -g
FAIL: go.test/test/ken/robfor.go compilation, -O2 -g
FAIL: go.test/test/ken/robfunc.go compilation, -O2 -g
FAIL: go.test/test/ken/shift.go compilation, -O2 -g
FAIL: go.test/test/ken/simparray.go compilation, -O2 -g
FAIL: go.test/test/ken/simpbool.go compilation, -O2 -g
FAIL: go.test/test/ken/simpconv.go compilation, -O2 -g
FAIL: go.test/test/ken/simpfun.go compilation, -O2 -g
FAIL: go.test/test/ken/simpswitch.go compilation, -O2 -g
FAIL: go.test/test/ken/simpvar.go compilation, -O2 -g
FAIL: go.test/test/ken/slicearray.go compilation, -O2 -g
FAIL: go.test/test/ken/sliceslice.go compilation, -O2 -g
FAIL: go.test/test/ken/string.go -O (test for excess errors)
FAIL: go.test/test/ken/string.go execution
FAIL: go.test/test/ken/strvar.go compilation, -O2 -g
FAIL: go.test/test/literal.go compilation, -O2 -g
FAIL: go.test/test/mallocfin.go compilation, -O2 -g
FAIL: go.test/test/map.go compilation, -O2 -g
FAIL: go.test/test/method.go compilation, -O2 -g
FAIL: go.test/test/method3.go compilation, -O2 -g
UNRESOLVED: go.test/test/method4.go
FAIL: go.test/test/named.go compilation, -O2 -g
FAIL: go.test/test/nil.go compilation, -O2 -g
FAIL: go.test/test/nilptr.go compilation, -O2 -g
FAIL: go.test/test/nul1.go -O (test for excess errors)
FAIL: go.test/test/nul1.go execution
FAIL: go.test/test/peano.go compilation, -O2 -g
FAIL: go.test/test/printbig.go -O (test for excess errors)
FAIL: go.test/test/printbig.go execution
FAIL: go.test/test/range.go compilation, -O2 -g
FAIL: go.test/test/recover.go compilation, -O2 -g
FAIL: go.test/test/recover1.go compilation, -O2 -g
FAIL: go.test/test/recover2.go compilation, -O2 -g
FAIL: go.test/test/recover3.go compilation, -O2 -g
FAIL: go.test/test/rename.go compilation, -O2 -g
FAIL: go.test/test/reorder.go compilation, -O2 -g
FAIL: go.test/test/reorder2.go compilation, -O2 -g
FAIL: go.test/test/sieve.go -O (test for excess errors)
FAIL: go.test/test/sigchld.go -O (test for excess errors)
FAIL: go.test/test/sigchld.go execution
FAIL: go.test/test/simassign.go compilation, -O2 -g
FAIL: go.test/test/solitaire.go -O (test for excess errors)
FAIL: go.test/test/string_lit.go compilation, -O2 -g
FAIL: go.test/test/stringrange.go compilation, -O2 -g
FAIL: go.test/test/struct0.go compilation, -O2 -g
FAIL: go.test/test/switch.go compilation, -O2 -g
FAIL: go.test/test/turing.go compilation, -O2 -g
FAIL: go.test/test/typeswitch.go compilation, -O2 -g
FAIL: go.test/test/typeswitch1.go compilation, -O2 -g
FAIL: go.test/test/utf.go compilation, -O2 -g
FAIL: go.test/test/varinit.go compilation, -O2 -g
FAIL: go.test/test/zerodivide.go compilation, -O2 -g
WARNING: program timed out.
=== go Summary for unix ===
# of expected passes 1144
# of unexpected failures 595
# of untested testcases 555
# of unresolved testcases 7
Running target unix/-mabi=64
FAIL: ./64bit-out.go compilation, -O0 -g -fno-var-tracking-assignments
FAIL: ./index0-out.go compilation, -O0 -g -fno-var-tracking-assignments
FAIL: go.test/test/nilptr.go execution, -O2 -g
WARNING: program timed out.
WARNING: program timed out.
=== go Summary for unix/-mabi=64 ===
# of expected passes 4958
# of unexpected failures 3
# of expected failures 1
# of untested testcases 7
Running target unix/-mabi=n32
FAIL: go.test/test/nilptr.go execution, -O2 -g
=== go Summary for unix/-mabi=n32 ===
# of expected passes 5082
# of unexpected failures 1
# of expected failures 1
# of untested testcases 5
=== go Summary ===
# of expected passes 11184
# of unexpected failures 599
# of expected failures 2
# of untested testcases 567
# of unresolved testcases 7
/build/buildd-gcc-snapshot_20121120-1-mips-iB1dV4/gcc-snapshot-20121120/build/gcc/testsuite/go/../../gccgo version 4.8.0 20121120 (experimental) [trunk revision 193662] (Debian 20121120-1)
=== obj-c++ tests ===
Running target unix
=== obj-c++ Summary for unix ===
# of expected passes 1450
# of expected failures 2
# of unsupported tests 86
Running target unix/-mabi=64
=== obj-c++ Summary for unix/-mabi=64 ===
# of expected passes 1442
# of expected failures 10
# of unsupported tests 86
Running target unix/-mabi=n32
=== obj-c++ Summary for unix/-mabi=n32 ===
# of expected passes 1450
# of expected failures 2
# of unsupported tests 86
=== obj-c++ Summary ===
# of expected passes 4342
# of expected failures 14
# of unsupported tests 258
/build/buildd-gcc-snapshot_20121120-1-mips-iB1dV4/gcc-snapshot-20121120/build/gcc/testsuite/obj-c++/../../g++ version 4.8.0 20121120 (experimental) [trunk revision 193662] (Debian 20121120-1)
=== objc tests ===
Running target unix
=== objc Summary for unix ===
# of expected passes 2994
# of unsupported tests 74
Running target unix/-mabi=64
=== objc Summary for unix/-mabi=64 ===
# of expected passes 2994
# of unsupported tests 74
Running target unix/-mabi=n32
=== objc Summary for unix/-mabi=n32 ===
# of expected passes 2994
# of unsupported tests 74
=== objc Summary ===
# of expected passes 8982
# of unsupported tests 222
/build/buildd-gcc-snapshot_20121120-1-mips-iB1dV4/gcc-snapshot-20121120/build/gcc/xgcc version 4.8.0 20121120 (experimental) [trunk revision 193662] (Debian 20121120-1)
=== boehm-gc tests ===
Running target unix
=== boehm-gc Summary for unix ===
# of expected passes 12
# of unsupported tests 1
Running target unix/-mabi=64
FAIL: boehm-gc.c/gctest.c -O2 (test for excess errors)
UNRESOLVED: boehm-gc.c/gctest.c -O2 compilation failed to produce executable
FAIL: boehm-gc.c/leak_test.c -O2 (test for excess errors)
UNRESOLVED: boehm-gc.c/leak_test.c -O2 compilation failed to produce executable
FAIL: boehm-gc.c/middle.c -O2 (test for excess errors)
UNRESOLVED: boehm-gc.c/middle.c -O2 compilation failed to produce executable
FAIL: boehm-gc.c/thread_leak_test.c -O2 (test for excess errors)
UNRESOLVED: boehm-gc.c/thread_leak_test.c -O2 compilation failed to produce executable
FAIL: staticrootslib.lo -O2 (test for excess errors)
FAIL: boehm-gc.lib/staticrootstest.c -O2 (test for excess errors)
UNRESOLVED: boehm-gc.lib/staticrootstest.c -O2 compilation failed to produce executable
=== boehm-gc Summary for unix/-mabi=64 ===
# of expected passes 1
# of unexpected failures 6
# of unresolved testcases 5
# of unsupported tests 1
Running target unix/-mabi=n32
FAIL: boehm-gc.c/gctest.c -O2 (test for excess errors)
UNRESOLVED: boehm-gc.c/gctest.c -O2 compilation failed to produce executable
FAIL: boehm-gc.c/leak_test.c -O2 (test for excess errors)
UNRESOLVED: boehm-gc.c/leak_test.c -O2 compilation failed to produce executable
FAIL: boehm-gc.c/middle.c -O2 (test for excess errors)
UNRESOLVED: boehm-gc.c/middle.c -O2 compilation failed to produce executable
FAIL: boehm-gc.c/thread_leak_test.c -O2 (test for excess errors)
UNRESOLVED: boehm-gc.c/thread_leak_test.c -O2 compilation failed to produce executable
FAIL: staticrootslib.lo -O2 (test for excess errors)
FAIL: boehm-gc.lib/staticrootstest.c -O2 (test for excess errors)
UNRESOLVED: boehm-gc.lib/staticrootstest.c -O2 compilation failed to produce executable
=== boehm-gc Summary for unix/-mabi=n32 ===
# of expected passes 1
# of unexpected failures 6
# of unresolved testcases 5
# of unsupported tests 1
=== boehm-gc Summary ===
# of expected passes 14
# of unexpected failures 12
# of unresolved testcases 10
# of unsupported tests 3
=== libatomic tests ===
Running target unix
=== libatomic Summary for unix ===
# of expected passes 34
# of unsupported tests 10
Running target unix/-mabi=64
=== libatomic Summary for unix/-mabi=64 ===
# of expected passes 34
# of unsupported tests 10
Running target unix/-mabi=n32
=== libatomic Summary for unix/-mabi=n32 ===
# of expected passes 34
# of unsupported tests 10
=== libatomic Summary ===
# of expected passes 102
# of unsupported tests 30
=== libffi tests ===
Running target unix
=== libffi Summary for unix ===
# of expected passes 1659
# of unsupported tests 55
Running target unix/-mabi=64
FAIL: libffi.call/cls_double_va.c -O0 -W -Wall output pattern test, is 0.0
FAIL: libffi.call/cls_longdouble_va.c -O0 -W -Wall output pattern test, is 0.0
FAIL: libffi.call/float_va.c -O0 -W -Wall output pattern test, is 0: 2.0 : total: 2.0
FAIL: libffi.call/cls_double_va.c -O2 output pattern test, is 0.0
FAIL: libffi.call/cls_longdouble_va.c -O2 output pattern test, is 0.0
FAIL: libffi.call/float_va.c -O2 output pattern test, is 0: 2.0 : total: 2.0
FAIL: libffi.call/cls_double_va.c -O3 output pattern test, is 0.0
FAIL: libffi.call/cls_longdouble_va.c -O3 output pattern test, is 0.0
FAIL: libffi.call/float_va.c -O3 output pattern test, is 0: 2.0 : total: 2.0
FAIL: libffi.call/cls_double_va.c -Os output pattern test, is 0.0
FAIL: libffi.call/cls_longdouble_va.c -Os output pattern test, is 0.0
FAIL: libffi.call/float_va.c -Os output pattern test, is 0: 2.0 : total: 2.0
FAIL: libffi.call/cls_double_va.c -O2 -fomit-frame-pointer output pattern test, is 0.0
FAIL: libffi.call/cls_longdouble_va.c -O2 -fomit-frame-pointer output pattern test, is 0.0
FAIL: libffi.call/float_va.c -O2 -fomit-frame-pointer output pattern test, is 0: 2.0 : total: 2.0
=== libffi Summary for unix/-mabi=64 ===
# of expected passes 1644
# of unexpected failures 15
# of unsupported tests 55
Running target unix/-mabi=n32
FAIL: libffi.call/cls_double_va.c -O0 -W -Wall output pattern test, is 0.0
FAIL: libffi.call/cls_longdouble_va.c -O0 -W -Wall output pattern test, is 0.0
FAIL: libffi.call/float_va.c -O0 -W -Wall output pattern test, is 0: 2.0 : total: 2.0
FAIL: libffi.call/cls_double_va.c -O2 output pattern test, is 0.0
FAIL: libffi.call/cls_longdouble_va.c -O2 output pattern test, is 0.0
FAIL: libffi.call/float_va.c -O2 output pattern test, is 0: 2.0 : total: 2.0
FAIL: libffi.call/cls_double_va.c -O3 output pattern test, is 0.0
FAIL: libffi.call/cls_longdouble_va.c -O3 output pattern test, is 0.0
FAIL: libffi.call/float_va.c -O3 output pattern test, is 0: 2.0 : total: 2.0
FAIL: libffi.call/cls_double_va.c -Os output pattern test, is 0.0
FAIL: libffi.call/cls_longdouble_va.c -Os output pattern test, is 0.0
FAIL: libffi.call/float_va.c -Os output pattern test, is 0: 2.0 : total: 2.0
FAIL: libffi.call/cls_double_va.c -O2 -fomit-frame-pointer output pattern test, is 0.0
FAIL: libffi.call/cls_longdouble_va.c -O2 -fomit-frame-pointer output pattern test, is 0.0
FAIL: libffi.call/float_va.c -O2 -fomit-frame-pointer output pattern test, is 0: 2.0 : total: 2.0
=== libffi Summary for unix/-mabi=n32 ===
# of expected passes 1644
# of unexpected failures 15
# of unsupported tests 55
=== libffi Summary ===
# of expected passes 4947
# of unexpected failures 30
# of unsupported tests 165
=== libgo tests ===
Running target unix
FAIL: bufio
FAIL: bytes
FAIL: errors
FAIL: expvar
FAIL: flag
FAIL: fmt
FAIL: html
FAIL: image
FAIL: io
FAIL: log
FAIL: math
FAIL: mime
FAIL: net
FAIL: os
FAIL: path
FAIL: reflect
FAIL: regexp
FAIL: runtime
FAIL: sort
FAIL: strconv
FAIL: strings
FAIL: sync
FAIL: syscall
FAIL: time
FAIL: unicode
FAIL: archive/tar
FAIL: archive/zip
FAIL: compress/bzip2
FAIL: compress/flate
FAIL: compress/gzip
FAIL: compress/lzw
FAIL: compress/zlib
FAIL: container/heap
FAIL: container/list
FAIL: container/ring
FAIL: crypto/aes
FAIL: crypto/cipher
FAIL: crypto/des
FAIL: crypto/dsa
FAIL: crypto/ecdsa
FAIL: crypto/elliptic
FAIL: crypto/hmac
FAIL: crypto/md5
FAIL: crypto/rand
FAIL: crypto/rc4
FAIL: crypto/rsa
FAIL: crypto/sha1
FAIL: crypto/sha256
FAIL: crypto/sha512
FAIL: crypto/subtle
FAIL: crypto/tls
FAIL: crypto/x509
FAIL: database/sql
FAIL: database/sql/driver
FAIL: debug/dwarf
FAIL: debug/elf
FAIL: debug/macho
FAIL: debug/pe
FAIL: encoding/ascii85
FAIL: encoding/asn1
FAIL: encoding/base32
FAIL: encoding/base64
FAIL: encoding/binary
FAIL: encoding/csv
FAIL: encoding/gob
FAIL: encoding/hex
FAIL: encoding/json
FAIL: encoding/pem
FAIL: encoding/xml
FAIL: exp/ebnf
FAIL: exp/html
FAIL: exp/html/atom
FAIL: exp/locale/collate
FAIL: exp/locale/collate/build
FAIL: exp/norm
FAIL: exp/proxy
FAIL: exp/terminal
FAIL: exp/types
FAIL: exp/utf8string
FAIL: html/template
FAIL: go/ast
FAIL: go/doc
FAIL: go/parser
FAIL: go/printer
FAIL: go/scanner
FAIL: go/token
FAIL: hash/adler32
FAIL: hash/crc32
FAIL: hash/crc64
FAIL: hash/fnv
FAIL: image/color
FAIL: image/draw
FAIL: image/jpeg
FAIL: image/png
FAIL: index/suffixarray
FAIL: io/ioutil
FAIL: log/syslog
FAIL: math/big
FAIL: math/cmplx
FAIL: math/rand
FAIL: mime/multipart
FAIL: net/http
FAIL: net/http/cgi
FAIL: net/http/fcgi
FAIL: net/http/httptest
FAIL: net/http/httputil
FAIL: net/mail
FAIL: net/rpc
FAIL: net/smtp
FAIL: net/textproto
FAIL: net/url
FAIL: net/rpc/jsonrpc
FAIL: old/netchan
FAIL: old/regexp
FAIL: old/template
FAIL: os/exec
FAIL: os/signal
FAIL: os/user
FAIL: path/filepath
FAIL: regexp/syntax
FAIL: runtime/pprof
FAIL: sync/atomic
FAIL: text/scanner
FAIL: text/tabwriter
FAIL: text/template
FAIL: text/template/parse
FAIL: testing/quick
FAIL: unicode/utf16
FAIL: unicode/utf8
=== libgo Summary for unix ===
# of unexpected failures 129
Running target unix/-mabi=n32
FAIL: image/jpeg
FAIL: text/template
FAIL: testing/quick
=== libgo Summary for unix/-mabi=n32 ===
# of expected passes 126
# of unexpected failures 3
Running target unix/-mabi=64
FAIL: image/jpeg
FAIL: testing/quick
=== libgo Summary for unix/-mabi=64 ===
# of expected passes 127
# of unexpected failures 2
=== libgo Summary ===
# of expected passes 253
# of unexpected failures 134
/build/buildd-gcc-snapshot_20121120-1-mips-iB1dV4/gcc-snapshot-20121120/build/./gcc/gccgo version 4.8.0 20121120 (experimental) [trunk revision 193662] (Debian 20121120-1)
=== libgomp tests ===
Running target unix
WARNING: program timed out.
FAIL: libgomp.fortran/strassen.f90 -O execution test
WARNING: program timed out.
FAIL: libgomp.graphite/force-parallel-6.c execution test
=== libgomp Summary for unix ===
# of expected passes 2977
# of unexpected failures 2
# of unsupported tests 1
Running target unix/-mabi=64
FAIL: libgomp.fortran/do1.f90 -O3 -fomit-frame-pointer -funroll-loops execution test
FAIL: libgomp.fortran/do1.f90 -O3 -fomit-frame-pointer -funroll-all-loops -finline-functions execution test
WARNING: program timed out.
FAIL: libgomp.fortran/strassen.f90 -O execution test
=== libgomp Summary for unix/-mabi=64 ===
# of expected passes 2976
# of unexpected failures 3
# of unsupported tests 1
Running target unix/-mabi=n32
WARNING: program timed out.
FAIL: libgomp.fortran/strassen.f90 -O execution test
=== libgomp Summary for unix/-mabi=n32 ===
# of expected passes 2978
# of unexpected failures 1
# of unsupported tests 1
=== libgomp Summary ===
# of expected passes 8931
# of unexpected failures 6
# of unsupported tests 3
=== libjava tests ===
Running target unix
FAIL: Array_1 -findirect-dispatch execution - source compiled test
FAIL: Array_1 -O3 -findirect-dispatch execution - source compiled test
FAIL: ExtraClassLoader -findirect-dispatch execution - source compiled test
FAIL: ExtraClassLoader -O3 -findirect-dispatch execution - source compiled test
FAIL: InterfaceDispatch -findirect-dispatch execution - source compiled test
FAIL: InterfaceDispatch -O3 -findirect-dispatch execution - source compiled test
FAIL: Matrix4f -findirect-dispatch execution - source compiled test
FAIL: Matrix4f -O3 -findirect-dispatch execution - source compiled test
FAIL: N19990310_02 -findirect-dispatch execution - source compiled test
FAIL: N19990310_02 -O3 -findirect-dispatch execution - source compiled test
FAIL: N19990310_5 -findirect-dispatch execution - source compiled test
FAIL: N19990310_5 -O3 -findirect-dispatch execution - source compiled test
FAIL: PR160 -findirect-dispatch execution - source compiled test
FAIL: PR160 -O3 -findirect-dispatch execution - source compiled test
FAIL: PR3096 -findirect-dispatch execution - source compiled test
FAIL: PR3096 -O3 -findirect-dispatch execution - source compiled test
FAIL: PR35020 -findirect-dispatch execution - source compiled test
FAIL: PR35020 -O3 -findirect-dispatch output - source compiled test
FAIL: PR36252 -findirect-dispatch execution - source compiled test
FAIL: PR36252 -O3 -findirect-dispatch execution - source compiled test
WARNING: program timed out.
FAIL: StringBuffer_overflow -findirect-dispatch execution - source compiled test
FAIL: StringBuffer_overflow -O3 -findirect-dispatch execution - source compiled test
WARNING: program timed out.
FAIL: String_overflow -findirect-dispatch execution - source compiled test
FAIL: String_overflow -O3 -findirect-dispatch execution - source compiled test
FAIL: SyncGlobal -findirect-dispatch output - source compiled test
FAIL: SyncGlobal -O3 -findirect-dispatch execution - source compiled test
FAIL: anonarray -findirect-dispatch execution - source compiled test
FAIL: anonarray -O3 -findirect-dispatch execution - source compiled test
FAIL: anonarray3 -findirect-dispatch execution - source compiled test
FAIL: anonarray3 -O3 -findirect-dispatch execution - source compiled test
FAIL: err11 -findirect-dispatch execution - source compiled test
FAIL: err11 -O3 -findirect-dispatch execution - source compiled test
FAIL: err4 -findirect-dispatch execution - source compiled test
FAIL: err4 -O3 -findirect-dispatch execution - source compiled test
FAIL: err6 -findirect-dispatch execution - source compiled test
FAIL: err6 -O3 -findirect-dispatch execution - source compiled test
FAIL: err7 -findirect-dispatch execution - source compiled test
FAIL: err7 -O3 -findirect-dispatch execution - source compiled test
FAIL: inner_array -findirect-dispatch execution - source compiled test
FAIL: inner_array -O3 -findirect-dispatch execution - source compiled test
FAIL: klass -findirect-dispatch execution - source compiled test
FAIL: klass -O3 -findirect-dispatch execution - source compiled test
FAIL: md5test -findirect-dispatch execution - source compiled test
FAIL: md5test -O3 -findirect-dispatch execution - source compiled test
FAIL: newarray_overflow -findirect-dispatch execution - source compiled test
FAIL: newarray_overflow -O3 -findirect-dispatch execution - source compiled test
FAIL: pr27171 -findirect-dispatch execution - source compiled test
FAIL: pr27171 -O3 -findirect-dispatch execution - source compiled test
FAIL: shatest -findirect-dispatch execution - source compiled test
FAIL: shatest -O3 -findirect-dispatch execution - source compiled test
FAIL: sourcelocation output - source compiled test
FAIL: sourcelocation -findirect-dispatch output - source compiled test
FAIL: sourcelocation -O3 output - source compiled test
FAIL: utilTest -findirect-dispatch execution - source compiled test
FAIL: utilTest -O3 -findirect-dispatch execution - source compiled test
=== libjava Summary ===
# of expected passes 2481
# of unexpected failures 55
# of untested testcases 50
=== libmudflap tests ===
Running target unix
FAIL: libmudflap.c/fail37-frag.c (-O2) crash test
FAIL: libmudflap.c/fail37-frag.c (-O2) output pattern test
FAIL: libmudflap.c/fail37-frag.c (-O3) crash test
FAIL: libmudflap.c/fail37-frag.c (-O3) output pattern test
FAIL: libmudflap.c++/pass41-frag.cxx (-static) execution test
FAIL: libmudflap.c++/pass41-frag.cxx ( -O) execution test
FAIL: libmudflap.c++/pass41-frag.cxx (-O2) execution test
FAIL: libmudflap.c++/pass41-frag.cxx (-O3) execution test
=== libmudflap Summary for unix ===
# of expected passes 1898
# of unexpected failures 8
Running target unix/-mabi=64
FAIL: libmudflap.c/fail37-frag.c (-O2) crash test
FAIL: libmudflap.c/fail37-frag.c (-O2) output pattern test
FAIL: libmudflap.c/fail37-frag.c (-O3) crash test
FAIL: libmudflap.c/fail37-frag.c (-O3) output pattern test
FAIL: libmudflap.c++/pass41-frag.cxx (-static) execution test
FAIL: libmudflap.c++/pass55-frag.cxx (-static) execution test
FAIL: libmudflap.c++/pass41-frag.cxx ( -O) execution test
FAIL: libmudflap.c++/pass55-frag.cxx ( -O) execution test
FAIL: libmudflap.c++/pass41-frag.cxx (-O2) execution test
FAIL: libmudflap.c++/pass55-frag.cxx (-O2) execution test
FAIL: libmudflap.c++/pass41-frag.cxx (-O3) execution test
FAIL: libmudflap.c++/pass55-frag.cxx (-O3) execution test
=== libmudflap Summary for unix/-mabi=64 ===
# of expected passes 1894
# of unexpected failures 12
Running target unix/-mabi=n32
FAIL: libmudflap.c/fail37-frag.c (-O2) crash test
FAIL: libmudflap.c/fail37-frag.c (-O2) output pattern test
FAIL: libmudflap.c/fail37-frag.c (-O3) crash test
FAIL: libmudflap.c/fail37-frag.c (-O3) output pattern test
WARNING: program timed out.
FAIL: libmudflap.c++/pass41-frag.cxx (-static) (test for excess errors)
FAIL: libmudflap.c++/pass41-frag.cxx (-static) execution test
WARNING: program timed out.
FAIL: libmudflap.c++/pass55-frag.cxx (-static) (test for excess errors)
FAIL: libmudflap.c++/pass55-frag.cxx (-static) execution test
WARNING: program timed out.
FAIL: libmudflap.c++/pass58-frag.cxx (-static) (test for excess errors)
WARNING: program timed out.
FAIL: libmudflap.c++/pass60-frag.cxx (-static) (test for excess errors)
FAIL: libmudflap.c++/pass60-frag.cxx (-static) execution test
FAIL: libmudflap.c++/pass41-frag.cxx ( -O) execution test
FAIL: libmudflap.c++/pass55-frag.cxx ( -O) execution test
WARNING: program timed out.
FAIL: libmudflap.c++/pass41-frag.cxx (-O2) (test for excess errors)
FAIL: libmudflap.c++/pass41-frag.cxx (-O2) execution test
FAIL: libmudflap.c++/pass55-frag.cxx (-O2) execution test
FAIL: libmudflap.c++/pass41-frag.cxx (-O3) execution test
FAIL: libmudflap.c++/pass55-frag.cxx (-O3) execution test
WARNING: program timed out.
FAIL: libmudflap.cth/pass37-frag.c (-static -DSTATIC) (test for excess errors)
FAIL: libmudflap.cth/pass37-frag.c (-static -DSTATIC) execution test
FAIL: libmudflap.cth/pass37-frag.c (-static -DSTATIC) output pattern test
FAIL: libmudflap.cth/pass37-frag.c (-static -DSTATIC) (rerun 1) execution test
FAIL: libmudflap.cth/pass37-frag.c (-static -DSTATIC) (rerun 1) output pattern test
FAIL: libmudflap.cth/pass37-frag.c (-static -DSTATIC) (rerun 2) execution test
FAIL: libmudflap.cth/pass37-frag.c (-static -DSTATIC) (rerun 2) output pattern test
FAIL: libmudflap.cth/pass37-frag.c (-static -DSTATIC) (rerun 3) execution test
FAIL: libmudflap.cth/pass37-frag.c (-static -DSTATIC) (rerun 3) output pattern test
FAIL: libmudflap.cth/pass37-frag.c (-static -DSTATIC) (rerun 4) execution test
FAIL: libmudflap.cth/pass37-frag.c (-static -DSTATIC) (rerun 4) output pattern test
FAIL: libmudflap.cth/pass37-frag.c (-static -DSTATIC) (rerun 5) execution test
FAIL: libmudflap.cth/pass37-frag.c (-static -DSTATIC) (rerun 5) output pattern test
FAIL: libmudflap.cth/pass37-frag.c (-static -DSTATIC) (rerun 6) execution test
FAIL: libmudflap.cth/pass37-frag.c (-static -DSTATIC) (rerun 6) output pattern test
FAIL: libmudflap.cth/pass37-frag.c (-static -DSTATIC) (rerun 7) execution test
FAIL: libmudflap.cth/pass37-frag.c (-static -DSTATIC) (rerun 7) output pattern test
FAIL: libmudflap.cth/pass37-frag.c (-static -DSTATIC) (rerun 8) execution test
FAIL: libmudflap.cth/pass37-frag.c (-static -DSTATIC) (rerun 8) output pattern test
FAIL: libmudflap.cth/pass37-frag.c (-static -DSTATIC) (rerun 9) execution test
FAIL: libmudflap.cth/pass37-frag.c (-static -DSTATIC) (rerun 9) output pattern test
FAIL: libmudflap.cth/pass37-frag.c (-static -DSTATIC) (rerun 10) execution test
FAIL: libmudflap.cth/pass37-frag.c (-static -DSTATIC) (rerun 10) output pattern test
FAIL: libmudflap.cth/pass37-frag.c (-static -DSTATIC) (rerun 11) execution test
FAIL: libmudflap.cth/pass37-frag.c (-static -DSTATIC) (rerun 11) output pattern test
FAIL: libmudflap.cth/pass37-frag.c (-static -DSTATIC) (rerun 12) execution test
FAIL: libmudflap.cth/pass37-frag.c (-static -DSTATIC) (rerun 12) output pattern test
FAIL: libmudflap.cth/pass37-frag.c (-static -DSTATIC) (rerun 13) execution test
FAIL: libmudflap.cth/pass37-frag.c (-static -DSTATIC) (rerun 13) output pattern test
FAIL: libmudflap.cth/pass37-frag.c (-static -DSTATIC) (rerun 14) execution test
FAIL: libmudflap.cth/pass37-frag.c (-static -DSTATIC) (rerun 14) output pattern test
FAIL: libmudflap.cth/pass37-frag.c (-static -DSTATIC) (rerun 15) execution test
FAIL: libmudflap.cth/pass37-frag.c (-static -DSTATIC) (rerun 15) output pattern test
FAIL: libmudflap.cth/pass37-frag.c (-static -DSTATIC) (rerun 16) execution test
FAIL: libmudflap.cth/pass37-frag.c (-static -DSTATIC) (rerun 16) output pattern test
FAIL: libmudflap.cth/pass37-frag.c (-static -DSTATIC) (rerun 17) execution test
FAIL: libmudflap.cth/pass37-frag.c (-static -DSTATIC) (rerun 17) output pattern test
FAIL: libmudflap.cth/pass37-frag.c (-static -DSTATIC) (rerun 18) execution test
FAIL: libmudflap.cth/pass37-frag.c (-static -DSTATIC) (rerun 18) output pattern test
FAIL: libmudflap.cth/pass37-frag.c (-static -DSTATIC) (rerun 19) execution test
FAIL: libmudflap.cth/pass37-frag.c (-static -DSTATIC) (rerun 19) output pattern test
=== libmudflap Summary for unix/-mabi=n32 ===
# of expected passes 1847
# of unexpected failures 59
=== libmudflap Summary ===
# of expected passes 5639
# of unexpected failures 79
=== libstdc++ tests ===
Running target unix
FAIL: libstdc++-abi/abi_check
FAIL: 22_locale/time_get/get_date/wchar_t/4.cc execution test
FAIL: 30_threads/packaged_task/members/invoke4.cc (test for excess errors)
UNRESOLVED: 30_threads/packaged_task/members/invoke4.cc compilation failed to produce executable
FAIL: 30_threads/packaged_task/requirements/explicit_instantiation.cc (test for excess errors)
FAIL: 30_threads/promise/cons/1.cc (test for excess errors)
UNRESOLVED: 30_threads/promise/cons/1.cc compilation failed to produce executable
FAIL: ext/pb_ds/regression/tree_map_rand.cc (test for excess errors)
UNRESOLVED: ext/pb_ds/regression/tree_map_rand.cc compilation failed to produce executable
FAIL: ext/pb_ds/regression/tree_set_rand.cc (test for excess errors)
UNRESOLVED: ext/pb_ds/regression/tree_set_rand.cc compilation failed to produce executable
FAIL: ext/pb_ds/regression/trie_map_rand.cc (test for excess errors)
UNRESOLVED: ext/pb_ds/regression/trie_map_rand.cc compilation failed to produce executable
FAIL: ext/pb_ds/regression/trie_set_rand.cc (test for excess errors)
UNRESOLVED: ext/pb_ds/regression/trie_set_rand.cc compilation failed to produce executable
FAIL: ext/pool_allocator/check_delete.cc (test for excess errors)
UNRESOLVED: ext/pool_allocator/check_delete.cc compilation failed to produce executable
FAIL: ext/pool_allocator/check_new.cc (test for excess errors)
UNRESOLVED: ext/pool_allocator/check_new.cc compilation failed to produce executable
WARNING: program timed out.
WARNING: program timed out.
WARNING: program timed out.
WARNING: program timed out.
WARNING: program timed out.
WARNING: program timed out.
WARNING: program timed out.
WARNING: program timed out.
WARNING: program timed out.
=== libstdc++ Summary for unix ===
# of expected passes 8885
# of unexpected failures 11
# of expected failures 43
# of unresolved testcases 8
# of unsupported tests 242
Running target unix/-mabi=64
FAIL: libstdc++-abi/abi_check
FAIL: 22_locale/time_get/get_date/wchar_t/4.cc execution test
=== libstdc++ Summary for unix/-mabi=64 ===
# of expected passes 8902
# of unexpected failures 2
# of expected failures 43
# of unsupported tests 242
Running target unix/-mabi=n32
FAIL: libstdc++-abi/abi_check
FAIL: 22_locale/time_get/get_date/wchar_t/4.cc execution test
=== libstdc++ Summary for unix/-mabi=n32 ===
# of expected passes 8902
# of unexpected failures 2
# of expected failures 43
# of unsupported tests 242
=== libstdc++ Summary ===
# of expected passes 26689
# of unexpected failures 15
# of expected failures 129
# of unresolved testcases 8
# of unsupported tests 726
Compiler version: 4.8.0 20121120 (experimental) [trunk revision 193662] (Debian 20121120-1)
Platform: mips-unknown-linux-gnu
configure flags: -v --with-pkgversion='Debian 20121120-1' --with-bugurl=file:///usr/share/doc/gcc-snapshot/README.Bugs --enable-languages=c,ada,c++,java,go,fortran,objc,obj-c++ --prefix=/usr/lib/gcc-snapshot --enable-shared --enable-linker-build-id --with-system-zlib --disable-nls --with-sysroot=/ --enable-clocale=gnu --enable-libstdcxx-debug --enable-libstdcxx-time=yes --enable-gnu-unique-object --disable-libitm --enable-plugin --disable-browser-plugin --enable-java-awt=gtk --enable-gtk-cairo --with-java-home=/usr/lib/jvm/java-1.5.0-gcj-4.8-snap/jre --enable-java-home --with-jvm-root-dir=/usr/lib/jvm/java-1.5.0-gcj-4.8-snap --with-jvm-jar-dir=/usr/lib/jvm-exports/java-1.5.0-gcj-4.8-snap --with-arch-directory=mips --with-ecj-jar=/usr/share/java/eclipse-ecj.jar --with-mips-plt --with-arch-32=mips2 --with-tune-32=mips32 --enable-targets=all --with-arch-64=mips3 --with-tune-64=mips64 --disable-werror --enable-checking=yes --build=mips-linux-gnu --host=mips-linux-gnu --target=mips-linux-gnu
BOOT_CFLAGS=
Build Dependencies:
Desired=Unknown/Install/Remove/Purge/Hold
| Status=Not/Inst/Conf-files/Unpacked/halF-conf/Half-inst/trig-aWait/Trig-pend
|/ Err?=(none)/Reinst-required (Status,Err: uppercase=bad)
||/ Name Version Architecture Description
+++-=================================-======================-============-===============================================================================
ii binutils 2.22-7.1 mips GNU assembler, linker and binary utilities
ii g++-4.6 4.6.3-12 mips GNU C++ compiler
ii g++-4.6-multilib 4.6.3-12 mips GNU C++ compiler (multilib files)
ii g++-multilib 4:4.6.3-8 mips GNU C++ compiler (multilib files)
ii libc6:mips 2.13-37 mips Embedded GNU C Library: Shared libraries
ii libgmp-dev:mips 2:5.0.5+dfsg-2 mips Multiprecision arithmetic library developers tools
ii libmpc-dev:mips 0.9-4 mips multiple precision complex floating-point library development package
ii libmpfr-dev:mips 3.1.0-5 mips multiple precision floating-point computation developers tools
gcc-sysroot:
Allow building --with-sysroot=/
libffi-kfreebsd:
libffi: Define FFI_MMAP_EXEC_WRIT on kfreebsd-*.
libgo-mksysinfo:
libgo: Fix TIOCNOTTY and TIOCSCTTY definitions
libgo-fix-arm:
libgo: Work around parse error of struct timex_ on ARM
libgo-hardening:
Avoid compiler warnings in libgo with -D_FORTIFY_SOURCE=2
Fix build failure in libgo with -Werror -D_FORTIFY_SOURCE=2
libatomic-configure:
libatomic - Handle -mx32 like -m64.
arm-multilib-soft:
ARM hard/soft float multilib support
arm-multilib-defaults:
Set MULTILIB_DEFAULTS for ARM multilib builds
gcc-ice-hack:
Retry the build on an ice, save the calling options and preprocessed
source when the ice is reproducible.
gcc-ice-apport:
Report an ICE to apport (if apport is available
and the environment variable GCC_NOAPPORT is not set)
libjava-fixed-symlinks:
Remove unneed '..' elements from symlinks in JAVA_HOME
libstdc++-arm-wno-abi:
Temporary work around:
On arm-linux-gnueabi run the libstdc++v3 testsuite with -Wno-abi
libstdc++-no-testsuite:
Don't run the libstdc++ testsuite on hppa and mipsel (timeouts on the buildds)
ada-mips:
Improve support for mips.
libffi-ro-eh_frame_sect:
PR libffi/47248, force a read only eh frame section.
gcc-multiarch:
Add multiarch support to GCC.
Convert the multilib option to a target triplet,
add multiarch include directories and libraries path:
/usr/local/include/<arch>-linux-gnu
/usr/include/<arch>-linux-gnu
/usr/lib/<arch>-linux-gnu
to the system paths.
libjava-nobiarch-check:
For biarch builds, disable the testsuite for the non-default architecture
for runtime libraries, which are not built by default (libjava).
config-ml:
- Disable some biarch libraries for biarch builds.
- Fix multilib builds on kernels which don't support all multilibs.
gcc-powerpc-undef:
Undefine LINK_EH_SPEC before redefining it
http://gcc.gnu.org/ml/gcc-patches/2011-02/msg01082.html
mips-fix-loongson2f-nop:
On mips, pass -mfix-loongson2f-nop to as, if -mno-fix-loongson2f-nop
is not passed.
libgomp-kfreebsd-testsuite:
Disable lock-2.c test on kfreebsd-*
Counting all warnings,
there are 0 warnings in stage3 of this bootstrap.
Number of warnings per file:
Number of warning types: