This is the mail archive of the
gcc-testresults@gcc.gnu.org
mailing list for the GCC project.
Results for 4.8.0 20121119 (experimental) [trunk revision 193610] (GCC) testsuite on i386-pc-solaris2.10
- From: Sean McGovern <sean at seanmcgovern dot ca>
- To: gcc-testresults at gcc dot gnu dot org
- Date: Mon, 19 Nov 2012 01:05:42 -0500 (EST)
- Subject: Results for 4.8.0 20121119 (experimental) [trunk revision 193610] (GCC) testsuite on i386-pc-solaris2.10
\$ uname -a
SunOS tsukimi 5.10 Generic_147441-01 i86pc i386 i86pc
\$ cat /etc/release
Oracle Solaris 10 8/11 s10x_u10wos_17b X86
Copyright (c) 1983, 2011, Oracle and/or its affiliates. All rights reserved.
Assembled 23 August 2011
\$ /opt/gnu/bin/as --version
GNU assembler (GNU Binutils) 2.22
\$ /usr/ccs/bin/ld -V
ld: Software Generation Utilities - Solaris Link Editors: 5.10-1.1505
\$ /usr/sbin/psrinfo -pv
The physical processor has 8 virtual processors (0-7)
x86 (chipid 0x0 GenuineIntel family 6 model 42 step 7 clock 3510 MHz)
Intel(r) Core(tm) i7-2700K CPU @ 3.50GHz
Bootstrapped with :
\$ i386-pc-solaris2.10-gcc-4.6.3 -v
Using built-in specs.
COLLECT_GCC=i386-pc-solaris2.10-gcc-4.6.3
COLLECT_LTO_WRAPPER=/opt/gnu/libexec/gcc/i386-pc-solaris2.10/4.6.3/lto-wrapper
Target: i386-pc-solaris2.10
Configured with: /SOURCES/gcc-4.6.3/configure --prefix=/opt/gnu --target=i386-pc-solaris2.10 --with-gnu-as --with-as=/opt/gnu/bin/as --with-libiconv-prefix=/opt/gnu --with-gmp=/opt/gnu --with-mpfr=/opt/gnu --with-mpc=/opt/gnu --with-ppl=/opt/gnu --with-cloog=/opt/gnu --enable-cloog-backend=isl --enable-lto --without-included-gettext --with-bugurl=https://bugs.seanmcgovern.ca/ --bindir=/opt/gnu/i386-pc-solaris2.10/gcc-bin/4.6.3 --includedir=/opt/gnu/lib/gcc/i386-pc-solaris2.10/4.6.3/include --datadir=/opt/gnu/share/gcc-data/i386-pc-solaris2.10/4.6.3 --mandir=/opt/gnu/share/gcc-data/i386-pc-solaris2.10/4.6.3/man --infodir=/opt/gnu/share/gcc-data/i386-pc-solaris2.10/4.6.3/info --with-gxx-include-dir=/opt/gnu/lib/gcc/i386-pc-solaris2.10/4.6.3/include/g++-v4 --enable-languages=c,c++
Thread model: posix
gcc version 4.6.3 (GCC)
********
LAST_UPDATED: Mon Nov 19 04:28:57 UTC 2012 (revision 193610)
Native configuration is i386-pc-solaris2.10
=== g++ tests ===
Running target unix/-m32
FAIL: c-c++-common/asan/memcmp-1.c -O0 (test for excess errors)
UNRESOLVED: c-c++-common/asan/memcmp-1.c -O0 compilation failed to produce executable
FAIL: c-c++-common/asan/memcmp-1.c -O1 (test for excess errors)
UNRESOLVED: c-c++-common/asan/memcmp-1.c -O1 compilation failed to produce executable
FAIL: c-c++-common/asan/memcmp-1.c -O2 (test for excess errors)
UNRESOLVED: c-c++-common/asan/memcmp-1.c -O2 compilation failed to produce executable
FAIL: c-c++-common/asan/memcmp-1.c -O3 -fomit-frame-pointer (test for excess errors)
UNRESOLVED: c-c++-common/asan/memcmp-1.c -O3 -fomit-frame-pointer compilation failed to produce executable
FAIL: c-c++-common/asan/memcmp-1.c -O3 -g (test for excess errors)
UNRESOLVED: c-c++-common/asan/memcmp-1.c -O3 -g compilation failed to produce executable
FAIL: c-c++-common/asan/memcmp-1.c -Os (test for excess errors)
UNRESOLVED: c-c++-common/asan/memcmp-1.c -Os compilation failed to produce executable
FAIL: c-c++-common/asan/memcmp-1.c -O2 -flto -flto-partition=none (test for excess errors)
UNRESOLVED: c-c++-common/asan/memcmp-1.c -O2 -flto -flto-partition=none compilation failed to produce executable
FAIL: c-c++-common/asan/memcmp-1.c -O2 -flto (test for excess errors)
UNRESOLVED: c-c++-common/asan/memcmp-1.c -O2 -flto compilation failed to produce executable
FAIL: g++.dg/debug/dwarf2/thunk1.C -std=gnu++98 scan-assembler-times LFB3 1
FAIL: g++.dg/debug/dwarf2/thunk1.C -std=gnu++11 scan-assembler-times LFB3 1
FAIL: g++.dg/tls/thread_local-order1.C execution test
FAIL: g++.dg/tls/thread_local3g.C -std=gnu++11 execution test
FAIL: g++.dg/tls/thread_local4g.C -std=gnu++11 execution test
FAIL: g++.dg/tls/thread_local5g.C -std=gnu++11 execution test
FAIL: g++.dg/tls/thread_local6g.C execution test
FAIL: g++.dg/tm/pr51516.C -std=gnu++98 scan-tree-dump-times optimized ";; Function C::C" 1
FAIL: g++.dg/tm/pr51516.C -std=gnu++11 scan-tree-dump-times optimized ";; Function C::C" 1
=== g++ Summary for unix/-m32 ===
# of expected passes 50050
# of unexpected failures 17
# of expected failures 290
# of unresolved testcases 8
# of unsupported tests 545
Running target unix/-m64
FAIL: c-c++-common/asan/memcmp-1.c -O0 (test for excess errors)
UNRESOLVED: c-c++-common/asan/memcmp-1.c -O0 compilation failed to produce executable
FAIL: c-c++-common/asan/memcmp-1.c -O1 (test for excess errors)
UNRESOLVED: c-c++-common/asan/memcmp-1.c -O1 compilation failed to produce executable
FAIL: c-c++-common/asan/memcmp-1.c -O2 (test for excess errors)
UNRESOLVED: c-c++-common/asan/memcmp-1.c -O2 compilation failed to produce executable
FAIL: c-c++-common/asan/memcmp-1.c -O3 -fomit-frame-pointer (test for excess errors)
UNRESOLVED: c-c++-common/asan/memcmp-1.c -O3 -fomit-frame-pointer compilation failed to produce executable
FAIL: c-c++-common/asan/memcmp-1.c -O3 -g (test for excess errors)
UNRESOLVED: c-c++-common/asan/memcmp-1.c -O3 -g compilation failed to produce executable
FAIL: c-c++-common/asan/memcmp-1.c -Os (test for excess errors)
UNRESOLVED: c-c++-common/asan/memcmp-1.c -Os compilation failed to produce executable
FAIL: c-c++-common/asan/memcmp-1.c -O2 -flto -flto-partition=none (test for excess errors)
UNRESOLVED: c-c++-common/asan/memcmp-1.c -O2 -flto -flto-partition=none compilation failed to produce executable
FAIL: c-c++-common/asan/memcmp-1.c -O2 -flto (test for excess errors)
UNRESOLVED: c-c++-common/asan/memcmp-1.c -O2 -flto compilation failed to produce executable
FAIL: g++.dg/debug/dwarf2/thunk1.C -std=gnu++98 scan-assembler-times LFB3 1
FAIL: g++.dg/debug/dwarf2/thunk1.C -std=gnu++11 scan-assembler-times LFB3 1
FAIL: g++.dg/tls/thread_local-order1.C execution test
FAIL: g++.dg/tls/thread_local3g.C -std=gnu++11 execution test
FAIL: g++.dg/tls/thread_local4g.C -std=gnu++11 execution test
FAIL: g++.dg/tls/thread_local5g.C -std=gnu++11 execution test
FAIL: g++.dg/tls/thread_local6g.C execution test
FAIL: g++.dg/tm/pr51516.C -std=gnu++98 scan-tree-dump-times optimized ";; Function C::C" 1
FAIL: g++.dg/tm/pr51516.C -std=gnu++11 scan-tree-dump-times optimized ";; Function C::C" 1
=== g++ Summary for unix/-m64 ===
# of expected passes 50819
# of unexpected failures 17
# of expected failures 290
# of unresolved testcases 8
# of unsupported tests 789
=== g++ Summary ===
# of expected passes 100869
# of unexpected failures 34
# of expected failures 580
# of unresolved testcases 16
# of unsupported tests 1334
/BUILD/gcc/obj-193610/gcc/testsuite/g++/../../g++ version 4.8.0 20121119 (experimental) [trunk revision 193610] (GCC)
=== gcc tests ===
Running target unix/-m32
FAIL: c-c++-common/asan/memcmp-1.c -O0 (test for excess errors)
UNRESOLVED: c-c++-common/asan/memcmp-1.c -O0 compilation failed to produce executable
FAIL: c-c++-common/asan/memcmp-1.c -O1 (test for excess errors)
UNRESOLVED: c-c++-common/asan/memcmp-1.c -O1 compilation failed to produce executable
FAIL: c-c++-common/asan/memcmp-1.c -O2 (test for excess errors)
UNRESOLVED: c-c++-common/asan/memcmp-1.c -O2 compilation failed to produce executable
FAIL: c-c++-common/asan/memcmp-1.c -O3 -fomit-frame-pointer (test for excess errors)
UNRESOLVED: c-c++-common/asan/memcmp-1.c -O3 -fomit-frame-pointer compilation failed to produce executable
FAIL: c-c++-common/asan/memcmp-1.c -O3 -g (test for excess errors)
UNRESOLVED: c-c++-common/asan/memcmp-1.c -O3 -g compilation failed to produce executable
FAIL: c-c++-common/asan/memcmp-1.c -Os (test for excess errors)
UNRESOLVED: c-c++-common/asan/memcmp-1.c -Os compilation failed to produce executable
FAIL: c-c++-common/asan/memcmp-1.c -O2 -flto -flto-partition=none (test for excess errors)
UNRESOLVED: c-c++-common/asan/memcmp-1.c -O2 -flto -flto-partition=none compilation failed to produce executable
FAIL: c-c++-common/asan/memcmp-1.c -O2 -flto (test for excess errors)
UNRESOLVED: c-c++-common/asan/memcmp-1.c -O2 -flto compilation failed to produce executable
FAIL: gcc.dg/debug/dwarf2/const-2b.c scan-assembler DW_AT_const_value
FAIL: gcc.dg/attr-weakref-1.c (test for excess errors)
UNRESOLVED: gcc.dg/attr-weakref-1.c compilation failed to produce executable
FAIL: gcc.dg/builtin-object-size-8.c execution test
FAIL: gcc.dg/lto/20090210 c_lto_20090210_0.o-c_lto_20090210_1.o execute -O2 -flto -flto-partition=none
FAIL: gcc.dg/lto/20090210 c_lto_20090210_0.o-c_lto_20090210_1.o execute -O2 -flto -flto-partition=1to1
FAIL: gcc.dg/lto/20090210 c_lto_20090210_0.o-c_lto_20090210_1.o execute -O2 -flto
FAIL: gcc.dg/torture/pr51106-2.c -O0 (internal compiler error)
FAIL: gcc.dg/torture/pr51106-2.c -O0 (test for excess errors)
FAIL: gcc.dg/torture/pr51106-2.c -O1 (internal compiler error)
FAIL: gcc.dg/torture/pr51106-2.c -O1 (test for excess errors)
FAIL: gcc.dg/torture/pr51106-2.c -O2 (internal compiler error)
FAIL: gcc.dg/torture/pr51106-2.c -O2 (test for excess errors)
FAIL: gcc.dg/torture/pr51106-2.c -O3 -fomit-frame-pointer (internal compiler error)
FAIL: gcc.dg/torture/pr51106-2.c -O3 -fomit-frame-pointer (test for excess errors)
FAIL: gcc.dg/torture/pr51106-2.c -O3 -g (internal compiler error)
FAIL: gcc.dg/torture/pr51106-2.c -O3 -g (test for excess errors)
FAIL: gcc.dg/torture/pr51106-2.c -Os (internal compiler error)
FAIL: gcc.dg/torture/pr51106-2.c -Os (test for excess errors)
FAIL: gcc.dg/torture/pr51106-2.c -O2 -flto -flto-partition=none (internal compiler error)
FAIL: gcc.dg/torture/pr51106-2.c -O2 -flto -flto-partition=none (test for excess errors)
FAIL: gcc.dg/torture/pr51106-2.c -O2 -flto (internal compiler error)
FAIL: gcc.dg/torture/pr51106-2.c -O2 -flto (test for excess errors)
FAIL: gcc.dg/torture/tls/run-ld.c -O1 execution test
FAIL: gcc.dg/torture/tls/run-ld.c -O2 execution test
FAIL: gcc.dg/torture/tls/run-ld.c -O3 -fomit-frame-pointer execution test
FAIL: gcc.dg/torture/tls/run-ld.c -O3 -g execution test
FAIL: gcc.dg/torture/tls/run-ld.c -Os execution test
FAIL: gcc.dg/torture/tls/run-ld.c -O1 -fpic execution test
FAIL: gcc.dg/torture/tls/run-ld.c -O2 -fpic execution test
FAIL: gcc.dg/torture/tls/run-ld.c -O3 -fomit-frame-pointer -fpic execution test
FAIL: gcc.dg/torture/tls/run-ld.c -O3 -g -fpic execution test
FAIL: gcc.dg/torture/tls/run-ld.c -Os -fpic execution test
FAIL: gcc.dg/torture/tls/run-ld.c -O1 -fPIC execution test
FAIL: gcc.dg/torture/tls/run-ld.c -O2 -fPIC execution test
FAIL: gcc.dg/torture/tls/run-ld.c -O3 -fomit-frame-pointer -fPIC execution test
FAIL: gcc.dg/torture/tls/run-ld.c -O3 -g -fPIC execution test
FAIL: gcc.dg/torture/tls/run-ld.c -Os -fPIC execution test
FAIL: gcc.dg/torture/tls/run-ld.c -O2 -flto -flto-partition=none execution test
FAIL: gcc.dg/torture/tls/run-ld.c -O2 -flto execution test
FAIL: gcc.dg/torture/tls/thr-init-2.c -O2 -fpic execution test
FAIL: gcc.dg/torture/tls/thr-init-2.c -O3 -fomit-frame-pointer -fpic execution test
FAIL: gcc.dg/torture/tls/thr-init-2.c -O3 -g -fpic execution test
FAIL: gcc.dg/torture/tls/thr-init-2.c -Os -fpic execution test
FAIL: gcc.dg/torture/tls/thr-init-2.c -O2 -fPIC execution test
FAIL: gcc.dg/torture/tls/thr-init-2.c -O3 -fomit-frame-pointer -fPIC execution test
FAIL: gcc.dg/torture/tls/thr-init-2.c -O3 -g -fPIC execution test
FAIL: gcc.dg/torture/tls/thr-init-2.c -Os -fPIC execution test
=== gcc Summary for unix/-m32 ===
# of expected passes 89797
# of unexpected failures 55
# of expected failures 253
# of unresolved testcases 9
# of unsupported tests 1069
Running target unix/-m64
FAIL: c-c++-common/asan/memcmp-1.c -O0 (test for excess errors)
UNRESOLVED: c-c++-common/asan/memcmp-1.c -O0 compilation failed to produce executable
FAIL: c-c++-common/asan/memcmp-1.c -O1 (test for excess errors)
UNRESOLVED: c-c++-common/asan/memcmp-1.c -O1 compilation failed to produce executable
FAIL: c-c++-common/asan/memcmp-1.c -O2 (test for excess errors)
UNRESOLVED: c-c++-common/asan/memcmp-1.c -O2 compilation failed to produce executable
FAIL: c-c++-common/asan/memcmp-1.c -O3 -fomit-frame-pointer (test for excess errors)
UNRESOLVED: c-c++-common/asan/memcmp-1.c -O3 -fomit-frame-pointer compilation failed to produce executable
FAIL: c-c++-common/asan/memcmp-1.c -O3 -g (test for excess errors)
UNRESOLVED: c-c++-common/asan/memcmp-1.c -O3 -g compilation failed to produce executable
FAIL: c-c++-common/asan/memcmp-1.c -Os (test for excess errors)
UNRESOLVED: c-c++-common/asan/memcmp-1.c -Os compilation failed to produce executable
FAIL: c-c++-common/asan/memcmp-1.c -O2 -flto -flto-partition=none (test for excess errors)
UNRESOLVED: c-c++-common/asan/memcmp-1.c -O2 -flto -flto-partition=none compilation failed to produce executable
FAIL: c-c++-common/asan/memcmp-1.c -O2 -flto (test for excess errors)
UNRESOLVED: c-c++-common/asan/memcmp-1.c -O2 -flto compilation failed to produce executable
FAIL: gcc.dg/debug/dwarf2/const-2b.c scan-assembler DW_AT_const_value
FAIL: gcc.dg/attr-weakref-1.c (test for excess errors)
UNRESOLVED: gcc.dg/attr-weakref-1.c compilation failed to produce executable
FAIL: gcc.dg/builtin-object-size-8.c execution test
FAIL: gcc.dg/torture/pr51106-2.c -O0 (internal compiler error)
FAIL: gcc.dg/torture/pr51106-2.c -O0 (test for excess errors)
FAIL: gcc.dg/torture/pr51106-2.c -O1 (internal compiler error)
FAIL: gcc.dg/torture/pr51106-2.c -O1 (test for excess errors)
FAIL: gcc.dg/torture/pr51106-2.c -O2 (internal compiler error)
FAIL: gcc.dg/torture/pr51106-2.c -O2 (test for excess errors)
FAIL: gcc.dg/torture/pr51106-2.c -O3 -fomit-frame-pointer (internal compiler error)
FAIL: gcc.dg/torture/pr51106-2.c -O3 -fomit-frame-pointer (test for excess errors)
FAIL: gcc.dg/torture/pr51106-2.c -O3 -g (internal compiler error)
FAIL: gcc.dg/torture/pr51106-2.c -O3 -g (test for excess errors)
FAIL: gcc.dg/torture/pr51106-2.c -Os (internal compiler error)
FAIL: gcc.dg/torture/pr51106-2.c -Os (test for excess errors)
FAIL: gcc.dg/torture/pr51106-2.c -O2 -flto -flto-partition=none (internal compiler error)
FAIL: gcc.dg/torture/pr51106-2.c -O2 -flto -flto-partition=none (test for excess errors)
FAIL: gcc.dg/torture/pr51106-2.c -O2 -flto (internal compiler error)
FAIL: gcc.dg/torture/pr51106-2.c -O2 -flto (test for excess errors)
=== gcc Summary for unix/-m64 ===
# of expected passes 90188
# of unexpected failures 27
# of expected failures 255
# of unresolved testcases 9
# of unsupported tests 1392
=== gcc Summary ===
# of expected passes 179985
# of unexpected failures 82
# of expected failures 508
# of unresolved testcases 18
# of unsupported tests 2461
/BUILD/gcc/obj-193610/gcc/xgcc version 4.8.0 20121119 (experimental) [trunk revision 193610] (GCC)
=== libatomic tests ===
Running target unix/-m64
=== libatomic Summary for unix/-m64 ===
# of expected passes 54
Running target unix/-m32
=== libatomic Summary for unix/-m32 ===
# of expected passes 44
# of unsupported tests 5
=== libatomic Summary ===
# of expected passes 98
# of unsupported tests 5
=== libgomp tests ===
Running target unix/-m64
=== libgomp Summary for unix/-m64 ===
# of expected passes 1237
# of unsupported tests 3
Running target unix/-m32
=== libgomp Summary for unix/-m32 ===
# of expected passes 1237
# of unsupported tests 3
=== libgomp Summary ===
# of expected passes 2474
# of unsupported tests 6
=== libitm tests ===
Running target unix/-m64
=== libitm Summary for unix/-m64 ===
# of expected passes 26
# of expected failures 3
# of unsupported tests 1
Running target unix/-m32
=== libitm Summary for unix/-m32 ===
# of expected passes 26
# of expected failures 3
# of unsupported tests 1
=== libitm Summary ===
# of expected passes 52
# of expected failures 6
# of unsupported tests 2
=== libstdc++ tests ===
Running target unix/-m32
=== libstdc++ Summary for unix/-m32 ===
# of expected passes 8213
# of expected failures 43
# of unsupported tests 592
Running target unix/-m64
FAIL: libstdc++-prettyprinters/48362.cc print t2
FAIL: libstdc++-prettyprinters/cxx11.cc print uom
FAIL: libstdc++-prettyprinters/debug.cc print str
FAIL: libstdc++-prettyprinters/simple.cc print str
=== libstdc++ Summary for unix/-m64 ===
# of expected passes 8220
# of unexpected failures 4
# of expected failures 43
# of unsupported tests 591
=== libstdc++ Summary ===
# of expected passes 16433
# of unexpected failures 4
# of expected failures 86
# of unsupported tests 1183
Compiler version: 4.8.0 20121119 (experimental) [trunk revision 193610] (GCC)
Platform: i386-pc-solaris2.10
configure flags: --prefix=/BUILD/gcc/193610 --target=i386-pc-solaris2.10 --with-gnu-as --with-as=/opt/gnu/bin/as --with-libiconv-prefix=/opt/gnu --with-gmp=/opt/gnu --with-mpfr=/opt/gnu --with-mpc=/opt/gnu --with-ppl=/opt/gnu --with-cloog=/opt/gnu --enable-cloog-backend=isl --enable-lto --without-included-gettext --bindir=/BUILD/gcc/193610/i386-pc-solaris2.10/gcc-bin/193610 --includedir=/BUILD/gcc/193610/lib/gcc/i386-pc-solaris2.10/193610/include --datadir=/BUILD/gcc/193610/share/gcc-data/i386-pc-solaris2.10/193610 --mandir=/BUILD/gcc/193610/share/gcc-data/i386-pc-solaris2.10/193610/man --infodir=/BUILD/gcc/193610/share/gcc-data/i386-pc-solaris2.10/193610/info --with-gxx-include-dir=/BUILD/gcc/193610/lib/gcc/i386-pc-solaris2.10/193610/include/g++-v4 --enable-languages=c,c++ --program-suffix=-trunk
BOOT_CFLAGS=-g -O2