This is the mail archive of the
gcc-testresults@gcc.gnu.org
mailing list for the GCC project.
Results for 4.8.0 20121106 (experimental) [trunk revision 193261] (Debian 20121106-1) testsuite on s390x-ibm-linux-gnu
- From: Matthias Klose <doko at debian dot org>
- To: gcc-testresults at gcc dot gnu dot org
- Cc: debian-gcc at lists dot debian dot org
- Date: Wed, 07 Nov 2012 17:54:32 +0000
- Subject: Results for 4.8.0 20121106 (experimental) [trunk revision 193261] (Debian 20121106-1) testsuite on s390x-ibm-linux-gnu
- Reply-to: Matthias Klose <doko at debian dot org>
LAST_UPDATED: Tue Nov 6 22:25:51 UTC 2012 (revision 193261)
Target: s390x-linux-gnu
gcc version 4.8.0 20121106 (experimental) [trunk revision 193261] (Debian 20121106-1)
=== acats tests ===
FAIL: c52103x
FAIL: c52104x
FAIL: c52104y
FAIL: cb1010a
=== acats Summary ===
# of expected passes 2316
# of unexpected failures 4
Native configuration is s390x-ibm-linux-gnu
=== g++ tests ===
Running target unix
FAIL: g++.dg/ext/attr-ifunc-1.C -std=gnu++98 execution test
FAIL: g++.dg/ext/attr-ifunc-1.C -std=gnu++11 execution test
FAIL: g++.dg/ext/attr-ifunc-2.C -std=gnu++98 execution test
FAIL: g++.dg/ext/attr-ifunc-2.C -std=gnu++11 execution test
FAIL: g++.dg/ext/attr-ifunc-3.C -std=gnu++98 execution test
FAIL: g++.dg/ext/attr-ifunc-3.C -std=gnu++11 execution test
FAIL: g++.dg/ext/attr-ifunc-4.C -std=gnu++98 execution test
FAIL: g++.dg/ext/attr-ifunc-4.C -std=gnu++11 execution test
FAIL: g++.dg/plugin/attribute_plugin.c compilation
FAIL: g++.dg/plugin/pragma_plugin.c compilation
FAIL: g++.dg/plugin/selfassign.c compilation
FAIL: g++.dg/plugin/dumb_plugin.c compilation
FAIL: g++.dg/plugin/header_plugin.c compilation
FAIL: g++.dg/plugin/decl_plugin.c compilation
=== g++ Summary ===
# of expected passes 50921
# of unexpected failures 14
# of expected failures 288
# of unsupported tests 802
/build/buildd-gcc-snapshot_20121106-1-s390x-1qWDGX/gcc-snapshot-20121106/build/gcc/testsuite/g++/../../g++ version 4.8.0 20121106 (experimental) [trunk revision 193261] (Debian 20121106-1)
=== gcc tests ===
Running target unix
FAIL: gcc.dg/attr-ifunc-1.c execution test
FAIL: gcc.dg/attr-ifunc-3.c execution test
FAIL: gcc.dg/attr-ifunc-4.c execution test
FAIL: gcc.dg/attr-ifunc-5.c execution test
FAIL: gcc.dg/attr-weakref-1.c (test for excess errors)
UNRESOLVED: gcc.dg/attr-weakref-1.c compilation failed to produce executable
FAIL: gcc.dg/builtin-object-size-8.c execution test
FAIL: gcc.dg/hoist-register-pressure-1.c scan-rtl-dump hoist "PRE/HOIST: end of bb .* copying expression"
FAIL: gcc.dg/hoist-register-pressure-2.c scan-rtl-dump hoist "PRE/HOIST: end of bb .* copying expression"
FAIL: gcc.dg/pr19105.c scan-tree-dump-times reassoc1 "Optimizing range tests v_[0-9]*.D. -.2, 2. and -.3, 4.[\\n\\r]* into" 1
FAIL: gcc.dg/sms-10.c execution test
FAIL: gcc.dg/sms-3.c execution test
FAIL: gcc.dg/sms-5.c execution test
FAIL: gcc.dg/sms-7.c execution test
FAIL: gcc.dg/sms-9.c execution test
FAIL: gcc.dg/uninit-13.c unconditional (test for warnings, line 8)
FAIL: gcc.dg/uninit-13.c (test for excess errors)
FAIL: gcc.dg/graphite/pr42521.c (internal compiler error)
FAIL: gcc.dg/graphite/pr42521.c (test for excess errors)
FAIL: gcc.dg/graphite/pr42771.c (internal compiler error)
FAIL: gcc.dg/graphite/pr42771.c (test for excess errors)
FAIL: gcc.dg/plugin/selfassign.c compilation
FAIL: gcc.dg/plugin/ggcplug.c compilation
FAIL: gcc.dg/plugin/one_time_plugin.c compilation
FAIL: gcc.dg/plugin/start_unit_plugin.c compilation
FAIL: gcc.dg/plugin/finish_unit_plugin.c compilation
FAIL: gcc.dg/torture/pr51106-2.c -O0 (internal compiler error)
FAIL: gcc.dg/torture/pr51106-2.c -O0 (test for excess errors)
FAIL: gcc.dg/torture/pr51106-2.c -O1 (internal compiler error)
FAIL: gcc.dg/torture/pr51106-2.c -O1 (test for excess errors)
FAIL: gcc.dg/torture/pr51106-2.c -O2 (internal compiler error)
FAIL: gcc.dg/torture/pr51106-2.c -O2 (test for excess errors)
FAIL: gcc.dg/torture/pr51106-2.c -O3 -fomit-frame-pointer (internal compiler error)
FAIL: gcc.dg/torture/pr51106-2.c -O3 -fomit-frame-pointer (test for excess errors)
FAIL: gcc.dg/torture/pr51106-2.c -O3 -g (internal compiler error)
FAIL: gcc.dg/torture/pr51106-2.c -O3 -g (test for excess errors)
FAIL: gcc.dg/torture/pr51106-2.c -Os (internal compiler error)
FAIL: gcc.dg/torture/pr51106-2.c -Os (test for excess errors)
FAIL: gcc.dg/torture/pr51106-2.c -O2 -flto -fno-use-linker-plugin -flto-partition=none (internal compiler error)
FAIL: gcc.dg/torture/pr51106-2.c -O2 -flto -fno-use-linker-plugin -flto-partition=none (test for excess errors)
XPASS: gcc.dg/tree-ssa/20040204-1.c scan-tree-dump-times optimized "link_error" 0
UNRESOLVED: gcc.dg/tree-ssa/cunroll-1.c scan-tree-dump cunroll "Unrolled loop 1 completely .duplicated 1 times.."
UNRESOLVED: gcc.dg/tree-ssa/cunroll-1.c scan-tree-dump cunroll "Last iteration exit edge was proved true."
=== gcc Summary ===
# of expected passes 80489
# of unexpected failures 39
# of unexpected successes 1
# of expected failures 113
# of unresolved testcases 3
# of unsupported tests 1145
/build/buildd-gcc-snapshot_20121106-1-s390x-1qWDGX/gcc-snapshot-20121106/build/gcc/xgcc version 4.8.0 20121106 (experimental) [trunk revision 193261] (Debian 20121106-1)
=== gfortran tests ===
Running target unix
XPASS: gfortran.dg/do_1.f90 -O0 execution test
XPASS: gfortran.dg/do_1.f90 -O1 execution test
FAIL: gfortran.dg/reshape-alloc.f90 -O3 -fomit-frame-pointer -funroll-loops (internal compiler error)
FAIL: gfortran.dg/reshape-alloc.f90 -O3 -fomit-frame-pointer -funroll-loops (test for excess errors)
UNRESOLVED: gfortran.dg/reshape-alloc.f90 -O3 -fomit-frame-pointer -funroll-loops compilation failed to produce executable
FAIL: gfortran.dg/reshape-alloc.f90 -O3 -fomit-frame-pointer -funroll-all-loops -finline-functions (internal compiler error)
FAIL: gfortran.dg/reshape-alloc.f90 -O3 -fomit-frame-pointer -funroll-all-loops -finline-functions (test for excess errors)
UNRESOLVED: gfortran.dg/reshape-alloc.f90 -O3 -fomit-frame-pointer -funroll-all-loops -finline-functions compilation failed to produce executable
FAIL: gfortran.dg/lto/pr45586-2 f_lto_pr45586-2_0.o-f_lto_pr45586-2_0.o link, -O0 -flto -flto-partition=none -fuse-linker-plugin (internal compiler error)
UNRESOLVED: gfortran.dg/lto/pr45586-2 f_lto_pr45586-2_0.o-f_lto_pr45586-2_0.o execute -O0 -flto -flto-partition=none -fuse-linker-plugin
FAIL: gfortran.dg/lto/pr45586-2 f_lto_pr45586-2_0.o-f_lto_pr45586-2_0.o link, -O0 -flto -flto-partition=1to1 -fno-use-linker-plugin (internal compiler error)
UNRESOLVED: gfortran.dg/lto/pr45586-2 f_lto_pr45586-2_0.o-f_lto_pr45586-2_0.o execute -O0 -flto -flto-partition=1to1 -fno-use-linker-plugin
FAIL: gfortran.dg/lto/pr45586-2 f_lto_pr45586-2_0.o-f_lto_pr45586-2_0.o link, -O0 -flto -fuse-linker-plugin -fno-fat-lto-objects (internal compiler error)
UNRESOLVED: gfortran.dg/lto/pr45586-2 f_lto_pr45586-2_0.o-f_lto_pr45586-2_0.o execute -O0 -flto -fuse-linker-plugin -fno-fat-lto-objects
FAIL: gfortran.dg/lto/pr45586 f_lto_pr45586_0.o-f_lto_pr45586_0.o link, -O0 -flto -flto-partition=none -fuse-linker-plugin (internal compiler error)
UNRESOLVED: gfortran.dg/lto/pr45586 f_lto_pr45586_0.o-f_lto_pr45586_0.o execute -O0 -flto -flto-partition=none -fuse-linker-plugin
FAIL: gfortran.dg/lto/pr45586 f_lto_pr45586_0.o-f_lto_pr45586_0.o link, -O0 -flto -flto-partition=1to1 -fno-use-linker-plugin (internal compiler error)
UNRESOLVED: gfortran.dg/lto/pr45586 f_lto_pr45586_0.o-f_lto_pr45586_0.o execute -O0 -flto -flto-partition=1to1 -fno-use-linker-plugin
FAIL: gfortran.dg/lto/pr45586 f_lto_pr45586_0.o-f_lto_pr45586_0.o link, -O0 -flto -fuse-linker-plugin -fno-fat-lto-objects (internal compiler error)
UNRESOLVED: gfortran.dg/lto/pr45586 f_lto_pr45586_0.o-f_lto_pr45586_0.o execute -O0 -flto -fuse-linker-plugin -fno-fat-lto-objects
FAIL: gfortran.fortran-torture/execute/entry_3.f90 execution, -O2 -fomit-frame-pointer -finline-functions -funroll-loops
=== gfortran Summary ===
# of expected passes 41831
# of unexpected failures 11
# of unexpected successes 2
# of expected failures 62
# of unresolved testcases 8
# of unsupported tests 87
/build/buildd-gcc-snapshot_20121106-1-s390x-1qWDGX/gcc-snapshot-20121106/build/gcc/testsuite/gfortran/../../gfortran version 4.8.0 20121106 (experimental) [trunk revision 193261] (Debian 20121106-1)
=== gnat tests ===
Running target unix
FAIL: gnat.dg/array11.adb (test for warnings, line 12)
FAIL: gnat.dg/object_overflow.adb (test for warnings, line 8)
=== gnat Summary ===
# of expected passes 1109
# of unexpected failures 2
# of expected failures 17
# of unsupported tests 11
/build/buildd-gcc-snapshot_20121106-1-s390x-1qWDGX/gcc-snapshot-20121106/build/gcc/gnatmake version 4.8.0 20121106 (experimental) [trunk revision 193261]
=== go tests ===
Running target unix
FAIL: errchk-tmp.go -O (test for errors, line 732)
FAIL: errchk-tmp.go -O (test for errors, line 733)
FAIL: errchk-tmp.go -O (test for errors, line 734)
FAIL: errchk-tmp.go -O (test for errors, line 735)
FAIL: errchk-tmp.go -O (test for errors, line 736)
FAIL: errchk-tmp.go -O (test for errors, line 737)
FAIL: errchk-tmp.go -O (test for errors, line 738)
FAIL: errchk-tmp.go -O (test for errors, line 739)
FAIL: errchk-tmp.go -O (test for errors, line 740)
FAIL: errchk-tmp.go -O (test for errors, line 741)
FAIL: errchk-tmp.go -O (test for errors, line 782)
FAIL: errchk-tmp.go -O (test for errors, line 783)
FAIL: errchk-tmp.go -O (test for errors, line 784)
FAIL: errchk-tmp.go -O (test for errors, line 785)
FAIL: errchk-tmp.go -O (test for errors, line 786)
FAIL: errchk-tmp.go -O (test for errors, line 787)
FAIL: errchk-tmp.go -O (test for errors, line 788)
FAIL: errchk-tmp.go -O (test for errors, line 789)
FAIL: errchk-tmp.go -O (test for errors, line 790)
FAIL: errchk-tmp.go -O (test for errors, line 791)
FAIL: errchk-tmp.go -O (test for errors, line 832)
FAIL: errchk-tmp.go -O (test for errors, line 833)
FAIL: errchk-tmp.go -O (test for errors, line 834)
FAIL: errchk-tmp.go -O (test for errors, line 835)
FAIL: errchk-tmp.go -O (test for errors, line 836)
FAIL: errchk-tmp.go -O (test for errors, line 837)
FAIL: errchk-tmp.go -O (test for errors, line 838)
FAIL: errchk-tmp.go -O (test for errors, line 839)
FAIL: errchk-tmp.go -O (test for errors, line 840)
FAIL: errchk-tmp.go -O (test for errors, line 841)
FAIL: errchk-tmp.go -O (test for errors, line 882)
FAIL: errchk-tmp.go -O (test for errors, line 883)
FAIL: errchk-tmp.go -O (test for errors, line 884)
FAIL: errchk-tmp.go -O (test for errors, line 885)
FAIL: errchk-tmp.go -O (test for errors, line 886)
FAIL: errchk-tmp.go -O (test for errors, line 887)
FAIL: errchk-tmp.go -O (test for errors, line 888)
FAIL: errchk-tmp.go -O (test for errors, line 889)
FAIL: errchk-tmp.go -O (test for errors, line 890)
FAIL: errchk-tmp.go -O (test for errors, line 891)
FAIL: errchk-tmp.go -O (test for errors, line 1532)
FAIL: errchk-tmp.go -O (test for errors, line 1533)
FAIL: errchk-tmp.go -O (test for errors, line 1534)
FAIL: errchk-tmp.go -O (test for errors, line 1535)
FAIL: errchk-tmp.go -O (test for errors, line 1536)
FAIL: errchk-tmp.go -O (test for errors, line 1537)
FAIL: errchk-tmp.go -O (test for errors, line 1538)
FAIL: errchk-tmp.go -O (test for errors, line 1539)
FAIL: errchk-tmp.go -O (test for errors, line 1540)
FAIL: errchk-tmp.go -O (test for errors, line 1541)
FAIL: errchk-tmp.go -O (test for errors, line 1582)
FAIL: errchk-tmp.go -O (test for errors, line 1583)
FAIL: errchk-tmp.go -O (test for errors, line 1584)
FAIL: errchk-tmp.go -O (test for errors, line 1585)
FAIL: errchk-tmp.go -O (test for errors, line 1586)
FAIL: errchk-tmp.go -O (test for errors, line 1587)
FAIL: errchk-tmp.go -O (test for errors, line 1588)
FAIL: errchk-tmp.go -O (test for errors, line 1589)
FAIL: errchk-tmp.go -O (test for errors, line 1590)
FAIL: errchk-tmp.go -O (test for errors, line 1591)
FAIL: errchk-tmp.go -O (test for errors, line 1632)
FAIL: errchk-tmp.go -O (test for errors, line 1633)
FAIL: errchk-tmp.go -O (test for errors, line 1634)
FAIL: errchk-tmp.go -O (test for errors, line 1635)
FAIL: errchk-tmp.go -O (test for errors, line 1636)
FAIL: errchk-tmp.go -O (test for errors, line 1637)
FAIL: errchk-tmp.go -O (test for errors, line 1638)
FAIL: errchk-tmp.go -O (test for errors, line 1639)
FAIL: errchk-tmp.go -O (test for errors, line 1640)
FAIL: errchk-tmp.go -O (test for errors, line 1641)
FAIL: errchk-tmp.go -O (test for errors, line 1682)
FAIL: errchk-tmp.go -O (test for errors, line 1683)
FAIL: errchk-tmp.go -O (test for errors, line 1684)
FAIL: errchk-tmp.go -O (test for errors, line 1685)
FAIL: errchk-tmp.go -O (test for errors, line 1686)
FAIL: errchk-tmp.go -O (test for errors, line 1687)
FAIL: errchk-tmp.go -O (test for errors, line 1688)
FAIL: errchk-tmp.go -O (test for errors, line 1689)
FAIL: errchk-tmp.go -O (test for errors, line 1690)
FAIL: errchk-tmp.go -O (test for errors, line 1691)
FAIL: errchk-tmp.go -O (test for errors, line 2332)
FAIL: errchk-tmp.go -O (test for errors, line 2333)
FAIL: errchk-tmp.go -O (test for errors, line 2334)
FAIL: errchk-tmp.go -O (test for errors, line 2335)
FAIL: errchk-tmp.go -O (test for errors, line 2336)
FAIL: errchk-tmp.go -O (test for errors, line 2337)
FAIL: errchk-tmp.go -O (test for errors, line 2338)
FAIL: errchk-tmp.go -O (test for errors, line 2339)
FAIL: errchk-tmp.go -O (test for errors, line 2340)
FAIL: errchk-tmp.go -O (test for errors, line 2341)
FAIL: errchk-tmp.go -O (test for errors, line 2382)
FAIL: errchk-tmp.go -O (test for errors, line 2383)
FAIL: errchk-tmp.go -O (test for errors, line 2384)
FAIL: errchk-tmp.go -O (test for errors, line 2385)
FAIL: errchk-tmp.go -O (test for errors, line 2386)
FAIL: errchk-tmp.go -O (test for errors, line 2387)
FAIL: errchk-tmp.go -O (test for errors, line 2388)
FAIL: errchk-tmp.go -O (test for errors, line 2389)
FAIL: errchk-tmp.go -O (test for errors, line 2390)
FAIL: errchk-tmp.go -O (test for errors, line 2391)
FAIL: errchk-tmp.go -O (test for errors, line 2432)
FAIL: errchk-tmp.go -O (test for errors, line 2433)
FAIL: errchk-tmp.go -O (test for errors, line 2434)
FAIL: errchk-tmp.go -O (test for errors, line 2435)
FAIL: errchk-tmp.go -O (test for errors, line 2436)
FAIL: errchk-tmp.go -O (test for errors, line 2437)
FAIL: errchk-tmp.go -O (test for errors, line 2438)
FAIL: errchk-tmp.go -O (test for errors, line 2439)
FAIL: errchk-tmp.go -O (test for errors, line 2440)
FAIL: errchk-tmp.go -O (test for errors, line 2441)
FAIL: errchk-tmp.go -O (test for errors, line 2482)
FAIL: errchk-tmp.go -O (test for errors, line 2483)
FAIL: errchk-tmp.go -O (test for errors, line 2484)
FAIL: errchk-tmp.go -O (test for errors, line 2485)
FAIL: errchk-tmp.go -O (test for errors, line 2486)
FAIL: errchk-tmp.go -O (test for errors, line 2487)
FAIL: errchk-tmp.go -O (test for errors, line 2488)
FAIL: errchk-tmp.go -O (test for errors, line 2489)
FAIL: errchk-tmp.go -O (test for errors, line 2490)
FAIL: errchk-tmp.go -O (test for errors, line 2491)
UNRESOLVED: go.test/test/235.go compilation, -O2 -g
UNRESOLVED: go.test/test/64bit.go -O (test for excess errors)
UNRESOLVED: go.test/test/chan/doubleselect.go compilation, -O2 -g
FAIL: go.test/test/env.go execution, -O2 -g
UNRESOLVED: go.test/test/if.go compilation, -O2 -g
FAIL: go.test/test/nilptr.go execution, -O2 -g
ERROR: s390x-ibm-linux-gnu: unhandled architecture
ERROR: s390x-ibm-linux-gnu: unhandled architecture
ERROR: s390x-ibm-linux-gnu: unhandled architecture
ERROR: s390x-ibm-linux-gnu: unhandled architecture
=== go Summary ===
# of expected passes 4955
# of unexpected failures 122
# of expected failures 1
# of untested testcases 5
# of unresolved testcases 4
/build/buildd-gcc-snapshot_20121106-1-s390x-1qWDGX/gcc-snapshot-20121106/build/gcc/testsuite/go/../../gccgo version 4.8.0 20121106 (experimental) [trunk revision 193261] (Debian 20121106-1)
=== obj-c++ tests ===
Running target unix
=== obj-c++ Summary ===
# of expected passes 1442
# of expected failures 10
# of unsupported tests 86
/build/buildd-gcc-snapshot_20121106-1-s390x-1qWDGX/gcc-snapshot-20121106/build/gcc/testsuite/obj-c++/../../g++ version 4.8.0 20121106 (experimental) [trunk revision 193261] (Debian 20121106-1)
=== objc tests ===
Running target unix
=== objc Summary ===
# of expected passes 2994
# of unsupported tests 74
/build/buildd-gcc-snapshot_20121106-1-s390x-1qWDGX/gcc-snapshot-20121106/build/gcc/xgcc version 4.8.0 20121106 (experimental) [trunk revision 193261] (Debian 20121106-1)
=== boehm-gc tests ===
Running target unix
=== boehm-gc Summary ===
# of expected passes 12
# of unsupported tests 1
=== libatomic tests ===
Running target unix
=== libatomic Summary ===
# of expected passes 34
# of unsupported tests 10
=== libffi tests ===
Running target unix
=== libffi Summary ===
# of expected passes 1659
# of unsupported tests 55
=== libgo tests ===
Running target unix
FAIL: testing/quick
=== libgo Summary for unix ===
# of expected passes 128
# of unexpected failures 1
Running target unix/-m31
FAIL: fmt
FAIL: reflect
FAIL: sync
FAIL: time
FAIL: encoding/gob
FAIL: encoding/json
FAIL: html/template
FAIL: math/big
FAIL: net/http
FAIL: net/rpc
FAIL: old/regexp
FAIL: old/template
FAIL: text/template
FAIL: text/template/parse
=== libgo Summary for unix/-m31 ===
# of expected passes 115
# of unexpected failures 14
=== libgo Summary ===
# of expected passes 243
# of unexpected failures 15
/build/buildd-gcc-snapshot_20121106-1-s390x-1qWDGX/gcc-snapshot-20121106/build/./gcc/gccgo version 4.8.0 20121106 (experimental) [trunk revision 193261] (Debian 20121106-1)
=== libgomp tests ===
Running target unix
=== libgomp Summary ===
# of expected passes 2979
# of unsupported tests 1
=== libjava tests ===
Running target unix
FAIL: sourcelocation output - source compiled test
FAIL: sourcelocation -findirect-dispatch output - source compiled test
FAIL: sourcelocation -O3 output - source compiled test
=== libjava Summary ===
# of expected passes 2583
# of unexpected failures 3
=== libmudflap tests ===
Running target unix
FAIL: libmudflap.c/fail37-frag.c (-O2) crash test
FAIL: libmudflap.c/fail37-frag.c (-O2) output pattern test
FAIL: libmudflap.c/fail37-frag.c (-O3) crash test
FAIL: libmudflap.c/fail37-frag.c (-O3) output pattern test
FAIL: libmudflap.c++/pass41-frag.cxx (-static) execution test
FAIL: libmudflap.c++/pass41-frag.cxx ( -O) execution test
FAIL: libmudflap.c++/pass41-frag.cxx (-O2) execution test
FAIL: libmudflap.c++/pass41-frag.cxx (-O3) execution test
=== libmudflap Summary ===
# of expected passes 1898
# of unexpected failures 8
=== libstdc++ tests ===
Running target unix
FAIL: 21_strings/basic_string/cons/char/1.cc execution test
FAIL: 22_locale/time_get/get_date/wchar_t/4.cc execution test
=== libstdc++ Summary ===
# of expected passes 9111
# of unexpected failures 2
# of expected failures 43
# of unsupported tests 213
Compiler version: 4.8.0 20121106 (experimental) [trunk revision 193261] (Debian 20121106-1)
Platform: s390x-ibm-linux-gnu
configure flags: -v --with-pkgversion='Debian 20121106-1' --with-bugurl=file:///usr/share/doc/gcc-snapshot/README.Bugs --enable-languages=c,ada,c++,java,go,fortran,objc,obj-c++ --prefix=/usr/lib/gcc-snapshot --enable-shared --enable-linker-build-id --with-system-zlib --disable-nls --with-sysroot=/ --enable-clocale=gnu --enable-libstdcxx-debug --enable-libstdcxx-time=yes --enable-gnu-unique-object --disable-libitm --enable-plugin --disable-browser-plugin --enable-java-awt=gtk --enable-gtk-cairo --with-java-home=/usr/lib/jvm/java-1.5.0-gcj-4.8-snap/jre --enable-java-home --with-jvm-root-dir=/usr/lib/jvm/java-1.5.0-gcj-4.8-snap --with-jvm-jar-dir=/usr/lib/jvm-exports/java-1.5.0-gcj-4.8-snap --with-arch-directory=s390x --with-ecj-jar=/usr/share/java/eclipse-ecj.jar --enable-objc-gc --with-long-double-128 --disable-werror --enable-checking=yes --build=s390x-linux-gnu --host=s390x-linux-gnu --target=s390x-linux-gnu
BOOT_CFLAGS=
Build Dependencies:
Desired=Unknown/Install/Remove/Purge/Hold
| Status=Not/Inst/Conf-files/Unpacked/halF-conf/Half-inst/trig-aWait/Trig-pend
|/ Err?=(none)/Reinst-required (Status,Err: uppercase=bad)
||/ Name Version Architecture Description
+++-==================================-======================-============-===============================================================================
ii binutils 2.22-7.1 s390x GNU assembler, linker and binary utilities
ii g++-4.6 4.6.3-12 s390x GNU C++ compiler
ii g++-4.6-multilib 4.6.3-12 s390x GNU C++ compiler (multilib files)
ii g++-multilib 4:4.6.3-8 s390x GNU C++ compiler (multilib files)
ii libc6:s390x 2.13-36 s390x Embedded GNU C Library: Shared libraries
ii libgmp-dev:s390x 2:5.0.5+dfsg-2 s390x Multiprecision arithmetic library developers tools
ii libmpc-dev:s390x 0.9-4+b1 s390x multiple precision complex floating-point library development package
ii libmpfr-dev:s390x 3.1.0-5 s390x multiple precision floating-point computation developers tools
gcc-sysroot-trunk:
libgo-mksysinfo:
libgo: Fix TIOCNOTTY and TIOCSCTTY definitions
arm-multilib-soft:
ARM hard/soft float multilib support
arm-multilib-defaults:
Set MULTILIB_DEFAULTS for ARM multilib builds
gcc-ice-hack:
Retry the build on an ice, save the calling options and preprocessed
source when the ice is reproducible.
gcc-ice-apport:
Report an ICE to apport (if apport is available
and the environment variable GCC_NOAPPORT is not set)
libjava-fixed-symlinks:
Remove unneed '..' elements from symlinks in JAVA_HOME
libstdc++-arm-wno-abi:
Temporary work around:
On arm-linux-gnueabi run the libstdc++v3 testsuite with -Wno-abi
ada-mips:
Improve support for mips.
libffi-ro-eh_frame_sect:
PR libffi/47248, force a read only eh frame section.
gcc-multiarch-trunk:
Add multiarch support to GCC.
Convert the multilib option to a target triplet,
add multiarch include directories and libraries path:
/usr/local/include/<arch>-linux-gnu
/usr/include/<arch>-linux-gnu
/usr/lib/<arch>-linux-gnu
to the system paths.
libjava-nobiarch-check:
For biarch builds, disable the testsuite for the non-default architecture
for runtime libraries, which are not built by default (libjava).
config-ml:
- Disable some biarch libraries for biarch builds.
- Fix multilib builds on kernels which don't support all multilibs.
gcc-powerpc-undef:
Undefine LINK_EH_SPEC before redefining it
http://gcc.gnu.org/ml/gcc-patches/2011-02/msg01082.html
gcc-multilib64-multiarch-trunk:
Use lib instead of lib64 as the 64bit system dir on biarch
architectures defaulting to 64bit.
gcc-no-add-needed:
On linux targets pass --no-add-needed to the linker.
mips-fix-loongson2f-nop:
On mips, pass -mfix-loongson2f-nop to as, if -mno-fix-loongson2f-nop
is not passed.
libgomp-kfreebsd-testsuite:
Disable lock-2.c test on kfreebsd-*
Counting all warnings,
there are 0 warnings in stage3 of this bootstrap.
Number of warnings per file:
Number of warning types: