This is the mail archive of the
gcc-testresults@gcc.gnu.org
mailing list for the GCC project.
Results for 4.8.0 20121028 (experimental) [trunk revision 192897] (GCC) testsuite on hppa2.0-unknown-linux-gnu
- From: stevenb at dingo dot esiee dot fr
- To: gcc-testresults at gcc dot gnu dot org
- Date: Wed, 31 Oct 2012 21:10:52 +0100
- Subject: Results for 4.8.0 20121028 (experimental) [trunk revision 192897] (GCC) testsuite on hppa2.0-unknown-linux-gnu
LAST_UPDATED: Sun Oct 28 21:20:49 UTC 2012 (revision 192897)
Native configuration is hppa2.0-unknown-linux-gnu
=== g++ tests ===
Running target unix
FAIL: g++.dg/other/anon5.C -std=gnu++98 (test for excess errors)
FAIL: g++.dg/other/anon5.C -std=gnu++11 (test for excess errors)
ERROR: g++.dg/other/dump-ada-spec-1.C -std=gnu++98: error executing dg-final: wrong # args: should be "regsub ?switches? exp string subSpec varName"
UNRESOLVED: g++.dg/other/dump-ada-spec-1.C -std=gnu++98: error executing dg-final: wrong # args: should be "regsub ?switches? exp string subSpec varName"
ERROR: g++.dg/other/dump-ada-spec-1.C -std=gnu++11: error executing dg-final: wrong # args: should be "regsub ?switches? exp string subSpec varName"
UNRESOLVED: g++.dg/other/dump-ada-spec-1.C -std=gnu++11: error executing dg-final: wrong # args: should be "regsub ?switches? exp string subSpec varName"
ERROR: g++.dg/other/dump-ada-spec-2.C -std=gnu++98: error executing dg-final: wrong # args: should be "regsub ?switches? exp string subSpec varName"
UNRESOLVED: g++.dg/other/dump-ada-spec-2.C -std=gnu++98: error executing dg-final: wrong # args: should be "regsub ?switches? exp string subSpec varName"
ERROR: g++.dg/other/dump-ada-spec-2.C -std=gnu++11: error executing dg-final: wrong # args: should be "regsub ?switches? exp string subSpec varName"
UNRESOLVED: g++.dg/other/dump-ada-spec-2.C -std=gnu++11: error executing dg-final: wrong # args: should be "regsub ?switches? exp string subSpec varName"
FAIL: g++.dg/pr48660.C -std=c++98 (internal compiler error)
FAIL: g++.dg/pr48660.C -std=c++98 (test for excess errors)
FAIL: g++.dg/pr48660.C -std=c++11 (internal compiler error)
FAIL: g++.dg/pr48660.C -std=c++11 (test for excess errors)
ERROR: tcl error sourcing /home/stevenb/devel/trunk/gcc/testsuite/g++.dg/lto/lto.exp.
ERROR: syntax error in expression "\$sid eq "f_lto""
FAIL: g++.dg/torture/pr46154.C -O2 (internal compiler error)
FAIL: g++.dg/torture/pr46154.C -O2 (test for excess errors)
FAIL: g++.dg/torture/pr46154.C -O3 -fomit-frame-pointer (internal compiler error)
FAIL: g++.dg/torture/pr46154.C -O3 -fomit-frame-pointer (test for excess errors)
FAIL: g++.dg/torture/pr46154.C -O3 -g (internal compiler error)
FAIL: g++.dg/torture/pr46154.C -O3 -g (test for excess errors)
FAIL: g++.dg/torture/pr46154.C -O2 -flto -flto-partition=none (internal compiler error)
FAIL: g++.dg/torture/pr46154.C -O2 -flto -flto-partition=none (test for excess errors)
FAIL: g++.dg/torture/pr46154.C -O2 -flto (internal compiler error)
FAIL: g++.dg/torture/pr46154.C -O2 -flto (test for excess errors)
=== g++ Summary ===
# of expected passes 48292
# of unexpected failures 16
# of expected failures 288
# of unresolved testcases 4
# of unsupported tests 868
/home/stevenb/devel/build-orig/gcc/testsuite/g++/../../g++ version 4.8.0 20121028 (experimental) [trunk revision 192897] (GCC)
=== gcc tests ===
Running target unix
FAIL: gcc.dg/debug/dwarf2/asm-line1.c scan-assembler is_stmt 1
FAIL: gcc.dg/attr-weakref-1.c (test for excess errors)
UNRESOLVED: gcc.dg/attr-weakref-1.c compilation failed to produce executable
FAIL: gcc.dg/builtin-object-size-8.c execution test
FAIL: gcc.dg/cproj-fails-with-broken-glibc.c execution test
ERROR: gcc.dg/dump-ada-spec-1.c: error executing dg-final: wrong # args: should be "regsub ?switches? exp string subSpec varName"
UNRESOLVED: gcc.dg/dump-ada-spec-1.c: error executing dg-final: wrong # args: should be "regsub ?switches? exp string subSpec varName"
FAIL: gcc.dg/sms-8.c execution test
FAIL: gcc.dg/ipa/iinline-4.c scan-ipa-dump inline "hooray4[^\\\\n]*inline copy in test4"
ERROR: tcl error sourcing /home/stevenb/devel/trunk/gcc/testsuite/gcc.dg/lto/lto.exp.
ERROR: syntax error in expression "\$sid eq "f_lto""
FAIL: gcc.dg/torture/pr51106-2.c -O0 (internal compiler error)
FAIL: gcc.dg/torture/pr51106-2.c -O0 (test for excess errors)
FAIL: gcc.dg/torture/pr51106-2.c -O1 (internal compiler error)
FAIL: gcc.dg/torture/pr51106-2.c -O1 (test for excess errors)
FAIL: gcc.dg/torture/pr51106-2.c -O2 (internal compiler error)
FAIL: gcc.dg/torture/pr51106-2.c -O2 (test for excess errors)
FAIL: gcc.dg/torture/pr51106-2.c -O3 -fomit-frame-pointer (internal compiler error)
FAIL: gcc.dg/torture/pr51106-2.c -O3 -fomit-frame-pointer (test for excess errors)
FAIL: gcc.dg/torture/pr51106-2.c -O3 -g (internal compiler error)
FAIL: gcc.dg/torture/pr51106-2.c -O3 -g (test for excess errors)
FAIL: gcc.dg/torture/pr51106-2.c -Os (internal compiler error)
FAIL: gcc.dg/torture/pr51106-2.c -Os (test for excess errors)
FAIL: gcc.dg/torture/pr51106-2.c -O2 -flto -flto-partition=none (internal compiler error)
FAIL: gcc.dg/torture/pr51106-2.c -O2 -flto -flto-partition=none (test for excess errors)
FAIL: gcc.dg/torture/pr51106-2.c -O2 -flto (internal compiler error)
FAIL: gcc.dg/torture/pr51106-2.c -O2 -flto (test for excess errors)
XPASS: gcc.dg/tree-ssa/loop-1.c scan-assembler-times foo 5
FAIL: gcc.dg/tree-ssa/vector-4.c scan-tree-dump-times gimple "VEC_PERM_EXPR <a, b, { 0, 4, 1, 5 }>;" 1
=== gcc Summary ===
# of expected passes 77409
# of unexpected failures 23
# of unexpected successes 1
# of expected failures 109
# of unresolved testcases 2
# of unsupported tests 1226
/home/stevenb/devel/build-orig/gcc/xgcc version 4.8.0 20121028 (experimental) [trunk revision 192897] (GCC)
=== libatomic tests ===
Running target unix
=== libatomic Summary ===
# of expected passes 34
# of unsupported tests 10
=== libgomp tests ===
Running target unix
=== libgomp Summary ===
# of expected passes 1241
# of unsupported tests 1
=== libstdc++ tests ===
Running target unix
FAIL: 17_intro/using_namespace_std_tr1_neg.cc (test for excess errors)
FAIL: 20_util/auto_ptr/assign_neg.cc (test for excess errors)
FAIL: 20_util/bind/ref_neg.cc (test for excess errors)
FAIL: 20_util/default_delete/48631_neg.cc (test for excess errors)
FAIL: 20_util/function/cmp/cmp_neg.cc (test for excess errors)
FAIL: 20_util/headers/type_traits/types_std_c++0x_neg.cc (test for excess errors)
FAIL: 20_util/make_signed/requirements/typedefs_neg.cc (test for excess errors)
FAIL: 20_util/make_unsigned/requirements/typedefs_neg.cc (test for excess errors)
FAIL: 20_util/ratio/operations/ops_overflow_neg.cc (test for excess errors)
FAIL: 20_util/reference_wrapper/ref_neg.cc (test for excess errors)
FAIL: 20_util/unique_ptr/assign/48635_neg.cc (test for excess errors)
FAIL: 23_containers/list/23781_neg.cc (test for excess errors)
FAIL: 23_containers/map/23781_neg.cc (test for excess errors)
FAIL: 23_containers/map/operators/1_neg.cc (test for excess errors)
FAIL: 23_containers/multimap/23781_neg.cc (test for excess errors)
FAIL: 23_containers/multiset/23781_neg.cc (test for excess errors)
FAIL: 23_containers/set/23781_neg.cc (test for excess errors)
FAIL: 23_containers/set/operators/1_neg.cc (test for excess errors)
FAIL: 26_numerics/headers/cmath/overloads_c++0x_neg.cc (test for excess errors)
FAIL: 26_numerics/headers/cmath/types_std_c++0x_neg.cc (test for excess errors)
FAIL: 26_numerics/random/linear_congruential_engine/requirements/non_uint_neg.cc (test for excess errors)
FAIL: 27_io/ios_base/cons/assign_neg.cc (test for excess errors)
FAIL: 27_io/ios_base/cons/copy_neg.cc (test for excess errors)
FAIL: 29_atomics/atomic_integral/operators/bitwise_neg.cc (test for excess errors)
FAIL: 29_atomics/atomic_integral/operators/decrement_neg.cc (test for excess errors)
FAIL: 29_atomics/atomic_integral/operators/increment_neg.cc (test for excess errors)
FAIL: 29_atomics/headers/atomic/types_std_c++0x_neg.cc (test for excess errors)
FAIL: ext/slist/23781_neg.cc (test for excess errors)
FAIL: tr1/5_numerical_facilities/random/linear_congruential/requirements/non_uint_neg.cc (test for excess errors)
FAIL: tr1/6_containers/unordered_map/requirements/iterator_neg.cc (test for excess errors)
FAIL: tr1/6_containers/unordered_map/requirements/iterator_null_neg.cc (test for excess errors)
FAIL: tr1/6_containers/unordered_multimap/requirements/iterator_neg.cc (test for excess errors)
FAIL: tr1/6_containers/unordered_multimap/requirements/iterator_null_neg.cc (test for excess errors)
FAIL: tr1/6_containers/unordered_multiset/requirements/iterator_neg.cc (test for excess errors)
FAIL: tr1/6_containers/unordered_multiset/requirements/iterator_null_neg.cc (test for excess errors)
FAIL: tr1/6_containers/unordered_set/requirements/iterator_neg.cc (test for excess errors)
FAIL: tr1/6_containers/unordered_set/requirements/iterator_null_neg.cc (test for excess errors)
FAIL: tr1/8_c_compatibility/cmath/overloads_neg.cc (test for excess errors)
=== libstdc++ Summary ===
# of expected passes 8006
# of unexpected failures 38
# of expected failures 44
# of unsupported tests 639
Compiler version: 4.8.0 20121028 (experimental) [trunk revision 192897] (GCC)
Platform: hppa2.0-unknown-linux-gnu
configure flags: --with-mpfr=/opt/cfarm/mpfr-latest --with-gmp=/opt/cfarm/gmp-latest --with-mpc=/opt/cfarm/mpc-latest --enable-languages=c,c++ --disable-nls --disable-libmudflap --disable-libssp --disable-multilib