This is the mail archive of the
gcc-testresults@gcc.gnu.org
mailing list for the GCC project.
Results for 4.8.0 20121019 (experimental) [trunk revision 192612] (GCC) testsuite on sparc-sun-solaris2.9
- From: Rainer Orth <ro at CeBiTec dot Uni-Bielefeld dot DE>
- To: gcc-testresults at gcc dot gnu dot org
- Date: Mon, 22 Oct 2012 12:44:17 +0200 (MEST)
- Subject: Results for 4.8.0 20121019 (experimental) [trunk revision 192612] (GCC) testsuite on sparc-sun-solaris2.9
LAST_UPDATED: Fri Oct 19 13:57:14 UTC 2012 (revision 192612)
=== acats tests ===
=== acats Summary ===
# of expected passes 2320
# of unexpected failures 0
Native configuration is sparc-sun-solaris2.9
=== g++ tests ===
Running target unix
WARNING: program timed out.
FAIL: g++.dg/template/memclass3.C -std=c++11 (test for excess errors)
FAIL: g++.dg/tls/thread_local-cse.C execution test
FAIL: g++.dg/tls/thread_local-order1.C execution test
FAIL: g++.dg/tls/thread_local2.C execution test
FAIL: g++.dg/tls/thread_local2g.C execution test
FAIL: g++.dg/tls/thread_local3g.C -std=gnu++11 execution test
FAIL: g++.dg/tls/thread_local4g.C -std=gnu++11 execution test
FAIL: g++.dg/tls/thread_local5g.C -std=gnu++11 execution test
FAIL: g++.dg/tls/thread_local6.C execution test
FAIL: g++.dg/tls/thread_local6g.C execution test
WARNING: program timed out.
FAIL: c-c++-common/tm/pr54893.c -std=gnu++11 (test for excess errors)
WARNING: program timed out.
FAIL: g++.old-deja/g++.robertl/eb30.C -std=c++98 (test for excess errors)
=== g++ Summary for unix ===
# of expected passes 49109
# of unexpected failures 12
# of expected failures 290
# of unsupported tests 860
Running target unix/-m64
FAIL: g++.dg/tls/thread_local-cse.C execution test
FAIL: g++.dg/tls/thread_local-order1.C execution test
FAIL: g++.dg/tls/thread_local2.C execution test
FAIL: g++.dg/tls/thread_local2g.C execution test
FAIL: g++.dg/tls/thread_local3g.C -std=gnu++11 execution test
FAIL: g++.dg/tls/thread_local4g.C -std=gnu++11 execution test
FAIL: g++.dg/tls/thread_local5g.C -std=gnu++11 execution test
FAIL: g++.dg/tls/thread_local6.C execution test
FAIL: g++.dg/tls/thread_local6g.C execution test
WARNING: program timed out.
FAIL: c-c++-common/torture/complex-sign-add.c -O3 -g (test for excess errors)
WARNING: c-c++-common/torture/complex-sign-add.c -O3 -g compilation failed to produce executable
=== g++ Summary for unix/-m64 ===
# of expected passes 50347
# of unexpected failures 10
# of expected failures 290
# of unsupported tests 853
=== g++ Summary ===
# of expected passes 99456
# of unexpected failures 22
# of expected failures 580
# of unsupported tests 1713
/var/gcc/regression/trunk/9-gcc-gas/build/gcc/testsuite/g++/../../g++ version 4.8.0 20121019 (experimental) [trunk revision 192612] (GCC)
=== gcc tests ===
Running target unix
FAIL: gcc.c-torture/compile/20001226-1.c -O2 -flto (test for excess errors)
FAIL: gcc.c-torture/compile/930603-1.c -O0 (test for excess errors)
FAIL: gcc.c-torture/compile/limits-declparen.c -O3 -fomit-frame-pointer (test for excess errors)
WARNING: program timed out.
WARNING: program timed out.
WARNING: program timed out.
FAIL: gcc.c-torture/execute/20051104-1.c compilation, -O1
UNRESOLVED: gcc.c-torture/execute/20051104-1.c execution, -O1
FAIL: gcc.c-torture/execute/991202-1.c compilation, -O3 -fomit-frame-pointer -funroll-loops
UNRESOLVED: gcc.c-torture/execute/991202-1.c execution, -O3 -fomit-frame-pointer -funroll-loops
FAIL: gcc.c-torture/execute/pr45070.c compilation, -O2 -flto
UNRESOLVED: gcc.c-torture/execute/pr45070.c execution, -O2 -flto
WARNING: program timed out.
WARNING: program timed out.
WARNING: program timed out.
XPASS: gcc.dg/Wstrict-overflow-18.c (test for bogus messages, line 20)
FAIL: gcc.dg/attr-weakref-1.c (test for excess errors)
WARNING: gcc.dg/attr-weakref-1.c compilation failed to produce executable
FAIL: gcc.dg/builtin-object-size-8.c execution test
FAIL: gcc.dg/graphite/pr42521.c (internal compiler error)
FAIL: gcc.dg/graphite/pr42521.c (test for excess errors)
FAIL: gcc.dg/graphite/pr42771.c (internal compiler error)
FAIL: gcc.dg/graphite/pr42771.c (test for excess errors)
FAIL: gcc.dg/simulate-thread/atomic-other-int.c -O2 -g thread simulation test
FAIL: gcc.dg/simulate-thread/atomic-other-int.c -O3 -g thread simulation test
FAIL: gcc.dg/simulate-thread/atomic-other-short.c -O2 -g thread simulation test
FAIL: gcc.dg/simulate-thread/speculative-store-4.c -O0 -g thread simulation test
FAIL: gcc.dg/simulate-thread/speculative-store-4.c -O2 -g thread simulation test
FAIL: gcc.dg/simulate-thread/speculative-store-4.c -O3 -g thread simulation test
FAIL: gcc.dg/simulate-thread/speculative-store.c -O0 -g thread simulation test
FAIL: gcc.dg/torture/pr51106-2.c -O0 (internal compiler error)
FAIL: gcc.dg/torture/pr51106-2.c -O0 (test for excess errors)
FAIL: gcc.dg/torture/pr51106-2.c -O1 (internal compiler error)
FAIL: gcc.dg/torture/pr51106-2.c -O1 (test for excess errors)
FAIL: gcc.dg/torture/pr51106-2.c -O2 (internal compiler error)
FAIL: gcc.dg/torture/pr51106-2.c -O2 (test for excess errors)
FAIL: gcc.dg/torture/pr51106-2.c -O3 -fomit-frame-pointer (internal compiler error)
FAIL: gcc.dg/torture/pr51106-2.c -O3 -fomit-frame-pointer (test for excess errors)
FAIL: gcc.dg/torture/pr51106-2.c -O3 -g (internal compiler error)
FAIL: gcc.dg/torture/pr51106-2.c -O3 -g (test for excess errors)
FAIL: gcc.dg/torture/pr51106-2.c -Os (internal compiler error)
FAIL: gcc.dg/torture/pr51106-2.c -Os (test for excess errors)
FAIL: gcc.dg/torture/pr51106-2.c -O2 -flto -flto-partition=none (internal compiler error)
FAIL: gcc.dg/torture/pr51106-2.c -O2 -flto -flto-partition=none (test for excess errors)
FAIL: gcc.dg/torture/pr51106-2.c -O2 -flto (internal compiler error)
FAIL: gcc.dg/torture/pr51106-2.c -O2 -flto (test for excess errors)
UNRESOLVED: gcc.dg/tree-ssa/cunroll-4.c scan-tree-dump cunrolli "Turned loop 1 to non-loop; it never loops."
UNRESOLVED: gcc.dg/tree-ssa/cunroll-4.c scan-tree-dump cunrolli "Last iteration exit edge was proved true."
WARNING: program timed out.
FAIL: gcc.dg/tree-ssa/pr42893.c (test for excess errors)
=== gcc Summary for unix ===
# of expected passes 81000
# of unexpected failures 36
# of unexpected successes 1
# of expected failures 320
# of unresolved testcases 5
# of unsupported tests 1614
Running target unix/-m64
XPASS: gcc.dg/Wstrict-overflow-18.c (test for bogus messages, line 20)
FAIL: gcc.dg/attr-weakref-1.c (test for excess errors)
WARNING: gcc.dg/attr-weakref-1.c compilation failed to produce executable
FAIL: gcc.dg/builtin-object-size-8.c execution test
FAIL: gcc.dg/graphite/pr42521.c (internal compiler error)
FAIL: gcc.dg/graphite/pr42521.c (test for excess errors)
FAIL: gcc.dg/graphite/pr42771.c (internal compiler error)
FAIL: gcc.dg/graphite/pr42771.c (test for excess errors)
FAIL: gcc.dg/torture/pr51106-2.c -O0 (internal compiler error)
FAIL: gcc.dg/torture/pr51106-2.c -O0 (test for excess errors)
FAIL: gcc.dg/torture/pr51106-2.c -O1 (internal compiler error)
FAIL: gcc.dg/torture/pr51106-2.c -O1 (test for excess errors)
FAIL: gcc.dg/torture/pr51106-2.c -O2 (internal compiler error)
FAIL: gcc.dg/torture/pr51106-2.c -O2 (test for excess errors)
FAIL: gcc.dg/torture/pr51106-2.c -O3 -fomit-frame-pointer (internal compiler error)
FAIL: gcc.dg/torture/pr51106-2.c -O3 -fomit-frame-pointer (test for excess errors)
FAIL: gcc.dg/torture/pr51106-2.c -O3 -g (internal compiler error)
FAIL: gcc.dg/torture/pr51106-2.c -O3 -g (test for excess errors)
FAIL: gcc.dg/torture/pr51106-2.c -Os (internal compiler error)
FAIL: gcc.dg/torture/pr51106-2.c -Os (test for excess errors)
FAIL: gcc.dg/torture/pr51106-2.c -O2 -flto -flto-partition=none (internal compiler error)
FAIL: gcc.dg/torture/pr51106-2.c -O2 -flto -flto-partition=none (test for excess errors)
FAIL: gcc.dg/torture/pr51106-2.c -O2 -flto (internal compiler error)
FAIL: gcc.dg/torture/pr51106-2.c -O2 -flto (test for excess errors)
UNRESOLVED: gcc.dg/tree-ssa/cunroll-4.c scan-tree-dump cunrolli "Turned loop 1 to non-loop; it never loops."
UNRESOLVED: gcc.dg/tree-ssa/cunroll-4.c scan-tree-dump cunrolli "Last iteration exit edge was proved true."
=== gcc Summary for unix/-m64 ===
# of expected passes 81702
# of unexpected failures 22
# of unexpected successes 1
# of expected failures 309
# of unresolved testcases 2
# of unsupported tests 1592
=== gcc Summary ===
# of expected passes 162702
# of unexpected failures 58
# of unexpected successes 2
# of expected failures 629
# of unresolved testcases 7
# of unsupported tests 3206
/var/gcc/regression/trunk/9-gcc-gas/build/gcc/xgcc version 4.8.0 20121019 (experimental) [trunk revision 192612] (GCC)
=== gfortran tests ===
Running target unix
XPASS: gfortran.dg/do_1.f90 -O0 execution test
XPASS: gfortran.dg/do_1.f90 -O1 execution test
FAIL: gfortran.dg/minmaxloc_4.f90 -O3 -fomit-frame-pointer (test for excess errors)
WARNING: gfortran.dg/minmaxloc_4.f90 -O3 -fomit-frame-pointer compilation failed to produce executable
FAIL: gfortran.dg/proc_ptr_result_3.f90 -O2 (test for excess errors)
WARNING: gfortran.dg/proc_ptr_result_3.f90 -O2 compilation failed to produce executable
FAIL: gfortran.dg/realloc_on_assign_12.f90 -O3 -fomit-frame-pointer -funroll-all-loops -finline-functions (test for excess errors)
WARNING: gfortran.dg/realloc_on_assign_12.f90 -O3 -fomit-frame-pointer -funroll-all-loops -finline-functions compilation failed to produce executable
FAIL: gfortran.dg/substr_2.f -O3 -fomit-frame-pointer -funroll-all-loops -finline-functions (test for excess errors)
WARNING: gfortran.dg/substr_2.f -O3 -fomit-frame-pointer -funroll-all-loops -finline-functions compilation failed to produce executable
WARNING: program timed out.
WARNING: program timed out.
WARNING: program timed out.
WARNING: program timed out.
FAIL: gfortran.dg/lto/pr45586-2 f_lto_pr45586-2_0.o-f_lto_pr45586-2_0.o link, -O0 -flto -flto-partition=none (internal compiler error)
UNRESOLVED: gfortran.dg/lto/pr45586-2 f_lto_pr45586-2_0.o-f_lto_pr45586-2_0.o execute -O0 -flto -flto-partition=none
FAIL: gfortran.dg/lto/pr45586-2 f_lto_pr45586-2_0.o-f_lto_pr45586-2_0.o link, -O0 -flto -flto-partition=1to1 (internal compiler error)
UNRESOLVED: gfortran.dg/lto/pr45586-2 f_lto_pr45586-2_0.o-f_lto_pr45586-2_0.o execute -O0 -flto -flto-partition=1to1
FAIL: gfortran.dg/lto/pr45586-2 f_lto_pr45586-2_0.o-f_lto_pr45586-2_0.o link, -O0 -flto (internal compiler error)
UNRESOLVED: gfortran.dg/lto/pr45586-2 f_lto_pr45586-2_0.o-f_lto_pr45586-2_0.o execute -O0 -flto
FAIL: gfortran.dg/lto/pr45586 f_lto_pr45586_0.o-f_lto_pr45586_0.o link, -O0 -flto -flto-partition=none (internal compiler error)
UNRESOLVED: gfortran.dg/lto/pr45586 f_lto_pr45586_0.o-f_lto_pr45586_0.o execute -O0 -flto -flto-partition=none
FAIL: gfortran.dg/lto/pr45586 f_lto_pr45586_0.o-f_lto_pr45586_0.o link, -O0 -flto -flto-partition=1to1 (internal compiler error)
UNRESOLVED: gfortran.dg/lto/pr45586 f_lto_pr45586_0.o-f_lto_pr45586_0.o execute -O0 -flto -flto-partition=1to1
FAIL: gfortran.dg/lto/pr45586 f_lto_pr45586_0.o-f_lto_pr45586_0.o link, -O0 -flto (internal compiler error)
UNRESOLVED: gfortran.dg/lto/pr45586 f_lto_pr45586_0.o-f_lto_pr45586_0.o execute -O0 -flto
=== gfortran Summary for unix ===
# of expected passes 41681
# of unexpected failures 10
# of unexpected successes 2
# of expected failures 64
# of unresolved testcases 6
# of unsupported tests 410
Running target unix/-m64
FAIL: gfortran.dg/alloc_comp_assign_2.f90 -O2 (test for excess errors)
WARNING: gfortran.dg/alloc_comp_assign_2.f90 -O2 compilation failed to produce executable
FAIL: gfortran.dg/bound_simplification_1.f90 -O3 -g (test for excess errors)
WARNING: gfortran.dg/bound_simplification_1.f90 -O3 -g compilation failed to produce executable
XPASS: gfortran.dg/do_1.f90 -O0 execution test
XPASS: gfortran.dg/do_1.f90 -O1 execution test
WARNING: program timed out.
WARNING: program timed out.
FAIL: gfortran.dg/lto/pr45586-2 f_lto_pr45586-2_0.o-f_lto_pr45586-2_0.o link, -O0 -flto -flto-partition=none (internal compiler error)
UNRESOLVED: gfortran.dg/lto/pr45586-2 f_lto_pr45586-2_0.o-f_lto_pr45586-2_0.o execute -O0 -flto -flto-partition=none
FAIL: gfortran.dg/lto/pr45586-2 f_lto_pr45586-2_0.o-f_lto_pr45586-2_0.o link, -O0 -flto -flto-partition=1to1 (internal compiler error)
UNRESOLVED: gfortran.dg/lto/pr45586-2 f_lto_pr45586-2_0.o-f_lto_pr45586-2_0.o execute -O0 -flto -flto-partition=1to1
FAIL: gfortran.dg/lto/pr45586-2 f_lto_pr45586-2_0.o-f_lto_pr45586-2_0.o link, -O0 -flto (internal compiler error)
UNRESOLVED: gfortran.dg/lto/pr45586-2 f_lto_pr45586-2_0.o-f_lto_pr45586-2_0.o execute -O0 -flto
FAIL: gfortran.dg/lto/pr45586 f_lto_pr45586_0.o-f_lto_pr45586_0.o link, -O0 -flto -flto-partition=none (internal compiler error)
UNRESOLVED: gfortran.dg/lto/pr45586 f_lto_pr45586_0.o-f_lto_pr45586_0.o execute -O0 -flto -flto-partition=none
FAIL: gfortran.dg/lto/pr45586 f_lto_pr45586_0.o-f_lto_pr45586_0.o link, -O0 -flto -flto-partition=1to1 (internal compiler error)
UNRESOLVED: gfortran.dg/lto/pr45586 f_lto_pr45586_0.o-f_lto_pr45586_0.o execute -O0 -flto -flto-partition=1to1
FAIL: gfortran.dg/lto/pr45586 f_lto_pr45586_0.o-f_lto_pr45586_0.o link, -O0 -flto (internal compiler error)
UNRESOLVED: gfortran.dg/lto/pr45586 f_lto_pr45586_0.o-f_lto_pr45586_0.o execute -O0 -flto
WARNING: program timed out.
FAIL: gfortran.fortran-torture/compile/parameter_2.f90, -O2 -ftree-vectorize -mcpu=ultrasparc -mvis
=== gfortran Summary for unix/-m64 ===
# of expected passes 41962
# of unexpected failures 9
# of unexpected successes 2
# of expected failures 64
# of unresolved testcases 6
# of unsupported tests 274
=== gfortran Summary ===
# of expected passes 83643
# of unexpected failures 19
# of unexpected successes 4
# of expected failures 128
# of unresolved testcases 12
# of unsupported tests 684
/var/gcc/regression/trunk/9-gcc-gas/build/gcc/testsuite/gfortran/../../gfortran version 4.8.0 20121019 (experimental) [trunk revision 192612] (GCC)
=== gnat tests ===
Running target unix
FAIL: gnat.dg/array11.adb (test for warnings, line 12)
FAIL: gnat.dg/object_overflow.adb (test for warnings, line 8)
=== gnat Summary for unix ===
# of expected passes 1106
# of unexpected failures 2
# of expected failures 17
# of unsupported tests 13
Running target unix/-m64
FAIL: gnat.dg/array11.adb (test for warnings, line 12)
FAIL: gnat.dg/object_overflow.adb (test for warnings, line 8)
=== gnat Summary for unix/-m64 ===
# of expected passes 1106
# of unexpected failures 2
# of expected failures 17
# of unsupported tests 13
=== gnat Summary ===
# of expected passes 2212
# of unexpected failures 4
# of expected failures 34
# of unsupported tests 26
/var/gcc/regression/trunk/9-gcc-gas/build/gcc/gnatmake version 4.8.0 20121019 (experimental) [trunk revision 192612]
=== go tests ===
Running target unix
=== go Summary for unix ===
# of expected passes 5078
# of expected failures 1
# of untested testcases 6
Running target unix/-m64
FAIL: go.test/test/append.go compilation, -O2 -g
WARNING: program timed out.
=== go Summary for unix/-m64 ===
# of expected passes 5076
# of unexpected failures 1
# of expected failures 1
# of untested testcases 7
=== go Summary ===
# of expected passes 10154
# of unexpected failures 1
# of expected failures 2
# of untested testcases 13
/var/gcc/regression/trunk/9-gcc-gas/build/gcc/testsuite/go/../../gccgo version 4.8.0 20121019 (experimental) [trunk revision 192612] (GCC)
=== obj-c++ tests ===
Running target unix
=== obj-c++ Summary for unix ===
# of expected passes 1450
# of expected failures 2
# of unsupported tests 86
Running target unix/-m64
=== obj-c++ Summary for unix/-m64 ===
# of expected passes 1442
# of expected failures 10
# of unsupported tests 86
=== obj-c++ Summary ===
# of expected passes 2892
# of expected failures 12
# of unsupported tests 172
/var/gcc/regression/trunk/9-gcc-gas/build/gcc/testsuite/obj-c++/../../g++ version 4.8.0 20121019 (experimental) [trunk revision 192612] (GCC)
=== objc tests ===
Running target unix
=== objc Summary for unix ===
# of expected passes 2994
# of unsupported tests 74
Running target unix/-m64
=== objc Summary for unix/-m64 ===
# of expected passes 2994
# of unsupported tests 74
=== objc Summary ===
# of expected passes 5988
# of unsupported tests 148
/var/gcc/regression/trunk/9-gcc-gas/build/gcc/xgcc version 4.8.0 20121019 (experimental) [trunk revision 192612] (GCC)
=== boehm-gc tests ===
Running target unix
=== boehm-gc Summary for unix ===
# of expected passes 12
# of unsupported tests 1
Running target unix/-m64
=== boehm-gc Summary for unix/-m64 ===
# of expected passes 12
# of unsupported tests 1
=== boehm-gc Summary ===
# of expected passes 24
# of unsupported tests 2
=== libatomic tests ===
Running target unix
=== libatomic Summary for unix ===
# of expected passes 34
# of unsupported tests 10
Running target unix/-m64
=== libatomic Summary for unix/-m64 ===
# of expected passes 44
# of unsupported tests 5
=== libatomic Summary ===
# of expected passes 78
# of unsupported tests 15
=== libffi tests ===
Running target unix
=== libffi Summary for unix ===
# of expected passes 1659
# of unsupported tests 55
Running target unix/-m64
=== libffi Summary for unix/-m64 ===
# of expected passes 1659
# of unsupported tests 55
=== libffi Summary ===
# of expected passes 3318
# of unsupported tests 110
=== libgo tests ===
Running target unix
FAIL: log
FAIL: regexp
FAIL: compress/flate
FAIL: database/sql
FAIL: net/http
FAIL: os/user
FAIL: runtime/pprof
FAIL: text/template
FAIL: testing/quick
=== libgo Summary for unix ===
# of expected passes 115
# of unexpected failures 9
Running target unix/-m64
FAIL: exp/norm
FAIL: runtime/pprof
=== libgo Summary for unix/-m64 ===
# of expected passes 122
# of unexpected failures 2
=== libgo Summary ===
# of expected passes 237
# of unexpected failures 11
=== libgomp tests ===
Running target unix
WARNING: program timed out.
FAIL: libgomp.fortran/vla6.f90 -O3 -g (test for excess errors)
WARNING: libgomp.fortran/vla6.f90 -O3 -g compilation failed to produce executable
=== libgomp Summary for unix ===
# of expected passes 2973
# of unexpected failures 1
# of unsupported tests 3
Running target unix/-m64
FAIL: libgomp.graphite/force-parallel-6.c execution test
=== libgomp Summary for unix/-m64 ===
# of expected passes 2974
# of unexpected failures 1
# of unsupported tests 3
=== libgomp Summary ===
# of expected passes 5947
# of unexpected failures 2
# of unsupported tests 6
=== libitm tests ===
Running target unix
=== libitm Summary for unix ===
# of expected passes 26
# of expected failures 3
# of unsupported tests 1
Running target unix/-m64
=== libitm Summary for unix/-m64 ===
# of expected passes 26
# of expected failures 3
# of unsupported tests 1
=== libitm Summary ===
# of expected passes 52
# of expected failures 6
# of unsupported tests 2
=== libjava tests ===
Running target unix
FAIL: sourcelocation output - source compiled test
FAIL: sourcelocation -findirect-dispatch output - source compiled test
FAIL: sourcelocation -O3 output - source compiled test
FAIL: sourcelocation -O3 -findirect-dispatch output - source compiled test
=== libjava Summary for unix ===
# of expected passes 2582
# of unexpected failures 4
Running target unix/-m64
WARNING: program timed out.
FAIL: G19990301_01 compilation from source
FAIL: sourcelocation output - source compiled test
FAIL: sourcelocation -findirect-dispatch output - source compiled test
FAIL: sourcelocation -O3 output - source compiled test
FAIL: sourcelocation -O3 -findirect-dispatch output - source compiled test
FAIL: stacktrace execution - source compiled test
=== libjava Summary for unix/-m64 ===
# of expected passes 2577
# of unexpected failures 6
# of untested testcases 3
=== libjava Summary ===
# of expected passes 5159
# of unexpected failures 10
# of untested testcases 3
=== libstdc++ tests ===
Running target unix
FAIL: 23_containers/vector/requirements/exception/propagation_consistent.cc (test for excess errors)
WARNING: 23_containers/vector/requirements/exception/propagation_consistent.cc compilation failed to produce executable
FAIL: ext/rope/5.cc (test for excess errors)
WARNING: program timed out.
WARNING: program timed out.
=== libstdc++ Summary for unix ===
# of expected passes 7528
# of unexpected failures 2
# of expected failures 46
# of unsupported tests 880
Running target unix/-m64
FAIL: 20_util/time_point/cons/constexpr.cc (test for excess errors)
FAIL: 23_containers/deque/modifiers/erase/1.cc (test for excess errors)
WARNING: 23_containers/deque/modifiers/erase/1.cc compilation failed to produce executable
FAIL: 25_algorithms/move/deque_iterators/1.cc (test for excess errors)
WARNING: 25_algorithms/move/deque_iterators/1.cc compilation failed to produce executable
FAIL: 27_io/basic_fstream/open/char/1.cc (test for excess errors)
WARNING: program timed out.
WARNING: program timed out.
WARNING: program timed out.
WARNING: program timed out.
WARNING: program timed out.
FAIL: tr1/6_containers/unordered_map/insert/map_range.cc (test for excess errors)
WARNING: tr1/6_containers/unordered_map/insert/map_range.cc compilation failed to produce executable
=== libstdc++ Summary for unix/-m64 ===
# of expected passes 7523
# of unexpected failures 5
# of expected failures 46
# of unsupported tests 880
=== libstdc++ Summary ===
# of expected passes 15051
# of unexpected failures 7
# of expected failures 92
# of unsupported tests 1760
Compiler version: 4.8.0 20121019 (experimental) [trunk revision 192612] (GCC)
Platform: sparc-sun-solaris2.9
configure flags: --prefix=/vol/gcc --target=sparc-sun-solaris2.9 --enable-objc-gc --with-host-libstdcxx='-L/vol/gcc-4.4/lib -Wl,-Bstatic -lstdc++ -Wl,-Bdynamic -lm' --with-boot-ldflags='-static-libstdc++ -static-libgcc -L/vol/gcc-4.4/lib' --with-as=/vol/gcc/bin/gas-2.22 --with-gnu-as --with-gmp-include=/vol/gcc/include --with-gmp-lib=/vol/gcc/lib --with-mpfr-include=/vol/gcc/include --with-mpfr-lib=/vol/gcc/lib --with-mpc-include=/vol/gcc/include --with-mpc-lib=/vol/gcc/lib --enable-languages=all,ada,obj-c++,go --with-isl-include=/vol/gcc/include --with-isl-lib=/vol/gcc/lib --with-cloog-include=/vol/gcc/include --with-cloog-lib=/vol/gcc/lib --enable-cloog-backend=isl
BOOT_CFLAGS=-g -O2