This is the mail archive of the
gcc-testresults@gcc.gnu.org
mailing list for the GCC project.
Results for 4.8.0 20121018 (experimental) [trunk revision 192567] (GCC) testsuite on powerpc64-unknown-linux-gnu
- From: Pat Haugen <pthaugen at us dot ibm dot com>
- To: gcc-testresults at gcc dot gnu dot org
- Date: Fri, 19 Oct 2012 02:19:19 -0500
- Subject: Results for 4.8.0 20121018 (experimental) [trunk revision 192567] (GCC) testsuite on powerpc64-unknown-linux-gnu
Linux 2.6.16.60-0.83.2-ppc64 ppc64
GNU C Library stable release version 2.4 (20110922)
GNU ld (GNU Binutils) 2.21.1
GNU assembler (GNU Binutils) 2.21.1
GNU Make 3.80
DejaGnu:
Expect version is 5.43.0
Tcl version is 8.4
Framework version is 1.4.4
32-bit biarch default32
LAST_UPDATED: Thu Oct 18 16:01:42 UTC 2012 (revision 192567)
Native configuration is powerpc64-unknown-linux-gnu
=== gcc tests ===
Running target unix/-m32
FAIL: gcc.dg/debug/dwarf2/const-2.c scan-assembler DW_AT_const_value
XPASS: gcc.dg/Wstrict-overflow-18.c (test for bogus messages, line 20)
FAIL: gcc.dg/and-1.c scan-assembler-not nand
FAIL: gcc.dg/attr-weakref-1.c (test for excess errors)
WARNING: gcc.dg/attr-weakref-1.c compilation failed to produce executable
FAIL: gcc.dg/builtin-object-size-8.c execution test
FAIL: gcc.dg/cproj-fails-with-broken-glibc.c execution test
FAIL: gcc.dg/torture/pr51106-2.c -O0 (internal compiler error)
FAIL: gcc.dg/torture/pr51106-2.c -O0 (test for excess errors)
FAIL: gcc.dg/torture/pr51106-2.c -O1 (internal compiler error)
FAIL: gcc.dg/torture/pr51106-2.c -O1 (test for excess errors)
FAIL: gcc.dg/torture/pr51106-2.c -O2 (internal compiler error)
FAIL: gcc.dg/torture/pr51106-2.c -O2 (test for excess errors)
FAIL: gcc.dg/torture/pr51106-2.c -O3 -fomit-frame-pointer (internal compiler error)
FAIL: gcc.dg/torture/pr51106-2.c -O3 -fomit-frame-pointer (test for excess errors)
FAIL: gcc.dg/torture/pr51106-2.c -O3 -g (internal compiler error)
FAIL: gcc.dg/torture/pr51106-2.c -O3 -g (test for excess errors)
FAIL: gcc.dg/torture/pr51106-2.c -Os (internal compiler error)
FAIL: gcc.dg/torture/pr51106-2.c -Os (test for excess errors)
FAIL: gcc.dg/torture/pr51106-2.c -O2 -flto -fno-use-linker-plugin -flto-partition=none (internal compiler error)
FAIL: gcc.dg/torture/pr51106-2.c -O2 -flto -fno-use-linker-plugin -flto-partition=none (test for excess errors)
FAIL: gcc.dg/torture/pr53589.c -O3 -g (internal compiler error)
FAIL: gcc.dg/torture/pr53589.c -O3 -g (test for excess errors)
FAIL: gcc.dg/tree-ssa/sra-12.c scan-tree-dump-times release_ssa "l;" 0
FAIL: gcc.dg/tree-ssa/ssa-dom-thread-4.c scan-tree-dump-times dom1 "Threaded" 3
FAIL: gcc.dg/tree-ssa/vrp47.c scan-tree-dump-times vrp1 "[xy][^ ]* !=" 0
FAIL: gcc.dg/tree-ssa/vrp47.c scan-tree-dump-times dom2 "x[^ ]* & y" 1
FAIL: gcc.dg/vect/vect-82_64.c scan-tree-dump-times vect "vectorized 1 loops" 1
FAIL: gcc.dg/vect/vect-83_64.c scan-tree-dump-times vect "vectorized 1 loops" 1
FAIL: gcc.dg/vect/vect-82_64.c -flto scan-tree-dump-times vect "vectorized 1 loops" 1
FAIL: gcc.dg/vect/vect-83_64.c -flto scan-tree-dump-times vect "vectorized 1 loops" 1
FAIL: gcc.dg/vect/aligned-section-anchors-nest-1.c scan-ipa-dump-times increase_alignment "Increasing alignment of decl" 3
FAIL: gcc.target/powerpc/405-dlmzb-strlen-1.c scan-assembler dlmzb\\\\.
FAIL: gcc.target/powerpc/440-dlmzb-strlen-1.c scan-assembler dlmzb\\\\.
FAIL: gcc.target/powerpc/ppc-vector-memcpy.c scan-assembler lvx
FAIL: gcc.target/powerpc/pr48258-2.c scan-assembler-times xvadddp 1
FAIL: gcc.target/powerpc/pr48258-2.c scan-assembler-times xvmindp 1
FAIL: gcc.target/powerpc/pr48258-2.c scan-assembler-times xvmaxdp 1
FAIL: gcc.target/powerpc/pr48258-2.c scan-assembler-times xsadddp 1
FAIL: gcc.target/powerpc/pr48258-2.c scan-assembler-times xsmindp 1
FAIL: gcc.target/powerpc/pr48258-2.c scan-assembler-times xsmaxdp 1
FAIL: gcc.target/powerpc/pr48258-2.c scan-assembler-not xxsldwi
=== gcc Summary for unix/-m32 ===
# of expected passes 84143
# of unexpected failures 40
# of unexpected successes 1
# of expected failures 220
# of unsupported tests 1266
Running target unix/-m64
FAIL: gcc.dg/debug/dwarf2/const-2.c scan-assembler DW_AT_const_value
XPASS: gcc.dg/Wstrict-overflow-18.c (test for bogus messages, line 20)
FAIL: gcc.dg/and-1.c scan-assembler-not nand
FAIL: gcc.dg/attr-weakref-1.c (test for excess errors)
WARNING: gcc.dg/attr-weakref-1.c compilation failed to produce executable
FAIL: gcc.dg/builtin-object-size-8.c execution test
FAIL: gcc.dg/cproj-fails-with-broken-glibc.c execution test
FAIL: gcc.dg/pr44194-1.c scan-rtl-dump dse1 "global deletions = (2|3)"
FAIL: gcc.dg/torture/pr51106-2.c -O0 (internal compiler error)
FAIL: gcc.dg/torture/pr51106-2.c -O0 (test for excess errors)
FAIL: gcc.dg/torture/pr51106-2.c -O1 (internal compiler error)
FAIL: gcc.dg/torture/pr51106-2.c -O1 (test for excess errors)
FAIL: gcc.dg/torture/pr51106-2.c -O2 (internal compiler error)
FAIL: gcc.dg/torture/pr51106-2.c -O2 (test for excess errors)
FAIL: gcc.dg/torture/pr51106-2.c -O3 -fomit-frame-pointer (internal compiler error)
FAIL: gcc.dg/torture/pr51106-2.c -O3 -fomit-frame-pointer (test for excess errors)
FAIL: gcc.dg/torture/pr51106-2.c -O3 -g (internal compiler error)
FAIL: gcc.dg/torture/pr51106-2.c -O3 -g (test for excess errors)
FAIL: gcc.dg/torture/pr51106-2.c -Os (internal compiler error)
FAIL: gcc.dg/torture/pr51106-2.c -Os (test for excess errors)
FAIL: gcc.dg/torture/pr51106-2.c -O2 -flto -fno-use-linker-plugin -flto-partition=none (internal compiler error)
FAIL: gcc.dg/torture/pr51106-2.c -O2 -flto -fno-use-linker-plugin -flto-partition=none (test for excess errors)
FAIL: gcc.dg/torture/pr53589.c -O3 -g (internal compiler error)
FAIL: gcc.dg/torture/pr53589.c -O3 -g (test for excess errors)
FAIL: gcc.dg/tree-ssa/ssa-dom-thread-4.c scan-tree-dump-times dom1 "Threaded" 3
FAIL: gcc.dg/tree-ssa/vrp47.c scan-tree-dump-times vrp1 "[xy][^ ]* !=" 0
FAIL: gcc.dg/tree-ssa/vrp47.c scan-tree-dump-times dom2 "x[^ ]* & y" 1
FAIL: gcc.dg/vect/vect-82_64.c scan-tree-dump-times vect "vectorized 1 loops" 1
FAIL: gcc.dg/vect/vect-83_64.c scan-tree-dump-times vect "vectorized 1 loops" 1
FAIL: gcc.dg/vect/vect-82_64.c -flto scan-tree-dump-times vect "vectorized 1 loops" 1
FAIL: gcc.dg/vect/vect-83_64.c -flto scan-tree-dump-times vect "vectorized 1 loops" 1
FAIL: gcc.dg/vect/aligned-section-anchors-nest-1.c scan-ipa-dump-times increase_alignment "Increasing alignment of decl" 3
FAIL: gcc.target/powerpc/ppc-mov-1.c scan-assembler-not fmr [0-9]+,[0-9]+
FAIL: gcc.target/powerpc/ppc-vector-memcpy.c scan-assembler lvx
FAIL: gcc.target/powerpc/pr48258-2.c scan-assembler-times xvadddp 1
FAIL: gcc.target/powerpc/pr48258-2.c scan-assembler-times xvmindp 1
FAIL: gcc.target/powerpc/pr48258-2.c scan-assembler-times xvmaxdp 1
FAIL: gcc.target/powerpc/pr48258-2.c scan-assembler-times xsadddp 1
FAIL: gcc.target/powerpc/pr48258-2.c scan-assembler-times xsmindp 1
FAIL: gcc.target/powerpc/pr48258-2.c scan-assembler-times xsmaxdp 1
FAIL: gcc.target/powerpc/pr48258-2.c scan-assembler-not xxsldwi
=== gcc Summary for unix/-m64 ===
# of expected passes 84754
# of unexpected failures 39
# of unexpected successes 1
# of expected failures 233
# of unsupported tests 1330
=== gcc Summary ===
# of expected passes 168897
# of unexpected failures 79
# of unexpected successes 2
# of expected failures 453
# of unsupported tests 2596
/home/gccbuild/build/nightly/build-gcc-trunk/gcc/xgcc version 4.8.0 20121018 (experimental) [trunk revision 192567] (GCC)
=== gfortran tests ===
Running target unix/-m32
XPASS: gfortran.dg/default_format_denormal_2.f90 -O0 execution test
XPASS: gfortran.dg/default_format_denormal_2.f90 -O1 execution test
XPASS: gfortran.dg/default_format_denormal_2.f90 -O2 execution test
XPASS: gfortran.dg/default_format_denormal_2.f90 -O3 -fomit-frame-pointer execution test
XPASS: gfortran.dg/default_format_denormal_2.f90 -O3 -fomit-frame-pointer -funroll-loops execution test
XPASS: gfortran.dg/default_format_denormal_2.f90 -O3 -fomit-frame-pointer -funroll-all-loops -finline-functions execution test
XPASS: gfortran.dg/default_format_denormal_2.f90 -O3 -g execution test
XPASS: gfortran.dg/default_format_denormal_2.f90 -Os execution test
XPASS: gfortran.dg/do_1.f90 -O0 execution test
XPASS: gfortran.dg/do_1.f90 -O1 execution test
FAIL: gfortran.dg/lto/pr45586-2 f_lto_pr45586-2_0.o-f_lto_pr45586-2_0.o link, -O0 -flto -flto-partition=none -fuse-linker-plugin (internal compiler error)
UNRESOLVED: gfortran.dg/lto/pr45586-2 f_lto_pr45586-2_0.o-f_lto_pr45586-2_0.o execute -O0 -flto -flto-partition=none -fuse-linker-plugin
FAIL: gfortran.dg/lto/pr45586-2 f_lto_pr45586-2_0.o-f_lto_pr45586-2_0.o link, -O0 -flto -flto-partition=1to1 -fno-use-linker-plugin (internal compiler error)
UNRESOLVED: gfortran.dg/lto/pr45586-2 f_lto_pr45586-2_0.o-f_lto_pr45586-2_0.o execute -O0 -flto -flto-partition=1to1 -fno-use-linker-plugin
FAIL: gfortran.dg/lto/pr45586-2 f_lto_pr45586-2_0.o-f_lto_pr45586-2_0.o link, -O0 -flto -fuse-linker-plugin -fno-fat-lto-objects (internal compiler error)
UNRESOLVED: gfortran.dg/lto/pr45586-2 f_lto_pr45586-2_0.o-f_lto_pr45586-2_0.o execute -O0 -flto -fuse-linker-plugin -fno-fat-lto-objects
FAIL: gfortran.dg/lto/pr45586 f_lto_pr45586_0.o-f_lto_pr45586_0.o link, -O0 -flto -flto-partition=none -fuse-linker-plugin (internal compiler error)
UNRESOLVED: gfortran.dg/lto/pr45586 f_lto_pr45586_0.o-f_lto_pr45586_0.o execute -O0 -flto -flto-partition=none -fuse-linker-plugin
FAIL: gfortran.dg/lto/pr45586 f_lto_pr45586_0.o-f_lto_pr45586_0.o link, -O0 -flto -flto-partition=1to1 -fno-use-linker-plugin (internal compiler error)
UNRESOLVED: gfortran.dg/lto/pr45586 f_lto_pr45586_0.o-f_lto_pr45586_0.o execute -O0 -flto -flto-partition=1to1 -fno-use-linker-plugin
FAIL: gfortran.dg/lto/pr45586 f_lto_pr45586_0.o-f_lto_pr45586_0.o link, -O0 -flto -fuse-linker-plugin -fno-fat-lto-objects (internal compiler error)
UNRESOLVED: gfortran.dg/lto/pr45586 f_lto_pr45586_0.o-f_lto_pr45586_0.o execute -O0 -flto -fuse-linker-plugin -fno-fat-lto-objects
=== gfortran Summary for unix/-m32 ===
# of expected passes 41389
# of unexpected failures 6
# of unexpected successes 10
# of expected failures 66
# of unresolved testcases 6
# of unsupported tests 244
Running target unix/-m64
XPASS: gfortran.dg/default_format_denormal_2.f90 -O0 execution test
XPASS: gfortran.dg/default_format_denormal_2.f90 -O1 execution test
XPASS: gfortran.dg/default_format_denormal_2.f90 -O2 execution test
XPASS: gfortran.dg/default_format_denormal_2.f90 -O3 -fomit-frame-pointer execution test
XPASS: gfortran.dg/default_format_denormal_2.f90 -O3 -fomit-frame-pointer -funroll-loops execution test
XPASS: gfortran.dg/default_format_denormal_2.f90 -O3 -fomit-frame-pointer -funroll-all-loops -finline-functions execution test
XPASS: gfortran.dg/default_format_denormal_2.f90 -O3 -g execution test
XPASS: gfortran.dg/default_format_denormal_2.f90 -Os execution test
XPASS: gfortran.dg/do_1.f90 -O0 execution test
XPASS: gfortran.dg/do_1.f90 -O1 execution test
FAIL: gfortran.dg/lto/pr45586-2 f_lto_pr45586-2_0.o-f_lto_pr45586-2_0.o link, -O0 -flto -flto-partition=none -fuse-linker-plugin (internal compiler error)
UNRESOLVED: gfortran.dg/lto/pr45586-2 f_lto_pr45586-2_0.o-f_lto_pr45586-2_0.o execute -O0 -flto -flto-partition=none -fuse-linker-plugin
FAIL: gfortran.dg/lto/pr45586-2 f_lto_pr45586-2_0.o-f_lto_pr45586-2_0.o link, -O0 -flto -flto-partition=1to1 -fno-use-linker-plugin (internal compiler error)
UNRESOLVED: gfortran.dg/lto/pr45586-2 f_lto_pr45586-2_0.o-f_lto_pr45586-2_0.o execute -O0 -flto -flto-partition=1to1 -fno-use-linker-plugin
FAIL: gfortran.dg/lto/pr45586-2 f_lto_pr45586-2_0.o-f_lto_pr45586-2_0.o link, -O0 -flto -fuse-linker-plugin -fno-fat-lto-objects (internal compiler error)
UNRESOLVED: gfortran.dg/lto/pr45586-2 f_lto_pr45586-2_0.o-f_lto_pr45586-2_0.o execute -O0 -flto -fuse-linker-plugin -fno-fat-lto-objects
FAIL: gfortran.dg/lto/pr45586 f_lto_pr45586_0.o-f_lto_pr45586_0.o link, -O0 -flto -flto-partition=none -fuse-linker-plugin (internal compiler error)
UNRESOLVED: gfortran.dg/lto/pr45586 f_lto_pr45586_0.o-f_lto_pr45586_0.o execute -O0 -flto -flto-partition=none -fuse-linker-plugin
FAIL: gfortran.dg/lto/pr45586 f_lto_pr45586_0.o-f_lto_pr45586_0.o link, -O0 -flto -flto-partition=1to1 -fno-use-linker-plugin (internal compiler error)
UNRESOLVED: gfortran.dg/lto/pr45586 f_lto_pr45586_0.o-f_lto_pr45586_0.o execute -O0 -flto -flto-partition=1to1 -fno-use-linker-plugin
FAIL: gfortran.dg/lto/pr45586 f_lto_pr45586_0.o-f_lto_pr45586_0.o link, -O0 -flto -fuse-linker-plugin -fno-fat-lto-objects (internal compiler error)
UNRESOLVED: gfortran.dg/lto/pr45586 f_lto_pr45586_0.o-f_lto_pr45586_0.o execute -O0 -flto -fuse-linker-plugin -fno-fat-lto-objects
=== gfortran Summary for unix/-m64 ===
# of expected passes 41716
# of unexpected failures 6
# of unexpected successes 10
# of expected failures 66
# of unresolved testcases 6
# of unsupported tests 83
=== gfortran Summary ===
# of expected passes 83105
# of unexpected failures 12
# of unexpected successes 20
# of expected failures 132
# of unresolved testcases 12
# of unsupported tests 327
/home/gccbuild/build/nightly/build-gcc-trunk/gcc/testsuite/gfortran/../../gfortran version 4.8.0 20121018 (experimental) [trunk revision 192567] (GCC)
=== g++ tests ===
Running target unix/-m32
=== g++ Summary for unix/-m32 ===
# of expected passes 49911
# of expected failures 288
# of unsupported tests 742
Running target unix/-m64
=== g++ Summary for unix/-m64 ===
# of expected passes 51106
# of expected failures 288
# of unsupported tests 777
=== g++ Summary ===
# of expected passes 101017
# of expected failures 576
# of unsupported tests 1519
/home/gccbuild/build/nightly/build-gcc-trunk/gcc/testsuite/g++/../../g++ version 4.8.0 20121018 (experimental) [trunk revision 192567] (GCC)
=== libatomic tests ===
Running target unix/-m32
=== libatomic Summary for unix/-m32 ===
# of expected passes 34
# of unsupported tests 10
Running target unix/-m64
=== libatomic Summary for unix/-m64 ===
# of expected passes 44
# of unsupported tests 5
=== libatomic Summary ===
# of expected passes 78
# of unsupported tests 15
=== libgomp tests ===
Running target unix/-m32
=== libgomp Summary for unix/-m32 ===
# of expected passes 2930
# of unsupported tests 1
Running target unix/-m64
=== libgomp Summary for unix/-m64 ===
# of expected passes 2930
# of unsupported tests 1
=== libgomp Summary ===
# of expected passes 5860
# of unsupported tests 2
=== libitm tests ===
Running target unix/-m32
=== libitm Summary for unix/-m32 ===
# of expected passes 26
# of expected failures 3
# of unsupported tests 1
Running target unix/-m64
=== libitm Summary for unix/-m64 ===
# of expected passes 26
# of expected failures 3
# of unsupported tests 1
=== libitm Summary ===
# of expected passes 52
# of expected failures 6
# of unsupported tests 2
=== libmudflap tests ===
Running target unix/-m32
FAIL: libmudflap.c/fail37-frag.c (-O2) crash test
FAIL: libmudflap.c/fail37-frag.c (-O2) output pattern test
FAIL: libmudflap.c/fail37-frag.c (-O3) crash test
FAIL: libmudflap.c/fail37-frag.c (-O3) output pattern test
=== libmudflap Summary for unix/-m32 ===
# of expected passes 1902
# of unexpected failures 4
Running target unix/-m64
FAIL: libmudflap.c/fail37-frag.c (-O2) crash test
FAIL: libmudflap.c/fail37-frag.c (-O2) output pattern test
FAIL: libmudflap.c/fail37-frag.c (-O3) crash test
FAIL: libmudflap.c/fail37-frag.c (-O3) output pattern test
FAIL: libmudflap.c++/pass41-frag.cxx (-O0) (test for excess errors)
WARNING: libmudflap.c++/pass41-frag.cxx (-O0) compilation failed to produce executable
FAIL: libmudflap.c++/pass55-frag.cxx (-O0) (test for excess errors)
WARNING: libmudflap.c++/pass55-frag.cxx (-O0) compilation failed to produce executable
FAIL: libmudflap.c++/pass57-frag.cxx (-O0) (test for excess errors)
WARNING: libmudflap.c++/pass57-frag.cxx (-O0) compilation failed to produce executable
FAIL: libmudflap.c++/pass41-frag.cxx (-static) (test for excess errors)
WARNING: libmudflap.c++/pass41-frag.cxx (-static) compilation failed to produce executable
FAIL: libmudflap.c++/pass55-frag.cxx (-static) (test for excess errors)
WARNING: libmudflap.c++/pass55-frag.cxx (-static) compilation failed to produce executable
WARNING: libmudflap.c++/pass57-frag.cxx (-static) compilation failed to produce executable
FAIL: libmudflap.c++/pass41-frag.cxx ( -O) (test for excess errors)
WARNING: libmudflap.c++/pass41-frag.cxx ( -O) compilation failed to produce executable
FAIL: libmudflap.c++/pass55-frag.cxx ( -O) (test for excess errors)
WARNING: libmudflap.c++/pass55-frag.cxx ( -O) compilation failed to produce executable
WARNING: libmudflap.c++/pass57-frag.cxx ( -O) compilation failed to produce executable
FAIL: libmudflap.c++/pass41-frag.cxx (-O2) (test for excess errors)
WARNING: libmudflap.c++/pass41-frag.cxx (-O2) compilation failed to produce executable
FAIL: libmudflap.c++/pass55-frag.cxx (-O2) (test for excess errors)
WARNING: libmudflap.c++/pass55-frag.cxx (-O2) compilation failed to produce executable
WARNING: libmudflap.c++/pass57-frag.cxx (-O2) compilation failed to produce executable
FAIL: libmudflap.c++/pass41-frag.cxx (-O3) (test for excess errors)
WARNING: libmudflap.c++/pass41-frag.cxx (-O3) compilation failed to produce executable
FAIL: libmudflap.c++/pass55-frag.cxx (-O3) (test for excess errors)
WARNING: libmudflap.c++/pass55-frag.cxx (-O3) compilation failed to produce executable
WARNING: libmudflap.c++/pass57-frag.cxx (-O3) compilation failed to produce executable
FAIL: ctors-12 linkage -O0
FAIL: ctors-21 linkage -O0
WARNING: program timed out.
FAIL: ctors-12 execution -O0
WARNING: program timed out.
FAIL: ctors-21 execution -O0
FAIL: ctors-12 linkage -static
FAIL: ctors-21 linkage -static
WARNING: program timed out.
FAIL: ctors-12 execution -static
WARNING: program timed out.
FAIL: ctors-21 execution -static
FAIL: ctors-12 linkage -O2
FAIL: ctors-21 linkage -O2
WARNING: program timed out.
FAIL: ctors-12 execution -O2
WARNING: program timed out.
FAIL: ctors-21 execution -O2
FAIL: ctors-12 linkage -O3
FAIL: ctors-21 linkage -O3
WARNING: program timed out.
FAIL: ctors-12 execution -O3
WARNING: program timed out.
FAIL: ctors-21 execution -O3
=== libmudflap Summary for unix/-m64 ===
# of expected passes 1860
# of unexpected failures 31
=== libmudflap Summary ===
# of expected passes 3762
# of unexpected failures 35
=== libstdc++ tests ===
Running target unix/-m32
FAIL: libstdc++-abi/abi_check
FAIL: 20_util/tuple/creation_functions/tie2.cc (test for excess errors)
WARNING: 20_util/tuple/creation_functions/tie2.cc compilation failed to produce executable
FAIL: 23_containers/map/requirements/explicit_instantiation/1_c++0x.cc (test for excess errors)
FAIL: 23_containers/unordered_map/cons/moveable.cc (test for excess errors)
WARNING: 23_containers/unordered_map/cons/moveable.cc compilation failed to produce executable
FAIL: 23_containers/unordered_map/dr761.cc (test for excess errors)
WARNING: 23_containers/unordered_map/dr761.cc compilation failed to produce executable
FAIL: 23_containers/unordered_map/init-list.cc (test for excess errors)
WARNING: 23_containers/unordered_map/init-list.cc compilation failed to produce executable
FAIL: 23_containers/unordered_map/insert/array_syntax.cc (test for excess errors)
WARNING: 23_containers/unordered_map/insert/array_syntax.cc compilation failed to produce executable
FAIL: 23_containers/unordered_map/insert/array_syntax_move.cc (test for excess errors)
WARNING: 23_containers/unordered_map/insert/array_syntax_move.cc compilation failed to produce executable
FAIL: 23_containers/unordered_map/insert/map_range.cc (test for excess errors)
WARNING: 23_containers/unordered_map/insert/map_range.cc compilation failed to produce executable
FAIL: 23_containers/unordered_map/operators/2.cc (test for excess errors)
WARNING: 23_containers/unordered_map/operators/2.cc compilation failed to produce executable
FAIL: 23_containers/unordered_map/profile/unordered.cc (test for excess errors)
WARNING: 23_containers/unordered_map/profile/unordered.cc compilation failed to produce executable
FAIL: 25_algorithms/stable_sort/49559.cc (test for excess errors)
WARNING: 25_algorithms/stable_sort/49559.cc compilation failed to produce executable
WARNING: libstdc++-prettyprinters/cxx11.cc compilation failed to produce executable
=== libstdc++ Summary for unix/-m32 ===
# of expected passes 9039
# of unexpected failures 12
# of expected failures 44
# of unsupported tests 217
Running target unix/-m64
FAIL: 20_util/tuple/creation_functions/tie2.cc (test for excess errors)
WARNING: 20_util/tuple/creation_functions/tie2.cc compilation failed to produce executable
FAIL: 23_containers/map/requirements/explicit_instantiation/1_c++0x.cc (test for excess errors)
FAIL: 23_containers/unordered_map/cons/moveable.cc (test for excess errors)
WARNING: 23_containers/unordered_map/cons/moveable.cc compilation failed to produce executable
FAIL: 23_containers/unordered_map/dr761.cc (test for excess errors)
WARNING: 23_containers/unordered_map/dr761.cc compilation failed to produce executable
FAIL: 23_containers/unordered_map/init-list.cc (test for excess errors)
WARNING: 23_containers/unordered_map/init-list.cc compilation failed to produce executable
FAIL: 23_containers/unordered_map/insert/array_syntax.cc (test for excess errors)
WARNING: 23_containers/unordered_map/insert/array_syntax.cc compilation failed to produce executable
FAIL: 23_containers/unordered_map/insert/array_syntax_move.cc (test for excess errors)
WARNING: 23_containers/unordered_map/insert/array_syntax_move.cc compilation failed to produce executable
FAIL: 23_containers/unordered_map/insert/map_range.cc (test for excess errors)
WARNING: 23_containers/unordered_map/insert/map_range.cc compilation failed to produce executable
FAIL: 23_containers/unordered_map/operators/2.cc (test for excess errors)
WARNING: 23_containers/unordered_map/operators/2.cc compilation failed to produce executable
FAIL: 23_containers/unordered_map/profile/unordered.cc (test for excess errors)
WARNING: 23_containers/unordered_map/profile/unordered.cc compilation failed to produce executable
FAIL: 25_algorithms/stable_sort/49559.cc (test for excess errors)
WARNING: 25_algorithms/stable_sort/49559.cc compilation failed to produce executable
WARNING: libstdc++-prettyprinters/cxx11.cc compilation failed to produce executable
=== libstdc++ Summary for unix/-m64 ===
# of expected passes 9040
# of unexpected failures 11
# of expected failures 44
# of unsupported tests 217
=== libstdc++ Summary ===
# of expected passes 18079
# of unexpected failures 23
# of expected failures 88
# of unsupported tests 434
Compiler version: 4.8.0 20121018 (experimental) [trunk revision 192567] (GCC)
Platform: powerpc64-unknown-linux-gnu
configure flags: --prefix=/opt/gcc-nightly/trunk-20121018 --build=powerpc64-linux --host=powerpc64-linux --target=powerpc64-linux --with-cpu=default32 --with-as=/opt/gcc-nightly/binutils-2.21.1/bin/as --with-ld=/opt/gcc-nightly/binutils-2.21.1/bin/ld --enable-threads=posix --enable-shared --enable-__cxa_atexit --enable-languages=c,c++,fortran --with-long-double-128 --enable-secureplt --enable-checking --disable-alsa --enable-decimal-float --with-gmp=/opt/gcc-nightly/gcc-host-libs --with-mpfr=/opt/gcc-nightly/gcc-host-libs --with-ppl=/opt/gcc-nightly/gcc-host-libs --with-cloog=/opt/gcc-nightly/gcc-host-libs --with-mpc=/opt/gcc-nightly/gcc-host-libs --with-libelf=/opt/gcc-nightly/gcc-host-libs --with-host-libstdcxx=-Wl,-Bstatic,-L/opt/gcc-nightly/gcc-host-libs/lib,-lstdc++,-Bdynamic,-lm
=== Test Framework Summary ===
# of expected passes 2531