This is the mail archive of the
gcc-testresults@gcc.gnu.org
mailing list for the GCC project.
Results for 4.8.0 20121006 (experimental) [trunk revision 192168] (GCC) testsuite on x86_64-unknown-linux-gnu
- From: "Kirill Yukhin [Intel64 Core i7 AVX]" <i64corei7avx at ecsmtp dot ims dot intel dot com>
- To: gcc-testresults at gcc dot gnu dot org
- Date: Sun, 07 Oct 2012 01:37:52 +0400
- Subject: Results for 4.8.0 20121006 (experimental) [trunk revision 192168] (GCC) testsuite on x86_64-unknown-linux-gnu
LAST_UPDATED: Sat Oct 6 19:25:14 UTC 2012 (revision 192168)
Native configuration is x86_64-unknown-linux-gnu
=== g++ tests ===
Running target unix
=== g++ Summary for unix ===
# of expected passes 43424
# of expected failures 280
# of unsupported tests 430
Running target unix/-m32
=== g++ Summary for unix/-m32 ===
# of expected passes 42337
# of expected failures 280
# of unsupported tests 362
=== g++ Summary ===
# of expected passes 85761
# of expected failures 560
# of unsupported tests 792
/nightly/gcc.svn/test-intel64corei7avx/gcc-build-trunk/bld/gcc/testsuite/g++/../../g++ version 4.8.0 20121006 (experimental) [trunk revision 192168] (GCC)
=== boehm-gc tests ===
Running target unix/-m32
FAIL: staticrootslib.lo -O2 (test for excess errors)
FAIL: boehm-gc.lib/staticrootstest.c -O2 (test for excess errors)
WARNING: boehm-gc.lib/staticrootstest.c -O2 compilation failed to produce executable
=== boehm-gc Summary for unix/-m32 ===
# of expected passes 1
# of unexpected failures 2
Running target unix
FAIL: staticrootslib.lo -O2 (test for excess errors)
FAIL: boehm-gc.lib/staticrootstest.c -O2 (test for excess errors)
WARNING: boehm-gc.lib/staticrootstest.c -O2 compilation failed to produce executable
=== boehm-gc Summary for unix ===
# of expected passes 1
# of unexpected failures 2
=== boehm-gc Summary ===
# of expected passes 18
# of unexpected failures 4
# of unsupported tests 2
=== libgomp tests ===
Running target unix/-m32
=== libjava tests ===
Running target unix/-m32
Compiler version: 4.8.0 20121006 (experimental) [trunk revision 192168] (GCC)
Platform: x86_64-unknown-linux-gnu
configure flags: --with-arch=corei7-avx --with-cpu=corei7-avx --prefix=/usr/local --enable-clocale=gnu --with-system-zlib --enable-shared --with-demangler-in-ld --enable-cloog-backend=isl --with-ppl-include=/opt/gnu/include --with-ppl-lib=/opt/gnu/lib64 --with-cloog-include=/opt/gnu/include --with-cloog-lib=/opt/gnu/lib64 --with-fpmath=sse --enable-languages=c,c++,fortran,java,lto,objc