This is the mail archive of the
gcc-testresults@gcc.gnu.org
mailing list for the GCC project.
Results for 4.8.0 20120928 (experimental) [trunk revision 191823] (GCC) testsuite on sparcv9-sun-solaris2.11
- From: Rainer Orth <ro at CeBiTec dot Uni-Bielefeld dot DE>
- To: gcc-testresults at gcc dot gnu dot org
- Date: Thu, 4 Oct 2012 12:47:07 +0200 (MEST)
- Subject: Results for 4.8.0 20120928 (experimental) [trunk revision 191823] (GCC) testsuite on sparcv9-sun-solaris2.11
LAST_UPDATED: Fri Sep 28 11:08:13 UTC 2012 (revision 191823)
=== acats tests ===
=== acats Summary ===
# of expected passes 2320
# of unexpected failures 0
Native configuration is sparcv9-sun-solaris2.11
=== g++ tests ===
Running target unix
FAIL: g++.dg/debug/dwarf2/nested-4.C -std=gnu++98 scan-assembler-times debug_types 2
FAIL: g++.dg/debug/dwarf2/nested-4.C -std=gnu++11 scan-assembler-times debug_types 2
FAIL: g++.dg/lto/20091219 cp_lto_20091219_0.o-cp_lto_20091219_0.o link, -O3 -flto
UNRESOLVED: g++.dg/lto/20091219 cp_lto_20091219_0.o-cp_lto_20091219_0.o execute -O3 -flto
=== g++ Summary for unix ===
# of expected passes 48913
# of unexpected failures 3
# of expected failures 286
# of unresolved testcases 1
# of unsupported tests 766
Running target unix/-m32
FAIL: g++.dg/debug/dwarf2/nested-4.C -std=gnu++98 scan-assembler-times debug_types 2
FAIL: g++.dg/debug/dwarf2/nested-4.C -std=gnu++11 scan-assembler-times debug_types 2
FAIL: g++.dg/lto/20091219 cp_lto_20091219_0.o-cp_lto_20091219_0.o link, -O3 -flto
UNRESOLVED: g++.dg/lto/20091219 cp_lto_20091219_0.o-cp_lto_20091219_0.o execute -O3 -flto
=== g++ Summary for unix/-m32 ===
# of expected passes 47676
# of unexpected failures 3
# of expected failures 286
# of unresolved testcases 1
# of unsupported tests 773
=== g++ Summary ===
# of expected passes 96589
# of unexpected failures 6
# of expected failures 572
# of unresolved testcases 2
# of unsupported tests 1539
/var/gcc/regression/trunk/11-gcc-64/build/gcc/testsuite/g++/../../g++ version 4.8.0 20120928 (experimental) [trunk revision 191823] (GCC)
=== gcc tests ===
Running target unix
XPASS: gcc.dg/Wstrict-overflow-18.c (test for bogus messages, line 20)
FAIL: gcc.dg/attr-weakref-1.c (test for excess errors)
WARNING: gcc.dg/attr-weakref-1.c compilation failed to produce executable
FAIL: gcc.dg/builtin-object-size-8.c execution test
FAIL: gcc.dg/torture/pr51106-2.c -O0 (internal compiler error)
FAIL: gcc.dg/torture/pr51106-2.c -O0 (test for excess errors)
FAIL: gcc.dg/torture/pr51106-2.c -O1 (internal compiler error)
FAIL: gcc.dg/torture/pr51106-2.c -O1 (test for excess errors)
FAIL: gcc.dg/torture/pr51106-2.c -O2 (internal compiler error)
FAIL: gcc.dg/torture/pr51106-2.c -O2 (test for excess errors)
FAIL: gcc.dg/torture/pr51106-2.c -O3 -fomit-frame-pointer (internal compiler error)
FAIL: gcc.dg/torture/pr51106-2.c -O3 -fomit-frame-pointer (test for excess errors)
FAIL: gcc.dg/torture/pr51106-2.c -O3 -g (internal compiler error)
FAIL: gcc.dg/torture/pr51106-2.c -O3 -g (test for excess errors)
FAIL: gcc.dg/torture/pr51106-2.c -Os (internal compiler error)
FAIL: gcc.dg/torture/pr51106-2.c -Os (test for excess errors)
FAIL: gcc.dg/torture/pr51106-2.c -O2 -flto -flto-partition=none (internal compiler error)
FAIL: gcc.dg/torture/pr51106-2.c -O2 -flto -flto-partition=none (test for excess errors)
FAIL: gcc.dg/torture/pr51106-2.c -O2 -flto (internal compiler error)
FAIL: gcc.dg/torture/pr51106-2.c -O2 -flto (test for excess errors)
FAIL: gcc.target/sparc/pdist-2.c scan-tree-dump optimized "return 475"
FAIL: gcc.target/sparc/pdist-3.c execution test
=== gcc Summary for unix ===
# of expected passes 81051
# of unexpected failures 20
# of unexpected successes 1
# of expected failures 305
# of unsupported tests 1572
Running target unix/-m32
XPASS: gcc.dg/Wstrict-overflow-18.c (test for bogus messages, line 20)
FAIL: gcc.dg/attr-weakref-1.c (test for excess errors)
WARNING: gcc.dg/attr-weakref-1.c compilation failed to produce executable
FAIL: gcc.dg/builtin-object-size-8.c execution test
FAIL: gcc.dg/lower-subreg-1.c scan-rtl-dump subreg1 "Splitting reg"
FAIL: gcc.dg/lto/20120723 c_lto_20120723_0.o-c_lto_20120723_1.o execute -O3 -fno-early-inlining -flto
FAIL: gcc.dg/simulate-thread/atomic-other-int.c -O2 -g thread simulation test
FAIL: gcc.dg/simulate-thread/atomic-other-int.c -O3 -g thread simulation test
FAIL: gcc.dg/simulate-thread/atomic-other-short.c -O2 -g thread simulation test
FAIL: gcc.dg/simulate-thread/speculative-store-4.c -O0 -g thread simulation test
FAIL: gcc.dg/simulate-thread/speculative-store-4.c -O2 -g thread simulation test
FAIL: gcc.dg/simulate-thread/speculative-store-4.c -O3 -g thread simulation test
FAIL: gcc.dg/simulate-thread/speculative-store.c -O0 -g thread simulation test
FAIL: gcc.dg/torture/pr51106-2.c -O0 (internal compiler error)
FAIL: gcc.dg/torture/pr51106-2.c -O0 (test for excess errors)
FAIL: gcc.dg/torture/pr51106-2.c -O1 (internal compiler error)
FAIL: gcc.dg/torture/pr51106-2.c -O1 (test for excess errors)
FAIL: gcc.dg/torture/pr51106-2.c -O2 (internal compiler error)
FAIL: gcc.dg/torture/pr51106-2.c -O2 (test for excess errors)
FAIL: gcc.dg/torture/pr51106-2.c -O3 -fomit-frame-pointer (internal compiler error)
FAIL: gcc.dg/torture/pr51106-2.c -O3 -fomit-frame-pointer (test for excess errors)
FAIL: gcc.dg/torture/pr51106-2.c -O3 -g (internal compiler error)
FAIL: gcc.dg/torture/pr51106-2.c -O3 -g (test for excess errors)
FAIL: gcc.dg/torture/pr51106-2.c -Os (internal compiler error)
FAIL: gcc.dg/torture/pr51106-2.c -Os (test for excess errors)
FAIL: gcc.dg/torture/pr51106-2.c -O2 -flto -flto-partition=none (internal compiler error)
FAIL: gcc.dg/torture/pr51106-2.c -O2 -flto -flto-partition=none (test for excess errors)
FAIL: gcc.dg/torture/pr51106-2.c -O2 -flto (internal compiler error)
FAIL: gcc.dg/torture/pr51106-2.c -O2 -flto (test for excess errors)
FAIL: gcc.target/sparc/pdist-2.c scan-tree-dump optimized "return 475"
FAIL: gcc.target/sparc/pdist-3.c execution test
=== gcc Summary for unix/-m32 ===
# of expected passes 80338
# of unexpected failures 29
# of unexpected successes 1
# of expected failures 316
# of unsupported tests 1609
=== gcc Summary ===
# of expected passes 161389
# of unexpected failures 49
# of unexpected successes 2
# of expected failures 621
# of unsupported tests 3181
/var/gcc/regression/trunk/11-gcc-64/build/gcc/xgcc version 4.8.0 20120928 (experimental) [trunk revision 191823] (GCC)
=== gfortran tests ===
Running target unix
FAIL: gfortran.dg/array_constructor_4.f90 -O3 -fomit-frame-pointer execution test
FAIL: gfortran.dg/array_constructor_4.f90 -O3 -fomit-frame-pointer -funroll-loops execution test
FAIL: gfortran.dg/array_constructor_4.f90 -O3 -fomit-frame-pointer -funroll-all-loops -finline-functions execution test
FAIL: gfortran.dg/array_constructor_4.f90 -O3 -g execution test
FAIL: gfortran.dg/lto/pr45586-2 f_lto_pr45586-2_0.o-f_lto_pr45586-2_0.o link, -O0 -flto -flto-partition=none
UNRESOLVED: gfortran.dg/lto/pr45586-2 f_lto_pr45586-2_0.o-f_lto_pr45586-2_0.o execute -O0 -flto -flto-partition=none
FAIL: gfortran.dg/lto/pr45586-2 f_lto_pr45586-2_0.o-f_lto_pr45586-2_0.o link, -O0 -flto -flto-partition=1to1
UNRESOLVED: gfortran.dg/lto/pr45586-2 f_lto_pr45586-2_0.o-f_lto_pr45586-2_0.o execute -O0 -flto -flto-partition=1to1
FAIL: gfortran.dg/lto/pr45586-2 f_lto_pr45586-2_0.o-f_lto_pr45586-2_0.o link, -O0 -flto
UNRESOLVED: gfortran.dg/lto/pr45586-2 f_lto_pr45586-2_0.o-f_lto_pr45586-2_0.o execute -O0 -flto
FAIL: gfortran.dg/lto/pr45586 f_lto_pr45586_0.o-f_lto_pr45586_0.o link, -O0 -flto -flto-partition=none
UNRESOLVED: gfortran.dg/lto/pr45586 f_lto_pr45586_0.o-f_lto_pr45586_0.o execute -O0 -flto -flto-partition=none
FAIL: gfortran.dg/lto/pr45586 f_lto_pr45586_0.o-f_lto_pr45586_0.o link, -O0 -flto -flto-partition=1to1
UNRESOLVED: gfortran.dg/lto/pr45586 f_lto_pr45586_0.o-f_lto_pr45586_0.o execute -O0 -flto -flto-partition=1to1
FAIL: gfortran.dg/lto/pr45586 f_lto_pr45586_0.o-f_lto_pr45586_0.o link, -O0 -flto
UNRESOLVED: gfortran.dg/lto/pr45586 f_lto_pr45586_0.o-f_lto_pr45586_0.o execute -O0 -flto
=== gfortran Summary for unix ===
# of expected passes 42101
# of unexpected failures 10
# of expected failures 44
# of unresolved testcases 6
# of unsupported tests 99
Running target unix/-m32
FAIL: gfortran.dg/vector_subscript_1.f90 -O3 -fomit-frame-pointer -funroll-loops execution test
FAIL: gfortran.dg/vector_subscript_1.f90 -O3 -fomit-frame-pointer -funroll-all-loops -finline-functions execution test
FAIL: gfortran.dg/lto/pr45586-2 f_lto_pr45586-2_0.o-f_lto_pr45586-2_0.o link, -O0 -flto -flto-partition=none
UNRESOLVED: gfortran.dg/lto/pr45586-2 f_lto_pr45586-2_0.o-f_lto_pr45586-2_0.o execute -O0 -flto -flto-partition=none
FAIL: gfortran.dg/lto/pr45586-2 f_lto_pr45586-2_0.o-f_lto_pr45586-2_0.o link, -O0 -flto -flto-partition=1to1
UNRESOLVED: gfortran.dg/lto/pr45586-2 f_lto_pr45586-2_0.o-f_lto_pr45586-2_0.o execute -O0 -flto -flto-partition=1to1
FAIL: gfortran.dg/lto/pr45586-2 f_lto_pr45586-2_0.o-f_lto_pr45586-2_0.o link, -O0 -flto
UNRESOLVED: gfortran.dg/lto/pr45586-2 f_lto_pr45586-2_0.o-f_lto_pr45586-2_0.o execute -O0 -flto
FAIL: gfortran.dg/lto/pr45586 f_lto_pr45586_0.o-f_lto_pr45586_0.o link, -O0 -flto -flto-partition=none
UNRESOLVED: gfortran.dg/lto/pr45586 f_lto_pr45586_0.o-f_lto_pr45586_0.o execute -O0 -flto -flto-partition=none
FAIL: gfortran.dg/lto/pr45586 f_lto_pr45586_0.o-f_lto_pr45586_0.o link, -O0 -flto -flto-partition=1to1
UNRESOLVED: gfortran.dg/lto/pr45586 f_lto_pr45586_0.o-f_lto_pr45586_0.o execute -O0 -flto -flto-partition=1to1
FAIL: gfortran.dg/lto/pr45586 f_lto_pr45586_0.o-f_lto_pr45586_0.o link, -O0 -flto
UNRESOLVED: gfortran.dg/lto/pr45586 f_lto_pr45586_0.o-f_lto_pr45586_0.o execute -O0 -flto
=== gfortran Summary for unix/-m32 ===
# of expected passes 41777
# of unexpected failures 8
# of expected failures 44
# of unresolved testcases 6
# of unsupported tests 259
=== gfortran Summary ===
# of expected passes 83878
# of unexpected failures 18
# of expected failures 88
# of unresolved testcases 12
# of unsupported tests 358
/var/gcc/regression/trunk/11-gcc-64/build/gcc/testsuite/gfortran/../../gfortran version 4.8.0 20120928 (experimental) [trunk revision 191823] (GCC)
=== gnat tests ===
Running target unix/-m32
FAIL: gnat.dg/array11.adb (test for warnings, line 12)
FAIL: gnat.dg/object_overflow.adb (test for warnings, line 8)
=== gnat Summary for unix/-m32 ===
# of expected passes 1103
# of unexpected failures 2
# of expected failures 17
# of unsupported tests 13
Running target unix
FAIL: gnat.dg/array11.adb (test for warnings, line 12)
FAIL: gnat.dg/object_overflow.adb (test for warnings, line 8)
=== gnat Summary for unix ===
# of expected passes 1103
# of unexpected failures 2
# of expected failures 17
# of unsupported tests 13
=== gnat Summary ===
# of expected passes 2206
# of unexpected failures 4
# of expected failures 34
# of unsupported tests 26
/var/gcc/regression/trunk/11-gcc-64/build/gcc/gnatmake version 4.8.0 20120928 (experimental) [trunk revision 191823]
=== go tests ===
Running target unix
=== go Summary for unix ===
# of expected passes 3288
# of expected failures 4
# of untested testcases 7
Running target unix/-m32
=== go Summary for unix/-m32 ===
# of expected passes 3288
# of expected failures 4
# of untested testcases 7
=== go Summary ===
# of expected passes 6576
# of expected failures 8
# of untested testcases 14
/var/gcc/regression/trunk/11-gcc-64/build/gcc/testsuite/go/../../gccgo version 4.8.0 20120928 (experimental) [trunk revision 191823] (GCC)
=== obj-c++ tests ===
Running target unix/-m32
=== obj-c++ Summary for unix/-m32 ===
# of expected passes 1450
# of expected failures 2
# of unsupported tests 86
Running target unix
=== obj-c++ Summary for unix ===
# of expected passes 1442
# of expected failures 10
# of unsupported tests 86
=== obj-c++ Summary ===
# of expected passes 2892
# of expected failures 12
# of unsupported tests 172
/var/gcc/regression/trunk/11-gcc-64/build/gcc/testsuite/obj-c++/../../g++ version 4.8.0 20120928 (experimental) [trunk revision 191823] (GCC)
=== objc tests ===
Running target unix
=== objc Summary for unix ===
# of expected passes 2994
# of unsupported tests 74
Running target unix/-m32
=== objc Summary for unix/-m32 ===
# of expected passes 2994
# of unsupported tests 74
=== objc Summary ===
# of expected passes 5988
# of unsupported tests 148
/var/gcc/regression/trunk/11-gcc-64/build/gcc/xgcc version 4.8.0 20120928 (experimental) [trunk revision 191823] (GCC)
=== boehm-gc tests ===
Running target unix/-m32
=== boehm-gc Summary for unix/-m32 ===
# of expected passes 12
# of unsupported tests 1
Running target unix
=== boehm-gc Summary for unix ===
# of expected passes 12
# of unsupported tests 1
=== boehm-gc Summary ===
# of expected passes 24
# of unsupported tests 2
=== libatomic tests ===
Running target unix/-m32
=== libatomic Summary for unix/-m32 ===
# of expected passes 34
# of unsupported tests 10
Running target unix
=== libatomic Summary for unix ===
# of expected passes 44
# of unsupported tests 5
=== libatomic Summary ===
# of expected passes 78
# of unsupported tests 15
=== libffi tests ===
Running target unix/-m32
=== libffi Summary for unix/-m32 ===
# of expected passes 1659
# of unsupported tests 55
Running target unix
=== libffi Summary for unix ===
# of expected passes 1659
# of unsupported tests 55
=== libffi Summary ===
# of expected passes 3318
# of unsupported tests 110
=== libgo tests ===
Running target unix
FAIL: exp/norm
=== libgo Summary for unix ===
# of expected passes 123
# of unexpected failures 1
Running target unix/-m32
FAIL: text/template
FAIL: testing/quick
=== libgo Summary for unix/-m32 ===
# of expected passes 122
# of unexpected failures 2
=== libgo Summary ===
# of expected passes 245
# of unexpected failures 3
/var/gcc/regression/trunk/11-gcc-64/build/./gcc/gccgo version 4.8.0 20120928 (experimental) [trunk revision 191823] (GCC)
=== libgomp tests ===
Running target unix/-m32
=== libgomp Summary for unix/-m32 ===
# of expected passes 2924
# of unsupported tests 3
Running target unix
=== libgomp Summary for unix ===
# of expected passes 2924
# of unsupported tests 3
=== libgomp Summary ===
# of expected passes 5848
# of unsupported tests 6
=== libitm tests ===
Running target unix/-m32
=== libitm Summary for unix/-m32 ===
# of expected passes 26
# of expected failures 3
# of unsupported tests 1
Running target unix
=== libitm Summary for unix ===
# of expected passes 26
# of expected failures 3
# of unsupported tests 1
=== libitm Summary ===
# of expected passes 52
# of expected failures 6
# of unsupported tests 2
=== libjava tests ===
Running target unix/-m32
FAIL: sourcelocation output - source compiled test
FAIL: sourcelocation -findirect-dispatch output - source compiled test
FAIL: sourcelocation -O3 output - source compiled test
FAIL: sourcelocation -O3 -findirect-dispatch output - source compiled test
=== libjava Summary for unix/-m32 ===
# of expected passes 2582
# of unexpected failures 4
Running target unix
FAIL: sourcelocation output - source compiled test
FAIL: sourcelocation -findirect-dispatch output - source compiled test
FAIL: sourcelocation -O3 output - source compiled test
FAIL: sourcelocation -O3 -findirect-dispatch output - source compiled test
=== libjava Summary for unix ===
# of expected passes 2582
# of unexpected failures 4
=== libjava Summary ===
# of expected passes 5164
# of unexpected failures 8
=== libmudflap tests ===
Running target unix/-m32
=== libmudflap Summary for unix/-m32 ===
# of expected passes 1442
Running target unix
FAIL: libmudflap.c++/pass55-frag.cxx ( -O) execution test
FAIL: libmudflap.c++/pass55-frag.cxx (-O2) execution test
FAIL: libmudflap.c++/pass55-frag.cxx (-O3) execution test
=== libmudflap Summary for unix ===
# of expected passes 1439
# of unexpected failures 3
=== libmudflap Summary ===
# of expected passes 2881
# of unexpected failures 3
=== libstdc++ tests ===
Running target unix
FAIL: libstdc++-abi/abi_check
FAIL: ext/random/simd_fast_mersenne_twister_engine/cons/default.cc execution test
=== libstdc++ Summary for unix ===
# of expected passes 8120
# of unexpected failures 2
# of expected failures 42
# of unsupported tests 539
Running target unix/-m32
FAIL: libstdc++-abi/abi_check
FAIL: ext/random/simd_fast_mersenne_twister_engine/cons/default.cc execution test
=== libstdc++ Summary for unix/-m32 ===
# of expected passes 8120
# of unexpected failures 2
# of expected failures 42
# of unsupported tests 539
=== libstdc++ Summary ===
# of expected passes 16240
# of unexpected failures 4
# of expected failures 84
# of unsupported tests 1078
Compiler version: 4.8.0 20120928 (experimental) [trunk revision 191823] (GCC)
Platform: sparcv9-sun-solaris2.11
configure flags: --prefix=/vol/gcc --target=sparcv9-sun-solaris2.11 --enable-objc-gc --enable-libmudflap --with-host-libstdcxx='-L/vol/gcc-4.4/lib/sparcv9 -Wl,-Bstatic -lstdc++ -Wl,-Bdynamic -lm' --with-boot-ldflags='-static-libstdc++ -static-libgcc -L/vol/gcc-4.4/lib/sparcv9' --with-gmp-include=/vol/gcc/include --with-gmp-lib=/vol/gcc/lib/sparcv9 --with-mpfr-include=/vol/gcc/include --with-mpfr-lib=/vol/gcc/lib/sparcv9 --with-mpc-include=/vol/gcc/include --with-mpc-lib=/vol/gcc/lib/sparcv9 --enable-languages=all,ada,obj-c++,go --without-isl --without-cloog --build=sparcv9-sun-solaris2.11 --host=sparcv9-sun-solaris2.11
BOOT_CFLAGS=-g -O2