This is the mail archive of the
gcc-testresults@gcc.gnu.org
mailing list for the GCC project.
Results for 4.8.0 20120928 (experimental) [trunk revision 191823] (GCC) testsuite on sparc-sun-solaris2.9
- From: Rainer Orth <ro at CeBiTec dot Uni-Bielefeld dot DE>
- To: gcc-testresults at gcc dot gnu dot org
- Date: Thu, 4 Oct 2012 12:47:27 +0200 (MEST)
- Subject: Results for 4.8.0 20120928 (experimental) [trunk revision 191823] (GCC) testsuite on sparc-sun-solaris2.9
LAST_UPDATED: Fri Sep 28 11:08:13 UTC 2012 (revision 191823)
=== acats tests ===
=== acats Summary ===
# of expected passes 2320
# of unexpected failures 0
Native configuration is sparc-sun-solaris2.9
=== g++ tests ===
Running target unix
=== g++ Summary for unix ===
# of expected passes 47708
# of expected failures 286
# of unsupported tests 767
Running target unix/-m64
=== g++ Summary for unix/-m64 ===
# of expected passes 48945
# of expected failures 286
# of unsupported tests 760
=== g++ Summary ===
# of expected passes 96653
# of expected failures 572
# of unsupported tests 1527
/var/gcc/regression/trunk/9-gcc-gas/build/gcc/testsuite/g++/../../g++ version 4.8.0 20120928 (experimental) [trunk revision 191823] (GCC)
=== gcc tests ===
Running target unix
XPASS: gcc.dg/Wstrict-overflow-18.c (test for bogus messages, line 20)
FAIL: gcc.dg/attr-weakref-1.c (test for excess errors)
WARNING: gcc.dg/attr-weakref-1.c compilation failed to produce executable
FAIL: gcc.dg/builtin-object-size-8.c execution test
FAIL: gcc.dg/lower-subreg-1.c scan-rtl-dump subreg1 "Splitting reg"
FAIL: gcc.dg/lto/20120723 c_lto_20120723_0.o-c_lto_20120723_1.o execute -O3 -fno-early-inlining -flto
FAIL: gcc.dg/simulate-thread/atomic-other-int.c -O2 -g thread simulation test
FAIL: gcc.dg/simulate-thread/atomic-other-int.c -O3 -g thread simulation test
FAIL: gcc.dg/simulate-thread/atomic-other-short.c -O2 -g thread simulation test
FAIL: gcc.dg/simulate-thread/speculative-store-4.c -O0 -g thread simulation test
FAIL: gcc.dg/simulate-thread/speculative-store-4.c -O2 -g thread simulation test
FAIL: gcc.dg/simulate-thread/speculative-store-4.c -O3 -g thread simulation test
FAIL: gcc.dg/simulate-thread/speculative-store.c -O0 -g thread simulation test
FAIL: gcc.dg/torture/pr51106-2.c -O0 (internal compiler error)
FAIL: gcc.dg/torture/pr51106-2.c -O0 (test for excess errors)
FAIL: gcc.dg/torture/pr51106-2.c -O1 (internal compiler error)
FAIL: gcc.dg/torture/pr51106-2.c -O1 (test for excess errors)
FAIL: gcc.dg/torture/pr51106-2.c -O2 (internal compiler error)
FAIL: gcc.dg/torture/pr51106-2.c -O2 (test for excess errors)
FAIL: gcc.dg/torture/pr51106-2.c -O3 -fomit-frame-pointer (internal compiler error)
FAIL: gcc.dg/torture/pr51106-2.c -O3 -fomit-frame-pointer (test for excess errors)
FAIL: gcc.dg/torture/pr51106-2.c -O3 -g (internal compiler error)
FAIL: gcc.dg/torture/pr51106-2.c -O3 -g (test for excess errors)
FAIL: gcc.dg/torture/pr51106-2.c -Os (internal compiler error)
FAIL: gcc.dg/torture/pr51106-2.c -Os (test for excess errors)
FAIL: gcc.dg/torture/pr51106-2.c -O2 -flto -flto-partition=none (internal compiler error)
FAIL: gcc.dg/torture/pr51106-2.c -O2 -flto -flto-partition=none (test for excess errors)
FAIL: gcc.dg/torture/pr51106-2.c -O2 -flto (internal compiler error)
FAIL: gcc.dg/torture/pr51106-2.c -O2 -flto (test for excess errors)
FAIL: gcc.dg/vect/pr49093.c (internal compiler error)
FAIL: gcc.dg/vect/pr49093.c (test for excess errors)
FAIL: gcc.dg/vect/pr49093.c -flto (internal compiler error)
FAIL: gcc.dg/vect/pr49093.c -flto (test for excess errors)
FAIL: gcc.target/sparc/pdist-2.c scan-tree-dump optimized "return 475"
FAIL: gcc.target/sparc/pdist-3.c execution test
=== gcc Summary for unix ===
# of expected passes 80613
# of unexpected failures 33
# of unexpected successes 1
# of expected failures 320
# of unsupported tests 1610
Running target unix/-m64
XPASS: gcc.dg/Wstrict-overflow-18.c (test for bogus messages, line 20)
FAIL: gcc.dg/attr-weakref-1.c (test for excess errors)
WARNING: gcc.dg/attr-weakref-1.c compilation failed to produce executable
FAIL: gcc.dg/builtin-object-size-8.c execution test
FAIL: gcc.dg/torture/pr51106-2.c -O0 (internal compiler error)
FAIL: gcc.dg/torture/pr51106-2.c -O0 (test for excess errors)
FAIL: gcc.dg/torture/pr51106-2.c -O1 (internal compiler error)
FAIL: gcc.dg/torture/pr51106-2.c -O1 (test for excess errors)
FAIL: gcc.dg/torture/pr51106-2.c -O2 (internal compiler error)
FAIL: gcc.dg/torture/pr51106-2.c -O2 (test for excess errors)
FAIL: gcc.dg/torture/pr51106-2.c -O3 -fomit-frame-pointer (internal compiler error)
FAIL: gcc.dg/torture/pr51106-2.c -O3 -fomit-frame-pointer (test for excess errors)
FAIL: gcc.dg/torture/pr51106-2.c -O3 -g (internal compiler error)
FAIL: gcc.dg/torture/pr51106-2.c -O3 -g (test for excess errors)
FAIL: gcc.dg/torture/pr51106-2.c -Os (internal compiler error)
FAIL: gcc.dg/torture/pr51106-2.c -Os (test for excess errors)
FAIL: gcc.dg/torture/pr51106-2.c -O2 -flto -flto-partition=none (internal compiler error)
FAIL: gcc.dg/torture/pr51106-2.c -O2 -flto -flto-partition=none (test for excess errors)
FAIL: gcc.dg/torture/pr51106-2.c -O2 -flto (internal compiler error)
FAIL: gcc.dg/torture/pr51106-2.c -O2 -flto (test for excess errors)
FAIL: gcc.dg/vect/pr49093.c (internal compiler error)
FAIL: gcc.dg/vect/pr49093.c (test for excess errors)
FAIL: gcc.dg/vect/pr49093.c -flto (internal compiler error)
FAIL: gcc.dg/vect/pr49093.c -flto (test for excess errors)
FAIL: gcc.target/sparc/pdist-2.c scan-tree-dump optimized "return 475"
FAIL: gcc.target/sparc/pdist-3.c execution test
=== gcc Summary for unix/-m64 ===
# of expected passes 81301
# of unexpected failures 24
# of unexpected successes 1
# of expected failures 309
# of unsupported tests 1590
=== gcc Summary ===
# of expected passes 161914
# of unexpected failures 57
# of unexpected successes 2
# of expected failures 629
# of unsupported tests 3200
/var/gcc/regression/trunk/9-gcc-gas/build/gcc/xgcc version 4.8.0 20120928 (experimental) [trunk revision 191823] (GCC)
=== gfortran tests ===
Running target unix
FAIL: gfortran.dg/vector_subscript_1.f90 -O3 -fomit-frame-pointer -funroll-loops execution test
FAIL: gfortran.dg/vector_subscript_1.f90 -O3 -fomit-frame-pointer -funroll-all-loops -finline-functions execution test
FAIL: gfortran.dg/lto/pr45586-2 f_lto_pr45586-2_0.o-f_lto_pr45586-2_0.o link, -O0 -flto -flto-partition=none (internal compiler error)
UNRESOLVED: gfortran.dg/lto/pr45586-2 f_lto_pr45586-2_0.o-f_lto_pr45586-2_0.o execute -O0 -flto -flto-partition=none
FAIL: gfortran.dg/lto/pr45586-2 f_lto_pr45586-2_0.o-f_lto_pr45586-2_0.o link, -O0 -flto -flto-partition=1to1 (internal compiler error)
UNRESOLVED: gfortran.dg/lto/pr45586-2 f_lto_pr45586-2_0.o-f_lto_pr45586-2_0.o execute -O0 -flto -flto-partition=1to1
FAIL: gfortran.dg/lto/pr45586-2 f_lto_pr45586-2_0.o-f_lto_pr45586-2_0.o link, -O0 -flto (internal compiler error)
UNRESOLVED: gfortran.dg/lto/pr45586-2 f_lto_pr45586-2_0.o-f_lto_pr45586-2_0.o execute -O0 -flto
FAIL: gfortran.dg/lto/pr45586 f_lto_pr45586_0.o-f_lto_pr45586_0.o link, -O0 -flto -flto-partition=none (internal compiler error)
UNRESOLVED: gfortran.dg/lto/pr45586 f_lto_pr45586_0.o-f_lto_pr45586_0.o execute -O0 -flto -flto-partition=none
FAIL: gfortran.dg/lto/pr45586 f_lto_pr45586_0.o-f_lto_pr45586_0.o link, -O0 -flto -flto-partition=1to1 (internal compiler error)
UNRESOLVED: gfortran.dg/lto/pr45586 f_lto_pr45586_0.o-f_lto_pr45586_0.o execute -O0 -flto -flto-partition=1to1
FAIL: gfortran.dg/lto/pr45586 f_lto_pr45586_0.o-f_lto_pr45586_0.o link, -O0 -flto (internal compiler error)
UNRESOLVED: gfortran.dg/lto/pr45586 f_lto_pr45586_0.o-f_lto_pr45586_0.o execute -O0 -flto
=== gfortran Summary for unix ===
# of expected passes 41578
# of unexpected failures 8
# of expected failures 58
# of unresolved testcases 6
# of unsupported tests 410
Running target unix/-m64
FAIL: gfortran.dg/array_constructor_4.f90 -O3 -fomit-frame-pointer execution test
FAIL: gfortran.dg/array_constructor_4.f90 -O3 -fomit-frame-pointer -funroll-loops execution test
FAIL: gfortran.dg/array_constructor_4.f90 -O3 -fomit-frame-pointer -funroll-all-loops -finline-functions execution test
FAIL: gfortran.dg/array_constructor_4.f90 -O3 -g execution test
FAIL: gfortran.dg/lto/pr45586-2 f_lto_pr45586-2_0.o-f_lto_pr45586-2_0.o link, -O0 -flto -flto-partition=none (internal compiler error)
UNRESOLVED: gfortran.dg/lto/pr45586-2 f_lto_pr45586-2_0.o-f_lto_pr45586-2_0.o execute -O0 -flto -flto-partition=none
FAIL: gfortran.dg/lto/pr45586-2 f_lto_pr45586-2_0.o-f_lto_pr45586-2_0.o link, -O0 -flto -flto-partition=1to1 (internal compiler error)
UNRESOLVED: gfortran.dg/lto/pr45586-2 f_lto_pr45586-2_0.o-f_lto_pr45586-2_0.o execute -O0 -flto -flto-partition=1to1
FAIL: gfortran.dg/lto/pr45586-2 f_lto_pr45586-2_0.o-f_lto_pr45586-2_0.o link, -O0 -flto (internal compiler error)
UNRESOLVED: gfortran.dg/lto/pr45586-2 f_lto_pr45586-2_0.o-f_lto_pr45586-2_0.o execute -O0 -flto
FAIL: gfortran.dg/lto/pr45586 f_lto_pr45586_0.o-f_lto_pr45586_0.o link, -O0 -flto -flto-partition=none (internal compiler error)
UNRESOLVED: gfortran.dg/lto/pr45586 f_lto_pr45586_0.o-f_lto_pr45586_0.o execute -O0 -flto -flto-partition=none
FAIL: gfortran.dg/lto/pr45586 f_lto_pr45586_0.o-f_lto_pr45586_0.o link, -O0 -flto -flto-partition=1to1 (internal compiler error)
UNRESOLVED: gfortran.dg/lto/pr45586 f_lto_pr45586_0.o-f_lto_pr45586_0.o execute -O0 -flto -flto-partition=1to1
FAIL: gfortran.dg/lto/pr45586 f_lto_pr45586_0.o-f_lto_pr45586_0.o link, -O0 -flto (internal compiler error)
UNRESOLVED: gfortran.dg/lto/pr45586 f_lto_pr45586_0.o-f_lto_pr45586_0.o execute -O0 -flto
=== gfortran Summary for unix/-m64 ===
# of expected passes 41854
# of unexpected failures 10
# of expected failures 58
# of unresolved testcases 6
# of unsupported tests 274
=== gfortran Summary ===
# of expected passes 83432
# of unexpected failures 18
# of expected failures 116
# of unresolved testcases 12
# of unsupported tests 684
/var/gcc/regression/trunk/9-gcc-gas/build/gcc/testsuite/gfortran/../../gfortran version 4.8.0 20120928 (experimental) [trunk revision 191823] (GCC)
=== gnat tests ===
Running target unix
FAIL: gnat.dg/array11.adb (test for warnings, line 12)
FAIL: gnat.dg/object_overflow.adb (test for warnings, line 8)
=== gnat Summary for unix ===
# of expected passes 1103
# of unexpected failures 2
# of expected failures 17
# of unsupported tests 13
Running target unix/-m64
FAIL: gnat.dg/array11.adb (test for warnings, line 12)
FAIL: gnat.dg/object_overflow.adb (test for warnings, line 8)
=== gnat Summary for unix/-m64 ===
# of expected passes 1103
# of unexpected failures 2
# of expected failures 17
# of unsupported tests 13
=== gnat Summary ===
# of expected passes 2206
# of unexpected failures 4
# of expected failures 34
# of unsupported tests 26
/var/gcc/regression/trunk/9-gcc-gas/build/gcc/gnatmake version 4.8.0 20120928 (experimental) [trunk revision 191823]
=== go tests ===
Running target unix
FAIL: ./64bit-out.go compilation, -O0 -g
WARNING: program timed out.
=== go Summary for unix ===
# of expected passes 3286
# of unexpected failures 1
# of expected failures 4
# of untested testcases 8
Running target unix/-m64
FAIL: go.test/test/append.go compilation, -O2 -g
WARNING: program timed out.
=== go Summary for unix/-m64 ===
# of expected passes 3286
# of unexpected failures 1
# of expected failures 4
# of untested testcases 8
=== go Summary ===
# of expected passes 6572
# of unexpected failures 2
# of expected failures 8
# of untested testcases 16
/var/gcc/regression/trunk/9-gcc-gas/build/gcc/testsuite/go/../../gccgo version 4.8.0 20120928 (experimental) [trunk revision 191823] (GCC)
=== obj-c++ tests ===
Running target unix
=== obj-c++ Summary for unix ===
# of expected passes 1450
# of expected failures 2
# of unsupported tests 86
Running target unix/-m64
=== obj-c++ Summary for unix/-m64 ===
# of expected passes 1442
# of expected failures 10
# of unsupported tests 86
=== obj-c++ Summary ===
# of expected passes 2892
# of expected failures 12
# of unsupported tests 172
/var/gcc/regression/trunk/9-gcc-gas/build/gcc/testsuite/obj-c++/../../g++ version 4.8.0 20120928 (experimental) [trunk revision 191823] (GCC)
=== objc tests ===
Running target unix
=== objc Summary for unix ===
# of expected passes 2994
# of unsupported tests 74
Running target unix/-m64
=== objc Summary for unix/-m64 ===
# of expected passes 2994
# of unsupported tests 74
=== objc Summary ===
# of expected passes 5988
# of unsupported tests 148
/var/gcc/regression/trunk/9-gcc-gas/build/gcc/xgcc version 4.8.0 20120928 (experimental) [trunk revision 191823] (GCC)
=== boehm-gc tests ===
Running target unix
=== boehm-gc Summary for unix ===
# of expected passes 12
# of unsupported tests 1
Running target unix/-m64
=== boehm-gc Summary for unix/-m64 ===
# of expected passes 12
# of unsupported tests 1
=== boehm-gc Summary ===
# of expected passes 24
# of unsupported tests 2
=== libatomic tests ===
Running target unix
=== libatomic Summary for unix ===
# of expected passes 34
# of unsupported tests 10
Running target unix/-m64
=== libatomic Summary for unix/-m64 ===
# of expected passes 44
# of unsupported tests 5
=== libatomic Summary ===
# of expected passes 78
# of unsupported tests 15
=== libffi tests ===
Running target unix
=== libffi Summary for unix ===
# of expected passes 1659
# of unsupported tests 55
Running target unix/-m64
=== libffi Summary for unix/-m64 ===
# of expected passes 1659
# of unsupported tests 55
=== libffi Summary ===
# of expected passes 3318
# of unsupported tests 110
=== libgo tests ===
Running target unix
FAIL: runtime/pprof
FAIL: text/template
FAIL: testing/quick
=== libgo Summary for unix ===
# of expected passes 121
# of unexpected failures 3
Running target unix/-m64
FAIL: exp/norm
FAIL: runtime/pprof
=== libgo Summary for unix/-m64 ===
# of expected passes 122
# of unexpected failures 2
=== libgo Summary ===
# of expected passes 243
# of unexpected failures 5
=== libgomp tests ===
Running target unix
=== libgomp Summary for unix ===
# of expected passes 2973
# of unsupported tests 3
Running target unix/-m64
=== libgomp Summary for unix/-m64 ===
# of expected passes 2973
# of unsupported tests 3
=== libgomp Summary ===
# of expected passes 5946
# of unsupported tests 6
=== libitm tests ===
Running target unix
=== libitm Summary for unix ===
# of expected passes 26
# of expected failures 3
# of unsupported tests 1
Running target unix/-m64
=== libitm Summary for unix/-m64 ===
# of expected passes 26
# of expected failures 3
# of unsupported tests 1
=== libitm Summary ===
# of expected passes 52
# of expected failures 6
# of unsupported tests 2
=== libjava tests ===
Running target unix
FAIL: sourcelocation output - source compiled test
FAIL: sourcelocation -findirect-dispatch output - source compiled test
FAIL: sourcelocation -O3 output - source compiled test
FAIL: sourcelocation -O3 -findirect-dispatch output - source compiled test
=== libjava Summary for unix ===
# of expected passes 2582
# of unexpected failures 4
Running target unix/-m64
FAIL: sourcelocation output - source compiled test
FAIL: sourcelocation -findirect-dispatch output - source compiled test
FAIL: sourcelocation -O3 output - source compiled test
FAIL: sourcelocation -O3 -findirect-dispatch output - source compiled test
=== libjava Summary for unix/-m64 ===
# of expected passes 2582
# of unexpected failures 4
=== libjava Summary ===
# of expected passes 5164
# of unexpected failures 8
=== libstdc++ tests ===
Running target unix
FAIL: ext/random/beta_distribution/cons/default.cc (test for excess errors)
WARNING: ext/random/beta_distribution/cons/default.cc compilation failed to produce executable
FAIL: ext/random/beta_distribution/cons/parms.cc (test for excess errors)
WARNING: ext/random/beta_distribution/cons/parms.cc compilation failed to produce executable
FAIL: ext/random/beta_distribution/operators/equal.cc (test for excess errors)
WARNING: ext/random/beta_distribution/operators/equal.cc compilation failed to produce executable
FAIL: ext/random/beta_distribution/operators/inequal.cc (test for excess errors)
WARNING: ext/random/beta_distribution/operators/inequal.cc compilation failed to produce executable
FAIL: ext/random/beta_distribution/operators/serialize.cc (test for excess errors)
WARNING: ext/random/beta_distribution/operators/serialize.cc compilation failed to produce executable
FAIL: ext/random/beta_distribution/requirements/explicit_instantiation/1.cc (test for excess errors)
FAIL: ext/random/beta_distribution/requirements/typedefs.cc (test for excess errors)
FAIL: ext/random/k_distribution/cons/default.cc (test for excess errors)
WARNING: ext/random/k_distribution/cons/default.cc compilation failed to produce executable
FAIL: ext/random/k_distribution/cons/parms.cc (test for excess errors)
WARNING: ext/random/k_distribution/cons/parms.cc compilation failed to produce executable
FAIL: ext/random/k_distribution/operators/equal.cc (test for excess errors)
WARNING: ext/random/k_distribution/operators/equal.cc compilation failed to produce executable
FAIL: ext/random/k_distribution/operators/inequal.cc (test for excess errors)
WARNING: ext/random/k_distribution/operators/inequal.cc compilation failed to produce executable
FAIL: ext/random/k_distribution/operators/serialize.cc (test for excess errors)
WARNING: ext/random/k_distribution/operators/serialize.cc compilation failed to produce executable
FAIL: ext/random/k_distribution/requirements/explicit_instantiation/1.cc (test for excess errors)
FAIL: ext/random/k_distribution/requirements/typedefs.cc (test for excess errors)
FAIL: ext/random/nakagami_distribution/cons/default.cc (test for excess errors)
WARNING: ext/random/nakagami_distribution/cons/default.cc compilation failed to produce executable
FAIL: ext/random/nakagami_distribution/cons/parms.cc (test for excess errors)
WARNING: ext/random/nakagami_distribution/cons/parms.cc compilation failed to produce executable
FAIL: ext/random/nakagami_distribution/operators/equal.cc (test for excess errors)
WARNING: ext/random/nakagami_distribution/operators/equal.cc compilation failed to produce executable
FAIL: ext/random/nakagami_distribution/operators/inequal.cc (test for excess errors)
WARNING: ext/random/nakagami_distribution/operators/inequal.cc compilation failed to produce executable
FAIL: ext/random/nakagami_distribution/operators/serialize.cc (test for excess errors)
WARNING: ext/random/nakagami_distribution/operators/serialize.cc compilation failed to produce executable
FAIL: ext/random/nakagami_distribution/requirements/explicit_instantiation/1.cc (test for excess errors)
FAIL: ext/random/nakagami_distribution/requirements/typedefs.cc (test for excess errors)
FAIL: ext/random/normal_mv_distribution/cons/default.cc (test for excess errors)
WARNING: ext/random/normal_mv_distribution/cons/default.cc compilation failed to produce executable
FAIL: ext/random/normal_mv_distribution/cons/parms.cc (test for excess errors)
WARNING: ext/random/normal_mv_distribution/cons/parms.cc compilation failed to produce executable
FAIL: ext/random/normal_mv_distribution/operators/equal.cc (test for excess errors)
WARNING: ext/random/normal_mv_distribution/operators/equal.cc compilation failed to produce executable
FAIL: ext/random/normal_mv_distribution/operators/inequal.cc (test for excess errors)
WARNING: ext/random/normal_mv_distribution/operators/inequal.cc compilation failed to produce executable
FAIL: ext/random/normal_mv_distribution/operators/serialize.cc (test for excess errors)
WARNING: ext/random/normal_mv_distribution/operators/serialize.cc compilation failed to produce executable
FAIL: ext/random/normal_mv_distribution/requirements/explicit_instantiation/1.cc (test for excess errors)
FAIL: ext/random/normal_mv_distribution/requirements/typedefs.cc (test for excess errors)
FAIL: ext/random/pareto_distribution/cons/default.cc (test for excess errors)
WARNING: ext/random/pareto_distribution/cons/default.cc compilation failed to produce executable
FAIL: ext/random/pareto_distribution/cons/parms.cc (test for excess errors)
WARNING: ext/random/pareto_distribution/cons/parms.cc compilation failed to produce executable
FAIL: ext/random/pareto_distribution/operators/equal.cc (test for excess errors)
WARNING: ext/random/pareto_distribution/operators/equal.cc compilation failed to produce executable
FAIL: ext/random/pareto_distribution/operators/inequal.cc (test for excess errors)
WARNING: ext/random/pareto_distribution/operators/inequal.cc compilation failed to produce executable
FAIL: ext/random/pareto_distribution/operators/serialize.cc (test for excess errors)
WARNING: ext/random/pareto_distribution/operators/serialize.cc compilation failed to produce executable
FAIL: ext/random/pareto_distribution/requirements/explicit_instantiation/1.cc (test for excess errors)
FAIL: ext/random/pareto_distribution/requirements/typedefs.cc (test for excess errors)
FAIL: ext/random/rice_distribution/cons/default.cc (test for excess errors)
WARNING: ext/random/rice_distribution/cons/default.cc compilation failed to produce executable
FAIL: ext/random/rice_distribution/cons/parms.cc (test for excess errors)
WARNING: ext/random/rice_distribution/cons/parms.cc compilation failed to produce executable
FAIL: ext/random/rice_distribution/operators/equal.cc (test for excess errors)
WARNING: ext/random/rice_distribution/operators/equal.cc compilation failed to produce executable
FAIL: ext/random/rice_distribution/operators/inequal.cc (test for excess errors)
WARNING: ext/random/rice_distribution/operators/inequal.cc compilation failed to produce executable
FAIL: ext/random/rice_distribution/operators/serialize.cc (test for excess errors)
WARNING: ext/random/rice_distribution/operators/serialize.cc compilation failed to produce executable
FAIL: ext/random/rice_distribution/requirements/explicit_instantiation/1.cc (test for excess errors)
FAIL: ext/random/rice_distribution/requirements/typedefs.cc (test for excess errors)
FAIL: ext/random/simd_fast_mersenne_twister_engine/cons/copy.cc (test for excess errors)
WARNING: ext/random/simd_fast_mersenne_twister_engine/cons/copy.cc compilation failed to produce executable
FAIL: ext/random/simd_fast_mersenne_twister_engine/cons/default.cc (test for excess errors)
WARNING: ext/random/simd_fast_mersenne_twister_engine/cons/default.cc compilation failed to produce executable
FAIL: ext/random/simd_fast_mersenne_twister_engine/cons/seed1.cc (test for excess errors)
WARNING: ext/random/simd_fast_mersenne_twister_engine/cons/seed1.cc compilation failed to produce executable
FAIL: ext/random/simd_fast_mersenne_twister_engine/cons/seed2.cc (test for excess errors)
WARNING: ext/random/simd_fast_mersenne_twister_engine/cons/seed2.cc compilation failed to produce executable
FAIL: ext/random/simd_fast_mersenne_twister_engine/cons/seed_seq.cc (test for excess errors)
WARNING: ext/random/simd_fast_mersenne_twister_engine/cons/seed_seq.cc compilation failed to produce executable
FAIL: ext/random/simd_fast_mersenne_twister_engine/operators/equal.cc (test for excess errors)
WARNING: ext/random/simd_fast_mersenne_twister_engine/operators/equal.cc compilation failed to produce executable
FAIL: ext/random/simd_fast_mersenne_twister_engine/operators/inequal.cc (test for excess errors)
WARNING: ext/random/simd_fast_mersenne_twister_engine/operators/inequal.cc compilation failed to produce executable
FAIL: ext/random/simd_fast_mersenne_twister_engine/operators/serialize.cc (test for excess errors)
WARNING: ext/random/simd_fast_mersenne_twister_engine/operators/serialize.cc compilation failed to produce executable
=== libstdc++ Summary for unix ===
# of expected passes 7411
# of unexpected failures 50
# of expected failures 44
# of unsupported tests 840
Running target unix/-m64
FAIL: ext/random/beta_distribution/cons/default.cc (test for excess errors)
WARNING: ext/random/beta_distribution/cons/default.cc compilation failed to produce executable
FAIL: ext/random/beta_distribution/cons/parms.cc (test for excess errors)
WARNING: ext/random/beta_distribution/cons/parms.cc compilation failed to produce executable
FAIL: ext/random/beta_distribution/operators/equal.cc (test for excess errors)
WARNING: ext/random/beta_distribution/operators/equal.cc compilation failed to produce executable
FAIL: ext/random/beta_distribution/operators/inequal.cc (test for excess errors)
WARNING: ext/random/beta_distribution/operators/inequal.cc compilation failed to produce executable
FAIL: ext/random/beta_distribution/operators/serialize.cc (test for excess errors)
WARNING: ext/random/beta_distribution/operators/serialize.cc compilation failed to produce executable
FAIL: ext/random/beta_distribution/requirements/explicit_instantiation/1.cc (test for excess errors)
FAIL: ext/random/beta_distribution/requirements/typedefs.cc (test for excess errors)
FAIL: ext/random/k_distribution/cons/default.cc (test for excess errors)
WARNING: ext/random/k_distribution/cons/default.cc compilation failed to produce executable
FAIL: ext/random/k_distribution/cons/parms.cc (test for excess errors)
WARNING: ext/random/k_distribution/cons/parms.cc compilation failed to produce executable
FAIL: ext/random/k_distribution/operators/equal.cc (test for excess errors)
WARNING: ext/random/k_distribution/operators/equal.cc compilation failed to produce executable
FAIL: ext/random/k_distribution/operators/inequal.cc (test for excess errors)
WARNING: ext/random/k_distribution/operators/inequal.cc compilation failed to produce executable
FAIL: ext/random/k_distribution/operators/serialize.cc (test for excess errors)
WARNING: ext/random/k_distribution/operators/serialize.cc compilation failed to produce executable
FAIL: ext/random/k_distribution/requirements/explicit_instantiation/1.cc (test for excess errors)
FAIL: ext/random/k_distribution/requirements/typedefs.cc (test for excess errors)
FAIL: ext/random/nakagami_distribution/cons/default.cc (test for excess errors)
WARNING: ext/random/nakagami_distribution/cons/default.cc compilation failed to produce executable
FAIL: ext/random/nakagami_distribution/cons/parms.cc (test for excess errors)
WARNING: ext/random/nakagami_distribution/cons/parms.cc compilation failed to produce executable
FAIL: ext/random/nakagami_distribution/operators/equal.cc (test for excess errors)
WARNING: ext/random/nakagami_distribution/operators/equal.cc compilation failed to produce executable
FAIL: ext/random/nakagami_distribution/operators/inequal.cc (test for excess errors)
WARNING: ext/random/nakagami_distribution/operators/inequal.cc compilation failed to produce executable
FAIL: ext/random/nakagami_distribution/operators/serialize.cc (test for excess errors)
WARNING: ext/random/nakagami_distribution/operators/serialize.cc compilation failed to produce executable
FAIL: ext/random/nakagami_distribution/requirements/explicit_instantiation/1.cc (test for excess errors)
FAIL: ext/random/nakagami_distribution/requirements/typedefs.cc (test for excess errors)
FAIL: ext/random/normal_mv_distribution/cons/default.cc (test for excess errors)
WARNING: ext/random/normal_mv_distribution/cons/default.cc compilation failed to produce executable
FAIL: ext/random/normal_mv_distribution/cons/parms.cc (test for excess errors)
WARNING: ext/random/normal_mv_distribution/cons/parms.cc compilation failed to produce executable
FAIL: ext/random/normal_mv_distribution/operators/equal.cc (test for excess errors)
WARNING: ext/random/normal_mv_distribution/operators/equal.cc compilation failed to produce executable
FAIL: ext/random/normal_mv_distribution/operators/inequal.cc (test for excess errors)
WARNING: ext/random/normal_mv_distribution/operators/inequal.cc compilation failed to produce executable
FAIL: ext/random/normal_mv_distribution/operators/serialize.cc (test for excess errors)
WARNING: ext/random/normal_mv_distribution/operators/serialize.cc compilation failed to produce executable
FAIL: ext/random/normal_mv_distribution/requirements/explicit_instantiation/1.cc (test for excess errors)
FAIL: ext/random/normal_mv_distribution/requirements/typedefs.cc (test for excess errors)
FAIL: ext/random/pareto_distribution/cons/default.cc (test for excess errors)
WARNING: ext/random/pareto_distribution/cons/default.cc compilation failed to produce executable
FAIL: ext/random/pareto_distribution/cons/parms.cc (test for excess errors)
WARNING: ext/random/pareto_distribution/cons/parms.cc compilation failed to produce executable
FAIL: ext/random/pareto_distribution/operators/equal.cc (test for excess errors)
WARNING: ext/random/pareto_distribution/operators/equal.cc compilation failed to produce executable
FAIL: ext/random/pareto_distribution/operators/inequal.cc (test for excess errors)
WARNING: ext/random/pareto_distribution/operators/inequal.cc compilation failed to produce executable
FAIL: ext/random/pareto_distribution/operators/serialize.cc (test for excess errors)
WARNING: ext/random/pareto_distribution/operators/serialize.cc compilation failed to produce executable
FAIL: ext/random/pareto_distribution/requirements/explicit_instantiation/1.cc (test for excess errors)
FAIL: ext/random/pareto_distribution/requirements/typedefs.cc (test for excess errors)
FAIL: ext/random/rice_distribution/cons/default.cc (test for excess errors)
WARNING: ext/random/rice_distribution/cons/default.cc compilation failed to produce executable
FAIL: ext/random/rice_distribution/cons/parms.cc (test for excess errors)
WARNING: ext/random/rice_distribution/cons/parms.cc compilation failed to produce executable
FAIL: ext/random/rice_distribution/operators/equal.cc (test for excess errors)
WARNING: ext/random/rice_distribution/operators/equal.cc compilation failed to produce executable
FAIL: ext/random/rice_distribution/operators/inequal.cc (test for excess errors)
WARNING: ext/random/rice_distribution/operators/inequal.cc compilation failed to produce executable
FAIL: ext/random/rice_distribution/operators/serialize.cc (test for excess errors)
WARNING: ext/random/rice_distribution/operators/serialize.cc compilation failed to produce executable
FAIL: ext/random/rice_distribution/requirements/explicit_instantiation/1.cc (test for excess errors)
FAIL: ext/random/rice_distribution/requirements/typedefs.cc (test for excess errors)
FAIL: ext/random/simd_fast_mersenne_twister_engine/cons/copy.cc (test for excess errors)
WARNING: ext/random/simd_fast_mersenne_twister_engine/cons/copy.cc compilation failed to produce executable
FAIL: ext/random/simd_fast_mersenne_twister_engine/cons/default.cc (test for excess errors)
WARNING: ext/random/simd_fast_mersenne_twister_engine/cons/default.cc compilation failed to produce executable
FAIL: ext/random/simd_fast_mersenne_twister_engine/cons/seed1.cc (test for excess errors)
WARNING: ext/random/simd_fast_mersenne_twister_engine/cons/seed1.cc compilation failed to produce executable
FAIL: ext/random/simd_fast_mersenne_twister_engine/cons/seed2.cc (test for excess errors)
WARNING: ext/random/simd_fast_mersenne_twister_engine/cons/seed2.cc compilation failed to produce executable
FAIL: ext/random/simd_fast_mersenne_twister_engine/cons/seed_seq.cc (test for excess errors)
WARNING: ext/random/simd_fast_mersenne_twister_engine/cons/seed_seq.cc compilation failed to produce executable
FAIL: ext/random/simd_fast_mersenne_twister_engine/operators/equal.cc (test for excess errors)
WARNING: ext/random/simd_fast_mersenne_twister_engine/operators/equal.cc compilation failed to produce executable
FAIL: ext/random/simd_fast_mersenne_twister_engine/operators/inequal.cc (test for excess errors)
WARNING: ext/random/simd_fast_mersenne_twister_engine/operators/inequal.cc compilation failed to produce executable
FAIL: ext/random/simd_fast_mersenne_twister_engine/operators/serialize.cc (test for excess errors)
WARNING: ext/random/simd_fast_mersenne_twister_engine/operators/serialize.cc compilation failed to produce executable
=== libstdc++ Summary for unix/-m64 ===
# of expected passes 7411
# of unexpected failures 50
# of expected failures 44
# of unsupported tests 840
=== libstdc++ Summary ===
# of expected passes 14822
# of unexpected failures 100
# of expected failures 88
# of unsupported tests 1680
Compiler version: 4.8.0 20120928 (experimental) [trunk revision 191823] (GCC)
Platform: sparc-sun-solaris2.9
configure flags: --prefix=/vol/gcc --target=sparc-sun-solaris2.9 --enable-objc-gc --with-host-libstdcxx='-L/vol/gcc-4.4/lib -Wl,-Bstatic -lstdc++ -Wl,-Bdynamic -lm' --with-boot-ldflags='-static-libstdc++ -static-libgcc -L/vol/gcc-4.4/lib' --with-as=/vol/gcc/bin/gas-2.22 --with-gnu-as --with-gmp-include=/vol/gcc/include --with-gmp-lib=/vol/gcc/lib --with-mpfr-include=/vol/gcc/include --with-mpfr-lib=/vol/gcc/lib --with-mpc-include=/vol/gcc/include --with-mpc-lib=/vol/gcc/lib --enable-languages=all,ada,obj-c++,go --with-isl-include=/vol/gcc/include --with-isl-lib=/vol/gcc/lib --with-cloog-include=/vol/gcc/include --with-cloog-lib=/vol/gcc/lib --enable-cloog-backend=isl
BOOT_CFLAGS=-g -O2