This is the mail archive of the
gcc-testresults@gcc.gnu.org
mailing list for the GCC project.
gcc_4_7_2_release revision 191558
- From: linden dot tree at talktalk dot net
- To: gcc-testresults at gcc dot gnu dot org
- Date: Wed, 03 Oct 2012 16:58:26 +0100
- Subject: gcc_4_7_2_release revision 191558
LAST_UPDATED: Obtained from SVN: tags/gcc_4_7_2_release revision 191558
Native configuration is i686-pc-linux-gnu
=== gcc tests ===
Running target unix
FAIL: gcc.dg/debug/dwarf2/asm-line1.c scan-assembler is_stmt 1
FAIL: gcc.dg/cproj-fails-with-broken-glibc.c execution test
XPASS: gcc.dg/inline_3.c (test for excess errors)
XPASS: gcc.dg/inline_4.c (test for excess errors)
XPASS: gcc.dg/unroll_2.c (test for excess errors)
XPASS: gcc.dg/unroll_3.c (test for excess errors)
XPASS: gcc.dg/unroll_4.c (test for excess errors)
XPASS: gcc.dg/guality/example.c -O0 execution test
XPASS: gcc.dg/guality/example.c -O1 execution test
XPASS: gcc.dg/guality/guality.c -O0 execution test
XPASS: gcc.dg/guality/guality.c -O1 execution test
XPASS: gcc.dg/guality/guality.c -O2 execution test
XPASS: gcc.dg/guality/guality.c -O3 -fomit-frame-pointer execution test
XPASS: gcc.dg/guality/guality.c -O3 -g execution test
XPASS: gcc.dg/guality/guality.c -Os execution test
XPASS: gcc.dg/guality/guality.c -O2 -flto -flto-partition=none
execution test
XPASS: gcc.dg/guality/guality.c -O2 -flto execution test
FAIL: gcc.dg/guality/inline-params.c -O0 execution test
FAIL: gcc.dg/guality/inline-params.c -O1 execution test
XPASS: gcc.dg/guality/pr41353-1.c -O0 line 28 j == 28 + 37
XPASS: gcc.dg/guality/pr41353-1.c -O1 line 28 j == 28 + 37
XPASS: gcc.dg/guality/pr41353-1.c -O2 line 28 j == 28 + 37
XPASS: gcc.dg/guality/pr41353-1.c -O3 -fomit-frame-pointer line 28 j
== 28 + 37
XPASS: gcc.dg/guality/pr41353-1.c -O3 -g line 28 j == 28 + 37
XPASS: gcc.dg/guality/pr41353-1.c -Os line 28 j == 28 + 37
XPASS: gcc.dg/guality/pr41353-1.c -O2 -flto -flto-partition=none line
28 j == 28 + 37
XPASS: gcc.dg/guality/pr41353-1.c -O2 -flto line 28 j == 28 + 37
XPASS: gcc.dg/guality/pr41447-1.c -O0 execution test
XPASS: gcc.dg/guality/pr41447-1.c -O1 execution test
XPASS: gcc.dg/guality/pr41447-1.c -Os execution test
XPASS: gcc.dg/guality/pr41616-1.c -O0 execution test
FAIL: gcc.dg/guality/pr48437.c -O0 line 14 i == 0
FAIL: gcc.dg/guality/pr48437.c -O1 line 14 i == 0
FAIL: gcc.dg/guality/pr48437.c -O2 line 14 i == 0
FAIL: gcc.dg/guality/pr48437.c -O3 -fomit-frame-pointer line 14 i == 0
FAIL: gcc.dg/guality/pr48437.c -O3 -fomit-frame-pointer -funroll-loops
line 14 i == 0
FAIL: gcc.dg/guality/pr48437.c -O3 -fomit-frame-pointer
-funroll-all-loops -finline-functions line 14 i == 0
FAIL: gcc.dg/guality/pr48437.c -O3 -g line 14 i == 0
FAIL: gcc.dg/guality/pr48437.c -Os line 14 i == 0
FAIL: gcc.dg/guality/pr48437.c -O2 -flto -flto-partition=none line 14
i == 0
FAIL: gcc.dg/guality/pr48437.c -O2 -flto line 14 i == 0
FAIL: gcc.dg/guality/vla-1.c -O0 line 17 sizeof (a) == 6
FAIL: gcc.dg/guality/vla-1.c -O0 line 24 sizeof (a) == 17 * sizeof (short)
FAIL: gcc.dg/guality/vla-1.c -O1 line 24 sizeof (a) == 17 * sizeof (short)
FAIL: gcc.dg/guality/vla-1.c -O2 line 24 sizeof (a) == 17 * sizeof (short)
FAIL: gcc.dg/guality/vla-1.c -O3 -fomit-frame-pointer line 24 sizeof
(a) == 17 * sizeof (short)
FAIL: gcc.dg/guality/vla-1.c -O3 -g line 24 sizeof (a) == 17 * sizeof
(short)
FAIL: gcc.dg/guality/vla-1.c -Os line 24 sizeof (a) == 17 * sizeof (short)
FAIL: gcc.dg/guality/vla-1.c -O2 -flto -flto-partition=none line 24
sizeof (a) == 17 * sizeof (short)
FAIL: gcc.dg/guality/vla-1.c -O2 -flto line 24 sizeof (a) == 17 *
sizeof (short)
FAIL: gcc.dg/guality/vla-2.c -O2 -flto -flto-partition=none line 16
sizeof (a) == 5 * sizeof (int)
FAIL: gcc.dg/guality/vla-2.c -O2 -flto -flto-partition=none line 25
sizeof (a) == 6 * sizeof (int)
FAIL: gcc.dg/guality/vla-2.c -O2 -flto line 16 sizeof (a) == 5 *
sizeof (int)
FAIL: gcc.dg/guality/vla-2.c -O2 -flto line 25 sizeof (a) == 6 *
sizeof (int)
FAIL: gcc.target/i386/avx-vmovntdq-256-1.c (test for excess errors)
UNRESOLVED: gcc.target/i386/avx-vmovntdq-256-1.c compilation failed to
produce executable
FAIL: gcc.target/i386/avx-vmovntpd-256-1.c (test for excess errors)
UNRESOLVED: gcc.target/i386/avx-vmovntpd-256-1.c compilation failed to
produce executable
FAIL: gcc.target/i386/avx-vmovntps-256-1.c (test for excess errors)
UNRESOLVED: gcc.target/i386/avx-vmovntps-256-1.c compilation failed to
produce executable
=== gcc Summary ===
# of expected passes 84580
# of unexpected failures 30
# of unexpected successes 27
# of expected failures 284
# of unresolved testcases 3
# of unsupported tests 1700
/home/butterfly/gcc-4.7.2-build/gcc/xgcc version 4.7.2 (Butterfly-4.7.2)
=== gfortran tests ===
Running target unix
ERROR: tcl error sourcing
/home/butterfly/gcc-4.7.2/gcc/testsuite/gfortran.dg/dg.exp.
ERROR: couldn't compile regular expression pattern: out of memory
ERROR: tcl error sourcing
/home/butterfly/gcc-4.7.2/gcc/testsuite/gfortran.dg/gomp/gomp.exp.
ERROR: torture-init: torture_without_loops is not empty as expected
ERROR: tcl error sourcing
/home/butterfly/gcc-4.7.2/gcc/testsuite/gfortran.dg/guality/guality.exp.
ERROR: torture-init: torture_without_loops is not empty as expected
ERROR: tcl error sourcing
/home/butterfly/gcc-4.7.2/gcc/testsuite/gfortran.dg/vect/vect.exp.
ERROR: torture-init: torture_without_loops is not empty as expected
ERROR: tcl error sourcing
/home/butterfly/gcc-4.7.2/gcc/testsuite/gfortran.fortran-torture/compile/compile.exp.
ERROR: torture-init: torture_without_loops is not empty as expected
ERROR: tcl error sourcing
/home/butterfly/gcc-4.7.2/gcc/testsuite/gfortran.fortran-torture/execute/execute.exp.
ERROR: torture-init: torture_without_loops is not empty as expected
=== gfortran Summary ===
# of expected passes 14125
# of expected failures 33
# of unsupported tests 71
/home/butterfly/gcc-4.7.2-build/gcc/testsuite/gfortran/../../gfortran
version 4.7.2 (Butterfly-4.7.2)
=== g++ tests ===
Running target unix
ERROR: g++.dg/abi/mangle33.C -std=c++98: error executing dg-final:
couldn't compile regular expression pattern: out of memory
UNRESOLVED: g++.dg/abi/mangle33.C -std=c++98: error executing dg-final:
couldn't compile regular expression pattern: out of memory
ERROR: g++.dg/abi/mangle33.C -std=c++11: error executing dg-final:
couldn't compile regular expression pattern: out of memory
UNRESOLVED: g++.dg/abi/mangle33.C -std=c++11: error executing dg-final:
couldn't compile regular expression pattern: out of memory
FAIL: g++.dg/guality/redeclaration1.C -O0 line 17 i == 24
FAIL: g++.dg/guality/redeclaration1.C -O1 line 17 i == 24
FAIL: g++.dg/guality/redeclaration1.C -O2 line 17 i == 24
FAIL: g++.dg/guality/redeclaration1.C -O3 -fomit-frame-pointer line 17
i == 24
FAIL: g++.dg/guality/redeclaration1.C -O3 -g line 17 i == 24
FAIL: g++.dg/guality/redeclaration1.C -Os line 17 i == 24
=== g++ Summary ===
# of expected passes 47800
# of unexpected failures 6
# of expected failures 286
# of unresolved testcases 2
# of unsupported tests 345
/home/butterfly/gcc-4.7.2-build/gcc/testsuite/g++/../../g++ version
4.7.2 (Butterfly-4.7.2)
=== obj-c++ tests ===
Running target unix
=== obj-c++ Summary ===
# of expected passes 1450
# of expected failures 2
# of unsupported tests 86
/home/butterfly/gcc-4.7.2-build/gcc/testsuite/obj-c++/../../g++ version
4.7.2 (Butterfly-4.7.2)
=== objc tests ===
Running target unix
=== objc Summary ===
# of expected passes 2988
# of expected failures 6
# of unsupported tests 74
/home/butterfly/gcc-4.7.2-build/gcc/xgcc version 4.7.2 (Butterfly-4.7.2)
=== boehm-gc tests ===
Running target unix
=== boehm-gc Summary ===
# of expected passes 12
# of unsupported tests 1
=== libffi tests ===
Running target unix
ERROR: tcl error sourcing
/home/butterfly/gcc-4.7.2/libffi/testsuite/libffi.call/call.exp.
ERROR: couldn't compile regular expression pattern: out of memory
=== libffi Summary ===
# of expected passes 233
# of expected failures 2
# of unsupported tests 5
=== libgomp tests ===
Running target unix
=== libgomp Summary ===
# of expected passes 2930
=== libitm tests ===
Running target unix
=== libitm Summary ===
# of expected passes 26
# of expected failures 3
# of unsupported tests 1
=== libjava tests ===
Running target unix
=== libjava Summary ===
# of expected passes 2574
=== libmudflap tests ===
Running target unix
ERROR: tcl error sourcing
/home/butterfly/gcc-4.7.2/libmudflap/testsuite/libmudflap.cth/cthfrags.exp.
ERROR: couldn't compile regular expression pattern: out of memory
=== libmudflap Summary ===
# of expected passes 1638
=== libstdc++ tests ===
Running target unix
=== libstdc++ Summary ===
# of expected passes 8278
# of expected failures 43
# of unsupported tests 455
Compiler version: 4.7.2 (Butterfly-4.7.2)
Platform: i686-pc-linux-gnu
configure flags: --prefix=/home/butterfly/root-4.7.2 --enable-bootstrap
--with-pkgversion=Butterfly-4.7.2 --with-tune=generic
--with-gmp=/home/butterfly/root-4.7.2
--with-mpfr=/home/butterfly/root-4.7.2
--with-mpc=/home/butterfly/root-4.7.2
--enable-languages=c,c++,fortran,java,objc,obj-c++ --enable-static
--with-included-gettext --enable-threads=posix --enable-nls
--program-suffix=-4.7.2 --build=i686-linux-gnu --host=i686-linux-gnu
--target=i686-linux-gnu --enable-decimal-float --enable-libquadmath
Compiled with AMD Athlon-1800-XP processor using gcc (Ubuntu
4.3.3-5ubuntu4) 4.3.3 and 768 MB ram.