This is the mail archive of the
gcc-testresults@gcc.gnu.org
mailing list for the GCC project.
Results for 4.8.0 20120924 (experimental) [trunk revision 191664] (GCC) testsuite on i386-pc-solaris2.9
- From: Rainer Orth <ro at CeBiTec dot Uni-Bielefeld dot DE>
- To: gcc-testresults at gcc dot gnu dot org
- Date: Tue, 25 Sep 2012 10:00:55 +0200 (MEST)
- Subject: Results for 4.8.0 20120924 (experimental) [trunk revision 191664] (GCC) testsuite on i386-pc-solaris2.9
LAST_UPDATED: Mon Sep 24 11:20:12 UTC 2012 (revision 191664)
=== acats tests ===
=== acats Summary ===
# of expected passes 2320
# of unexpected failures 0
Native configuration is i386-pc-solaris2.9
=== g++ tests ===
Running target unix
FAIL: g++.dg/debug/dwarf2/thunk1.C -std=gnu++98 scan-assembler-times LFB3 1
FAIL: g++.dg/debug/dwarf2/thunk1.C -std=gnu++11 scan-assembler-times LFB3 1
=== g++ Summary ===
# of expected passes 48350
# of unexpected failures 2
# of expected failures 286
# of unsupported tests 441
/var/gcc/regression/trunk/9-gcc-gas/build/gcc/testsuite/g++/../../g++ version 4.8.0 20120924 (experimental) [trunk revision 191664] (GCC)
=== gcc tests ===
Running target unix
FAIL: gcc.dg/debug/dwarf2/const-2b.c scan-assembler DW_AT_const_value
XPASS: gcc.dg/Wstrict-overflow-18.c (test for bogus messages, line 20)
FAIL: gcc.dg/attr-weakref-1.c (test for excess errors)
WARNING: gcc.dg/attr-weakref-1.c compilation failed to produce executable
FAIL: gcc.dg/builtin-object-size-8.c execution test
FAIL: gcc.dg/lto/20090210 c_lto_20090210_0.o-c_lto_20090210_1.o execute -O2 -flto -flto-partition=none
FAIL: gcc.dg/lto/20090210 c_lto_20090210_0.o-c_lto_20090210_1.o execute -O2 -flto -flto-partition=1to1
FAIL: gcc.dg/lto/20090210 c_lto_20090210_0.o-c_lto_20090210_1.o execute -O2 -flto
FAIL: gcc.dg/torture/pr51106-2.c -O0 (internal compiler error)
FAIL: gcc.dg/torture/pr51106-2.c -O0 (test for excess errors)
FAIL: gcc.dg/torture/pr51106-2.c -O1 (internal compiler error)
FAIL: gcc.dg/torture/pr51106-2.c -O1 (test for excess errors)
FAIL: gcc.dg/torture/pr51106-2.c -O2 (internal compiler error)
FAIL: gcc.dg/torture/pr51106-2.c -O2 (test for excess errors)
FAIL: gcc.dg/torture/pr51106-2.c -O3 -fomit-frame-pointer (internal compiler error)
FAIL: gcc.dg/torture/pr51106-2.c -O3 -fomit-frame-pointer (test for excess errors)
FAIL: gcc.dg/torture/pr51106-2.c -O3 -g (internal compiler error)
FAIL: gcc.dg/torture/pr51106-2.c -O3 -g (test for excess errors)
FAIL: gcc.dg/torture/pr51106-2.c -Os (internal compiler error)
FAIL: gcc.dg/torture/pr51106-2.c -Os (test for excess errors)
FAIL: gcc.dg/torture/pr51106-2.c -O2 -flto -flto-partition=none (internal compiler error)
FAIL: gcc.dg/torture/pr51106-2.c -O2 -flto -flto-partition=none (test for excess errors)
FAIL: gcc.dg/torture/pr51106-2.c -O2 -flto (internal compiler error)
FAIL: gcc.dg/torture/pr51106-2.c -O2 -flto (test for excess errors)
FAIL: gcc.dg/torture/tls/run-ld.c -O1 execution test
FAIL: gcc.dg/torture/tls/run-ld.c -O2 execution test
FAIL: gcc.dg/torture/tls/run-ld.c -O3 -fomit-frame-pointer execution test
FAIL: gcc.dg/torture/tls/run-ld.c -O3 -g execution test
FAIL: gcc.dg/torture/tls/run-ld.c -Os execution test
FAIL: gcc.dg/torture/tls/run-ld.c -O1 -fpic execution test
FAIL: gcc.dg/torture/tls/run-ld.c -O2 -fpic execution test
FAIL: gcc.dg/torture/tls/run-ld.c -O3 -fomit-frame-pointer -fpic execution test
FAIL: gcc.dg/torture/tls/run-ld.c -O3 -g -fpic execution test
FAIL: gcc.dg/torture/tls/run-ld.c -Os -fpic execution test
FAIL: gcc.dg/torture/tls/run-ld.c -O1 -fPIC execution test
FAIL: gcc.dg/torture/tls/run-ld.c -O2 -fPIC execution test
FAIL: gcc.dg/torture/tls/run-ld.c -O3 -fomit-frame-pointer -fPIC execution test
FAIL: gcc.dg/torture/tls/run-ld.c -O3 -g -fPIC execution test
FAIL: gcc.dg/torture/tls/run-ld.c -Os -fPIC execution test
FAIL: gcc.dg/torture/tls/run-ld.c -O2 -flto -flto-partition=none execution test
FAIL: gcc.dg/torture/tls/run-ld.c -O2 -flto execution test
FAIL: gcc.dg/torture/tls/thr-init-2.c -O2 -fpic execution test
FAIL: gcc.dg/torture/tls/thr-init-2.c -O3 -fomit-frame-pointer -fpic execution test
FAIL: gcc.dg/torture/tls/thr-init-2.c -O3 -g -fpic execution test
FAIL: gcc.dg/torture/tls/thr-init-2.c -O2 -fPIC execution test
FAIL: gcc.dg/torture/tls/thr-init-2.c -O3 -fomit-frame-pointer -fPIC execution test
FAIL: gcc.dg/torture/tls/thr-init-2.c -O3 -g -fPIC execution test
FAIL: gcc.dg/tree-ssa/forwprop-22.c scan-tree-dump-times copyprop1 "VEC_PERM_EXPR" 1
FAIL: gcc.dg/tree-ssa/forwprop-22.c scan-tree-dump-not copyprop1 "BIT_FIELD_REF"
FAIL: gcc.dg/vect/pr49093.c (internal compiler error)
FAIL: gcc.dg/vect/pr49093.c (test for excess errors)
FAIL: gcc.dg/vect/pr49093.c -flto (internal compiler error)
FAIL: gcc.dg/vect/pr49093.c -flto (test for excess errors)
FAIL: gcc.target/i386/long-double-80-7.c (test for excess errors)
WARNING: gcc.target/i386/long-double-80-7.c compilation failed to produce executable
FAIL: gcc.target/i386/pr54445-1.c execution test
=== gcc Summary ===
# of expected passes 89085
# of unexpected failures 53
# of unexpected successes 1
# of expected failures 258
# of unsupported tests 1091
/var/gcc/regression/trunk/9-gcc-gas/build/gcc/xgcc version 4.8.0 20120924 (experimental) [trunk revision 191664] (GCC)
=== gfortran tests ===
Running target unix
FAIL: gfortran.dg/typebound_operator_13.f03 -O0 (internal compiler error)
FAIL: gfortran.dg/typebound_operator_13.f03 -O0 (test for excess errors)
WARNING: gfortran.dg/typebound_operator_13.f03 -O0 compilation failed to produce executable
FAIL: gfortran.dg/typebound_operator_13.f03 -O1 (internal compiler error)
FAIL: gfortran.dg/typebound_operator_13.f03 -O1 (test for excess errors)
WARNING: gfortran.dg/typebound_operator_13.f03 -O1 compilation failed to produce executable
FAIL: gfortran.dg/typebound_operator_13.f03 -O2 (internal compiler error)
FAIL: gfortran.dg/typebound_operator_13.f03 -O2 (test for excess errors)
WARNING: gfortran.dg/typebound_operator_13.f03 -O2 compilation failed to produce executable
FAIL: gfortran.dg/typebound_operator_13.f03 -O3 -fomit-frame-pointer (internal compiler error)
FAIL: gfortran.dg/typebound_operator_13.f03 -O3 -fomit-frame-pointer (test for excess errors)
WARNING: gfortran.dg/typebound_operator_13.f03 -O3 -fomit-frame-pointer compilation failed to produce executable
FAIL: gfortran.dg/typebound_operator_13.f03 -O3 -fomit-frame-pointer -funroll-loops (internal compiler error)
FAIL: gfortran.dg/typebound_operator_13.f03 -O3 -fomit-frame-pointer -funroll-loops (test for excess errors)
WARNING: gfortran.dg/typebound_operator_13.f03 -O3 -fomit-frame-pointer -funroll-loops compilation failed to produce executable
FAIL: gfortran.dg/typebound_operator_13.f03 -O3 -fomit-frame-pointer -funroll-all-loops -finline-functions (internal compiler error)
FAIL: gfortran.dg/typebound_operator_13.f03 -O3 -fomit-frame-pointer -funroll-all-loops -finline-functions (test for excess errors)
WARNING: gfortran.dg/typebound_operator_13.f03 -O3 -fomit-frame-pointer -funroll-all-loops -finline-functions compilation failed to produce executable
FAIL: gfortran.dg/typebound_operator_13.f03 -O3 -g (internal compiler error)
FAIL: gfortran.dg/typebound_operator_13.f03 -O3 -g (test for excess errors)
WARNING: gfortran.dg/typebound_operator_13.f03 -O3 -g compilation failed to produce executable
FAIL: gfortran.dg/typebound_operator_13.f03 -Os (internal compiler error)
FAIL: gfortran.dg/typebound_operator_13.f03 -Os (test for excess errors)
WARNING: gfortran.dg/typebound_operator_13.f03 -Os compilation failed to produce executable
FAIL: gfortran.dg/typebound_operator_7.f03 -O0 (internal compiler error)
FAIL: gfortran.dg/typebound_operator_7.f03 -O0 (test for excess errors)
WARNING: gfortran.dg/typebound_operator_7.f03 -O0 compilation failed to produce executable
FAIL: gfortran.dg/typebound_operator_7.f03 -O1 (internal compiler error)
FAIL: gfortran.dg/typebound_operator_7.f03 -O1 (test for excess errors)
WARNING: gfortran.dg/typebound_operator_7.f03 -O1 compilation failed to produce executable
FAIL: gfortran.dg/typebound_operator_7.f03 -O2 (internal compiler error)
FAIL: gfortran.dg/typebound_operator_7.f03 -O2 (test for excess errors)
WARNING: gfortran.dg/typebound_operator_7.f03 -O2 compilation failed to produce executable
FAIL: gfortran.dg/typebound_operator_7.f03 -O3 -fomit-frame-pointer (internal compiler error)
FAIL: gfortran.dg/typebound_operator_7.f03 -O3 -fomit-frame-pointer (test for excess errors)
WARNING: gfortran.dg/typebound_operator_7.f03 -O3 -fomit-frame-pointer compilation failed to produce executable
FAIL: gfortran.dg/typebound_operator_7.f03 -O3 -fomit-frame-pointer -funroll-loops (internal compiler error)
FAIL: gfortran.dg/typebound_operator_7.f03 -O3 -fomit-frame-pointer -funroll-loops (test for excess errors)
WARNING: gfortran.dg/typebound_operator_7.f03 -O3 -fomit-frame-pointer -funroll-loops compilation failed to produce executable
FAIL: gfortran.dg/typebound_operator_7.f03 -O3 -fomit-frame-pointer -funroll-all-loops -finline-functions (internal compiler error)
FAIL: gfortran.dg/typebound_operator_7.f03 -O3 -fomit-frame-pointer -funroll-all-loops -finline-functions (test for excess errors)
WARNING: gfortran.dg/typebound_operator_7.f03 -O3 -fomit-frame-pointer -funroll-all-loops -finline-functions compilation failed to produce executable
FAIL: gfortran.dg/typebound_operator_7.f03 -O3 -g (internal compiler error)
FAIL: gfortran.dg/typebound_operator_7.f03 -O3 -g (test for excess errors)
WARNING: gfortran.dg/typebound_operator_7.f03 -O3 -g compilation failed to produce executable
FAIL: gfortran.dg/typebound_operator_7.f03 -Os (internal compiler error)
FAIL: gfortran.dg/typebound_operator_7.f03 -Os (test for excess errors)
WARNING: gfortran.dg/typebound_operator_7.f03 -Os compilation failed to produce executable
FAIL: gfortran.dg/lto/pr45586-2 f_lto_pr45586-2_0.o-f_lto_pr45586-2_0.o link, -O0 -flto -flto-partition=none (internal compiler error)
UNRESOLVED: gfortran.dg/lto/pr45586-2 f_lto_pr45586-2_0.o-f_lto_pr45586-2_0.o execute -O0 -flto -flto-partition=none
FAIL: gfortran.dg/lto/pr45586-2 f_lto_pr45586-2_0.o-f_lto_pr45586-2_0.o link, -O0 -flto -flto-partition=1to1 (internal compiler error)
UNRESOLVED: gfortran.dg/lto/pr45586-2 f_lto_pr45586-2_0.o-f_lto_pr45586-2_0.o execute -O0 -flto -flto-partition=1to1
FAIL: gfortran.dg/lto/pr45586-2 f_lto_pr45586-2_0.o-f_lto_pr45586-2_0.o link, -O0 -flto (internal compiler error)
UNRESOLVED: gfortran.dg/lto/pr45586-2 f_lto_pr45586-2_0.o-f_lto_pr45586-2_0.o execute -O0 -flto
FAIL: gfortran.dg/lto/pr45586 f_lto_pr45586_0.o-f_lto_pr45586_0.o link, -O0 -flto -flto-partition=none (internal compiler error)
UNRESOLVED: gfortran.dg/lto/pr45586 f_lto_pr45586_0.o-f_lto_pr45586_0.o execute -O0 -flto -flto-partition=none
FAIL: gfortran.dg/lto/pr45586 f_lto_pr45586_0.o-f_lto_pr45586_0.o link, -O0 -flto -flto-partition=1to1 (internal compiler error)
UNRESOLVED: gfortran.dg/lto/pr45586 f_lto_pr45586_0.o-f_lto_pr45586_0.o execute -O0 -flto -flto-partition=1to1
FAIL: gfortran.dg/lto/pr45586 f_lto_pr45586_0.o-f_lto_pr45586_0.o link, -O0 -flto (internal compiler error)
UNRESOLVED: gfortran.dg/lto/pr45586 f_lto_pr45586_0.o-f_lto_pr45586_0.o execute -O0 -flto
=== gfortran Summary ===
# of expected passes 41650
# of unexpected failures 38
# of expected failures 56
# of unresolved testcases 6
# of unsupported tests 365
/var/gcc/regression/trunk/9-gcc-gas/build/gcc/testsuite/gfortran/../../gfortran version 4.8.0 20120924 (experimental) [trunk revision 191664] (GCC)
=== gnat tests ===
Running target unix
FAIL: gnat.dg/array11.adb (test for warnings, line 12)
FAIL: gnat.dg/object_overflow.adb (test for warnings, line 8)
=== gnat Summary ===
# of expected passes 1117
# of unexpected failures 2
# of expected failures 17
# of unsupported tests 6
/var/gcc/regression/trunk/9-gcc-gas/build/gcc/gnatmake version 4.8.0 20120924 (experimental) [trunk revision 191664]
=== go tests ===
Running target unix
=== go Summary ===
# of expected passes 3290
# of expected failures 4
# of untested testcases 6
/var/gcc/regression/trunk/9-gcc-gas/build/gcc/testsuite/go/../../gccgo version 4.8.0 20120924 (experimental) [trunk revision 191664] (GCC)
=== obj-c++ tests ===
Running target unix
=== obj-c++ Summary ===
# of expected passes 1450
# of expected failures 2
# of unsupported tests 86
/var/gcc/regression/trunk/9-gcc-gas/build/gcc/testsuite/obj-c++/../../g++ version 4.8.0 20120924 (experimental) [trunk revision 191664] (GCC)
=== objc tests ===
Running target unix
=== objc Summary ===
# of expected passes 2988
# of expected failures 6
# of unsupported tests 74
/var/gcc/regression/trunk/9-gcc-gas/build/gcc/xgcc version 4.8.0 20120924 (experimental) [trunk revision 191664] (GCC)
=== boehm-gc tests ===
Running target unix
=== boehm-gc Summary ===
# of expected passes 12
# of unsupported tests 1
=== libatomic tests ===
Running target unix
=== libatomic Summary ===
# of expected passes 44
# of unsupported tests 5
=== libffi tests ===
Running target unix
=== libffi Summary ===
# of expected passes 1659
# of unsupported tests 55
=== libgo tests ===
Running target unix
FAIL: runtime/pprof
=== libgo Summary ===
# of expected passes 123
# of unexpected failures 1
=== libgomp tests ===
Running target unix
FAIL: libgomp.fortran/nestedfn1.f90 -O3 -g (internal compiler error)
FAIL: libgomp.fortran/nestedfn1.f90 -O3 -g (test for excess errors)
WARNING: libgomp.fortran/nestedfn1.f90 -O3 -g compilation failed to produce executable
FAIL: libgomp.fortran/reduction1.f90 -O3 -g (internal compiler error)
FAIL: libgomp.fortran/reduction1.f90 -O3 -g (test for excess errors)
WARNING: libgomp.fortran/reduction1.f90 -O3 -g compilation failed to produce executable
FAIL: libgomp.fortran/retval1.f90 -O3 -g (internal compiler error)
FAIL: libgomp.fortran/retval1.f90 -O3 -g (test for excess errors)
WARNING: libgomp.fortran/retval1.f90 -O3 -g compilation failed to produce executable
FAIL: libgomp.fortran/threadprivate2.f90 -O3 -g (internal compiler error)
FAIL: libgomp.fortran/threadprivate2.f90 -O3 -g (test for excess errors)
WARNING: libgomp.fortran/threadprivate2.f90 -O3 -g compilation failed to produce executable
FAIL: libgomp.fortran/vla6.f90 -O3 -g (internal compiler error)
FAIL: libgomp.fortran/vla6.f90 -O3 -g (test for excess errors)
WARNING: libgomp.fortran/vla6.f90 -O3 -g compilation failed to produce executable
FAIL: libgomp.fortran/vla8.f90 -O3 -g (internal compiler error)
FAIL: libgomp.fortran/vla8.f90 -O3 -g (test for excess errors)
WARNING: libgomp.fortran/vla8.f90 -O3 -g compilation failed to produce executable
=== libgomp Summary ===
# of expected passes 2961
# of unexpected failures 12
# of unsupported tests 3
=== libitm tests ===
Running target unix
=== libitm Summary ===
# of expected passes 26
# of expected failures 3
# of unsupported tests 1
=== libjava tests ===
Running target unix
FAIL: Divide_1 output - source compiled test
FAIL: Divide_1 -findirect-dispatch output - source compiled test
FAIL: Divide_1 -O3 output - source compiled test
FAIL: Divide_1 -O3 -findirect-dispatch output - source compiled test
FAIL: sourcelocation output - source compiled test
FAIL: sourcelocation -findirect-dispatch output - source compiled test
FAIL: sourcelocation -O3 output - source compiled test
FAIL: sourcelocation -O3 -findirect-dispatch output - source compiled test
=== libjava Summary ===
# of expected passes 2578
# of unexpected failures 8
=== libstdc++ tests ===
Running target unix
FAIL: ext/random/beta_distribution/cons/default.cc (test for excess errors)
WARNING: ext/random/beta_distribution/cons/default.cc compilation failed to produce executable
FAIL: ext/random/beta_distribution/cons/parms.cc (test for excess errors)
WARNING: ext/random/beta_distribution/cons/parms.cc compilation failed to produce executable
FAIL: ext/random/beta_distribution/operators/equal.cc (test for excess errors)
WARNING: ext/random/beta_distribution/operators/equal.cc compilation failed to produce executable
FAIL: ext/random/beta_distribution/operators/inequal.cc (test for excess errors)
WARNING: ext/random/beta_distribution/operators/inequal.cc compilation failed to produce executable
FAIL: ext/random/beta_distribution/operators/serialize.cc (test for excess errors)
WARNING: ext/random/beta_distribution/operators/serialize.cc compilation failed to produce executable
FAIL: ext/random/beta_distribution/requirements/explicit_instantiation/1.cc (test for excess errors)
FAIL: ext/random/beta_distribution/requirements/typedefs.cc (test for excess errors)
FAIL: ext/random/nakagami_distribution/cons/default.cc (test for excess errors)
WARNING: ext/random/nakagami_distribution/cons/default.cc compilation failed to produce executable
FAIL: ext/random/nakagami_distribution/cons/parms.cc (test for excess errors)
WARNING: ext/random/nakagami_distribution/cons/parms.cc compilation failed to produce executable
FAIL: ext/random/nakagami_distribution/operators/equal.cc (test for excess errors)
WARNING: ext/random/nakagami_distribution/operators/equal.cc compilation failed to produce executable
FAIL: ext/random/nakagami_distribution/operators/inequal.cc (test for excess errors)
WARNING: ext/random/nakagami_distribution/operators/inequal.cc compilation failed to produce executable
FAIL: ext/random/nakagami_distribution/operators/serialize.cc (test for excess errors)
WARNING: ext/random/nakagami_distribution/operators/serialize.cc compilation failed to produce executable
FAIL: ext/random/nakagami_distribution/requirements/explicit_instantiation/1.cc (test for excess errors)
FAIL: ext/random/nakagami_distribution/requirements/typedefs.cc (test for excess errors)
FAIL: ext/random/normal_mv_distribution/cons/default.cc (test for excess errors)
WARNING: ext/random/normal_mv_distribution/cons/default.cc compilation failed to produce executable
FAIL: ext/random/normal_mv_distribution/cons/parms.cc (test for excess errors)
WARNING: ext/random/normal_mv_distribution/cons/parms.cc compilation failed to produce executable
FAIL: ext/random/normal_mv_distribution/operators/equal.cc (test for excess errors)
WARNING: ext/random/normal_mv_distribution/operators/equal.cc compilation failed to produce executable
FAIL: ext/random/normal_mv_distribution/operators/inequal.cc (test for excess errors)
WARNING: ext/random/normal_mv_distribution/operators/inequal.cc compilation failed to produce executable
FAIL: ext/random/normal_mv_distribution/operators/serialize.cc (test for excess errors)
WARNING: ext/random/normal_mv_distribution/operators/serialize.cc compilation failed to produce executable
FAIL: ext/random/normal_mv_distribution/requirements/explicit_instantiation/1.cc (test for excess errors)
FAIL: ext/random/normal_mv_distribution/requirements/typedefs.cc (test for excess errors)
FAIL: ext/random/pareto_distribution/cons/default.cc (test for excess errors)
WARNING: ext/random/pareto_distribution/cons/default.cc compilation failed to produce executable
FAIL: ext/random/pareto_distribution/cons/parms.cc (test for excess errors)
WARNING: ext/random/pareto_distribution/cons/parms.cc compilation failed to produce executable
FAIL: ext/random/pareto_distribution/operators/equal.cc (test for excess errors)
WARNING: ext/random/pareto_distribution/operators/equal.cc compilation failed to produce executable
FAIL: ext/random/pareto_distribution/operators/inequal.cc (test for excess errors)
WARNING: ext/random/pareto_distribution/operators/inequal.cc compilation failed to produce executable
FAIL: ext/random/pareto_distribution/operators/serialize.cc (test for excess errors)
WARNING: ext/random/pareto_distribution/operators/serialize.cc compilation failed to produce executable
FAIL: ext/random/pareto_distribution/requirements/explicit_instantiation/1.cc (test for excess errors)
FAIL: ext/random/pareto_distribution/requirements/typedefs.cc (test for excess errors)
FAIL: ext/random/rice_distribution/cons/default.cc (test for excess errors)
WARNING: ext/random/rice_distribution/cons/default.cc compilation failed to produce executable
FAIL: ext/random/rice_distribution/cons/parms.cc (test for excess errors)
WARNING: ext/random/rice_distribution/cons/parms.cc compilation failed to produce executable
FAIL: ext/random/rice_distribution/operators/equal.cc (test for excess errors)
WARNING: ext/random/rice_distribution/operators/equal.cc compilation failed to produce executable
FAIL: ext/random/rice_distribution/operators/inequal.cc (test for excess errors)
WARNING: ext/random/rice_distribution/operators/inequal.cc compilation failed to produce executable
FAIL: ext/random/rice_distribution/operators/serialize.cc (test for excess errors)
WARNING: ext/random/rice_distribution/operators/serialize.cc compilation failed to produce executable
FAIL: ext/random/rice_distribution/requirements/explicit_instantiation/1.cc (test for excess errors)
FAIL: ext/random/rice_distribution/requirements/typedefs.cc (test for excess errors)
FAIL: ext/random/simd_fast_mersenne_twister_engine/cons/copy.cc (test for excess errors)
WARNING: ext/random/simd_fast_mersenne_twister_engine/cons/copy.cc compilation failed to produce executable
FAIL: ext/random/simd_fast_mersenne_twister_engine/cons/default.cc (test for excess errors)
WARNING: ext/random/simd_fast_mersenne_twister_engine/cons/default.cc compilation failed to produce executable
FAIL: ext/random/simd_fast_mersenne_twister_engine/cons/seed1.cc (test for excess errors)
WARNING: ext/random/simd_fast_mersenne_twister_engine/cons/seed1.cc compilation failed to produce executable
FAIL: ext/random/simd_fast_mersenne_twister_engine/cons/seed2.cc (test for excess errors)
WARNING: ext/random/simd_fast_mersenne_twister_engine/cons/seed2.cc compilation failed to produce executable
FAIL: ext/random/simd_fast_mersenne_twister_engine/cons/seed_seq.cc (test for excess errors)
WARNING: ext/random/simd_fast_mersenne_twister_engine/cons/seed_seq.cc compilation failed to produce executable
FAIL: ext/random/simd_fast_mersenne_twister_engine/operators/equal.cc (test for excess errors)
WARNING: ext/random/simd_fast_mersenne_twister_engine/operators/equal.cc compilation failed to produce executable
FAIL: ext/random/simd_fast_mersenne_twister_engine/operators/inequal.cc (test for excess errors)
WARNING: ext/random/simd_fast_mersenne_twister_engine/operators/inequal.cc compilation failed to produce executable
FAIL: ext/random/simd_fast_mersenne_twister_engine/operators/serialize.cc (test for excess errors)
WARNING: ext/random/simd_fast_mersenne_twister_engine/operators/serialize.cc compilation failed to produce executable
=== libstdc++ Summary ===
# of expected passes 7399
# of unexpected failures 43
# of expected failures 46
# of unsupported tests 840
Compiler version: 4.8.0 20120924 (experimental) [trunk revision 191664] (GCC)
Platform: i386-pc-solaris2.9
configure flags: --prefix=/vol/gcc --target=i386-pc-solaris2.9 --enable-objc-gc --with-host-libstdcxx='-L/vol/gcc-4.4/lib -Wl,-Bstatic -lstdc++ -Wl,-Bdynamic -lm' --with-boot-ldflags='-static-libstdc++ -static-libgcc -L/vol/gcc-4.4/lib' --with-as=/vol/gcc/bin/gas-2.22 --with-gnu-as --with-gmp-include=/vol/gcc/include --with-gmp-lib=/vol/gcc/lib --with-mpfr-include=/vol/gcc/include --with-mpfr-lib=/vol/gcc/lib --with-mpc-include=/vol/gcc/include --with-mpc-lib=/vol/gcc/lib --enable-languages=all,ada,obj-c++,go --with-isl-include=/vol/gcc/include --with-isl-lib=/vol/gcc/lib --with-cloog-include=/vol/gcc/include --with-cloog-lib=/vol/gcc/lib --enable-cloog-backend=isl
BOOT_CFLAGS=-g -O2