This is the mail archive of the
gcc-testresults@gcc.gnu.org
mailing list for the GCC project.
Results for 4.7.2 20120914 (prerelease) (GCC) testsuite on x86_64-unknown-linux-gnu
- From: Linaro Toolchain Builder <michael dot hope+cbuild at linaro dot org>
- To: gcc-testresults at gcc dot gnu dot org
- Date: Mon, 17 Sep 2012 15:22:20 -0700 (PDT)
- Subject: Results for 4.7.2 20120914 (prerelease) (GCC) testsuite on x86_64-unknown-linux-gnu
LAST_UPDATED: Obtained from SVN: branches/gcc-4_7-branch revision 191291
Native configuration is x86_64-unknown-linux-gnu
=== g++ tests ===
Running target unix
=== g++ Summary ===
# of expected passes 48582
# of expected failures 286
# of unsupported tests 555
/cbuild/slaves/oort1/gcc-4.7.2-RC-20120914/gcc/default/build/gcc/testsuite/g++/../../g++ version 4.7.2 20120914 (prerelease) (GCC)
=== gcc tests ===
Running target unix
XPASS: gcc.dg/inline_3.c (test for excess errors)
XPASS: gcc.dg/inline_4.c (test for excess errors)
XPASS: gcc.dg/unroll_2.c (test for excess errors)
XPASS: gcc.dg/unroll_3.c (test for excess errors)
XPASS: gcc.dg/unroll_4.c (test for excess errors)
=== gcc Summary ===
# of expected passes 86032
# of unexpected successes 5
# of expected failures 262
# of unsupported tests 1246
/cbuild/slaves/oort1/gcc-4.7.2-RC-20120914/gcc/default/build/gcc/xgcc version 4.7.2 20120914 (prerelease) (GCC)
=== gfortran tests ===
Running target unix
=== gfortran Summary ===
# of expected passes 41036
# of expected failures 56
# of unsupported tests 69
/cbuild/slaves/oort1/gcc-4.7.2-RC-20120914/gcc/default/build/gcc/testsuite/gfortran/../../gfortran version 4.7.2 20120914 (prerelease) (GCC)
=== obj-c++ tests ===
Running target unix
=== obj-c++ Summary ===
# of expected passes 1442
# of expected failures 10
# of unsupported tests 86
/cbuild/slaves/oort1/gcc-4.7.2-RC-20120914/gcc/default/build/gcc/testsuite/obj-c++/../../g++ version 4.7.2 20120914 (prerelease) (GCC)
=== objc tests ===
Running target unix
=== objc Summary ===
# of expected passes 2988
# of expected failures 6
# of unsupported tests 74
/cbuild/slaves/oort1/gcc-4.7.2-RC-20120914/gcc/default/build/gcc/xgcc version 4.7.2 20120914 (prerelease) (GCC)
=== libffi tests ===
Running target unix
=== libffi Summary ===
# of expected passes 1634
# of expected failures 10
# of unsupported tests 55
=== libgomp tests ===
Running target unix
=== libgomp Summary ===
# of expected passes 2976
=== libmudflap tests ===
Running target unix
FAIL: libmudflap.c++/pass55-frag.cxx ( -O) execution test
=== libmudflap Summary ===
# of expected passes 1435
# of unexpected failures 1
=== libstdc++ tests ===
Running target unix
=== libstdc++ Summary ===
# of expected passes 8339
# of expected failures 43
# of unsupported tests 452
Compiler version: 4.7.2 20120914 (prerelease) (GCC)
Platform: x86_64-unknown-linux-gnu
configure flags: --prefix=/cbuild/slaves/oort1/gcc-4.7.2-RC-20120914/gcc/default/install --enable-languages=c,c++,objc,obj-c++,fortran,java,lto --enable-linker-build-id
======
Full results at http://builds.linaro.org/toolchain/gcc-4.7.2-RC-20120914/logs/x86_64-precise-cbuild367-oort1-x86_64r1
make[1]: Entering directory `/cbuild/slaves/oort1'
date:
2012-09-16 22:18:31+00:00
uname:
Linux oort1 3.2.0-23-virtual #36-Ubuntu SMP Tue Apr 10 22:29:03 UTC 2012 x86_64 x86_64 x86_64 GNU/Linux
lsb_release:
LSB Version: core-2.0-amd64:core-2.0-noarch:core-3.0-amd64:core-3.0-noarch:core-3.1-amd64:core-3.1-noarch:core-3.2-amd64:core-3.2-noarch:core-4.0-amd64:core-4.0-noarch:cxx-3.0-amd64:cxx-3.0-noarch:cxx-3.1-amd64:cxx-3.1-noarch:cxx-3.2-amd64:cxx-3.2-noarch:cxx-4.0-amd64:cxx-4.0-noarch:desktop-3.1-amd64:desktop-3.1-noarch:desktop-3.2-amd64:desktop-3.2-noarch:desktop-4.0-amd64:desktop-4.0-noarch:graphics-2.0-amd64:graphics-2.0-noarch:graphics-3.0-amd64:graphics-3.0-noarch:graphics-3.1-amd64:graphics-3.1-noarch:graphics-3.2-amd64:graphics-3.2-noarch:graphics-4.0-amd64:graphics-4.0-noarch:printing-3.2-amd64:printing-3.2-noarch:printing-4.0-amd64:printing-4.0-noarch:qt4-3.1-amd64:qt4-3.1-noarch
Distributor ID: Ubuntu
Description: Ubuntu 12.04 LTS
Release: 12.04
Codename: precise
/proc/version:
Linux version 3.2.0-23-virtual (buildd@crested) (gcc version 4.6.3 (Ubuntu/Linaro 4.6.3-1ubuntu4) ) #36-Ubuntu SMP Tue Apr 10 22:29:03 UTC 2012
gcc:
Version: 4:4.6.3-1ubuntu5
gcc (Ubuntu/Linaro 4.6.3-1ubuntu5) 4.6.3
Copyright (C) 2011 Free Software Foundation, Inc.
This is free software; see the source for copying conditions. There is NO
warranty; not even for MERCHANTABILITY or FITNESS FOR A PARTICULAR PURPOSE.
as:
Version: 2.22-6ubuntu1
GNU assembler (GNU Binutils for Ubuntu) 2.22
Copyright 2011 Free Software Foundation, Inc.
This program is free software; you may redistribute it under the terms of
the GNU General Public License version 3 or later.
This program has absolutely no warranty.
This assembler was configured for a target of `x86_64-linux-gnu'.
ldd:
ldd (Ubuntu EGLIBC 2.15-0ubuntu10) 2.15
Copyright (C) 2012 Free Software Foundation, Inc.
This is free software; see the source for copying conditions. There is NO
warranty; not even for MERCHANTABILITY or FITNESS FOR A PARTICULAR PURPOSE.
Written by Roland McGrath and Ulrich Drepper.
free:
total used free shared buffers cached
Mem: 7114792 2660404 4454388 0 123968 2256852
-/+ buffers/cache: 279584 6835208
Swap: 0 0 0
ulimit:
core file size (blocks, -c) unlimited
data seg size (kbytes, -d) unlimited
scheduling priority (-e) 0
file size (blocks, -f) unlimited
pending signals (-i) 55459
max locked memory (kbytes, -l) 64
max memory size (kbytes, -m) unlimited
open files (-n) 1024
pipe size (512 bytes, -p) 8
POSIX message queues (bytes, -q) 819200
real-time priority (-r) 0
stack size (kbytes, -s) unlimited
cpu time (seconds, -t) unlimited
max user processes (-u) 55459
virtual memory (kbytes, -v) unlimited
file locks (-x) unlimited
cpuinfo:
processor : 0
vendor_id : GenuineIntel
cpu family : 6
model : 26
model name : Intel(R) Xeon(R) CPU E5506 @ 2.13GHz
stepping : 5
microcode : 0x11
cpu MHz : 2133.306
cache size : 4096 KB
physical id : 0
siblings : 8
core id : 0
cpu cores : 1
apicid : 0
initial apicid : 22
fpu : yes
fpu_exception : yes
cpuid level : 11
wp : yes
flags : fpu de tsc msr pae cx8 sep cmov pat clflush mmx fxsr sse sse2 ss ht syscall nx lm constant_tsc rep_good nopl nonstop_tsc aperfmperf pni ssse3 cx16 sse4_1 sse4_2 popcnt hypervisor lahf_lm dts
bogomips : 4266.61
clflush size : 64
cache_alignment : 64
address sizes : 40 bits physical, 48 bits virtual
power management:
processor : 1
vendor_id : GenuineIntel
cpu family : 6
model : 26
model name : Intel(R) Xeon(R) CPU E5506 @ 2.13GHz
stepping : 5
microcode : 0x11
cpu MHz : 2133.306
cache size : 4096 KB
physical id : 0
siblings : 8
core id : 0
cpu cores : 1
apicid : 0
initial apicid : 22
fpu : yes
fpu_exception : yes
cpuid level : 11
wp : yes
flags : fpu de tsc msr pae cx8 sep cmov pat clflush mmx fxsr sse sse2 ss ht syscall nx lm constant_tsc rep_good nopl nonstop_tsc aperfmperf pni ssse3 cx16 sse4_1 sse4_2 popcnt hypervisor lahf_lm dts
bogomips : 4266.61
clflush size : 64
cache_alignment : 64
address sizes : 40 bits physical, 48 bits virtual
power management:
processor : 2
vendor_id : GenuineIntel
cpu family : 6
model : 26
model name : Intel(R) Xeon(R) CPU E5506 @ 2.13GHz
stepping : 5
microcode : 0x11
cpu MHz : 2133.306
cache size : 4096 KB
physical id : 0
siblings : 8
core id : 0
cpu cores : 1
apicid : 0
initial apicid : 22
fpu : yes
fpu_exception : yes
cpuid level : 11
wp : yes
flags : fpu de tsc msr pae cx8 sep cmov pat clflush mmx fxsr sse sse2 ss ht syscall nx lm constant_tsc rep_good nopl nonstop_tsc aperfmperf pni ssse3 cx16 sse4_1 sse4_2 popcnt hypervisor lahf_lm dts
bogomips : 4266.61
clflush size : 64
cache_alignment : 64
address sizes : 40 bits physical, 48 bits virtual
power management:
processor : 3
vendor_id : GenuineIntel
cpu family : 6
model : 26
model name : Intel(R) Xeon(R) CPU E5506 @ 2.13GHz
stepping : 5
microcode : 0x11
cpu MHz : 2133.306
cache size : 4096 KB
physical id : 0
siblings : 8
core id : 0
cpu cores : 1
apicid : 0
initial apicid : 22
fpu : yes
fpu_exception : yes
cpuid level : 11
wp : yes
flags : fpu de tsc msr pae cx8 sep cmov pat clflush mmx fxsr sse sse2 ss ht syscall nx lm constant_tsc rep_good nopl nonstop_tsc aperfmperf pni ssse3 cx16 sse4_1 sse4_2 popcnt hypervisor lahf_lm dts
bogomips : 4266.61
clflush size : 64
cache_alignment : 64
address sizes : 40 bits physical, 48 bits virtual
power management:
processor : 4
vendor_id : GenuineIntel
cpu family : 6
model : 26
model name : Intel(R) Xeon(R) CPU E5506 @ 2.13GHz
stepping : 5
microcode : 0x11
cpu MHz : 2133.306
cache size : 4096 KB
physical id : 0
siblings : 8
core id : 0
cpu cores : 1
apicid : 0
initial apicid : 22
fpu : yes
fpu_exception : yes
cpuid level : 11
wp : yes
flags : fpu de tsc msr pae cx8 sep cmov pat clflush mmx fxsr sse sse2 ss ht syscall nx lm constant_tsc rep_good nopl nonstop_tsc aperfmperf pni ssse3 cx16 sse4_1 sse4_2 popcnt hypervisor lahf_lm dts
bogomips : 4266.61
clflush size : 64
cache_alignment : 64
address sizes : 40 bits physical, 48 bits virtual
power management:
processor : 5
vendor_id : GenuineIntel
cpu family : 6
model : 26
model name : Intel(R) Xeon(R) CPU E5506 @ 2.13GHz
stepping : 5
microcode : 0x11
cpu MHz : 2133.306
cache size : 4096 KB
physical id : 0
siblings : 8
core id : 0
cpu cores : 1
apicid : 0
initial apicid : 22
fpu : yes
fpu_exception : yes
cpuid level : 11
wp : yes
flags : fpu de tsc msr pae cx8 sep cmov pat clflush mmx fxsr sse sse2 ss ht syscall nx lm constant_tsc rep_good nopl nonstop_tsc aperfmperf pni ssse3 cx16 sse4_1 sse4_2 popcnt hypervisor lahf_lm dts
bogomips : 4266.61
clflush size : 64
cache_alignment : 64
address sizes : 40 bits physical, 48 bits virtual
power management:
processor : 6
vendor_id : GenuineIntel
cpu family : 6
model : 26
model name : Intel(R) Xeon(R) CPU E5506 @ 2.13GHz
stepping : 5
microcode : 0x11
cpu MHz : 2133.306
cache size : 4096 KB
physical id : 0
siblings : 8
core id : 0
cpu cores : 1
apicid : 0
initial apicid : 22
fpu : yes
fpu_exception : yes
cpuid level : 11
wp : yes
flags : fpu de tsc msr pae cx8 sep cmov pat clflush mmx fxsr sse sse2 ss ht syscall nx lm constant_tsc rep_good nopl nonstop_tsc aperfmperf pni ssse3 cx16 sse4_1 sse4_2 popcnt hypervisor lahf_lm dts
bogomips : 4266.61
clflush size : 64
cache_alignment : 64
address sizes : 40 bits physical, 48 bits virtual
power management:
processor : 7
vendor_id : GenuineIntel
cpu family : 6
model : 26
model name : Intel(R) Xeon(R) CPU E5506 @ 2.13GHz
stepping : 5
microcode : 0x11
cpu MHz : 2133.306
cache size : 4096 KB
physical id : 0
siblings : 8
core id : 0
cpu cores : 1
apicid : 0
initial apicid : 22
fpu : yes
fpu_exception : yes
cpuid level : 11
wp : yes
flags : fpu de tsc msr pae cx8 sep cmov pat clflush mmx fxsr sse sse2 ss ht syscall nx lm constant_tsc rep_good nopl nonstop_tsc aperfmperf pni ssse3 cx16 sse4_1 sse4_2 popcnt hypervisor lahf_lm dts
bogomips : 4266.61
clflush size : 64
cache_alignment : 64
address sizes : 40 bits physical, 48 bits virtual
power management:
gdb:
Version: 7.4-2012.04-0ubuntu2
GNU gdb (Ubuntu/Linaro 7.4-2012.04-0ubuntu2) 7.4-2012.04
Copyright (C) 2012 Free Software Foundation, Inc.
License GPLv3+: GNU GPL version 3 or later <http://gnu.org/licenses/gpl.html>
This is free software: you are free to change and redistribute it.
There is NO WARRANTY, to the extent permitted by law. Type "show copying"
and "show warranty" for details.
This GDB was configured as "x86_64-linux-gnu".
For bug reporting instructions, please see:
<http://bugs.launchpad.net/gdb-linaro/>.
gcc-binary:
libc6:
Version: 2.15-0ubuntu10
PATH:
/usr/local/sbin:/usr/local/bin:/usr/sbin:/usr/bin:/sbin:/bin:/usr/games
df:
Filesystem Size Used Avail Use% Mounted on
/dev/xvda1 8.0G 2.5G 5.1G 33% /
cpufreq-info:
make[1]: Leaving directory `/cbuild/slaves/oort1'