This is the mail archive of the
gcc-testresults@gcc.gnu.org
mailing list for the GCC project.
Results for 4.6.4 20120906 (prerelease) [gcc-4_6-branch revision 191019] (GCC) testsuite on x86_64-unknown-linux-gnu
- From: Linaro Toolchain Builder <michael dot hope+cbuild at linaro dot org>
- To: gcc-testresults at gcc dot gnu dot org
- Date: Thu, 06 Sep 2012 14:30:30 -0700 (PDT)
- Subject: Results for 4.6.4 20120906 (prerelease) [gcc-4_6-branch revision 191019] (GCC) testsuite on x86_64-unknown-linux-gnu
LAST_UPDATED: Thu Sep 6 13:10:13 UTC 2012 (revision 191019)
Native configuration is x86_64-unknown-linux-gnu
=== g++ tests ===
Running target unix
XPASS: g++.dg/uninit-pred-3_b.C (test for excess errors)
=== g++ Summary ===
# of expected passes 27701
# of unexpected successes 1
# of expected failures 168
# of unsupported tests 345
/cbuild/slaves/oort1/gcc-4.6+svn191019/gcc/default/build/gcc/testsuite/g++/../../g++ version 4.6.4 20120906 (prerelease) [gcc-4_6-branch revision 191019] (GCC)
=== gcc tests ===
Running target unix
=== gcc Summary ===
# of expected passes 78633
# of expected failures 216
# of unsupported tests 1067
/cbuild/slaves/oort1/gcc-4.6+svn191019/gcc/default/build/gcc/xgcc version 4.6.4 20120906 (prerelease) [gcc-4_6-branch revision 191019] (GCC)
=== gfortran tests ===
Running target unix
=== gfortran Summary ===
# of expected passes 39246
# of expected failures 53
# of unsupported tests 69
/cbuild/slaves/oort1/gcc-4.6+svn191019/gcc/default/build/gcc/testsuite/gfortran/../../gfortran version 4.6.4 20120906 (prerelease) [gcc-4_6-branch revision 191019] (GCC)
=== obj-c++ tests ===
Running target unix
=== obj-c++ Summary ===
# of expected passes 1380
# of expected failures 10
# of unsupported tests 86
/cbuild/slaves/oort1/gcc-4.6+svn191019/gcc/default/build/gcc/testsuite/obj-c++/../../g++ version 4.6.4 20120906 (prerelease) [gcc-4_6-branch revision 191019] (GCC)
=== objc tests ===
Running target unix
=== objc Summary ===
# of expected passes 2910
# of expected failures 16
# of unsupported tests 74
/cbuild/slaves/oort1/gcc-4.6+svn191019/gcc/default/build/gcc/xgcc version 4.6.4 20120906 (prerelease) [gcc-4_6-branch revision 191019] (GCC)
=== libffi tests ===
Running target unix
=== libffi Summary ===
# of expected passes 1634
# of expected failures 10
# of unsupported tests 15
=== libgomp tests ===
Running target unix
=== libgomp Summary ===
# of expected passes 2680
=== libmudflap tests ===
Running target unix
FAIL: libmudflap.c/pass49-frag.c execution test
FAIL: libmudflap.c/pass49-frag.c output pattern test
FAIL: libmudflap.c/pass49-frag.c execution test
FAIL: libmudflap.c/pass49-frag.c output pattern test
FAIL: libmudflap.c/pass49-frag.c (-O2) execution test
FAIL: libmudflap.c/pass49-frag.c (-O2) output pattern test
FAIL: libmudflap.c/pass49-frag.c (-O2) execution test
FAIL: libmudflap.c/pass49-frag.c (-O2) output pattern test
FAIL: libmudflap.c/pass49-frag.c (-O3) execution test
FAIL: libmudflap.c/pass49-frag.c (-O3) output pattern test
FAIL: libmudflap.c/pass49-frag.c (-O3) execution test
FAIL: libmudflap.c/pass49-frag.c (-O3) output pattern test
=== libmudflap Summary ===
# of expected passes 1424
# of unexpected failures 12
=== libstdc++ tests ===
Running target unix
=== libstdc++ Summary ===
# of expected passes 7726
# of expected failures 84
# of unsupported tests 415
Compiler version: 4.6.4 20120906 (prerelease) [gcc-4_6-branch revision 191019] (GCC)
Platform: x86_64-unknown-linux-gnu
configure flags: --prefix=/cbuild/slaves/oort1/gcc-4.6+svn191019/gcc/default/install --enable-languages=c,c++,objc,obj-c++,fortran,java,lto --enable-linker-build-id
======
Full results at http://builds.linaro.org/toolchain/gcc-4.6+svn191019/logs/x86_64-precise-cbuild366-oort1-x86_64r1
make[1]: Entering directory `/cbuild/slaves/oort1'
date:
2012-09-06 13:22:37+00:00
uname:
Linux oort1 3.2.0-23-virtual #36-Ubuntu SMP Tue Apr 10 22:29:03 UTC 2012 x86_64 x86_64 x86_64 GNU/Linux
lsb_release:
LSB Version: core-2.0-amd64:core-2.0-noarch:core-3.0-amd64:core-3.0-noarch:core-3.1-amd64:core-3.1-noarch:core-3.2-amd64:core-3.2-noarch:core-4.0-amd64:core-4.0-noarch:cxx-3.0-amd64:cxx-3.0-noarch:cxx-3.1-amd64:cxx-3.1-noarch:cxx-3.2-amd64:cxx-3.2-noarch:cxx-4.0-amd64:cxx-4.0-noarch:desktop-3.1-amd64:desktop-3.1-noarch:desktop-3.2-amd64:desktop-3.2-noarch:desktop-4.0-amd64:desktop-4.0-noarch:graphics-2.0-amd64:graphics-2.0-noarch:graphics-3.0-amd64:graphics-3.0-noarch:graphics-3.1-amd64:graphics-3.1-noarch:graphics-3.2-amd64:graphics-3.2-noarch:graphics-4.0-amd64:graphics-4.0-noarch:printing-3.2-amd64:printing-3.2-noarch:printing-4.0-amd64:printing-4.0-noarch:qt4-3.1-amd64:qt4-3.1-noarch
Distributor ID: Ubuntu
Description: Ubuntu 12.04 LTS
Release: 12.04
Codename: precise
/proc/version:
Linux version 3.2.0-23-virtual (buildd@crested) (gcc version 4.6.3 (Ubuntu/Linaro 4.6.3-1ubuntu4) ) #36-Ubuntu SMP Tue Apr 10 22:29:03 UTC 2012
gcc:
Version: 4:4.6.3-1ubuntu5
gcc (Ubuntu/Linaro 4.6.3-1ubuntu5) 4.6.3
Copyright (C) 2011 Free Software Foundation, Inc.
This is free software; see the source for copying conditions. There is NO
warranty; not even for MERCHANTABILITY or FITNESS FOR A PARTICULAR PURPOSE.
as:
Version: 2.22-6ubuntu1
GNU assembler (GNU Binutils for Ubuntu) 2.22
Copyright 2011 Free Software Foundation, Inc.
This program is free software; you may redistribute it under the terms of
the GNU General Public License version 3 or later.
This program has absolutely no warranty.
This assembler was configured for a target of `x86_64-linux-gnu'.
ldd:
ldd (Ubuntu EGLIBC 2.15-0ubuntu10) 2.15
Copyright (C) 2012 Free Software Foundation, Inc.
This is free software; see the source for copying conditions. There is NO
warranty; not even for MERCHANTABILITY or FITNESS FOR A PARTICULAR PURPOSE.
Written by Roland McGrath and Ulrich Drepper.
free:
total used free shared buffers cached
Mem: 7114792 2660336 4454456 0 123764 2256492
-/+ buffers/cache: 280080 6834712
Swap: 0 0 0
ulimit:
core file size (blocks, -c) unlimited
data seg size (kbytes, -d) unlimited
scheduling priority (-e) 0
file size (blocks, -f) unlimited
pending signals (-i) 55459
max locked memory (kbytes, -l) 64
max memory size (kbytes, -m) unlimited
open files (-n) 1024
pipe size (512 bytes, -p) 8
POSIX message queues (bytes, -q) 819200
real-time priority (-r) 0
stack size (kbytes, -s) unlimited
cpu time (seconds, -t) unlimited
max user processes (-u) 55459
virtual memory (kbytes, -v) unlimited
file locks (-x) unlimited
cpuinfo:
processor : 0
vendor_id : GenuineIntel
cpu family : 6
model : 26
model name : Intel(R) Xeon(R) CPU E5506 @ 2.13GHz
stepping : 5
microcode : 0x11
cpu MHz : 2133.408
cache size : 4096 KB
physical id : 0
siblings : 8
core id : 0
cpu cores : 1
apicid : 0
initial apicid : 6
fpu : yes
fpu_exception : yes
cpuid level : 11
wp : yes
flags : fpu de tsc msr pae cx8 sep cmov pat clflush mmx fxsr sse sse2 ss ht syscall nx lm constant_tsc rep_good nopl nonstop_tsc aperfmperf pni ssse3 cx16 sse4_1 sse4_2 popcnt hypervisor lahf_lm dts
bogomips : 4266.81
clflush size : 64
cache_alignment : 64
address sizes : 40 bits physical, 48 bits virtual
power management:
processor : 1
vendor_id : GenuineIntel
cpu family : 6
model : 26
model name : Intel(R) Xeon(R) CPU E5506 @ 2.13GHz
stepping : 5
microcode : 0x11
cpu MHz : 2133.408
cache size : 4096 KB
physical id : 0
siblings : 8
core id : 0
cpu cores : 1
apicid : 0
initial apicid : 6
fpu : yes
fpu_exception : yes
cpuid level : 11
wp : yes
flags : fpu de tsc msr pae cx8 sep cmov pat clflush mmx fxsr sse sse2 ss ht syscall nx lm constant_tsc rep_good nopl nonstop_tsc aperfmperf pni ssse3 cx16 sse4_1 sse4_2 popcnt hypervisor lahf_lm dts
bogomips : 4266.81
clflush size : 64
cache_alignment : 64
address sizes : 40 bits physical, 48 bits virtual
power management:
processor : 2
vendor_id : GenuineIntel
cpu family : 6
model : 26
model name : Intel(R) Xeon(R) CPU E5506 @ 2.13GHz
stepping : 5
microcode : 0x11
cpu MHz : 2133.408
cache size : 4096 KB
physical id : 0
siblings : 8
core id : 0
cpu cores : 1
apicid : 0
initial apicid : 6
fpu : yes
fpu_exception : yes
cpuid level : 11
wp : yes
flags : fpu de tsc msr pae cx8 sep cmov pat clflush mmx fxsr sse sse2 ss ht syscall nx lm constant_tsc rep_good nopl nonstop_tsc aperfmperf pni ssse3 cx16 sse4_1 sse4_2 popcnt hypervisor lahf_lm dts
bogomips : 4266.81
clflush size : 64
cache_alignment : 64
address sizes : 40 bits physical, 48 bits virtual
power management:
processor : 3
vendor_id : GenuineIntel
cpu family : 6
model : 26
model name : Intel(R) Xeon(R) CPU E5506 @ 2.13GHz
stepping : 5
microcode : 0x11
cpu MHz : 2133.408
cache size : 4096 KB
physical id : 0
siblings : 8
core id : 0
cpu cores : 1
apicid : 0
initial apicid : 6
fpu : yes
fpu_exception : yes
cpuid level : 11
wp : yes
flags : fpu de tsc msr pae cx8 sep cmov pat clflush mmx fxsr sse sse2 ss ht syscall nx lm constant_tsc rep_good nopl nonstop_tsc aperfmperf pni ssse3 cx16 sse4_1 sse4_2 popcnt hypervisor lahf_lm dts
bogomips : 4266.81
clflush size : 64
cache_alignment : 64
address sizes : 40 bits physical, 48 bits virtual
power management:
processor : 4
vendor_id : GenuineIntel
cpu family : 6
model : 26
model name : Intel(R) Xeon(R) CPU E5506 @ 2.13GHz
stepping : 5
microcode : 0x11
cpu MHz : 2133.408
cache size : 4096 KB
physical id : 0
siblings : 8
core id : 0
cpu cores : 1
apicid : 0
initial apicid : 6
fpu : yes
fpu_exception : yes
cpuid level : 11
wp : yes
flags : fpu de tsc msr pae cx8 sep cmov pat clflush mmx fxsr sse sse2 ss ht syscall nx lm constant_tsc rep_good nopl nonstop_tsc aperfmperf pni ssse3 cx16 sse4_1 sse4_2 popcnt hypervisor lahf_lm dts
bogomips : 4266.81
clflush size : 64
cache_alignment : 64
address sizes : 40 bits physical, 48 bits virtual
power management:
processor : 5
vendor_id : GenuineIntel
cpu family : 6
model : 26
model name : Intel(R) Xeon(R) CPU E5506 @ 2.13GHz
stepping : 5
microcode : 0x11
cpu MHz : 2133.408
cache size : 4096 KB
physical id : 0
siblings : 8
core id : 0
cpu cores : 1
apicid : 0
initial apicid : 6
fpu : yes
fpu_exception : yes
cpuid level : 11
wp : yes
flags : fpu de tsc msr pae cx8 sep cmov pat clflush mmx fxsr sse sse2 ss ht syscall nx lm constant_tsc rep_good nopl nonstop_tsc aperfmperf pni ssse3 cx16 sse4_1 sse4_2 popcnt hypervisor lahf_lm dts
bogomips : 4266.81
clflush size : 64
cache_alignment : 64
address sizes : 40 bits physical, 48 bits virtual
power management:
processor : 6
vendor_id : GenuineIntel
cpu family : 6
model : 26
model name : Intel(R) Xeon(R) CPU E5506 @ 2.13GHz
stepping : 5
microcode : 0x11
cpu MHz : 2133.408
cache size : 4096 KB
physical id : 0
siblings : 8
core id : 0
cpu cores : 1
apicid : 0
initial apicid : 6
fpu : yes
fpu_exception : yes
cpuid level : 11
wp : yes
flags : fpu de tsc msr pae cx8 sep cmov pat clflush mmx fxsr sse sse2 ss ht syscall nx lm constant_tsc rep_good nopl nonstop_tsc aperfmperf pni ssse3 cx16 sse4_1 sse4_2 popcnt hypervisor lahf_lm dts
bogomips : 4266.81
clflush size : 64
cache_alignment : 64
address sizes : 40 bits physical, 48 bits virtual
power management:
processor : 7
vendor_id : GenuineIntel
cpu family : 6
model : 26
model name : Intel(R) Xeon(R) CPU E5506 @ 2.13GHz
stepping : 5
microcode : 0x11
cpu MHz : 2133.408
cache size : 4096 KB
physical id : 0
siblings : 8
core id : 0
cpu cores : 1
apicid : 0
initial apicid : 6
fpu : yes
fpu_exception : yes
cpuid level : 11
wp : yes
flags : fpu de tsc msr pae cx8 sep cmov pat clflush mmx fxsr sse sse2 ss ht syscall nx lm constant_tsc rep_good nopl nonstop_tsc aperfmperf pni ssse3 cx16 sse4_1 sse4_2 popcnt hypervisor lahf_lm dts
bogomips : 4266.81
clflush size : 64
cache_alignment : 64
address sizes : 40 bits physical, 48 bits virtual
power management:
gdb:
Version: 7.4-2012.04-0ubuntu2
GNU gdb (Ubuntu/Linaro 7.4-2012.04-0ubuntu2) 7.4-2012.04
Copyright (C) 2012 Free Software Foundation, Inc.
License GPLv3+: GNU GPL version 3 or later <http://gnu.org/licenses/gpl.html>
This is free software: you are free to change and redistribute it.
There is NO WARRANTY, to the extent permitted by law. Type "show copying"
and "show warranty" for details.
This GDB was configured as "x86_64-linux-gnu".
For bug reporting instructions, please see:
<http://bugs.launchpad.net/gdb-linaro/>.
gcc-binary:
libc6:
Version: 2.15-0ubuntu10
PATH:
/usr/local/sbin:/usr/local/bin:/usr/sbin:/usr/bin:/sbin:/bin:/usr/games
df:
Filesystem Size Used Avail Use% Mounted on
/dev/xvda1 8.0G 2.5G 5.1G 33% /
cpufreq-info:
make[1]: Leaving directory `/cbuild/slaves/oort1'