This is the mail archive of the
gcc-testresults@gcc.gnu.org
mailing list for the GCC project.
Results for 4.4.7 (GCC) testsuite on hppa2.0w-hp-hpux11.00
- From: John David Anglin <dave at hiauly2 dot hia dot nrc dot ca>
- To: dave at hiauly2 dot hia dot nrc dot ca, gcc-testresults at gcc dot gnu dot org
- Date: Sun, 2 Sep 2012 11:06:50 -0400 (EDT)
- Subject: Results for 4.4.7 (GCC) testsuite on hppa2.0w-hp-hpux11.00
LAST_UPDATED: Mon Aug 27 21:07:53 UTC 2012 (revision 190731)
=== acats tests ===
=== acats Summary ===
# of expected passes 2315
# of unexpected failures 0
Native configuration is hppa2.0w-hp-hpux11.00
=== g++ tests ===
Running target unix
=== g++ Summary ===
# of expected passes 18552
# of expected failures 161
# of unsupported tests 271
/home/gnu/gcc/obj32dir/gcc/testsuite/g++/../../g++ version 4.4.7 (GCC)
=== gcc tests ===
Running target unix
=== gcc Summary ===
# of expected passes 49672
# of expected failures 115
# of unsupported tests 706
/home/gnu/gcc/obj32dir/gcc/xgcc version 4.4.7 (GCC)
=== gfortran tests ===
Running target unix
=== gfortran Summary ===
# of expected passes 29427
# of expected failures 9
# of unsupported tests 282
/home/gnu/gcc/obj32dir/gcc/testsuite/gfortran/../../gfortran version 4.4.7 (GCC)
=== gnat tests ===
Running target unix
=== gnat Summary ===
# of expected passes 621
# of expected failures 6
=== obj-c++ tests ===
Running target unix
XPASS: obj-c++.dg/comp-types-10.mm (test for excess errors)
WARNING: obj-c++.dg/lookup-2.mm compilation failed to produce executable
WARNING: obj-c++.dg/try-catch-2.mm compilation failed to produce executable
WARNING: obj-c++.dg/try-catch-9.mm compilation failed to produce executable
=== obj-c++ Summary ===
# of expected passes 434
# of unexpected successes 1
# of expected failures 9
# of unsupported tests 14
/home/gnu/gcc/obj32dir/gcc/testsuite/obj-c++/../../g++ version 4.4.7 (GCC)
=== objc tests ===
Running target unix
=== objc Summary ===
# of expected passes 1860
# of expected failures 15
# of unsupported tests 27
/home/gnu/gcc/obj32dir/gcc/xgcc version 4.4.7 (GCC)
=== libffi tests ===
Running target unix
=== libffi Summary ===
# of expected passes 1399
# of unsupported tests 10
=== libgomp tests ===
Running target unix
=== libgomp Summary ===
# of expected passes 2522
# of unsupported tests 9
=== libjava tests ===
Running target unix
FAIL: LargeFile execution - source compiled test
FAIL: LargeFile -findirect-dispatch execution - source compiled test
FAIL: LargeFile -O3 execution - source compiled test
FAIL: LargeFile -O3 -findirect-dispatch execution - source compiled test
=== libjava Summary ===
# of expected passes 2566
# of unexpected failures 4
# of untested testcases 4
=== libstdc++ tests ===
Running target unix
WARNING: program timed out.
FAIL: 23_containers/vector/bool/modifiers/insert/31370.cc execution test
=== libstdc++ Summary ===
# of expected passes 4566
# of unexpected failures 1
# of expected failures 70
# of unsupported tests 394
Compiler version: 4.4.7 (GCC)
Platform: hppa2.0w-hp-hpux11.00
configure flags: --with-gnu-as --with-as=/opt/gnu/bin/as --enable-shared --with-local-prefix=/opt/gnu --prefix=/opt/gnu/gcc/gcc-4.4 --with-gmp=/opt/gnu/gcc/gmp --enable-debug=no --disable-nls --enable-threads=posix --enable-languages=c,c++,objc,fortran,java,ada,obj-c++