This is the mail archive of the
gcc-testresults@gcc.gnu.org
mailing list for the GCC project.
Results for 4.7.2 20120828 (prerelease) (GCC) testsuite on x86_64-unknown-linux-gnu
- From: hjl at gnu-ivb-1 dot sc dot intel dot com (H.J. Lu)
- To: gcc-testresults at gcc dot gnu dot org
- Date: Thu, 30 Aug 2012 12:09:26 -0700
- Subject: Results for 4.7.2 20120828 (prerelease) (GCC) testsuite on x86_64-unknown-linux-gnu
=== acats tests ===
=== acats Summary ===
# of expected passes 2320
# of unexpected failures 0
Native configuration is x86_64-unknown-linux-gnu
=== gcc tests ===
Running target unix
XPASS: gcc.dg/inline_3.c (test for excess errors)
XPASS: gcc.dg/inline_4.c (test for excess errors)
XPASS: gcc.dg/unroll_2.c (test for excess errors)
XPASS: gcc.dg/unroll_3.c (test for excess errors)
XPASS: gcc.dg/unroll_4.c (test for excess errors)
XPASS: gcc.dg/guality/example.c -O0 execution test
XPASS: gcc.dg/guality/example.c -O1 execution test
XPASS: gcc.dg/guality/example.c -O2 execution test
XPASS: gcc.dg/guality/example.c -Os execution test
XPASS: gcc.dg/guality/example.c -O2 -flto -fno-use-linker-plugin -flto-partition=none execution test
XPASS: gcc.dg/guality/guality.c -O0 execution test
XPASS: gcc.dg/guality/inline-params.c -O2 execution test
XPASS: gcc.dg/guality/inline-params.c -O3 -fomit-frame-pointer execution test
XPASS: gcc.dg/guality/inline-params.c -O3 -g execution test
XPASS: gcc.dg/guality/inline-params.c -Os execution test
XPASS: gcc.dg/guality/inline-params.c -O2 -flto -fno-use-linker-plugin -flto-partition=none execution test
XPASS: gcc.dg/guality/inline-params.c -O2 -flto -fuse-linker-plugin -fno-fat-lto-objects execution test
XPASS: gcc.dg/guality/pr41353-1.c -O0 line 28 j == 28 + 37
XPASS: gcc.dg/guality/pr41353-1.c -O1 line 28 j == 28 + 37
XPASS: gcc.dg/guality/pr41353-1.c -O2 line 28 j == 28 + 37
XPASS: gcc.dg/guality/pr41353-1.c -O3 -fomit-frame-pointer line 28 j == 28 + 37
XPASS: gcc.dg/guality/pr41353-1.c -O3 -g line 28 j == 28 + 37
XPASS: gcc.dg/guality/pr41353-1.c -Os line 28 j == 28 + 37
XPASS: gcc.dg/guality/pr41353-1.c -O2 -flto -fno-use-linker-plugin -flto-partition=none line 28 j == 28 + 37
XPASS: gcc.dg/guality/pr41353-1.c -O2 -flto -fuse-linker-plugin -fno-fat-lto-objects line 28 j == 28 + 37
XPASS: gcc.dg/guality/pr41447-1.c -O0 execution test
XPASS: gcc.dg/guality/pr41447-1.c -O1 execution test
XPASS: gcc.dg/guality/pr41447-1.c -O2 execution test
XPASS: gcc.dg/guality/pr41447-1.c -O3 -fomit-frame-pointer execution test
XPASS: gcc.dg/guality/pr41447-1.c -O3 -g execution test
XPASS: gcc.dg/guality/pr41447-1.c -Os execution test
XPASS: gcc.dg/guality/pr41447-1.c -O2 -flto -fno-use-linker-plugin -flto-partition=none execution test
XPASS: gcc.dg/guality/pr41447-1.c -O2 -flto -fuse-linker-plugin -fno-fat-lto-objects execution test
XPASS: gcc.dg/guality/pr41616-1.c -O0 execution test
XPASS: gcc.dg/guality/pr41616-1.c -O1 execution test
XPASS: gcc.dg/guality/pr41616-1.c -O2 execution test
XPASS: gcc.dg/guality/pr41616-1.c -O3 -fomit-frame-pointer execution test
XPASS: gcc.dg/guality/pr41616-1.c -O3 -g execution test
XPASS: gcc.dg/guality/pr41616-1.c -Os execution test
XPASS: gcc.dg/guality/pr41616-1.c -O2 -flto -fno-use-linker-plugin -flto-partition=none execution test
FAIL: gcc.dg/guality/vla-1.c -O0 line 17 sizeof (a) == 6
FAIL: gcc.dg/guality/vla-1.c -O0 line 24 sizeof (a) == 17 * sizeof (short)
FAIL: gcc.dg/guality/vla-1.c -O1 line 17 sizeof (a) == 6
FAIL: gcc.dg/guality/vla-1.c -O1 line 24 sizeof (a) == 17 * sizeof (short)
FAIL: gcc.dg/guality/vla-1.c -O2 line 17 sizeof (a) == 6
FAIL: gcc.dg/guality/vla-1.c -O2 line 24 sizeof (a) == 17 * sizeof (short)
FAIL: gcc.dg/guality/vla-1.c -O3 -fomit-frame-pointer line 17 sizeof (a) == 6
FAIL: gcc.dg/guality/vla-1.c -O3 -fomit-frame-pointer line 24 sizeof (a) == 17 * sizeof (short)
FAIL: gcc.dg/guality/vla-1.c -O3 -g line 17 sizeof (a) == 6
FAIL: gcc.dg/guality/vla-1.c -O3 -g line 24 sizeof (a) == 17 * sizeof (short)
FAIL: gcc.dg/guality/vla-1.c -Os line 17 sizeof (a) == 6
FAIL: gcc.dg/guality/vla-1.c -Os line 24 sizeof (a) == 17 * sizeof (short)
FAIL: gcc.dg/guality/vla-1.c -O2 -flto -fno-use-linker-plugin -flto-partition=none line 17 sizeof (a) == 6
FAIL: gcc.dg/guality/vla-1.c -O2 -flto -fno-use-linker-plugin -flto-partition=none line 24 sizeof (a) == 17 * sizeof (short)
FAIL: gcc.dg/guality/vla-1.c -O2 -flto -fuse-linker-plugin -fno-fat-lto-objects line 17 sizeof (a) == 6
FAIL: gcc.dg/guality/vla-1.c -O2 -flto -fuse-linker-plugin -fno-fat-lto-objects line 24 sizeof (a) == 17 * sizeof (short)
FAIL: gcc.dg/guality/vla-2.c -O0 line 16 sizeof (a) == 5 * sizeof (int)
FAIL: gcc.dg/guality/vla-2.c -O0 line 25 sizeof (a) == 6 * sizeof (int)
FAIL: gcc.dg/guality/vla-2.c -O1 line 16 sizeof (a) == 5 * sizeof (int)
FAIL: gcc.dg/guality/vla-2.c -O1 line 25 sizeof (a) == 6 * sizeof (int)
FAIL: gcc.dg/guality/vla-2.c -O2 line 16 sizeof (a) == 5 * sizeof (int)
FAIL: gcc.dg/guality/vla-2.c -O2 line 25 sizeof (a) == 6 * sizeof (int)
FAIL: gcc.dg/guality/vla-2.c -O3 -fomit-frame-pointer line 16 sizeof (a) == 5 * sizeof (int)
FAIL: gcc.dg/guality/vla-2.c -O3 -fomit-frame-pointer line 25 sizeof (a) == 6 * sizeof (int)
FAIL: gcc.dg/guality/vla-2.c -O3 -g line 16 sizeof (a) == 5 * sizeof (int)
FAIL: gcc.dg/guality/vla-2.c -O3 -g line 25 sizeof (a) == 6 * sizeof (int)
FAIL: gcc.dg/guality/vla-2.c -Os line 16 sizeof (a) == 5 * sizeof (int)
FAIL: gcc.dg/guality/vla-2.c -Os line 25 sizeof (a) == 6 * sizeof (int)
FAIL: gcc.dg/guality/vla-2.c -O2 -flto -fno-use-linker-plugin -flto-partition=none line 16 sizeof (a) == 5 * sizeof (int)
FAIL: gcc.dg/guality/vla-2.c -O2 -flto -fno-use-linker-plugin -flto-partition=none line 25 sizeof (a) == 6 * sizeof (int)
FAIL: gcc.dg/guality/vla-2.c -O2 -flto -fuse-linker-plugin -fno-fat-lto-objects line 16 sizeof (a) == 5 * sizeof (int)
FAIL: gcc.dg/guality/vla-2.c -O2 -flto -fuse-linker-plugin -fno-fat-lto-objects line 25 sizeof (a) == 6 * sizeof (int)
FAIL: gcc.dg/vect/vect-109.c scan-tree-dump-times vect "Vectorizing an unaligned access" 3
FAIL: gcc.dg/vect/vect-119.c scan-tree-dump-times vect "Detected interleaving of size 2" 1
FAIL: gcc.dg/vect/vect-35-big-array.c scan-tree-dump-times vect "can't determine dependence between" 1
FAIL: gcc.dg/vect/vect-91.c scan-tree-dump-times vect "accesses have the same alignment." 2
FAIL: gcc.dg/vect/vect-91.c scan-tree-dump-times vect "Alignment of access forced using peeling" 3
XPASS: gcc.dg/vect/vect-multitypes-4.c scan-tree-dump-times vect "Vectorizing an unaligned access" 8
FAIL: gcc.dg/vect/vect-multitypes-4.c scan-tree-dump-times vect "Vectorizing an unaligned access" 4
FAIL: gcc.dg/vect/vect-multitypes-6.c scan-tree-dump-times vect "Vectorizing an unaligned access" 6
FAIL: gcc.dg/vect/vect-outer-4c-big-array.c scan-tree-dump-times vect "zero step in outer loop." 1
FAIL: gcc.dg/vect/vect-over-widen-1.c scan-tree-dump-times vect "vect_recog_over_widening_pattern: detected" 8
FAIL: gcc.dg/vect/vect-over-widen-4.c scan-tree-dump-times vect "vect_recog_over_widening_pattern: detected" 8
FAIL: gcc.dg/vect/vect-peel-1.c scan-tree-dump-times vect "Alignment of access forced using peeling" 1
XPASS: gcc.dg/vect/vect-peel-3.c scan-tree-dump-times vect "Alignment of access forced using peeling" 1
FAIL: gcc.dg/vect/vect-peel-4.c scan-tree-dump-times vect "Vectorizing an unaligned access" 1
FAIL: gcc.dg/vect/vect-reduc-dot-s16a.c scan-tree-dump-times vect "vect_recog_dot_prod_pattern: detected" 1
FAIL: gcc.dg/vect/vect-reduc-dot-s8a.c scan-tree-dump-times vect "vect_recog_dot_prod_pattern: detected" 1
FAIL: gcc.dg/vect/vect-reduc-dot-s8a.c scan-tree-dump-times vect "vect_recog_widen_mult_pattern: detected" 1
FAIL: gcc.dg/vect/vect-reduc-dot-u8a.c scan-tree-dump-times vect "vect_recog_dot_prod_pattern: detected" 1
FAIL: gcc.dg/vect/vect-reduc-dot-u8b.c scan-tree-dump-times vect "vect_recog_dot_prod_pattern: detected" 1
FAIL: gcc.dg/vect/vect-reduc-pattern-1a.c scan-tree-dump-times vect "vect_recog_widen_sum_pattern: detected" 1
FAIL: gcc.dg/vect/vect-reduc-pattern-1b-big-array.c scan-tree-dump-times vect "vect_recog_widen_sum_pattern: detected" 1
FAIL: gcc.dg/vect/vect-reduc-pattern-1c-big-array.c scan-tree-dump-times vect "vect_recog_widen_sum_pattern: detected" 1
FAIL: gcc.dg/vect/vect-reduc-pattern-2a.c scan-tree-dump-times vect "vect_recog_widen_sum_pattern: detected" 1
FAIL: gcc.dg/vect/vect-reduc-pattern-2b-big-array.c scan-tree-dump-times vect "vect_recog_widen_sum_pattern: detected" 1
FAIL: gcc.dg/vect/vect-widen-mult-const-s16.c scan-tree-dump-times vect "vect_recog_widen_mult_pattern: detected" 2
FAIL: gcc.dg/vect/vect-widen-mult-const-u16.c scan-tree-dump-times vect "vect_recog_widen_mult_pattern: detected" 2
FAIL: gcc.dg/vect/vect-widen-mult-half-u8.c scan-tree-dump-times vect "vect_recog_widen_mult_pattern: detected" 2
FAIL: gcc.dg/vect/vect-widen-mult-half.c scan-tree-dump-times vect "vect_recog_widen_mult_pattern: detected" 1
FAIL: gcc.dg/vect/vect-widen-mult-sum.c scan-tree-dump-times vect "vect_recog_widen_mult_pattern: detected" 1
FAIL: gcc.dg/vect/vect-widen-mult-u16.c scan-tree-dump-times vect "vect_recog_widen_mult_pattern: detected" 1
FAIL: gcc.dg/vect/slp-perm-9.c scan-tree-dump-times vect "vectorized 1 loops" 2
FAIL: gcc.dg/vect/slp-perm-9.c scan-tree-dump-times vect "vectorizing stmts using SLP" 1
FAIL: gcc.dg/vect/slp-reduc-6.c scan-tree-dump-times vect "different interleaving chains in one node" 1
FAIL: gcc.dg/vect/slp-widen-mult-half.c scan-tree-dump-times vect "vect_recog_widen_mult_pattern: detected" 2
FAIL: gcc.dg/vect/vect-109.c -flto scan-tree-dump-times vect "Vectorizing an unaligned access" 3
FAIL: gcc.dg/vect/vect-119.c -flto scan-tree-dump-times vect "Detected interleaving of size 2" 1
FAIL: gcc.dg/vect/vect-35-big-array.c -flto scan-tree-dump-times vect "can't determine dependence between" 1
FAIL: gcc.dg/vect/vect-91.c -flto scan-tree-dump-times vect "accesses have the same alignment." 2
FAIL: gcc.dg/vect/vect-91.c -flto scan-tree-dump-times vect "Alignment of access forced using peeling" 3
XPASS: gcc.dg/vect/vect-multitypes-4.c -flto scan-tree-dump-times vect "Vectorizing an unaligned access" 8
FAIL: gcc.dg/vect/vect-multitypes-4.c -flto scan-tree-dump-times vect "Vectorizing an unaligned access" 4
FAIL: gcc.dg/vect/vect-multitypes-6.c -flto scan-tree-dump-times vect "Vectorizing an unaligned access" 6
FAIL: gcc.dg/vect/vect-outer-4c-big-array.c -flto scan-tree-dump-times vect "zero step in outer loop." 1
FAIL: gcc.dg/vect/vect-over-widen-1.c -flto scan-tree-dump-times vect "vect_recog_over_widening_pattern: detected" 8
FAIL: gcc.dg/vect/vect-over-widen-4.c -flto scan-tree-dump-times vect "vect_recog_over_widening_pattern: detected" 8
FAIL: gcc.dg/vect/vect-peel-1.c -flto scan-tree-dump-times vect "Alignment of access forced using peeling" 1
XPASS: gcc.dg/vect/vect-peel-3.c -flto scan-tree-dump-times vect "Alignment of access forced using peeling" 1
FAIL: gcc.dg/vect/vect-peel-4.c -flto scan-tree-dump-times vect "Vectorizing an unaligned access" 1
FAIL: gcc.dg/vect/vect-reduc-dot-s16a.c -flto scan-tree-dump-times vect "vect_recog_dot_prod_pattern: detected" 1
FAIL: gcc.dg/vect/vect-reduc-dot-s8a.c -flto scan-tree-dump-times vect "vect_recog_dot_prod_pattern: detected" 1
FAIL: gcc.dg/vect/vect-reduc-dot-s8a.c -flto scan-tree-dump-times vect "vect_recog_widen_mult_pattern: detected" 1
FAIL: gcc.dg/vect/vect-reduc-dot-u8a.c -flto scan-tree-dump-times vect "vect_recog_dot_prod_pattern: detected" 1
FAIL: gcc.dg/vect/vect-reduc-dot-u8b.c -flto scan-tree-dump-times vect "vect_recog_dot_prod_pattern: detected" 1
FAIL: gcc.dg/vect/vect-reduc-pattern-1a.c -flto scan-tree-dump-times vect "vect_recog_widen_sum_pattern: detected" 1
FAIL: gcc.dg/vect/vect-reduc-pattern-1b-big-array.c -flto scan-tree-dump-times vect "vect_recog_widen_sum_pattern: detected" 1
FAIL: gcc.dg/vect/vect-reduc-pattern-1c-big-array.c -flto scan-tree-dump-times vect "vect_recog_widen_sum_pattern: detected" 1
FAIL: gcc.dg/vect/vect-reduc-pattern-2a.c -flto scan-tree-dump-times vect "vect_recog_widen_sum_pattern: detected" 1
FAIL: gcc.dg/vect/vect-reduc-pattern-2b-big-array.c -flto scan-tree-dump-times vect "vect_recog_widen_sum_pattern: detected" 1
FAIL: gcc.dg/vect/vect-widen-mult-const-s16.c -flto scan-tree-dump-times vect "vect_recog_widen_mult_pattern: detected" 2
FAIL: gcc.dg/vect/vect-widen-mult-const-u16.c -flto scan-tree-dump-times vect "vect_recog_widen_mult_pattern: detected" 2
FAIL: gcc.dg/vect/vect-widen-mult-half-u8.c -flto scan-tree-dump-times vect "vect_recog_widen_mult_pattern: detected" 2
FAIL: gcc.dg/vect/vect-widen-mult-half.c -flto scan-tree-dump-times vect "vect_recog_widen_mult_pattern: detected" 1
FAIL: gcc.dg/vect/vect-widen-mult-sum.c -flto scan-tree-dump-times vect "vect_recog_widen_mult_pattern: detected" 1
FAIL: gcc.dg/vect/vect-widen-mult-u16.c -flto scan-tree-dump-times vect "vect_recog_widen_mult_pattern: detected" 1
FAIL: gcc.dg/vect/slp-perm-9.c -flto scan-tree-dump-times vect "vectorized 1 loops" 2
FAIL: gcc.dg/vect/slp-perm-9.c -flto scan-tree-dump-times vect "vectorizing stmts using SLP" 1
FAIL: gcc.dg/vect/slp-reduc-6.c -flto scan-tree-dump-times vect "different interleaving chains in one node" 1
FAIL: gcc.dg/vect/slp-widen-mult-half.c -flto scan-tree-dump-times vect "vect_recog_widen_mult_pattern: detected" 2
FAIL: gcc.dg/vect/no-vfa-vect-depend-1.c scan-tree-dump-times vect "dependence distance negative" 1
FAIL: gcc.dg/vect/no-vfa-vect-dv-2.c scan-tree-dump-times vect "accesses have the same alignment." 1
FAIL: gcc.dg/vect/wrapv-vect-reduc-dot-s8b.c scan-tree-dump-times vect "vect_recog_dot_prod_pattern: detected" 1
FAIL: gcc.dg/vect/wrapv-vect-reduc-dot-s8b.c scan-tree-dump-times vect "vect_recog_widen_mult_pattern: detected" 1
FAIL: gcc.dg/vect/no-scevccp-vect-iv-3.c scan-tree-dump-times vect "vect_recog_widen_sum_pattern: detected" 1
FAIL: gcc.dg/vect/no-scevccp-outer-7.c scan-tree-dump-times vect "vect_recog_widen_mult_pattern: detected" 1
=== gcc Summary for unix ===
# of expected passes 92945
# of unexpected failures 70
# of unexpected successes 9
# of expected failures 356
# of unsupported tests 1546
Running target unix/-m32
XPASS: gcc.dg/inline_3.c (test for excess errors)
XPASS: gcc.dg/inline_4.c (test for excess errors)
XPASS: gcc.dg/unroll_2.c (test for excess errors)
XPASS: gcc.dg/unroll_3.c (test for excess errors)
XPASS: gcc.dg/unroll_4.c (test for excess errors)
XPASS: gcc.dg/guality/example.c -O0 execution test
XPASS: gcc.dg/guality/example.c -O1 execution test
XPASS: gcc.dg/guality/example.c -O2 execution test
XPASS: gcc.dg/guality/example.c -O2 -flto -fno-use-linker-plugin -flto-partition=none execution test
XPASS: gcc.dg/guality/guality.c -O0 execution test
XPASS: gcc.dg/guality/guality.c -O1 execution test
XPASS: gcc.dg/guality/guality.c -O2 execution test
XPASS: gcc.dg/guality/guality.c -O3 -fomit-frame-pointer execution test
XPASS: gcc.dg/guality/guality.c -O3 -g execution test
XPASS: gcc.dg/guality/guality.c -Os execution test
XPASS: gcc.dg/guality/guality.c -O2 -flto -fno-use-linker-plugin -flto-partition=none execution test
XPASS: gcc.dg/guality/guality.c -O2 -flto -fuse-linker-plugin -fno-fat-lto-objects execution test
XPASS: gcc.dg/guality/inline-params.c -O2 execution test
XPASS: gcc.dg/guality/inline-params.c -O3 -fomit-frame-pointer execution test
XPASS: gcc.dg/guality/inline-params.c -O3 -g execution test
XPASS: gcc.dg/guality/inline-params.c -Os execution test
XPASS: gcc.dg/guality/inline-params.c -O2 -flto -fno-use-linker-plugin -flto-partition=none execution test
XPASS: gcc.dg/guality/inline-params.c -O2 -flto -fuse-linker-plugin -fno-fat-lto-objects execution test
XPASS: gcc.dg/guality/pr41353-1.c -O0 line 28 j == 28 + 37
XPASS: gcc.dg/guality/pr41353-1.c -O1 line 28 j == 28 + 37
XPASS: gcc.dg/guality/pr41353-1.c -O2 line 28 j == 28 + 37
XPASS: gcc.dg/guality/pr41353-1.c -O3 -fomit-frame-pointer line 28 j == 28 + 37
XPASS: gcc.dg/guality/pr41353-1.c -O3 -g line 28 j == 28 + 37
XPASS: gcc.dg/guality/pr41353-1.c -Os line 28 j == 28 + 37
XPASS: gcc.dg/guality/pr41353-1.c -O2 -flto -fno-use-linker-plugin -flto-partition=none line 28 j == 28 + 37
XPASS: gcc.dg/guality/pr41353-1.c -O2 -flto -fuse-linker-plugin -fno-fat-lto-objects line 28 j == 28 + 37
XPASS: gcc.dg/guality/pr41447-1.c -O0 execution test
XPASS: gcc.dg/guality/pr41447-1.c -O1 execution test
XPASS: gcc.dg/guality/pr41447-1.c -Os execution test
XPASS: gcc.dg/guality/pr41447-1.c -O2 -flto -fuse-linker-plugin -fno-fat-lto-objects execution test
XPASS: gcc.dg/guality/pr41616-1.c -O0 execution test
XPASS: gcc.dg/guality/pr41616-1.c -O1 execution test
XPASS: gcc.dg/guality/pr41616-1.c -O2 execution test
XPASS: gcc.dg/guality/pr41616-1.c -O3 -fomit-frame-pointer execution test
XPASS: gcc.dg/guality/pr41616-1.c -O3 -g execution test
XPASS: gcc.dg/guality/pr41616-1.c -Os execution test
XPASS: gcc.dg/guality/pr41616-1.c -O2 -flto -fno-use-linker-plugin -flto-partition=none execution test
FAIL: gcc.dg/guality/vla-1.c -O0 line 17 sizeof (a) == 6
FAIL: gcc.dg/guality/vla-1.c -O0 line 24 sizeof (a) == 17 * sizeof (short)
FAIL: gcc.dg/guality/vla-1.c -O1 line 17 sizeof (a) == 6
FAIL: gcc.dg/guality/vla-1.c -O1 line 24 sizeof (a) == 17 * sizeof (short)
FAIL: gcc.dg/guality/vla-1.c -O2 line 17 sizeof (a) == 6
FAIL: gcc.dg/guality/vla-1.c -O2 line 24 sizeof (a) == 17 * sizeof (short)
FAIL: gcc.dg/guality/vla-1.c -O3 -fomit-frame-pointer line 17 sizeof (a) == 6
FAIL: gcc.dg/guality/vla-1.c -O3 -fomit-frame-pointer line 24 sizeof (a) == 17 * sizeof (short)
FAIL: gcc.dg/guality/vla-1.c -O3 -g line 17 sizeof (a) == 6
FAIL: gcc.dg/guality/vla-1.c -O3 -g line 24 sizeof (a) == 17 * sizeof (short)
FAIL: gcc.dg/guality/vla-1.c -Os line 17 sizeof (a) == 6
FAIL: gcc.dg/guality/vla-1.c -Os line 24 sizeof (a) == 17 * sizeof (short)
FAIL: gcc.dg/guality/vla-1.c -O2 -flto -fno-use-linker-plugin -flto-partition=none line 17 sizeof (a) == 6
FAIL: gcc.dg/guality/vla-1.c -O2 -flto -fno-use-linker-plugin -flto-partition=none line 24 sizeof (a) == 17 * sizeof (short)
FAIL: gcc.dg/guality/vla-1.c -O2 -flto -fuse-linker-plugin -fno-fat-lto-objects line 17 sizeof (a) == 6
FAIL: gcc.dg/guality/vla-1.c -O2 -flto -fuse-linker-plugin -fno-fat-lto-objects line 24 sizeof (a) == 17 * sizeof (short)
FAIL: gcc.dg/guality/vla-2.c -O0 line 16 sizeof (a) == 5 * sizeof (int)
FAIL: gcc.dg/guality/vla-2.c -O0 line 25 sizeof (a) == 6 * sizeof (int)
FAIL: gcc.dg/guality/vla-2.c -O1 line 16 sizeof (a) == 5 * sizeof (int)
FAIL: gcc.dg/guality/vla-2.c -O1 line 25 sizeof (a) == 6 * sizeof (int)
FAIL: gcc.dg/guality/vla-2.c -O2 line 16 sizeof (a) == 5 * sizeof (int)
FAIL: gcc.dg/guality/vla-2.c -O2 line 25 sizeof (a) == 6 * sizeof (int)
FAIL: gcc.dg/guality/vla-2.c -O3 -fomit-frame-pointer line 16 sizeof (a) == 5 * sizeof (int)
FAIL: gcc.dg/guality/vla-2.c -O3 -fomit-frame-pointer line 25 sizeof (a) == 6 * sizeof (int)
FAIL: gcc.dg/guality/vla-2.c -O3 -g line 16 sizeof (a) == 5 * sizeof (int)
FAIL: gcc.dg/guality/vla-2.c -O3 -g line 25 sizeof (a) == 6 * sizeof (int)
FAIL: gcc.dg/guality/vla-2.c -Os line 16 sizeof (a) == 5 * sizeof (int)
FAIL: gcc.dg/guality/vla-2.c -Os line 25 sizeof (a) == 6 * sizeof (int)
FAIL: gcc.dg/guality/vla-2.c -O2 -flto -fno-use-linker-plugin -flto-partition=none line 16 sizeof (a) == 5 * sizeof (int)
FAIL: gcc.dg/guality/vla-2.c -O2 -flto -fno-use-linker-plugin -flto-partition=none line 25 sizeof (a) == 6 * sizeof (int)
FAIL: gcc.dg/guality/vla-2.c -O2 -flto -fuse-linker-plugin -fno-fat-lto-objects line 16 sizeof (a) == 5 * sizeof (int)
FAIL: gcc.dg/guality/vla-2.c -O2 -flto -fuse-linker-plugin -fno-fat-lto-objects line 25 sizeof (a) == 6 * sizeof (int)
FAIL: gcc.dg/vect/vect-109.c scan-tree-dump-times vect "Vectorizing an unaligned access" 3
FAIL: gcc.dg/vect/vect-119.c scan-tree-dump-times vect "Detected interleaving of size 2" 1
FAIL: gcc.dg/vect/vect-35-big-array.c scan-tree-dump-times vect "can't determine dependence between" 1
FAIL: gcc.dg/vect/vect-91.c scan-tree-dump-times vect "accesses have the same alignment." 2
FAIL: gcc.dg/vect/vect-91.c scan-tree-dump-times vect "Alignment of access forced using peeling" 3
XPASS: gcc.dg/vect/vect-multitypes-4.c scan-tree-dump-times vect "Vectorizing an unaligned access" 8
FAIL: gcc.dg/vect/vect-multitypes-4.c scan-tree-dump-times vect "Vectorizing an unaligned access" 4
FAIL: gcc.dg/vect/vect-multitypes-6.c scan-tree-dump-times vect "Vectorizing an unaligned access" 6
FAIL: gcc.dg/vect/vect-outer-4c-big-array.c scan-tree-dump-times vect "zero step in outer loop." 1
FAIL: gcc.dg/vect/vect-over-widen-1.c scan-tree-dump-times vect "vect_recog_over_widening_pattern: detected" 8
FAIL: gcc.dg/vect/vect-over-widen-4.c scan-tree-dump-times vect "vect_recog_over_widening_pattern: detected" 8
FAIL: gcc.dg/vect/vect-peel-1.c scan-tree-dump-times vect "Alignment of access forced using peeling" 1
XPASS: gcc.dg/vect/vect-peel-3.c scan-tree-dump-times vect "Alignment of access forced using peeling" 1
FAIL: gcc.dg/vect/vect-peel-4.c scan-tree-dump-times vect "Vectorizing an unaligned access" 1
FAIL: gcc.dg/vect/vect-reduc-dot-s16a.c scan-tree-dump-times vect "vect_recog_dot_prod_pattern: detected" 1
FAIL: gcc.dg/vect/vect-reduc-dot-s8a.c scan-tree-dump-times vect "vect_recog_dot_prod_pattern: detected" 1
FAIL: gcc.dg/vect/vect-reduc-dot-s8a.c scan-tree-dump-times vect "vect_recog_widen_mult_pattern: detected" 1
FAIL: gcc.dg/vect/vect-reduc-dot-u8a.c scan-tree-dump-times vect "vect_recog_dot_prod_pattern: detected" 1
FAIL: gcc.dg/vect/vect-reduc-dot-u8b.c scan-tree-dump-times vect "vect_recog_dot_prod_pattern: detected" 1
FAIL: gcc.dg/vect/vect-reduc-pattern-1a.c scan-tree-dump-times vect "vect_recog_widen_sum_pattern: detected" 1
FAIL: gcc.dg/vect/vect-reduc-pattern-1b-big-array.c scan-tree-dump-times vect "vect_recog_widen_sum_pattern: detected" 1
FAIL: gcc.dg/vect/vect-reduc-pattern-1c-big-array.c scan-tree-dump-times vect "vect_recog_widen_sum_pattern: detected" 1
FAIL: gcc.dg/vect/vect-reduc-pattern-2a.c scan-tree-dump-times vect "vect_recog_widen_sum_pattern: detected" 1
FAIL: gcc.dg/vect/vect-reduc-pattern-2b-big-array.c scan-tree-dump-times vect "vect_recog_widen_sum_pattern: detected" 1
FAIL: gcc.dg/vect/vect-widen-mult-const-s16.c scan-tree-dump-times vect "vect_recog_widen_mult_pattern: detected" 2
FAIL: gcc.dg/vect/vect-widen-mult-const-u16.c scan-tree-dump-times vect "vect_recog_widen_mult_pattern: detected" 2
FAIL: gcc.dg/vect/vect-widen-mult-half-u8.c scan-tree-dump-times vect "vect_recog_widen_mult_pattern: detected" 2
FAIL: gcc.dg/vect/vect-widen-mult-half.c scan-tree-dump-times vect "vect_recog_widen_mult_pattern: detected" 1
FAIL: gcc.dg/vect/vect-widen-mult-sum.c scan-tree-dump-times vect "vect_recog_widen_mult_pattern: detected" 1
FAIL: gcc.dg/vect/vect-widen-mult-u16.c scan-tree-dump-times vect "vect_recog_widen_mult_pattern: detected" 1
FAIL: gcc.dg/vect/slp-perm-9.c scan-tree-dump-times vect "vectorized 1 loops" 2
FAIL: gcc.dg/vect/slp-perm-9.c scan-tree-dump-times vect "vectorizing stmts using SLP" 1
FAIL: gcc.dg/vect/slp-reduc-6.c scan-tree-dump-times vect "different interleaving chains in one node" 1
FAIL: gcc.dg/vect/slp-widen-mult-half.c scan-tree-dump-times vect "vect_recog_widen_mult_pattern: detected" 2
FAIL: gcc.dg/vect/vect-109.c -flto scan-tree-dump-times vect "Vectorizing an unaligned access" 3
FAIL: gcc.dg/vect/vect-119.c -flto scan-tree-dump-times vect "Detected interleaving of size 2" 1
FAIL: gcc.dg/vect/vect-35-big-array.c -flto scan-tree-dump-times vect "can't determine dependence between" 1
FAIL: gcc.dg/vect/vect-91.c -flto scan-tree-dump-times vect "accesses have the same alignment." 2
FAIL: gcc.dg/vect/vect-91.c -flto scan-tree-dump-times vect "Alignment of access forced using peeling" 3
XPASS: gcc.dg/vect/vect-multitypes-4.c -flto scan-tree-dump-times vect "Vectorizing an unaligned access" 8
FAIL: gcc.dg/vect/vect-multitypes-4.c -flto scan-tree-dump-times vect "Vectorizing an unaligned access" 4
FAIL: gcc.dg/vect/vect-multitypes-6.c -flto scan-tree-dump-times vect "Vectorizing an unaligned access" 6
FAIL: gcc.dg/vect/vect-outer-4c-big-array.c -flto scan-tree-dump-times vect "zero step in outer loop." 1
FAIL: gcc.dg/vect/vect-over-widen-1.c -flto scan-tree-dump-times vect "vect_recog_over_widening_pattern: detected" 8
FAIL: gcc.dg/vect/vect-over-widen-4.c -flto scan-tree-dump-times vect "vect_recog_over_widening_pattern: detected" 8
FAIL: gcc.dg/vect/vect-peel-1.c -flto scan-tree-dump-times vect "Alignment of access forced using peeling" 1
XPASS: gcc.dg/vect/vect-peel-3.c -flto scan-tree-dump-times vect "Alignment of access forced using peeling" 1
FAIL: gcc.dg/vect/vect-peel-4.c -flto scan-tree-dump-times vect "Vectorizing an unaligned access" 1
FAIL: gcc.dg/vect/vect-reduc-dot-s16a.c -flto scan-tree-dump-times vect "vect_recog_dot_prod_pattern: detected" 1
FAIL: gcc.dg/vect/vect-reduc-dot-s8a.c -flto scan-tree-dump-times vect "vect_recog_dot_prod_pattern: detected" 1
FAIL: gcc.dg/vect/vect-reduc-dot-s8a.c -flto scan-tree-dump-times vect "vect_recog_widen_mult_pattern: detected" 1
FAIL: gcc.dg/vect/vect-reduc-dot-u8a.c -flto scan-tree-dump-times vect "vect_recog_dot_prod_pattern: detected" 1
FAIL: gcc.dg/vect/vect-reduc-dot-u8b.c -flto scan-tree-dump-times vect "vect_recog_dot_prod_pattern: detected" 1
FAIL: gcc.dg/vect/vect-reduc-pattern-1a.c -flto scan-tree-dump-times vect "vect_recog_widen_sum_pattern: detected" 1
FAIL: gcc.dg/vect/vect-reduc-pattern-1b-big-array.c -flto scan-tree-dump-times vect "vect_recog_widen_sum_pattern: detected" 1
FAIL: gcc.dg/vect/vect-reduc-pattern-1c-big-array.c -flto scan-tree-dump-times vect "vect_recog_widen_sum_pattern: detected" 1
FAIL: gcc.dg/vect/vect-reduc-pattern-2a.c -flto scan-tree-dump-times vect "vect_recog_widen_sum_pattern: detected" 1
FAIL: gcc.dg/vect/vect-reduc-pattern-2b-big-array.c -flto scan-tree-dump-times vect "vect_recog_widen_sum_pattern: detected" 1
FAIL: gcc.dg/vect/vect-widen-mult-const-s16.c -flto scan-tree-dump-times vect "vect_recog_widen_mult_pattern: detected" 2
FAIL: gcc.dg/vect/vect-widen-mult-const-u16.c -flto scan-tree-dump-times vect "vect_recog_widen_mult_pattern: detected" 2
FAIL: gcc.dg/vect/vect-widen-mult-half-u8.c -flto scan-tree-dump-times vect "vect_recog_widen_mult_pattern: detected" 2
FAIL: gcc.dg/vect/vect-widen-mult-half.c -flto scan-tree-dump-times vect "vect_recog_widen_mult_pattern: detected" 1
FAIL: gcc.dg/vect/vect-widen-mult-sum.c -flto scan-tree-dump-times vect "vect_recog_widen_mult_pattern: detected" 1
FAIL: gcc.dg/vect/vect-widen-mult-u16.c -flto scan-tree-dump-times vect "vect_recog_widen_mult_pattern: detected" 1
FAIL: gcc.dg/vect/slp-perm-9.c -flto scan-tree-dump-times vect "vectorized 1 loops" 2
FAIL: gcc.dg/vect/slp-perm-9.c -flto scan-tree-dump-times vect "vectorizing stmts using SLP" 1
FAIL: gcc.dg/vect/slp-reduc-6.c -flto scan-tree-dump-times vect "different interleaving chains in one node" 1
FAIL: gcc.dg/vect/slp-widen-mult-half.c -flto scan-tree-dump-times vect "vect_recog_widen_mult_pattern: detected" 2
FAIL: gcc.dg/vect/no-vfa-vect-depend-1.c scan-tree-dump-times vect "dependence distance negative" 1
FAIL: gcc.dg/vect/no-vfa-vect-dv-2.c scan-tree-dump-times vect "accesses have the same alignment." 1
FAIL: gcc.dg/vect/wrapv-vect-reduc-dot-s8b.c scan-tree-dump-times vect "vect_recog_dot_prod_pattern: detected" 1
FAIL: gcc.dg/vect/wrapv-vect-reduc-dot-s8b.c scan-tree-dump-times vect "vect_recog_widen_mult_pattern: detected" 1
FAIL: gcc.dg/vect/no-scevccp-vect-iv-3.c scan-tree-dump-times vect "vect_recog_widen_sum_pattern: detected" 1
FAIL: gcc.dg/vect/no-scevccp-outer-7.c scan-tree-dump-times vect "vect_recog_widen_mult_pattern: detected" 1
=== gcc Summary for unix/-m32 ===
# of expected passes 41272
# of unexpected failures 70
# of unexpected successes 9
# of expected failures 236
# of unsupported tests 535
=== gcc Summary ===
# of expected passes 134217
# of unexpected failures 140
# of unexpected successes 18
# of expected failures 592
# of unsupported tests 2081
/export/build/gnu/gcc-4.7-native/build-x86_64-linux/gcc/xgcc version 4.7.2 20120828 (prerelease) (GCC)
=== gfortran tests ===
Running target unix
FAIL: gfortran.dg/vect/fast-math-mgrid-resid.f scan-tree-dump-times optimized "vect_var[^\\\\n]*\\\\+ " 13
=== gfortran Summary for unix ===
# of expected passes 39434
# of expected failures 39
# of unsupported tests 36
Running target unix/-m32
FAIL: gfortran.dg/vect/fast-math-mgrid-resid.f scan-tree-dump-times optimized "vect_var[^\\\\n]*\\\\+ " 13
=== gfortran Summary for unix/-m32 ===
# of expected passes 39144
# of expected failures 39
# of unsupported tests 177
=== gfortran Summary ===
# of expected passes 78578
# of expected failures 78
# of unsupported tests 213
/export/build/gnu/gcc-4.7-native/build-x86_64-linux/gcc/testsuite/gfortran/../../gfortran version 4.7.2 20120828 (prerelease) (GCC)
=== g++ tests ===
Running target unix
=== g++ Summary for unix ===
# of expected passes 41606
# of expected failures 278
# of unsupported tests 370
Running target unix/-m32
=== g++ Summary for unix/-m32 ===
# of expected passes 40521
# of expected failures 278
# of unsupported tests 300
=== g++ Summary ===
# of expected passes 82127
# of expected failures 556
# of unsupported tests 670
/export/build/gnu/gcc-4.7-native/build-x86_64-linux/gcc/testsuite/g++/../../g++ version 4.7.2 20120828 (prerelease) (GCC)
=== gnat tests ===
Running target unix/-m32
FAIL: gnat.dg/specs/alignment2.ads (test for warnings, line 12)
FAIL: gnat.dg/specs/alignment2.ads (test for warnings, line 18)
FAIL: gnat.dg/specs/alignment2.ads (test for warnings, line 36)
FAIL: gnat.dg/specs/alignment2.ads (test for warnings, line 40)
=== gnat Summary for unix/-m32 ===
Running target unix
FAIL: gnat.dg/specs/alignment2.ads (test for warnings, line 12)
FAIL: gnat.dg/specs/alignment2.ads (test for warnings, line 18)
FAIL: gnat.dg/specs/alignment2.ads (test for warnings, line 36)
FAIL: gnat.dg/specs/alignment2.ads (test for warnings, line 40)
=== gnat Summary for unix ===
=== gnat Summary ===
# of expected passes 2218
# of unexpected failures 8
# of expected failures 28
# of unsupported tests 4
/export/build/gnu/gcc-4.7-native/build-x86_64-linux/gcc/gnatmake version 4.7.2 20120828 (prerelease)
=== go tests ===
Running target unix
FAIL: go.test/test/stack.go execution, -O2 -g
=== go Summary for unix ===
# of expected passes 3287
# of unexpected failures 1
# of expected failures 4
# of untested testcases 4
Running target unix/-m32
=== go Summary for unix/-m32 ===
# of expected passes 3288
# of expected failures 4
# of untested testcases 4
=== go Summary ===
# of expected passes 6575
# of unexpected failures 1
# of expected failures 8
# of untested testcases 8
/export/build/gnu/gcc-4.7-native/build-x86_64-linux/gcc/testsuite/go/../../gccgo version 4.7.2 20120828 (prerelease) (GCC)
=== obj-c++ tests ===
Running target unix/-m32
=== obj-c++ Summary for unix/-m32 ===
# of expected passes 64
Running target unix
=== obj-c++ Summary for unix ===
# of expected passes 64
=== obj-c++ Summary ===
# of expected passes 2892
# of expected failures 12
# of unsupported tests 172
/export/build/gnu/gcc-4.7-native/build-x86_64-linux/gcc/testsuite/obj-c++/../../g++ version 4.7.2 20120828 (prerelease) (GCC)
=== objc tests ===
Running target unix
=== objc Summary for unix ===
# of expected passes 1304
# of expected failures 6
Running target unix/-m32
=== objc Summary for unix/-m32 ===
# of expected passes 1304
# of expected failures 6
=== objc Summary ===
# of expected passes 2608
# of expected failures 12
/export/build/gnu/gcc-4.7-native/build-x86_64-linux/gcc/xgcc version 4.7.2 20120828 (prerelease) (GCC)
=== boehm-gc tests ===
Running target unix/-m32
=== boehm-gc Summary for unix/-m32 ===
# of expected passes 4
Running target unix
=== boehm-gc Summary for unix ===
# of expected passes 4
=== boehm-gc Summary ===
# of expected passes 24
# of unsupported tests 2
=== libffi tests ===
Running target unix/-m32
=== libffi Summary for unix/-m32 ===
# of expected passes 24
Running target unix
=== libffi Summary for unix ===
# of expected passes 24
=== libffi Summary ===
# of expected passes 3268
# of expected failures 20
# of unsupported tests 110
=== libgo tests ===
Running target unix
=== libgo Summary for unix ===
# of expected passes 124
Running target unix/-m32
=== libgo Summary for unix/-m32 ===
# of expected passes 124
=== libgo Summary ===
# of expected passes 248
/export/build/gnu/gcc-4.7-native/build-x86_64-linux/./gcc/gccgo version 4.7.2 20120828 (prerelease) (GCC)
=== libgomp tests ===
Running target unix/-m32
=== libgomp Summary for unix/-m32 ===
# of expected passes 46
Running target unix
=== libgomp Summary for unix ===
# of expected passes 46
=== libgomp Summary ===
# of expected passes 5952
=== libitm tests ===
Running target unix/-m32
=== libitm Summary for unix/-m32 ===
# of expected passes 4
# of expected failures 1
# of unsupported tests 1
Running target unix
=== libitm Summary for unix ===
# of expected passes 4
# of expected failures 1
# of unsupported tests 1
=== libitm Summary ===
# of expected passes 52
# of expected failures 6
# of unsupported tests 2
=== libjava tests ===
Running target unix/-m32
=== libjava Summary for unix/-m32 ===
Running target unix
=== libjava Summary for unix ===
=== libjava Summary ===
# of expected passes 5148
=== libmudflap tests ===
Running target unix/-m32
FAIL: libmudflap.cth/pass39-frag.c (rerun 7) execution test
FAIL: libmudflap.cth/pass39-frag.c (rerun 7) output pattern test
FAIL: libmudflap.cth/pass39-frag.c (-O2) (rerun 17) execution test
FAIL: libmudflap.cth/pass39-frag.c (-O2) (rerun 17) output pattern test
FAIL: libmudflap.cth/pass39-frag.c (-O3) (rerun 13) execution test
FAIL: libmudflap.cth/pass39-frag.c (-O3) (rerun 13) output pattern test
=== libmudflap Summary for unix/-m32 ===
# of expected passes 258
# of unexpected failures 6
Running target unix
FAIL: libmudflap.c++/pass55-frag.cxx ( -O) execution test
=== libmudflap Summary for unix ===
# of expected passes 264
=== libmudflap Summary ===
# of expected passes 2865
# of unexpected failures 7
=== libstdc++ tests ===
Running target unix
=== libstdc++ Summary for unix ===
# of expected passes 8882
# of expected failures 43
# of unsupported tests 146
Running target unix/-m32
=== libstdc++ Summary for unix/-m32 ===
# of expected passes 8882
# of expected failures 43
# of unsupported tests 146
=== libstdc++ Summary ===
# of expected passes 17764
# of expected failures 86
# of unsupported tests 292
Compiler version: 4.7.2 20120828 (prerelease) (GCC)
Platform: x86_64-unknown-linux-gnu
configure flags: --enable-clocale=gnu --with-system-zlib --with-demangler-in-ld --enable-languages=c,c++,fortran,java,lto,objc,ada,obj-c++,go --prefix=/usr/gcc-4.7.2-native --with-local-prefix=/usr/local --enable-gnu-indirect-function --with-arch=native --with-cpu=native --with-fpmath=sse