This is the mail archive of the
gcc-testresults@gcc.gnu.org
mailing list for the GCC project.
Results for 4.8.0 20120826 (experimental) (GCC) testsuite on m68k-unknown-linux-gnu
- From: Mikael Pettersson <mikpe at it dot uu dot se>
- To: gcc-testresults at gcc dot gnu dot org
- Date: Thu, 30 Aug 2012 12:33:23 +0200
- Subject: Results for 4.8.0 20120826 (experimental) (GCC) testsuite on m68k-unknown-linux-gnu
LAST_UPDATED: Obtained from SVN: trunk revision 190703
Native configuration is m68k-unknown-linux-gnu
=== g++ tests ===
Running target unix
FAIL: g++.dg/cdce3.C -std=gnu++98 scan-tree-dump cdce "cdce3.C:97: note: function call is shrink-wrapped into error conditions."
FAIL: g++.dg/cdce3.C -std=gnu++98 scan-tree-dump cdce "cdce3.C:107: note: function call is shrink-wrapped into error conditions."
FAIL: g++.dg/cdce3.C -std=gnu++11 scan-tree-dump cdce "cdce3.C:97: note: function call is shrink-wrapped into error conditions."
FAIL: g++.dg/cdce3.C -std=gnu++11 scan-tree-dump cdce "cdce3.C:107: note: function call is shrink-wrapped into error conditions."
FAIL: g++.dg/other/anon5.C -std=gnu++98 (test for excess errors)
FAIL: g++.dg/other/anon5.C -std=gnu++11 (test for excess errors)
FAIL: g++.dg/tree-ssa/pr41186.C -std=gnu++98 (internal compiler error)
FAIL: g++.dg/tree-ssa/pr41186.C -std=gnu++98 (test for excess errors)
FAIL: g++.dg/tree-ssa/pr41186.C -std=gnu++11 (internal compiler error)
FAIL: g++.dg/tree-ssa/pr41186.C -std=gnu++11 (test for excess errors)
FAIL: g++.dg/tree-ssa/pr41428.C -std=gnu++98 (internal compiler error)
FAIL: g++.dg/tree-ssa/pr41428.C -std=gnu++98 (test for excess errors)
FAIL: g++.dg/tree-ssa/pr41428.C -std=gnu++11 (internal compiler error)
FAIL: g++.dg/tree-ssa/pr41428.C -std=gnu++11 (test for excess errors)
FAIL: c-c++-common/gomp/atomic-10.c -std=gnu++98 scan-tree-dump-times ompexp "__atomic_fetch_add" 4
FAIL: c-c++-common/gomp/atomic-10.c -std=gnu++11 scan-tree-dump-times ompexp "__atomic_fetch_add" 4
FAIL: c-c++-common/gomp/atomic-3.c -std=gnu++98 scan-tree-dump-times ompexp "xyzzy, 4" 1
FAIL: c-c++-common/gomp/atomic-3.c -std=gnu++11 scan-tree-dump-times ompexp "xyzzy, 4" 1
FAIL: c-c++-common/gomp/atomic-9.c -std=gnu++98 scan-tree-dump-times ompexp "__atomic_fetch_add" 1
FAIL: c-c++-common/gomp/atomic-9.c -std=gnu++11 scan-tree-dump-times ompexp "__atomic_fetch_add" 1
FAIL: g++.dg/torture/pr47559.C -O3 -fomit-frame-pointer (test for excess errors)
FAIL: g++.dg/torture/pr47559.C -O3 -fomit-frame-pointer -funroll-loops (test for excess errors)
FAIL: g++.dg/torture/pr47559.C -O3 -fomit-frame-pointer -funroll-all-loops -finline-functions (test for excess errors)
FAIL: g++.dg/torture/pr48271.C -O3 -fomit-frame-pointer (test for excess errors)
FAIL: g++.dg/torture/pr48271.C -O3 -fomit-frame-pointer -funroll-loops (test for excess errors)
FAIL: g++.dg/torture/pr48271.C -O3 -fomit-frame-pointer -funroll-all-loops -finline-functions (test for excess errors)
FAIL: g++.dg/torture/pr49394.C -O3 -fomit-frame-pointer (test for excess errors)
FAIL: g++.dg/torture/pr51903.C -O3 -fomit-frame-pointer (test for excess errors)
=== g++ Summary ===
# of expected passes 45784
# of unexpected failures 28
# of expected failures 282
# of unsupported tests 700
/mnt/scratch/objdir48/gcc/testsuite/g++/../../g++ version 4.8.0 20120826 (experimental) (GCC)
=== gcc tests ===
Running target unix
WARNING: program timed out.
FAIL: gcc.c-torture/compile/limits-externalid.c -O3 -g (test for excess errors)
FAIL: gcc.c-torture/compile/limits-structnest.c -O2 (test for excess errors)
FAIL: gcc.c-torture/compile/limits-structnest.c -O3 -fomit-frame-pointer (test for excess errors)
FAIL: gcc.c-torture/compile/limits-structnest.c -O3 -g (test for excess errors)
FAIL: gcc.c-torture/compile/limits-structnest.c -Os (test for excess errors)
WARNING: program timed out.
FAIL: gcc.c-torture/compile/pr37669-2.c -O1 (test for excess errors)
WARNING: program timed out.
FAIL: gcc.c-torture/compile/pr37669-2.c -O2 (test for excess errors)
WARNING: program timed out.
FAIL: gcc.c-torture/compile/pr37669-2.c -O3 -fomit-frame-pointer (test for excess errors)
WARNING: program timed out.
FAIL: gcc.c-torture/compile/pr37669-2.c -O3 -g (test for excess errors)
WARNING: program timed out.
FAIL: gcc.c-torture/compile/pr37669-2.c -Os (test for excess errors)
FAIL: gcc.c-torture/execute/20040709-1.c execution, -O3 -fomit-frame-pointer -funroll-loops
FAIL: gcc.c-torture/execute/20040709-1.c execution, -O3 -fomit-frame-pointer -funroll-all-loops -finline-functions
FAIL: gcc.c-torture/execute/20040709-2.c execution, -O3 -fomit-frame-pointer -funroll-loops
FAIL: gcc.c-torture/execute/20040709-2.c execution, -O3 -fomit-frame-pointer -funroll-all-loops -finline-functions
FAIL: gcc.c-torture/execute/pr51581-2.c execution, -O3 -fomit-frame-pointer -funroll-loops
FAIL: gcc.c-torture/execute/pr51581-2.c execution, -O3 -fomit-frame-pointer -funroll-all-loops -finline-functions
FAIL: gcc.c-torture/execute/pr53645.c execution, -O3 -fomit-frame-pointer -funroll-loops
FAIL: gcc.c-torture/execute/pr53645.c execution, -O3 -fomit-frame-pointer -funroll-all-loops -finline-functions
FAIL: gcc.c-torture/execute/ieee/copysign1.c execution, -O0
FAIL: gcc.c-torture/execute/ieee/copysign1.c execution, -O1
FAIL: gcc.c-torture/execute/ieee/copysign1.c execution, -O2
FAIL: gcc.c-torture/execute/ieee/copysign1.c execution, -O3 -fomit-frame-pointer
FAIL: gcc.c-torture/execute/ieee/copysign1.c execution, -O3 -fomit-frame-pointer -funroll-loops
FAIL: gcc.c-torture/execute/ieee/copysign1.c execution, -O3 -fomit-frame-pointer -funroll-all-loops -finline-functions
FAIL: gcc.c-torture/execute/ieee/copysign1.c execution, -O3 -g
FAIL: gcc.c-torture/execute/ieee/copysign1.c execution, -Os
FAIL: gcc.c-torture/execute/ieee/copysign2.c execution, -O0
FAIL: gcc.c-torture/execute/ieee/copysign2.c execution, -O1
FAIL: gcc.c-torture/execute/ieee/copysign2.c execution, -O2
FAIL: gcc.c-torture/execute/ieee/copysign2.c execution, -O3 -fomit-frame-pointer
FAIL: gcc.c-torture/execute/ieee/copysign2.c execution, -O3 -fomit-frame-pointer -funroll-loops
FAIL: gcc.c-torture/execute/ieee/copysign2.c execution, -O3 -fomit-frame-pointer -funroll-all-loops -finline-functions
FAIL: gcc.c-torture/execute/ieee/copysign2.c execution, -O3 -g
FAIL: gcc.c-torture/execute/ieee/copysign2.c execution, -Os
FAIL: gcc.dg/autopar/pr39500-1.c (internal compiler error)
FAIL: gcc.dg/autopar/pr39500-1.c (test for excess errors)
FAIL: gcc.dg/autopar/reduc-1.c (internal compiler error)
FAIL: gcc.dg/autopar/reduc-1.c (test for excess errors)
FAIL: gcc.dg/autopar/reduc-1.c scan-tree-dump-times parloops "SUCCESS: may be parallelized" 4
FAIL: gcc.dg/autopar/reduc-1char.c (internal compiler error)
FAIL: gcc.dg/autopar/reduc-1char.c (test for excess errors)
FAIL: gcc.dg/autopar/reduc-1char.c scan-tree-dump-times parloops "SUCCESS: may be parallelized" 4
FAIL: gcc.dg/autopar/reduc-1short.c (internal compiler error)
FAIL: gcc.dg/autopar/reduc-1short.c (test for excess errors)
FAIL: gcc.dg/autopar/reduc-1short.c scan-tree-dump-times parloops "SUCCESS: may be parallelized" 4
FAIL: gcc.dg/autopar/reduc-2.c (internal compiler error)
FAIL: gcc.dg/autopar/reduc-2.c (test for excess errors)
FAIL: gcc.dg/autopar/reduc-2.c scan-tree-dump-times parloops "SUCCESS: may be parallelized" 4
FAIL: gcc.dg/autopar/reduc-2char.c (internal compiler error)
FAIL: gcc.dg/autopar/reduc-2char.c (test for excess errors)
FAIL: gcc.dg/autopar/reduc-2char.c scan-tree-dump-times parloops "SUCCESS: may be parallelized" 3
FAIL: gcc.dg/autopar/reduc-2short.c (internal compiler error)
FAIL: gcc.dg/autopar/reduc-2short.c (test for excess errors)
FAIL: gcc.dg/autopar/reduc-2short.c scan-tree-dump-times parloops "SUCCESS: may be parallelized" 3
FAIL: gcc.dg/autopar/reduc-3.c (internal compiler error)
FAIL: gcc.dg/autopar/reduc-3.c (test for excess errors)
FAIL: gcc.dg/autopar/reduc-6.c (internal compiler error)
FAIL: gcc.dg/autopar/reduc-6.c (test for excess errors)
FAIL: gcc.dg/autopar/reduc-7.c (internal compiler error)
FAIL: gcc.dg/autopar/reduc-7.c (test for excess errors)
FAIL: gcc.dg/autopar/reduc-7.c scan-tree-dump-times parloops "Detected reduction" 2
FAIL: gcc.dg/autopar/reduc-7.c scan-tree-dump-times parloops "SUCCESS: may be parallelized" 3
FAIL: gcc.dg/autopar/reduc-8.c (internal compiler error)
FAIL: gcc.dg/autopar/reduc-8.c (test for excess errors)
FAIL: gcc.dg/autopar/reduc-8.c scan-tree-dump-times parloops "Detected reduction" 2
FAIL: gcc.dg/autopar/reduc-8.c scan-tree-dump-times parloops "SUCCESS: may be parallelized" 3
FAIL: gcc.dg/autopar/reduc-9.c (internal compiler error)
FAIL: gcc.dg/autopar/reduc-9.c (test for excess errors)
FAIL: gcc.dg/autopar/reduc-9.c scan-tree-dump-times parloops "Detected reduction" 2
FAIL: gcc.dg/autopar/reduc-9.c scan-tree-dump-times parloops "SUCCESS: may be parallelized" 3
XPASS: gcc.dg/Wstrict-overflow-18.c (test for bogus messages, line 20)
FAIL: gcc.dg/alias-10.c (internal compiler error)
FAIL: gcc.dg/alias-10.c (test for excess errors)
FAIL: gcc.dg/attr-weakref-1.c (test for excess errors)
WARNING: gcc.dg/attr-weakref-1.c compilation failed to produce executable
WARNING: program timed out.
FAIL: gcc.dg/pr43058.c (test for excess errors)
FAIL: gcc.dg/pr46309.c scan-tree-dump-times reassoc1 "Optimizing range tests a_[0-9]*.D. -.1, 1. and -.2, 2. and -.3, 3. and -.4, 4.[\\n\\r]* into" 2
FAIL: gcc.dg/pr46309.c scan-tree-dump-times reassoc1 "Optimizing range tests a_[0-9]*.D. -.1, 1. and -.3, 3.[\\n\\r]* into" 1
FAIL: gcc.dg/pr46309.c scan-tree-dump-times reassoc1 "Optimizing range tests a_[0-9]*.D. -.1, 1. and -.2, 2.[\\n\\r]* into" 1
FAIL: gcc.dg/pr46309.c scan-tree-dump-times reassoc1 "Optimizing range tests a_[0-9]*.D. -.0, 31. and -.64, 95.[\\n\\r]* into" 2
FAIL: gcc.dg/pr46309.c scan-tree-dump-times reassoc1 "Optimizing range tests a_[0-9]*.D. -.128, 159. and -.192, 223.[\\n\\r]* into" 1
FAIL: gcc.dg/pr46309.c scan-tree-dump-times reassoc2 "Optimizing range tests [^\\r\\n]*_[0-9]* -.0, 31. and -.128, 159.[\\n\\r]* into" 1
FAIL: gcc.dg/pr46647.c scan-tree-dump-not optimized "memset"
FAIL: gcc.dg/pr52139.c (internal compiler error)
FAIL: gcc.dg/pr52139.c (test for excess errors)
FAIL: gcc.dg/pr52558-1.c scan-tree-dump-times lim1 "MEM count_lsm.. count_lsm_flag" 1
FAIL: gcc.dg/pr52558-2.c scan-tree-dump-times lim1 "MEM.*g_2_lsm_flag" 1
FAIL: gcc.dg/sms-8.c execution test
UNRESOLVED: gcc.dg/superblock.c scan-rtl-dump-times sched2 "ADVANCING TO" 2
FAIL: c-c++-common/gomp/atomic-10.c scan-tree-dump-times ompexp "__atomic_fetch_add" 4
FAIL: c-c++-common/gomp/atomic-3.c scan-tree-dump-times ompexp "xyzzy, 4" 1
FAIL: c-c++-common/gomp/atomic-9.c scan-tree-dump-times ompexp "__atomic_fetch_add" 1
FAIL: gcc.dg/ipa/iinline-1.c (internal compiler error)
FAIL: gcc.dg/ipa/iinline-1.c (test for excess errors)
FAIL: gcc.dg/ipa/inlinehint-1.c (internal compiler error)
FAIL: gcc.dg/ipa/inlinehint-1.c (test for excess errors)
FAIL: gcc.dg/tm/reg-promotion.c scan-tree-dump-times lim1 "MEM count_lsm.. count_lsm_flag" 1
FAIL: gcc.dg/torture/builtin-math-7.c -O3 -fomit-frame-pointer -funroll-loops execution test
FAIL: gcc.dg/torture/builtin-math-7.c -O3 -fomit-frame-pointer -funroll-all-loops -finline-functions execution test
FAIL: gcc.dg/torture/pr49997.c -O3 -fomit-frame-pointer (test for excess errors)
FAIL: gcc.dg/torture/pr49997.c -O3 -fomit-frame-pointer -funroll-loops (test for excess errors)
FAIL: gcc.dg/torture/pr49997.c -O3 -fomit-frame-pointer -funroll-all-loops -finline-functions (test for excess errors)
FAIL: gcc.dg/torture/pr51106-2.c -O0 (test for excess errors)
FAIL: gcc.dg/torture/pr51106-2.c -O1 (test for excess errors)
FAIL: gcc.dg/torture/pr51106-2.c -O2 (test for excess errors)
FAIL: gcc.dg/torture/pr51106-2.c -O3 -fomit-frame-pointer (test for excess errors)
FAIL: gcc.dg/torture/pr51106-2.c -O3 -g (test for excess errors)
FAIL: gcc.dg/torture/pr51106-2.c -Os (test for excess errors)
FAIL: gcc.dg/torture/tls/run-le.c -O0 -pie -fpie (test for excess errors)
WARNING: gcc.dg/torture/tls/run-le.c -O0 -pie -fpie compilation failed to produce executable
FAIL: gcc.dg/torture/tls/run-le.c -O1 -pie -fpie (test for excess errors)
WARNING: gcc.dg/torture/tls/run-le.c -O1 -pie -fpie compilation failed to produce executable
FAIL: gcc.dg/torture/tls/run-le.c -O2 -pie -fpie (test for excess errors)
WARNING: gcc.dg/torture/tls/run-le.c -O2 -pie -fpie compilation failed to produce executable
FAIL: gcc.dg/torture/tls/run-le.c -O3 -fomit-frame-pointer -pie -fpie (test for excess errors)
WARNING: gcc.dg/torture/tls/run-le.c -O3 -fomit-frame-pointer -pie -fpie compilation failed to produce executable
FAIL: gcc.dg/torture/tls/run-le.c -O3 -g -pie -fpie (test for excess errors)
WARNING: gcc.dg/torture/tls/run-le.c -O3 -g -pie -fpie compilation failed to produce executable
FAIL: gcc.dg/torture/tls/run-le.c -Os -pie -fpie (test for excess errors)
WARNING: gcc.dg/torture/tls/run-le.c -Os -pie -fpie compilation failed to produce executable
FAIL: gcc.dg/torture/tls/run-le.c -O0 -pie -fPIE (test for excess errors)
WARNING: gcc.dg/torture/tls/run-le.c -O0 -pie -fPIE compilation failed to produce executable
FAIL: gcc.dg/torture/tls/run-le.c -O1 -pie -fPIE (test for excess errors)
WARNING: gcc.dg/torture/tls/run-le.c -O1 -pie -fPIE compilation failed to produce executable
FAIL: gcc.dg/torture/tls/run-le.c -O2 -pie -fPIE (test for excess errors)
WARNING: gcc.dg/torture/tls/run-le.c -O2 -pie -fPIE compilation failed to produce executable
FAIL: gcc.dg/torture/tls/run-le.c -O3 -fomit-frame-pointer -pie -fPIE (test for excess errors)
WARNING: gcc.dg/torture/tls/run-le.c -O3 -fomit-frame-pointer -pie -fPIE compilation failed to produce executable
FAIL: gcc.dg/torture/tls/run-le.c -O3 -g -pie -fPIE (test for excess errors)
WARNING: gcc.dg/torture/tls/run-le.c -O3 -g -pie -fPIE compilation failed to produce executable
FAIL: gcc.dg/torture/tls/run-le.c -Os -pie -fPIE (test for excess errors)
WARNING: gcc.dg/torture/tls/run-le.c -Os -pie -fPIE compilation failed to produce executable
FAIL: gcc.dg/torture/tls/thr-init-1.c -O0 -pie -fpie (test for excess errors)
WARNING: gcc.dg/torture/tls/thr-init-1.c -O0 -pie -fpie compilation failed to produce executable
FAIL: gcc.dg/torture/tls/thr-init-1.c -O1 -pie -fpie (test for excess errors)
WARNING: gcc.dg/torture/tls/thr-init-1.c -O1 -pie -fpie compilation failed to produce executable
FAIL: gcc.dg/torture/tls/thr-init-1.c -O2 -pie -fpie (test for excess errors)
WARNING: gcc.dg/torture/tls/thr-init-1.c -O2 -pie -fpie compilation failed to produce executable
FAIL: gcc.dg/torture/tls/thr-init-1.c -O3 -fomit-frame-pointer -pie -fpie (test for excess errors)
WARNING: gcc.dg/torture/tls/thr-init-1.c -O3 -fomit-frame-pointer -pie -fpie compilation failed to produce executable
FAIL: gcc.dg/torture/tls/thr-init-1.c -O3 -g -pie -fpie (test for excess errors)
WARNING: gcc.dg/torture/tls/thr-init-1.c -O3 -g -pie -fpie compilation failed to produce executable
FAIL: gcc.dg/torture/tls/thr-init-1.c -Os -pie -fpie (test for excess errors)
WARNING: gcc.dg/torture/tls/thr-init-1.c -Os -pie -fpie compilation failed to produce executable
FAIL: gcc.dg/torture/tls/thr-init-1.c -O0 -pie -fPIE (test for excess errors)
WARNING: gcc.dg/torture/tls/thr-init-1.c -O0 -pie -fPIE compilation failed to produce executable
FAIL: gcc.dg/torture/tls/thr-init-1.c -O1 -pie -fPIE (test for excess errors)
WARNING: gcc.dg/torture/tls/thr-init-1.c -O1 -pie -fPIE compilation failed to produce executable
FAIL: gcc.dg/torture/tls/thr-init-1.c -O2 -pie -fPIE (test for excess errors)
WARNING: gcc.dg/torture/tls/thr-init-1.c -O2 -pie -fPIE compilation failed to produce executable
FAIL: gcc.dg/torture/tls/thr-init-1.c -O3 -fomit-frame-pointer -pie -fPIE (test for excess errors)
WARNING: gcc.dg/torture/tls/thr-init-1.c -O3 -fomit-frame-pointer -pie -fPIE compilation failed to produce executable
FAIL: gcc.dg/torture/tls/thr-init-1.c -O3 -g -pie -fPIE (test for excess errors)
WARNING: gcc.dg/torture/tls/thr-init-1.c -O3 -g -pie -fPIE compilation failed to produce executable
FAIL: gcc.dg/torture/tls/thr-init-1.c -Os -pie -fPIE (test for excess errors)
WARNING: gcc.dg/torture/tls/thr-init-1.c -Os -pie -fPIE compilation failed to produce executable
FAIL: gcc.dg/torture/tls/thr-init-2.c -O0 -pie -fpie (test for excess errors)
WARNING: gcc.dg/torture/tls/thr-init-2.c -O0 -pie -fpie compilation failed to produce executable
FAIL: gcc.dg/torture/tls/thr-init-2.c -O1 -pie -fpie (test for excess errors)
WARNING: gcc.dg/torture/tls/thr-init-2.c -O1 -pie -fpie compilation failed to produce executable
FAIL: gcc.dg/torture/tls/thr-init-2.c -O2 -pie -fpie (test for excess errors)
WARNING: gcc.dg/torture/tls/thr-init-2.c -O2 -pie -fpie compilation failed to produce executable
FAIL: gcc.dg/torture/tls/thr-init-2.c -O3 -fomit-frame-pointer -pie -fpie (test for excess errors)
WARNING: gcc.dg/torture/tls/thr-init-2.c -O3 -fomit-frame-pointer -pie -fpie compilation failed to produce executable
FAIL: gcc.dg/torture/tls/thr-init-2.c -O3 -g -pie -fpie (test for excess errors)
WARNING: gcc.dg/torture/tls/thr-init-2.c -O3 -g -pie -fpie compilation failed to produce executable
FAIL: gcc.dg/torture/tls/thr-init-2.c -Os -pie -fpie (test for excess errors)
WARNING: gcc.dg/torture/tls/thr-init-2.c -Os -pie -fpie compilation failed to produce executable
FAIL: gcc.dg/torture/tls/thr-init-2.c -O0 -pie -fPIE (test for excess errors)
WARNING: gcc.dg/torture/tls/thr-init-2.c -O0 -pie -fPIE compilation failed to produce executable
FAIL: gcc.dg/torture/tls/thr-init-2.c -O1 -pie -fPIE (test for excess errors)
WARNING: gcc.dg/torture/tls/thr-init-2.c -O1 -pie -fPIE compilation failed to produce executable
FAIL: gcc.dg/torture/tls/thr-init-2.c -O2 -pie -fPIE (test for excess errors)
WARNING: gcc.dg/torture/tls/thr-init-2.c -O2 -pie -fPIE compilation failed to produce executable
FAIL: gcc.dg/torture/tls/thr-init-2.c -O3 -fomit-frame-pointer -pie -fPIE (test for excess errors)
WARNING: gcc.dg/torture/tls/thr-init-2.c -O3 -fomit-frame-pointer -pie -fPIE compilation failed to produce executable
FAIL: gcc.dg/torture/tls/thr-init-2.c -O3 -g -pie -fPIE (test for excess errors)
WARNING: gcc.dg/torture/tls/thr-init-2.c -O3 -g -pie -fPIE compilation failed to produce executable
FAIL: gcc.dg/torture/tls/thr-init-2.c -Os -pie -fPIE (test for excess errors)
WARNING: gcc.dg/torture/tls/thr-init-2.c -Os -pie -fPIE compilation failed to produce executable
FAIL: gcc.dg/torture/tls/tls-test.c -O0 -pie -fpie (test for excess errors)
WARNING: gcc.dg/torture/tls/tls-test.c -O0 -pie -fpie compilation failed to produce executable
FAIL: gcc.dg/torture/tls/tls-test.c -O1 -pie -fpie (test for excess errors)
WARNING: gcc.dg/torture/tls/tls-test.c -O1 -pie -fpie compilation failed to produce executable
FAIL: gcc.dg/torture/tls/tls-test.c -O2 -pie -fpie (test for excess errors)
WARNING: gcc.dg/torture/tls/tls-test.c -O2 -pie -fpie compilation failed to produce executable
FAIL: gcc.dg/torture/tls/tls-test.c -O3 -fomit-frame-pointer -pie -fpie (test for excess errors)
WARNING: gcc.dg/torture/tls/tls-test.c -O3 -fomit-frame-pointer -pie -fpie compilation failed to produce executable
FAIL: gcc.dg/torture/tls/tls-test.c -O3 -g -pie -fpie (test for excess errors)
WARNING: gcc.dg/torture/tls/tls-test.c -O3 -g -pie -fpie compilation failed to produce executable
FAIL: gcc.dg/torture/tls/tls-test.c -Os -pie -fpie (test for excess errors)
WARNING: gcc.dg/torture/tls/tls-test.c -Os -pie -fpie compilation failed to produce executable
FAIL: gcc.dg/torture/tls/tls-test.c -O0 -pie -fPIE (test for excess errors)
WARNING: gcc.dg/torture/tls/tls-test.c -O0 -pie -fPIE compilation failed to produce executable
FAIL: gcc.dg/torture/tls/tls-test.c -O1 -pie -fPIE (test for excess errors)
WARNING: gcc.dg/torture/tls/tls-test.c -O1 -pie -fPIE compilation failed to produce executable
FAIL: gcc.dg/torture/tls/tls-test.c -O2 -pie -fPIE (test for excess errors)
WARNING: gcc.dg/torture/tls/tls-test.c -O2 -pie -fPIE compilation failed to produce executable
FAIL: gcc.dg/torture/tls/tls-test.c -O3 -fomit-frame-pointer -pie -fPIE (test for excess errors)
WARNING: gcc.dg/torture/tls/tls-test.c -O3 -fomit-frame-pointer -pie -fPIE compilation failed to produce executable
FAIL: gcc.dg/torture/tls/tls-test.c -O3 -g -pie -fPIE (test for excess errors)
WARNING: gcc.dg/torture/tls/tls-test.c -O3 -g -pie -fPIE compilation failed to produce executable
FAIL: gcc.dg/torture/tls/tls-test.c -Os -pie -fPIE (test for excess errors)
WARNING: gcc.dg/torture/tls/tls-test.c -Os -pie -fPIE compilation failed to produce executable
FAIL: gcc.dg/tree-prof/stringop-2.c scan-tree-dump optimized "a\\\\[0\\\\] = 168430090"
FAIL: gcc.dg/tree-ssa/20040514-1.c (internal compiler error)
FAIL: gcc.dg/tree-ssa/20040514-1.c (test for excess errors)
FAIL: gcc.dg/tree-ssa/20040518-1.c (internal compiler error)
FAIL: gcc.dg/tree-ssa/20040518-1.c (test for excess errors)
FAIL: gcc.dg/tree-ssa/20040518-2.c (internal compiler error)
FAIL: gcc.dg/tree-ssa/20040518-2.c (test for excess errors)
FAIL: gcc.dg/tree-ssa/20040518-2.c scan-tree-dump-times phiopt1 "straightline" 1
FAIL: gcc.dg/tree-ssa/20040518-2.c scan-tree-dump-times phiopt1 "ABS_EXPR" 1
FAIL: gcc.dg/tree-ssa/copy-headers.c (internal compiler error)
FAIL: gcc.dg/tree-ssa/copy-headers.c (test for excess errors)
FAIL: gcc.dg/tree-ssa/ldist-17.c (internal compiler error)
FAIL: gcc.dg/tree-ssa/ldist-17.c (test for excess errors)
FAIL: gcc.dg/tree-ssa/ldist-17.c scan-tree-dump ldist "distributed: split to 4"
FAIL: gcc.dg/tree-ssa/ldist-18.c (internal compiler error)
FAIL: gcc.dg/tree-ssa/ldist-18.c (test for excess errors)
FAIL: gcc.dg/tree-ssa/ldist-19.c (internal compiler error)
FAIL: gcc.dg/tree-ssa/ldist-19.c (test for excess errors)
FAIL: gcc.dg/tree-ssa/ldist-19.c scan-tree-dump-times ldist "generated memset minus one" 1
FAIL: gcc.dg/tree-ssa/ldist-19.c scan-tree-dump-times ldist "generated memset" 5
FAIL: gcc.dg/tree-ssa/ldist-20.c (internal compiler error)
FAIL: gcc.dg/tree-ssa/ldist-20.c (test for excess errors)
FAIL: gcc.dg/tree-ssa/ldist-20.c scan-tree-dump-times ldist "generated memcpy" 2
FAIL: gcc.dg/tree-ssa/ldist-20.c scan-tree-dump-times ldist "generated memmove" 1
FAIL: gcc.dg/tree-ssa/ldist-pr45948.c (internal compiler error)
FAIL: gcc.dg/tree-ssa/ldist-pr45948.c (test for excess errors)
FAIL: gcc.dg/tree-ssa/ldist-pr45948.c scan-tree-dump ldist "distributed: split to 2"
FAIL: gcc.dg/tree-ssa/loop-1.c (internal compiler error)
FAIL: gcc.dg/tree-ssa/loop-1.c (test for excess errors)
FAIL: gcc.dg/tree-ssa/loop-1.c scan-tree-dump-times cunroll "Unrolled loop 1 completely" 1
UNRESOLVED: gcc.dg/tree-ssa/loop-1.c scan-tree-dump-times optimized "foo" 5
UNRESOLVED: gcc.dg/tree-ssa/loop-1.c scan-assembler-times foo 5
UNRESOLVED: gcc.dg/tree-ssa/loop-1.c scan-assembler-times [jb]sr 5
FAIL: gcc.dg/tree-ssa/loop-17.c (internal compiler error)
FAIL: gcc.dg/tree-ssa/loop-17.c (test for excess errors)
FAIL: gcc.dg/tree-ssa/loop-23.c (internal compiler error)
FAIL: gcc.dg/tree-ssa/loop-23.c (test for excess errors)
FAIL: gcc.dg/tree-ssa/loop-23.c scan-tree-dump-times cunroll "Unrolled loop 1 completely" 1
FAIL: gcc.dg/tree-ssa/loop-6.c (internal compiler error)
FAIL: gcc.dg/tree-ssa/loop-6.c (test for excess errors)
UNRESOLVED: gcc.dg/tree-ssa/loop-6.c scan-tree-dump-times optimized "else" 3
FAIL: gcc.dg/tree-ssa/pr20657.c (internal compiler error)
FAIL: gcc.dg/tree-ssa/pr20657.c (test for excess errors)
FAIL: gcc.dg/tree-ssa/pr21001.c (internal compiler error)
FAIL: gcc.dg/tree-ssa/pr21001.c (test for excess errors)
FAIL: gcc.dg/tree-ssa/pr21294.c (internal compiler error)
FAIL: gcc.dg/tree-ssa/pr21294.c (test for excess errors)
FAIL: gcc.dg/tree-ssa/pr21417.c (internal compiler error)
FAIL: gcc.dg/tree-ssa/pr21417.c (test for excess errors)
FAIL: gcc.dg/tree-ssa/pr21559.c (internal compiler error)
FAIL: gcc.dg/tree-ssa/pr21559.c (test for excess errors)
FAIL: gcc.dg/tree-ssa/pr21563.c (internal compiler error)
FAIL: gcc.dg/tree-ssa/pr21563.c (test for excess errors)
FAIL: gcc.dg/tree-ssa/pr21658.c (internal compiler error)
FAIL: gcc.dg/tree-ssa/pr21658.c (test for excess errors)
FAIL: gcc.dg/tree-ssa/pr32821.c (internal compiler error)
FAIL: gcc.dg/tree-ssa/pr32821.c (test for excess errors)
FAIL: gcc.dg/tree-ssa/predcom-1.c (internal compiler error)
FAIL: gcc.dg/tree-ssa/predcom-1.c (test for excess errors)
WARNING: gcc.dg/tree-ssa/predcom-1.c compilation failed to produce executable
FAIL: gcc.dg/tree-ssa/predcom-1.c scan-tree-dump-times pcom "Unrolling 2 times." 2
FAIL: gcc.dg/tree-ssa/predcom-1.c scan-tree-dump-times pcom "looparound ref" 1
FAIL: gcc.dg/tree-ssa/predcom-2.c (internal compiler error)
FAIL: gcc.dg/tree-ssa/predcom-2.c (test for excess errors)
WARNING: gcc.dg/tree-ssa/predcom-2.c compilation failed to produce executable
FAIL: gcc.dg/tree-ssa/predcom-2.c scan-tree-dump-times pcom "Unrolling 2 times." 2
FAIL: gcc.dg/tree-ssa/predcom-3.c (internal compiler error)
FAIL: gcc.dg/tree-ssa/predcom-3.c (test for excess errors)
FAIL: gcc.dg/tree-ssa/predcom-4.c (internal compiler error)
FAIL: gcc.dg/tree-ssa/predcom-4.c (test for excess errors)
WARNING: gcc.dg/tree-ssa/predcom-4.c compilation failed to produce executable
FAIL: gcc.dg/tree-ssa/predcom-5.c (internal compiler error)
FAIL: gcc.dg/tree-ssa/predcom-5.c (test for excess errors)
WARNING: gcc.dg/tree-ssa/predcom-5.c compilation failed to produce executable
FAIL: gcc.dg/tree-ssa/ssa-dom-thread-1.c (internal compiler error)
FAIL: gcc.dg/tree-ssa/ssa-dom-thread-1.c (test for excess errors)
FAIL: gcc.dg/tree-ssa/ssa-dom-thread-3.c (internal compiler error)
FAIL: gcc.dg/tree-ssa/ssa-dom-thread-3.c (test for excess errors)
FAIL: gcc.dg/tree-ssa/ssa-dom-thread-4.c (internal compiler error)
FAIL: gcc.dg/tree-ssa/ssa-dom-thread-4.c (test for excess errors)
FAIL: gcc.dg/tree-ssa/ssa-dom-thread-4.c scan-tree-dump-times dom1 "Threaded" 3
FAIL: gcc.dg/tree-ssa/ssa-lim-9.c (internal compiler error)
FAIL: gcc.dg/tree-ssa/ssa-lim-9.c (test for excess errors)
FAIL: gcc.dg/tree-ssa/tailrecursion-2.c (internal compiler error)
FAIL: gcc.dg/tree-ssa/tailrecursion-2.c (test for excess errors)
FAIL: gcc.dg/tree-ssa/tailrecursion-4.c (internal compiler error)
FAIL: gcc.dg/tree-ssa/tailrecursion-4.c (test for excess errors)
FAIL: gcc.dg/tree-ssa/vrp07.c (internal compiler error)
FAIL: gcc.dg/tree-ssa/vrp07.c (test for excess errors)
FAIL: gcc.dg/tree-ssa/vrp08.c (internal compiler error)
FAIL: gcc.dg/tree-ssa/vrp08.c (test for excess errors)
FAIL: gcc.dg/tree-ssa/vrp16.c (internal compiler error)
FAIL: gcc.dg/tree-ssa/vrp16.c (test for excess errors)
FAIL: gcc.dg/tree-ssa/vrp23.c (internal compiler error)
FAIL: gcc.dg/tree-ssa/vrp23.c (test for excess errors)
FAIL: gcc.dg/tree-ssa/vrp24.c (internal compiler error)
FAIL: gcc.dg/tree-ssa/vrp24.c (test for excess errors)
FAIL: gcc.dg/tree-ssa/vrp47.c scan-tree-dump-times vrp1 "[xy][^ ]* !=" 0
FAIL: gcc.dg/tree-ssa/vrp47.c scan-tree-dump-times dom2 "x[^ ]* & y" 1
FAIL: gcc.dg/tree-ssa/vrp47.c scan-tree-dump-times vrp1 "x[^ ]* [|] y" 1
FAIL: gcc.target/m68k/20090709-1.c scan-assembler-times .LC0 3
FAIL: gcc.target/m68k/pr36134.c scan-assembler lea
FAIL: gcc.target/m68k/pr36134.c scan-assembler-not add
FAIL: gcc.target/m68k/tls-gd.c scan-assembler foo@TLSGD\\\\(%a5\\\\)
FAIL: gcc.target/m68k/tls-ie-xgot.c scan-assembler #foo@TLSIE,%[ad][0-7]
FAIL: gcc.target/m68k/tls-ld-xgot.c scan-assembler lea \\\\(foo@TLSLDO,%a0\\\\)
FAIL: gcc.target/m68k/tls-ld-xtls.c scan-assembler foo@TLSLDM\\\\(%a5\\\\)
FAIL: gcc.target/m68k/tls-ld.c scan-assembler foo@TLSLDM\\\\(%a5\\\\)
FAIL: gcc.target/m68k/tls-ld.c scan-assembler lea \\\\(foo@TLSLDO,%a0\\\\)
FAIL: gcc.target/m68k/tls-le.c scan-assembler lea \\\\(foo@TLSLE,%a0\\\\)
=== gcc Summary ===
# of expected passes 62521
# of unexpected failures 255
# of unexpected successes 1
# of expected failures 108
# of unresolved testcases 5
# of unsupported tests 1062
/mnt/scratch/objdir48/gcc/xgcc version 4.8.0 20120826 (experimental) (GCC)
=== libatomic tests ===
Running target unix
=== libatomic Summary ===
# of expected passes 4
# of unsupported tests 25
=== libgomp tests ===
Running target unix
FAIL: libgomp.c++/for-1.C -O3 -fomit-frame-pointer -funroll-loops execution test
FAIL: libgomp.c++/for-1.C -O3 -fomit-frame-pointer -funroll-all-loops -finline-functions execution test
FAIL: libgomp.c++/for-2.C -O3 -fomit-frame-pointer -funroll-loops execution test
FAIL: libgomp.c++/for-2.C -O3 -fomit-frame-pointer -funroll-all-loops -finline-functions execution test
FAIL: libgomp.c++/for-3.C -O3 -fomit-frame-pointer -funroll-loops execution test
FAIL: libgomp.c++/for-3.C -O3 -fomit-frame-pointer -funroll-all-loops -finline-functions execution test
FAIL: libgomp.c++/for-4.C -O3 -fomit-frame-pointer -funroll-loops execution test
FAIL: libgomp.c++/for-4.C -O3 -fomit-frame-pointer -funroll-all-loops -finline-functions execution test
FAIL: libgomp.c++/for-5.C -O3 -fomit-frame-pointer -funroll-loops execution test
FAIL: libgomp.c++/for-5.C -O3 -fomit-frame-pointer -funroll-all-loops -finline-functions execution test
FAIL: libgomp.c++/for-8.C -O3 -fomit-frame-pointer -funroll-loops execution test
FAIL: libgomp.c++/for-8.C -O3 -fomit-frame-pointer -funroll-all-loops -finline-functions execution test
=== libgomp Summary ===
# of expected passes 1213
# of unexpected failures 12
# of unsupported tests 8
=== libstdc++ tests ===
Running target unix
=== libstdc++ Summary ===
# of expected passes 8708
# of expected failures 42
# of unsupported tests 196
Compiler version: 4.8.0 20120826 (experimental) (GCC)
Platform: m68k-unknown-linux-gnu
configure flags: --prefix=/mnt/scratch/install48 --enable-bootstrap --enable-shared --enable-threads=posix --enable-checking=release --with-system-zlib --enable-__cxa_atexit --disable-libunwind-exceptions --enable-languages=c,c++ --disable-dssi --with-java-home=/usr/lib/jvm/java-1.5.0-gcj-1.5.0.0/jre --enable-libgcj-multifile --disable-java-maintainer-mode --with-ecj-jar=/usr/share/java/eclipse-ecj.jar --disable-libjava-multilib --disable-sjlj-exceptions --disable-libmudflap --disable-plugin --disable-lto --disable-multilib
BOOT_CFLAGS=-g -O2