This is the mail archive of the
gcc-testresults@gcc.gnu.org
mailing list for the GCC project.
Results for 4.8.0 20120812 (experimental) [trunk revision 190324] (GCC) testsuite on powerpc64-unknown-linux-gnu
- From: Pat Haugen <pthaugen at us dot ibm dot com>
- To: gcc-testresults at gcc dot gnu dot org
- Date: Sun, 12 Aug 2012 07:54:18 -0500
- Subject: Results for 4.8.0 20120812 (experimental) [trunk revision 190324] (GCC) testsuite on powerpc64-unknown-linux-gnu
Linux 2.6.16.60-0.83.2-ppc64 ppc64
GNU C Library stable release version 2.4 (20110922)
GNU ld (GNU Binutils) 2.21.1
GNU assembler (GNU Binutils) 2.21.1
GNU Make 3.80
DejaGnu:
Expect version is 5.43.0
Tcl version is 8.4
Framework version is 1.4.4
32-bit biarch default32
LAST_UPDATED: Sun Aug 12 01:34:28 UTC 2012 (revision 190324)
Native configuration is powerpc64-unknown-linux-gnu
=== gcc tests ===
Running target unix/-m32
FAIL: gcc.dg/debug/dwarf2/const-2.c scan-assembler DW_AT_const_value
XPASS: gcc.dg/Wstrict-overflow-18.c (test for bogus messages, line 20)
FAIL: gcc.dg/and-1.c scan-assembler-not nand
FAIL: gcc.dg/attr-weakref-1.c (test for excess errors)
WARNING: gcc.dg/attr-weakref-1.c compilation failed to produce executable
FAIL: gcc.dg/cproj-fails-with-broken-glibc.c execution test
FAIL: gcc.dg/pr52558-1.c scan-tree-dump-times lim1 "MEM count_lsm.. count_lsm_flag" 1
FAIL: gcc.dg/pr52558-2.c scan-tree-dump-times lim1 "MEM.*g_2_lsm_flag" 1
FAIL: gcc.dg/pr53060.c (test for excess errors)
XPASS: gcc.dg/guality/example.c -O0 execution test
XPASS: gcc.dg/guality/example.c -O1 execution test
XPASS: gcc.dg/guality/example.c -O2 execution test
XPASS: gcc.dg/guality/example.c -Os execution test
XPASS: gcc.dg/guality/example.c -O2 -flto -fno-use-linker-plugin -flto-partition=none execution test
XPASS: gcc.dg/guality/guality.c -O0 execution test
XPASS: gcc.dg/guality/guality.c -O1 execution test
XPASS: gcc.dg/guality/guality.c -O2 execution test
XPASS: gcc.dg/guality/guality.c -O3 -fomit-frame-pointer execution test
XPASS: gcc.dg/guality/guality.c -O3 -g execution test
XPASS: gcc.dg/guality/guality.c -Os execution test
XPASS: gcc.dg/guality/guality.c -O2 -flto -fno-use-linker-plugin -flto-partition=none execution test
XPASS: gcc.dg/guality/guality.c -O2 -flto -fuse-linker-plugin -fno-fat-lto-objects execution test
XPASS: gcc.dg/guality/inline-params.c -O2 execution test
XPASS: gcc.dg/guality/inline-params.c -O3 -fomit-frame-pointer execution test
XPASS: gcc.dg/guality/inline-params.c -O3 -g execution test
XPASS: gcc.dg/guality/inline-params.c -Os execution test
XPASS: gcc.dg/guality/inline-params.c -O2 -flto -fno-use-linker-plugin -flto-partition=none execution test
XPASS: gcc.dg/guality/inline-params.c -O2 -flto -fuse-linker-plugin -fno-fat-lto-objects execution test
FAIL: gcc.dg/guality/pr36728-1.c -O1 line 12 arg6 == 6
FAIL: gcc.dg/guality/pr36728-1.c -O1 line 12 arg7 == 30
FAIL: gcc.dg/guality/pr36728-1.c -O1 line 14 arg6 == 6
FAIL: gcc.dg/guality/pr36728-1.c -O1 line 14 arg7 == 30
FAIL: gcc.dg/guality/pr36728-1.c -O2 line 12 arg6 == 6
FAIL: gcc.dg/guality/pr36728-1.c -O2 line 12 arg7 == 30
FAIL: gcc.dg/guality/pr36728-1.c -O2 line 14 arg6 == 6
FAIL: gcc.dg/guality/pr36728-1.c -O2 line 14 arg7 == 30
FAIL: gcc.dg/guality/pr36728-1.c -O3 -fomit-frame-pointer line 12 arg6 == 6
FAIL: gcc.dg/guality/pr36728-1.c -O3 -fomit-frame-pointer line 12 arg7 == 30
FAIL: gcc.dg/guality/pr36728-1.c -O3 -fomit-frame-pointer line 14 arg6 == 6
FAIL: gcc.dg/guality/pr36728-1.c -O3 -fomit-frame-pointer line 14 arg7 == 30
FAIL: gcc.dg/guality/pr36728-1.c -O3 -g line 12 arg6 == 6
FAIL: gcc.dg/guality/pr36728-1.c -O3 -g line 12 arg7 == 30
FAIL: gcc.dg/guality/pr36728-1.c -O3 -g line 14 arg6 == 6
FAIL: gcc.dg/guality/pr36728-1.c -O3 -g line 14 arg7 == 30
FAIL: gcc.dg/guality/pr36728-1.c -Os line 12 arg6 == 6
FAIL: gcc.dg/guality/pr36728-1.c -Os line 12 arg7 == 30
FAIL: gcc.dg/guality/pr36728-1.c -Os line 14 arg6 == 6
FAIL: gcc.dg/guality/pr36728-1.c -Os line 14 arg7 == 30
FAIL: gcc.dg/guality/pr36728-1.c -O2 -flto -fno-use-linker-plugin -flto-partition=none line 12 arg6 == 6
FAIL: gcc.dg/guality/pr36728-1.c -O2 -flto -fno-use-linker-plugin -flto-partition=none line 12 arg7 == 30
FAIL: gcc.dg/guality/pr36728-1.c -O2 -flto -fno-use-linker-plugin -flto-partition=none line 14 arg6 == 6
FAIL: gcc.dg/guality/pr36728-1.c -O2 -flto -fno-use-linker-plugin -flto-partition=none line 14 arg7 == 30
FAIL: gcc.dg/guality/pr36728-1.c -O2 -flto -fuse-linker-plugin -fno-fat-lto-objects line 12 arg6 == 6
FAIL: gcc.dg/guality/pr36728-1.c -O2 -flto -fuse-linker-plugin -fno-fat-lto-objects line 12 arg7 == 30
FAIL: gcc.dg/guality/pr36728-1.c -O2 -flto -fuse-linker-plugin -fno-fat-lto-objects line 14 arg6 == 6
FAIL: gcc.dg/guality/pr36728-1.c -O2 -flto -fuse-linker-plugin -fno-fat-lto-objects line 14 arg7 == 30
FAIL: gcc.dg/guality/pr36728-2.c -O1 line 12 arg7 == 30
FAIL: gcc.dg/guality/pr36728-2.c -O1 line 14 arg7 == 30
FAIL: gcc.dg/guality/pr36728-2.c -O2 line 12 arg7 == 30
FAIL: gcc.dg/guality/pr36728-2.c -O2 line 14 arg7 == 30
FAIL: gcc.dg/guality/pr36728-2.c -O3 -fomit-frame-pointer line 12 arg7 == 30
FAIL: gcc.dg/guality/pr36728-2.c -O3 -fomit-frame-pointer line 14 arg7 == 30
FAIL: gcc.dg/guality/pr36728-2.c -O3 -g line 12 arg7 == 30
FAIL: gcc.dg/guality/pr36728-2.c -O3 -g line 14 arg7 == 30
FAIL: gcc.dg/guality/pr36728-2.c -Os line 12 arg7 == 30
FAIL: gcc.dg/guality/pr36728-2.c -Os line 14 arg7 == 30
FAIL: gcc.dg/guality/pr36728-2.c -O2 -flto -fno-use-linker-plugin -flto-partition=none line 12 arg7 == 30
FAIL: gcc.dg/guality/pr36728-2.c -O2 -flto -fno-use-linker-plugin -flto-partition=none line 14 arg7 == 30
FAIL: gcc.dg/guality/pr36728-2.c -O2 -flto -fuse-linker-plugin -fno-fat-lto-objects line 12 arg7 == 30
FAIL: gcc.dg/guality/pr36728-2.c -O2 -flto -fuse-linker-plugin -fno-fat-lto-objects line 14 arg7 == 30
XPASS: gcc.dg/guality/pr41353-1.c -O0 line 28 j == 28 + 37
XPASS: gcc.dg/guality/pr41353-1.c -O1 line 28 j == 28 + 37
XPASS: gcc.dg/guality/pr41353-1.c -O2 line 28 j == 28 + 37
XPASS: gcc.dg/guality/pr41353-1.c -O3 -fomit-frame-pointer line 28 j == 28 + 37
XPASS: gcc.dg/guality/pr41353-1.c -O3 -g line 28 j == 28 + 37
XPASS: gcc.dg/guality/pr41353-1.c -Os line 28 j == 28 + 37
XPASS: gcc.dg/guality/pr41353-1.c -O2 -flto -fno-use-linker-plugin -flto-partition=none line 28 j == 28 + 37
XPASS: gcc.dg/guality/pr41353-1.c -O2 -flto -fuse-linker-plugin -fno-fat-lto-objects line 28 j == 28 + 37
XPASS: gcc.dg/guality/pr41447-1.c -O0 execution test
XPASS: gcc.dg/guality/pr41447-1.c -O1 execution test
XPASS: gcc.dg/guality/pr41447-1.c -O2 execution test
XPASS: gcc.dg/guality/pr41447-1.c -O3 -fomit-frame-pointer execution test
XPASS: gcc.dg/guality/pr41447-1.c -O3 -g execution test
XPASS: gcc.dg/guality/pr41447-1.c -Os execution test
XPASS: gcc.dg/guality/pr41447-1.c -O2 -flto -fuse-linker-plugin -fno-fat-lto-objects execution test
XPASS: gcc.dg/guality/pr41616-1.c -O0 execution test
XPASS: gcc.dg/guality/pr41616-1.c -O1 execution test
XPASS: gcc.dg/guality/pr41616-1.c -O2 execution test
XPASS: gcc.dg/guality/pr41616-1.c -O3 -fomit-frame-pointer execution test
XPASS: gcc.dg/guality/pr41616-1.c -O3 -g execution test
XPASS: gcc.dg/guality/pr41616-1.c -Os execution test
XPASS: gcc.dg/guality/pr41616-1.c -O2 -flto -fno-use-linker-plugin -flto-partition=none execution test
FAIL: gcc.dg/guality/sra-1.c -O1 line 43 a.i == 4
FAIL: gcc.dg/guality/sra-1.c -O1 line 43 a.j == 14
FAIL: gcc.dg/guality/sra-1.c -O2 line 43 a.i == 4
FAIL: gcc.dg/guality/sra-1.c -O2 line 43 a.j == 14
FAIL: gcc.dg/guality/sra-1.c -O3 -fomit-frame-pointer line 43 a.i == 4
FAIL: gcc.dg/guality/sra-1.c -O3 -fomit-frame-pointer line 43 a.j == 14
FAIL: gcc.dg/guality/sra-1.c -O3 -g line 43 a.i == 4
FAIL: gcc.dg/guality/sra-1.c -O3 -g line 43 a.j == 14
FAIL: gcc.dg/guality/sra-1.c -Os line 43 a.i == 4
FAIL: gcc.dg/guality/sra-1.c -Os line 43 a.j == 14
FAIL: gcc.dg/guality/sra-1.c -O2 -flto -fno-use-linker-plugin -flto-partition=none line 43 a.i == 4
FAIL: gcc.dg/guality/sra-1.c -O2 -flto -fno-use-linker-plugin -flto-partition=none line 43 a.j == 14
FAIL: gcc.dg/guality/sra-1.c -O2 -flto -fuse-linker-plugin -fno-fat-lto-objects line 43 a.i == 4
FAIL: gcc.dg/guality/sra-1.c -O2 -flto -fuse-linker-plugin -fno-fat-lto-objects line 43 a.j == 14
FAIL: gcc.dg/guality/vla-1.c -O0 line 17 sizeof (a) == 6
FAIL: gcc.dg/guality/vla-1.c -O0 line 24 sizeof (a) == 17 * sizeof (short)
FAIL: gcc.dg/guality/vla-1.c -O1 line 17 sizeof (a) == 6
FAIL: gcc.dg/guality/vla-1.c -O1 line 24 sizeof (a) == 17 * sizeof (short)
FAIL: gcc.dg/guality/vla-1.c -O2 line 17 sizeof (a) == 6
FAIL: gcc.dg/guality/vla-1.c -O2 line 24 sizeof (a) == 17 * sizeof (short)
FAIL: gcc.dg/guality/vla-1.c -O3 -fomit-frame-pointer line 17 sizeof (a) == 6
FAIL: gcc.dg/guality/vla-1.c -O3 -fomit-frame-pointer line 24 sizeof (a) == 17 * sizeof (short)
FAIL: gcc.dg/guality/vla-1.c -O3 -g line 17 sizeof (a) == 6
FAIL: gcc.dg/guality/vla-1.c -O3 -g line 24 sizeof (a) == 17 * sizeof (short)
FAIL: gcc.dg/guality/vla-1.c -Os line 17 sizeof (a) == 6
FAIL: gcc.dg/guality/vla-1.c -Os line 24 sizeof (a) == 17 * sizeof (short)
FAIL: gcc.dg/guality/vla-1.c -O2 -flto -fno-use-linker-plugin -flto-partition=none line 17 sizeof (a) == 6
FAIL: gcc.dg/guality/vla-1.c -O2 -flto -fno-use-linker-plugin -flto-partition=none line 24 sizeof (a) == 17 * sizeof (short)
FAIL: gcc.dg/guality/vla-1.c -O2 -flto -fuse-linker-plugin -fno-fat-lto-objects line 17 sizeof (a) == 6
FAIL: gcc.dg/guality/vla-1.c -O2 -flto -fuse-linker-plugin -fno-fat-lto-objects line 24 sizeof (a) == 17 * sizeof (short)
FAIL: gcc.dg/guality/vla-2.c -O0 line 16 sizeof (a) == 5 * sizeof (int)
FAIL: gcc.dg/guality/vla-2.c -O0 line 25 sizeof (a) == 6 * sizeof (int)
FAIL: gcc.dg/guality/vla-2.c -O1 line 16 sizeof (a) == 5 * sizeof (int)
FAIL: gcc.dg/guality/vla-2.c -O1 line 25 sizeof (a) == 6 * sizeof (int)
FAIL: gcc.dg/guality/vla-2.c -O2 line 16 sizeof (a) == 5 * sizeof (int)
FAIL: gcc.dg/guality/vla-2.c -O2 line 25 sizeof (a) == 6 * sizeof (int)
FAIL: gcc.dg/guality/vla-2.c -O3 -fomit-frame-pointer line 16 sizeof (a) == 5 * sizeof (int)
FAIL: gcc.dg/guality/vla-2.c -O3 -fomit-frame-pointer line 25 sizeof (a) == 6 * sizeof (int)
FAIL: gcc.dg/guality/vla-2.c -O3 -g line 16 sizeof (a) == 5 * sizeof (int)
FAIL: gcc.dg/guality/vla-2.c -O3 -g line 25 sizeof (a) == 6 * sizeof (int)
FAIL: gcc.dg/guality/vla-2.c -Os line 16 sizeof (a) == 5 * sizeof (int)
FAIL: gcc.dg/guality/vla-2.c -Os line 25 sizeof (a) == 6 * sizeof (int)
FAIL: gcc.dg/guality/vla-2.c -O2 -flto -fno-use-linker-plugin -flto-partition=none line 16 sizeof (a) == 5 * sizeof (int)
FAIL: gcc.dg/guality/vla-2.c -O2 -flto -fno-use-linker-plugin -flto-partition=none line 25 sizeof (a) == 6 * sizeof (int)
FAIL: gcc.dg/guality/vla-2.c -O2 -flto -fuse-linker-plugin -fno-fat-lto-objects line 16 sizeof (a) == 5 * sizeof (int)
FAIL: gcc.dg/guality/vla-2.c -O2 -flto -fuse-linker-plugin -fno-fat-lto-objects line 25 sizeof (a) == 6 * sizeof (int)
FAIL: gcc.dg/tm/reg-promotion.c scan-tree-dump-times lim1 "MEM count_lsm.. count_lsm_flag" 1
FAIL: gcc.dg/torture/pr51106-2.c -O0 (internal compiler error)
FAIL: gcc.dg/torture/pr51106-2.c -O0 (test for excess errors)
FAIL: gcc.dg/torture/pr51106-2.c -O1 (internal compiler error)
FAIL: gcc.dg/torture/pr51106-2.c -O1 (test for excess errors)
FAIL: gcc.dg/torture/pr51106-2.c -O2 (internal compiler error)
FAIL: gcc.dg/torture/pr51106-2.c -O2 (test for excess errors)
FAIL: gcc.dg/torture/pr51106-2.c -O3 -fomit-frame-pointer (internal compiler error)
FAIL: gcc.dg/torture/pr51106-2.c -O3 -fomit-frame-pointer (test for excess errors)
FAIL: gcc.dg/torture/pr51106-2.c -O3 -g (internal compiler error)
FAIL: gcc.dg/torture/pr51106-2.c -O3 -g (test for excess errors)
FAIL: gcc.dg/torture/pr51106-2.c -Os (internal compiler error)
FAIL: gcc.dg/torture/pr51106-2.c -Os (test for excess errors)
FAIL: gcc.dg/torture/pr51106-2.c -O2 -flto -fno-use-linker-plugin -flto-partition=none (internal compiler error)
FAIL: gcc.dg/torture/pr51106-2.c -O2 -flto -fno-use-linker-plugin -flto-partition=none (test for excess errors)
FAIL: gcc.dg/torture/pr53589.c -O3 -g (internal compiler error)
FAIL: gcc.dg/torture/pr53589.c -O3 -g (test for excess errors)
FAIL: gcc.dg/tree-ssa/sra-12.c scan-tree-dump-times release_ssa "l;" 0
FAIL: gcc.dg/tree-ssa/ssa-dom-thread-4.c scan-tree-dump-times dom1 "Threaded" 3
FAIL: gcc.dg/tree-ssa/vrp47.c scan-tree-dump-times vrp1 "[xy][^ ]* !=" 0
FAIL: gcc.dg/tree-ssa/vrp47.c scan-tree-dump-times dom2 "x[^ ]* & y" 1
FAIL: gcc.target/powerpc/405-dlmzb-strlen-1.c scan-assembler dlmzb\\\\.
FAIL: gcc.target/powerpc/440-dlmzb-strlen-1.c scan-assembler dlmzb\\\\.
FAIL: gcc.target/powerpc/ppc-vector-memcpy.c scan-assembler lvx
=== gcc Summary for unix/-m32 ===
# of expected passes 81165
# of unexpected failures 119
# of unexpected successes 42
# of expected failures 229
# of unsupported tests 1350
Running target unix/-m64
FAIL: gcc.dg/debug/dwarf2/const-2.c scan-assembler DW_AT_const_value
XPASS: gcc.dg/Wstrict-overflow-18.c (test for bogus messages, line 20)
FAIL: gcc.dg/and-1.c scan-assembler-not nand
FAIL: gcc.dg/attr-weakref-1.c (test for excess errors)
WARNING: gcc.dg/attr-weakref-1.c compilation failed to produce executable
FAIL: gcc.dg/cproj-fails-with-broken-glibc.c execution test
FAIL: gcc.dg/pr44194-1.c scan-rtl-dump dse1 "global deletions = 2"
FAIL: gcc.dg/pr52558-1.c scan-tree-dump-times lim1 "MEM count_lsm.. count_lsm_flag" 1
FAIL: gcc.dg/pr52558-2.c scan-tree-dump-times lim1 "MEM.*g_2_lsm_flag" 1
WARNING: program timed out.
FAIL: gcc.dg/tm/reg-promotion.c scan-tree-dump-times lim1 "MEM count_lsm.. count_lsm_flag" 1
FAIL: gcc.dg/torture/pr51106-2.c -O0 (internal compiler error)
FAIL: gcc.dg/torture/pr51106-2.c -O0 (test for excess errors)
FAIL: gcc.dg/torture/pr51106-2.c -O1 (internal compiler error)
FAIL: gcc.dg/torture/pr51106-2.c -O1 (test for excess errors)
FAIL: gcc.dg/torture/pr51106-2.c -O2 (internal compiler error)
FAIL: gcc.dg/torture/pr51106-2.c -O2 (test for excess errors)
FAIL: gcc.dg/torture/pr51106-2.c -O3 -fomit-frame-pointer (internal compiler error)
FAIL: gcc.dg/torture/pr51106-2.c -O3 -fomit-frame-pointer (test for excess errors)
FAIL: gcc.dg/torture/pr51106-2.c -O3 -g (internal compiler error)
FAIL: gcc.dg/torture/pr51106-2.c -O3 -g (test for excess errors)
FAIL: gcc.dg/torture/pr51106-2.c -Os (internal compiler error)
FAIL: gcc.dg/torture/pr51106-2.c -Os (test for excess errors)
FAIL: gcc.dg/torture/pr51106-2.c -O2 -flto -fno-use-linker-plugin -flto-partition=none (internal compiler error)
FAIL: gcc.dg/torture/pr51106-2.c -O2 -flto -fno-use-linker-plugin -flto-partition=none (test for excess errors)
FAIL: gcc.dg/torture/pr53589.c -O3 -g (internal compiler error)
FAIL: gcc.dg/torture/pr53589.c -O3 -g (test for excess errors)
FAIL: gcc.dg/tree-ssa/ssa-dom-thread-4.c scan-tree-dump-times dom1 "Threaded" 3
FAIL: gcc.dg/tree-ssa/vrp47.c scan-tree-dump-times vrp1 "[xy][^ ]* !=" 0
FAIL: gcc.dg/tree-ssa/vrp47.c scan-tree-dump-times dom2 "x[^ ]* & y" 1
FAIL: gcc.target/powerpc/ppc-vector-memcpy.c scan-assembler lvx
=== gcc Summary for unix/-m64 ===
# of expected passes 80638
# of unexpected failures 28
# of unexpected successes 1
# of expected failures 235
# of unsupported tests 1313
=== gcc Summary ===
# of expected passes 161803
# of unexpected failures 147
# of unexpected successes 43
# of expected failures 464
# of unsupported tests 2663
/home/gccbuild/build/nightly/build-gcc-trunk/gcc/xgcc version 4.8.0 20120812 (experimental) [trunk revision 190324] (GCC)
=== gfortran tests ===
Running target unix/-m32
XPASS: gfortran.dg/default_format_denormal_2.f90 -O0 execution test
XPASS: gfortran.dg/default_format_denormal_2.f90 -O1 execution test
XPASS: gfortran.dg/default_format_denormal_2.f90 -O2 execution test
XPASS: gfortran.dg/default_format_denormal_2.f90 -O3 -fomit-frame-pointer execution test
XPASS: gfortran.dg/default_format_denormal_2.f90 -O3 -fomit-frame-pointer -funroll-loops execution test
XPASS: gfortran.dg/default_format_denormal_2.f90 -O3 -fomit-frame-pointer -funroll-all-loops -finline-functions execution test
XPASS: gfortran.dg/default_format_denormal_2.f90 -O3 -g execution test
XPASS: gfortran.dg/default_format_denormal_2.f90 -Os execution test
FAIL: gfortran.dg/lto/pr45586-2 f_lto_pr45586-2_0.o-f_lto_pr45586-2_0.o link, -O0 -flto -flto-partition=none -fuse-linker-plugin (internal compiler error)
UNRESOLVED: gfortran.dg/lto/pr45586-2 f_lto_pr45586-2_0.o-f_lto_pr45586-2_0.o execute -O0 -flto -flto-partition=none -fuse-linker-plugin
FAIL: gfortran.dg/lto/pr45586-2 f_lto_pr45586-2_0.o-f_lto_pr45586-2_0.o link, -O0 -flto -flto-partition=1to1 -fno-use-linker-plugin (internal compiler error)
UNRESOLVED: gfortran.dg/lto/pr45586-2 f_lto_pr45586-2_0.o-f_lto_pr45586-2_0.o execute -O0 -flto -flto-partition=1to1 -fno-use-linker-plugin
FAIL: gfortran.dg/lto/pr45586-2 f_lto_pr45586-2_0.o-f_lto_pr45586-2_0.o link, -O0 -flto -fuse-linker-plugin -fno-fat-lto-objects (internal compiler error)
UNRESOLVED: gfortran.dg/lto/pr45586-2 f_lto_pr45586-2_0.o-f_lto_pr45586-2_0.o execute -O0 -flto -fuse-linker-plugin -fno-fat-lto-objects
FAIL: gfortran.dg/lto/pr45586 f_lto_pr45586_0.o-f_lto_pr45586_0.o link, -O0 -flto -flto-partition=none -fuse-linker-plugin (internal compiler error)
UNRESOLVED: gfortran.dg/lto/pr45586 f_lto_pr45586_0.o-f_lto_pr45586_0.o execute -O0 -flto -flto-partition=none -fuse-linker-plugin
FAIL: gfortran.dg/lto/pr45586 f_lto_pr45586_0.o-f_lto_pr45586_0.o link, -O0 -flto -flto-partition=1to1 -fno-use-linker-plugin (internal compiler error)
UNRESOLVED: gfortran.dg/lto/pr45586 f_lto_pr45586_0.o-f_lto_pr45586_0.o execute -O0 -flto -flto-partition=1to1 -fno-use-linker-plugin
FAIL: gfortran.dg/lto/pr45586 f_lto_pr45586_0.o-f_lto_pr45586_0.o link, -O0 -flto -fuse-linker-plugin -fno-fat-lto-objects (internal compiler error)
UNRESOLVED: gfortran.dg/lto/pr45586 f_lto_pr45586_0.o-f_lto_pr45586_0.o execute -O0 -flto -fuse-linker-plugin -fno-fat-lto-objects
=== gfortran Summary for unix/-m32 ===
# of expected passes 41020
# of unexpected failures 6
# of unexpected successes 8
# of expected failures 60
# of unresolved testcases 6
# of unsupported tests 243
Running target unix/-m64
XPASS: gfortran.dg/default_format_denormal_2.f90 -O0 execution test
XPASS: gfortran.dg/default_format_denormal_2.f90 -O1 execution test
XPASS: gfortran.dg/default_format_denormal_2.f90 -O2 execution test
XPASS: gfortran.dg/default_format_denormal_2.f90 -O3 -fomit-frame-pointer execution test
XPASS: gfortran.dg/default_format_denormal_2.f90 -O3 -fomit-frame-pointer -funroll-loops execution test
XPASS: gfortran.dg/default_format_denormal_2.f90 -O3 -fomit-frame-pointer -funroll-all-loops -finline-functions execution test
XPASS: gfortran.dg/default_format_denormal_2.f90 -O3 -g execution test
XPASS: gfortran.dg/default_format_denormal_2.f90 -Os execution test
FAIL: gfortran.dg/lto/pr45586-2 f_lto_pr45586-2_0.o-f_lto_pr45586-2_0.o link, -O0 -flto -flto-partition=none -fuse-linker-plugin (internal compiler error)
UNRESOLVED: gfortran.dg/lto/pr45586-2 f_lto_pr45586-2_0.o-f_lto_pr45586-2_0.o execute -O0 -flto -flto-partition=none -fuse-linker-plugin
FAIL: gfortran.dg/lto/pr45586-2 f_lto_pr45586-2_0.o-f_lto_pr45586-2_0.o link, -O0 -flto -flto-partition=1to1 -fno-use-linker-plugin (internal compiler error)
UNRESOLVED: gfortran.dg/lto/pr45586-2 f_lto_pr45586-2_0.o-f_lto_pr45586-2_0.o execute -O0 -flto -flto-partition=1to1 -fno-use-linker-plugin
FAIL: gfortran.dg/lto/pr45586-2 f_lto_pr45586-2_0.o-f_lto_pr45586-2_0.o link, -O0 -flto -fuse-linker-plugin -fno-fat-lto-objects (internal compiler error)
UNRESOLVED: gfortran.dg/lto/pr45586-2 f_lto_pr45586-2_0.o-f_lto_pr45586-2_0.o execute -O0 -flto -fuse-linker-plugin -fno-fat-lto-objects
FAIL: gfortran.dg/lto/pr45586 f_lto_pr45586_0.o-f_lto_pr45586_0.o link, -O0 -flto -flto-partition=none -fuse-linker-plugin (internal compiler error)
UNRESOLVED: gfortran.dg/lto/pr45586 f_lto_pr45586_0.o-f_lto_pr45586_0.o execute -O0 -flto -flto-partition=none -fuse-linker-plugin
FAIL: gfortran.dg/lto/pr45586 f_lto_pr45586_0.o-f_lto_pr45586_0.o link, -O0 -flto -flto-partition=1to1 -fno-use-linker-plugin (internal compiler error)
UNRESOLVED: gfortran.dg/lto/pr45586 f_lto_pr45586_0.o-f_lto_pr45586_0.o execute -O0 -flto -flto-partition=1to1 -fno-use-linker-plugin
FAIL: gfortran.dg/lto/pr45586 f_lto_pr45586_0.o-f_lto_pr45586_0.o link, -O0 -flto -fuse-linker-plugin -fno-fat-lto-objects (internal compiler error)
UNRESOLVED: gfortran.dg/lto/pr45586 f_lto_pr45586_0.o-f_lto_pr45586_0.o execute -O0 -flto -fuse-linker-plugin -fno-fat-lto-objects
=== gfortran Summary for unix/-m64 ===
# of expected passes 41347
# of unexpected failures 6
# of unexpected successes 8
# of expected failures 60
# of unresolved testcases 6
# of unsupported tests 82
=== gfortran Summary ===
# of expected passes 82367
# of unexpected failures 12
# of unexpected successes 16
# of expected failures 120
# of unresolved testcases 12
# of unsupported tests 325
/home/gccbuild/build/nightly/build-gcc-trunk/gcc/testsuite/gfortran/../../gfortran version 4.8.0 20120812 (experimental) [trunk revision 190324] (GCC)
=== g++ tests ===
Running target unix/-m32
=== g++ Summary for unix/-m32 ===
# of expected passes 48250
# of expected failures 284
# of unsupported tests 650
Running target unix/-m64
WARNING: program timed out.
=== g++ Summary for unix/-m64 ===
# of expected passes 49404
# of expected failures 284
# of unsupported tests 666
=== g++ Summary ===
# of expected passes 97654
# of expected failures 568
# of unsupported tests 1316
/home/gccbuild/build/nightly/build-gcc-trunk/gcc/testsuite/g++/../../g++ version 4.8.0 20120812 (experimental) [trunk revision 190324] (GCC)
=== go tests ===
Running target unix/-m32
=== go Summary for unix/-m32 ===
# of expected passes 3290
# of expected failures 4
# of untested testcases 7
Running target unix/-m64
FAIL: go.test/test/chan/doubleselect.go execution, -O2 -g
=== go Summary for unix/-m64 ===
# of expected passes 3289
# of unexpected failures 1
# of expected failures 4
# of untested testcases 7
=== go Summary ===
# of expected passes 6579
# of unexpected failures 1
# of expected failures 8
# of untested testcases 14
/home/gccbuild/build/nightly/build-gcc-trunk/gcc/testsuite/go/../../gccgo version 4.8.0 20120812 (experimental) [trunk revision 190324] (GCC)
=== obj-c++ tests ===
Running target unix/-m32
=== obj-c++ Summary for unix/-m32 ===
# of expected passes 1450
# of expected failures 2
# of unsupported tests 86
Running target unix/-m64
=== obj-c++ Summary for unix/-m64 ===
# of expected passes 1442
# of expected failures 10
# of unsupported tests 86
=== obj-c++ Summary ===
# of expected passes 2892
# of expected failures 12
# of unsupported tests 172
/home/gccbuild/build/nightly/build-gcc-trunk/gcc/testsuite/obj-c++/../../g++ version 4.8.0 20120812 (experimental) [trunk revision 190324] (GCC)
=== objc tests ===
Running target unix/-m32
=== objc Summary for unix/-m32 ===
# of expected passes 2994
# of unsupported tests 74
Running target unix/-m64
=== objc Summary for unix/-m64 ===
# of expected passes 2994
# of unsupported tests 74
=== objc Summary ===
# of expected passes 5988
# of unsupported tests 148
/home/gccbuild/build/nightly/build-gcc-trunk/gcc/xgcc version 4.8.0 20120812 (experimental) [trunk revision 190324] (GCC)
=== libatomic tests ===
Running target unix/-m32
=== libatomic Summary for unix/-m32 ===
# of expected passes 34
# of unsupported tests 10
Running target unix/-m64
=== libatomic Summary for unix/-m64 ===
# of expected passes 44
# of unsupported tests 5
=== libatomic Summary ===
# of expected passes 78
# of unsupported tests 15
=== libffi tests ===
Running target unix/-m32
=== libffi Summary for unix/-m32 ===
# of expected passes 1659
# of unsupported tests 55
Running target unix/-m64
=== libffi Summary for unix/-m64 ===
# of expected passes 1659
# of unsupported tests 55
=== libffi Summary ===
# of expected passes 3318
# of unsupported tests 110
=== libgo tests ===
Running target unix
FAIL: net/http
=== libgo Summary for unix ===
# of expected passes 123
# of unexpected failures 1
Running target unix/-m64 -fPIC
FAIL: sync
FAIL: go/doc
FAIL: net/http
FAIL: net/http/httptest
FAIL: net/rpc
FAIL: runtime/pprof
FAIL: sync/atomic
=== libgo Summary for unix/-m64 -fPIC ===
# of expected passes 117
# of unexpected failures 7
=== libgo Summary ===
# of expected passes 240
# of unexpected failures 8
/home/gccbuild/build/nightly/build-gcc-trunk/./gcc/gccgo version 4.8.0 20120812 (experimental) [trunk revision 190324] (GCC)
=== libgomp tests ===
Running target unix/-m32
=== libgomp Summary for unix/-m32 ===
# of expected passes 2928
# of unsupported tests 1
Running target unix/-m64
=== libgomp Summary for unix/-m64 ===
# of expected passes 2928
# of unsupported tests 1
=== libgomp Summary ===
# of expected passes 5856
# of unsupported tests 2
=== libitm tests ===
Running target unix/-m32
=== libitm Summary for unix/-m32 ===
# of expected passes 26
# of expected failures 3
# of unsupported tests 1
Running target unix/-m64
=== libitm Summary for unix/-m64 ===
# of expected passes 26
# of expected failures 3
# of unsupported tests 1
=== libitm Summary ===
# of expected passes 52
# of expected failures 6
# of unsupported tests 2
=== libmudflap tests ===
Running target unix/-m32
=== libmudflap Summary for unix/-m32 ===
# of expected passes 1906
Running target unix/-m64
FAIL: libmudflap.c++/pass41-frag.cxx (-O0) (test for excess errors)
WARNING: libmudflap.c++/pass41-frag.cxx (-O0) compilation failed to produce executable
FAIL: libmudflap.c++/pass55-frag.cxx (-O0) (test for excess errors)
WARNING: libmudflap.c++/pass55-frag.cxx (-O0) compilation failed to produce executable
FAIL: libmudflap.c++/pass57-frag.cxx (-O0) (test for excess errors)
WARNING: libmudflap.c++/pass57-frag.cxx (-O0) compilation failed to produce executable
FAIL: libmudflap.c++/pass41-frag.cxx (-static) (test for excess errors)
WARNING: libmudflap.c++/pass41-frag.cxx (-static) compilation failed to produce executable
FAIL: libmudflap.c++/pass55-frag.cxx (-static) (test for excess errors)
WARNING: libmudflap.c++/pass55-frag.cxx (-static) compilation failed to produce executable
WARNING: libmudflap.c++/pass57-frag.cxx (-static) compilation failed to produce executable
FAIL: libmudflap.c++/pass41-frag.cxx ( -O) (test for excess errors)
WARNING: libmudflap.c++/pass41-frag.cxx ( -O) compilation failed to produce executable
FAIL: libmudflap.c++/pass55-frag.cxx ( -O) (test for excess errors)
WARNING: libmudflap.c++/pass55-frag.cxx ( -O) compilation failed to produce executable
WARNING: libmudflap.c++/pass57-frag.cxx ( -O) compilation failed to produce executable
FAIL: libmudflap.c++/pass41-frag.cxx (-O2) (test for excess errors)
WARNING: libmudflap.c++/pass41-frag.cxx (-O2) compilation failed to produce executable
FAIL: libmudflap.c++/pass55-frag.cxx (-O2) (test for excess errors)
WARNING: libmudflap.c++/pass55-frag.cxx (-O2) compilation failed to produce executable
WARNING: libmudflap.c++/pass57-frag.cxx (-O2) compilation failed to produce executable
FAIL: libmudflap.c++/pass41-frag.cxx (-O3) (test for excess errors)
WARNING: libmudflap.c++/pass41-frag.cxx (-O3) compilation failed to produce executable
FAIL: libmudflap.c++/pass55-frag.cxx (-O3) (test for excess errors)
WARNING: libmudflap.c++/pass55-frag.cxx (-O3) compilation failed to produce executable
WARNING: libmudflap.c++/pass57-frag.cxx (-O3) compilation failed to produce executable
FAIL: ctors-12 linkage -O0
FAIL: ctors-21 linkage -O0
WARNING: program timed out.
FAIL: ctors-12 execution -O0
WARNING: program timed out.
FAIL: ctors-21 execution -O0
FAIL: ctors-12 linkage -static
FAIL: ctors-21 linkage -static
WARNING: program timed out.
FAIL: ctors-12 execution -static
WARNING: program timed out.
FAIL: ctors-21 execution -static
FAIL: ctors-12 linkage -O2
FAIL: ctors-21 linkage -O2
WARNING: program timed out.
FAIL: ctors-12 execution -O2
WARNING: program timed out.
FAIL: ctors-21 execution -O2
FAIL: ctors-12 linkage -O3
FAIL: ctors-21 linkage -O3
WARNING: program timed out.
FAIL: ctors-12 execution -O3
WARNING: program timed out.
FAIL: ctors-21 execution -O3
=== libmudflap Summary for unix/-m64 ===
# of expected passes 1864
# of unexpected failures 27
=== libmudflap Summary ===
# of expected passes 3770
# of unexpected failures 27
=== libstdc++ tests ===
Running target unix/-m32
FAIL: libstdc++-abi/abi_check
FAIL: 20_util/tuple/creation_functions/tie2.cc (test for excess errors)
WARNING: 20_util/tuple/creation_functions/tie2.cc compilation failed to produce executable
FAIL: 25_algorithms/stable_sort/49559.cc (test for excess errors)
WARNING: 25_algorithms/stable_sort/49559.cc compilation failed to produce executable
=== libstdc++ Summary for unix/-m32 ===
# of expected passes 8949
# of unexpected failures 3
# of expected failures 42
# of unsupported tests 175
Running target unix/-m64
FAIL: 20_util/tuple/creation_functions/tie2.cc (test for excess errors)
WARNING: 20_util/tuple/creation_functions/tie2.cc compilation failed to produce executable
FAIL: 25_algorithms/stable_sort/49559.cc (test for excess errors)
WARNING: 25_algorithms/stable_sort/49559.cc compilation failed to produce executable
=== libstdc++ Summary for unix/-m64 ===
# of expected passes 8906
# of unexpected failures 2
# of expected failures 42
# of unsupported tests 180
=== libstdc++ Summary ===
# of expected passes 17855
# of unexpected failures 5
# of expected failures 84
# of unsupported tests 355
Compiler version: 4.8.0 20120812 (experimental) [trunk revision 190324] (GCC)
Platform: powerpc64-unknown-linux-gnu
configure flags: --prefix=/opt/gcc-nightly/trunk-20120812 --build=powerpc64-linux --host=powerpc64-linux --target=powerpc64-linux --with-cpu=default32 --with-as=/opt/gcc-nightly/binutils-2.21.1/bin/as --with-ld=/opt/gcc-nightly/binutils-2.21.1/bin/ld --enable-threads=posix --enable-shared --enable-__cxa_atexit --enable-languages=c,c++,fortran,objc,obj-c++,go --with-long-double-128 --enable-secureplt --enable-checking --disable-alsa --enable-decimal-float --with-gmp=/opt/gcc-nightly/gcc-host-libs --with-mpfr=/opt/gcc-nightly/gcc-host-libs --with-ppl=/opt/gcc-nightly/gcc-host-libs --with-cloog=/opt/gcc-nightly/gcc-host-libs --with-mpc=/opt/gcc-nightly/gcc-host-libs --with-libelf=/opt/gcc-nightly/gcc-host-libs --with-host-libstdcxx=-Wl,-Bstatic,-L/opt/gcc-nightly/gcc-host-libs/lib,-lstdc++,-Bdynamic,-lm
=== Test Framework Summary ===
# of expected passes 2531