This is the mail archive of the
gcc-testresults@gcc.gnu.org
mailing list for the GCC project.
Results for 4.8.0 20120802 (experimental) [trunk revision 190081] (GCC) testsuite on arm-unknown-linux-gnueabi
- From: Linaro Toolchain Builder <michael dot hope+cbuild at linaro dot org>
- To: gcc-testresults at gcc dot gnu dot org
- Date: Sun, 05 Aug 2012 18:05:41 -0700 (PDT)
- Subject: Results for 4.8.0 20120802 (experimental) [trunk revision 190081] (GCC) testsuite on arm-unknown-linux-gnueabi
Native configuration is arm-unknown-linux-gnueabi
=== libgomp tests ===
Running target unix
FAIL: libgomp.fortran/allocatable1.f90 -O0 (test for excess errors)
FAIL: libgomp.fortran/allocatable1.f90 -O1 (test for excess errors)
FAIL: libgomp.fortran/allocatable1.f90 -O2 (test for excess errors)
FAIL: libgomp.fortran/allocatable1.f90 -O3 -fomit-frame-pointer (test for excess errors)
FAIL: libgomp.fortran/allocatable1.f90 -O3 -fomit-frame-pointer -funroll-loops (test for excess errors)
FAIL: libgomp.fortran/allocatable1.f90 -O3 -fomit-frame-pointer -funroll-all-loops -finline-functions (test for excess errors)
FAIL: libgomp.fortran/allocatable1.f90 -O3 -g (test for excess errors)
FAIL: libgomp.fortran/allocatable1.f90 -Os (test for excess errors)
FAIL: libgomp.fortran/allocatable2.f90 -O0 (test for excess errors)
FAIL: libgomp.fortran/allocatable2.f90 -O1 (test for excess errors)
FAIL: libgomp.fortran/allocatable2.f90 -O2 (test for excess errors)
FAIL: libgomp.fortran/allocatable2.f90 -O3 -fomit-frame-pointer (test for excess errors)
FAIL: libgomp.fortran/allocatable2.f90 -O3 -fomit-frame-pointer -funroll-loops (test for excess errors)
FAIL: libgomp.fortran/allocatable2.f90 -O3 -fomit-frame-pointer -funroll-all-loops -finline-functions (test for excess errors)
FAIL: libgomp.fortran/allocatable2.f90 -O3 -g (test for excess errors)
FAIL: libgomp.fortran/allocatable2.f90 -Os (test for excess errors)
FAIL: libgomp.fortran/allocatable3.f90 -O0 (test for excess errors)
FAIL: libgomp.fortran/allocatable3.f90 -O1 (test for excess errors)
FAIL: libgomp.fortran/allocatable3.f90 -O2 (test for excess errors)
FAIL: libgomp.fortran/allocatable3.f90 -O3 -fomit-frame-pointer (test for excess errors)
FAIL: libgomp.fortran/allocatable3.f90 -O3 -fomit-frame-pointer -funroll-loops (test for excess errors)
FAIL: libgomp.fortran/allocatable3.f90 -O3 -fomit-frame-pointer -funroll-all-loops -finline-functions (test for excess errors)
FAIL: libgomp.fortran/allocatable3.f90 -O3 -g (test for excess errors)
FAIL: libgomp.fortran/allocatable3.f90 -Os (test for excess errors)
FAIL: libgomp.fortran/allocatable4.f90 -O0 (test for excess errors)
FAIL: libgomp.fortran/allocatable4.f90 -O1 (test for excess errors)
FAIL: libgomp.fortran/allocatable4.f90 -O2 (test for excess errors)
FAIL: libgomp.fortran/allocatable4.f90 -O3 -fomit-frame-pointer (test for excess errors)
FAIL: libgomp.fortran/allocatable4.f90 -O3 -fomit-frame-pointer -funroll-loops (test for excess errors)
FAIL: libgomp.fortran/allocatable4.f90 -O3 -fomit-frame-pointer -funroll-all-loops -finline-functions (test for excess errors)
FAIL: libgomp.fortran/allocatable4.f90 -O3 -g (test for excess errors)
FAIL: libgomp.fortran/allocatable4.f90 -Os (test for excess errors)
FAIL: libgomp.fortran/allocatable5.f90 -O0 (test for excess errors)
FAIL: libgomp.fortran/allocatable5.f90 -O1 (test for excess errors)
FAIL: libgomp.fortran/allocatable5.f90 -O2 (test for excess errors)
FAIL: libgomp.fortran/allocatable5.f90 -O3 -fomit-frame-pointer (test for excess errors)
FAIL: libgomp.fortran/allocatable5.f90 -O3 -fomit-frame-pointer -funroll-loops (test for excess errors)
FAIL: libgomp.fortran/allocatable5.f90 -O3 -fomit-frame-pointer -funroll-all-loops -finline-functions (test for excess errors)
FAIL: libgomp.fortran/allocatable5.f90 -O3 -g (test for excess errors)
FAIL: libgomp.fortran/allocatable5.f90 -Os (test for excess errors)
FAIL: libgomp.fortran/allocatable6.f90 -O0 (test for excess errors)
FAIL: libgomp.fortran/allocatable6.f90 -O1 (test for excess errors)
FAIL: libgomp.fortran/allocatable6.f90 -O2 (test for excess errors)
FAIL: libgomp.fortran/allocatable6.f90 -O3 -fomit-frame-pointer (test for excess errors)
FAIL: libgomp.fortran/allocatable6.f90 -O3 -fomit-frame-pointer -funroll-loops (test for excess errors)
FAIL: libgomp.fortran/allocatable6.f90 -O3 -fomit-frame-pointer -funroll-all-loops -finline-functions (test for excess errors)
FAIL: libgomp.fortran/allocatable6.f90 -O3 -g (test for excess errors)
FAIL: libgomp.fortran/allocatable6.f90 -Os (test for excess errors)
FAIL: libgomp.fortran/allocatable7.f90 -O0 (test for excess errors)
FAIL: libgomp.fortran/allocatable7.f90 -O1 (test for excess errors)
FAIL: libgomp.fortran/allocatable7.f90 -O2 (test for excess errors)
FAIL: libgomp.fortran/allocatable7.f90 -O3 -fomit-frame-pointer (test for excess errors)
FAIL: libgomp.fortran/allocatable7.f90 -O3 -fomit-frame-pointer -funroll-loops (test for excess errors)
FAIL: libgomp.fortran/allocatable7.f90 -O3 -fomit-frame-pointer -funroll-all-loops -finline-functions (test for excess errors)
FAIL: libgomp.fortran/allocatable7.f90 -O3 -g (test for excess errors)
FAIL: libgomp.fortran/allocatable7.f90 -Os (test for excess errors)
FAIL: libgomp.fortran/allocatable8.f90 -O0 (test for excess errors)
FAIL: libgomp.fortran/allocatable8.f90 -O1 (test for excess errors)
FAIL: libgomp.fortran/allocatable8.f90 -O2 (test for excess errors)
FAIL: libgomp.fortran/allocatable8.f90 -O3 -fomit-frame-pointer (test for excess errors)
FAIL: libgomp.fortran/allocatable8.f90 -O3 -fomit-frame-pointer -funroll-loops (test for excess errors)
FAIL: libgomp.fortran/allocatable8.f90 -O3 -fomit-frame-pointer -funroll-all-loops -finline-functions (test for excess errors)
FAIL: libgomp.fortran/allocatable8.f90 -O3 -g (test for excess errors)
FAIL: libgomp.fortran/allocatable8.f90 -Os (test for excess errors)
FAIL: libgomp.fortran/appendix-a/a.15.1.f90 -O (test for excess errors)
FAIL: libgomp.fortran/appendix-a/a.16.1.f90 -O0 (test for excess errors)
FAIL: libgomp.fortran/appendix-a/a.16.1.f90 -O1 (test for excess errors)
FAIL: libgomp.fortran/appendix-a/a.16.1.f90 -O2 (test for excess errors)
FAIL: libgomp.fortran/appendix-a/a.16.1.f90 -O3 -fomit-frame-pointer (test for excess errors)
FAIL: libgomp.fortran/appendix-a/a.16.1.f90 -O3 -fomit-frame-pointer -funroll-loops (test for excess errors)
FAIL: libgomp.fortran/appendix-a/a.16.1.f90 -O3 -fomit-frame-pointer -funroll-all-loops -finline-functions (test for excess errors)
FAIL: libgomp.fortran/appendix-a/a.16.1.f90 -O3 -g (test for excess errors)
FAIL: libgomp.fortran/appendix-a/a.16.1.f90 -Os (test for excess errors)
FAIL: libgomp.fortran/appendix-a/a.18.1.f90 -O0 (test for excess errors)
FAIL: libgomp.fortran/appendix-a/a.18.1.f90 -O1 (test for excess errors)
FAIL: libgomp.fortran/appendix-a/a.18.1.f90 -O2 (test for excess errors)
FAIL: libgomp.fortran/appendix-a/a.18.1.f90 -O3 -fomit-frame-pointer (test for excess errors)
FAIL: libgomp.fortran/appendix-a/a.18.1.f90 -O3 -fomit-frame-pointer -funroll-loops (test for excess errors)
FAIL: libgomp.fortran/appendix-a/a.18.1.f90 -O3 -fomit-frame-pointer -funroll-all-loops -finline-functions (test for excess errors)
FAIL: libgomp.fortran/appendix-a/a.18.1.f90 -O3 -g (test for excess errors)
FAIL: libgomp.fortran/appendix-a/a.18.1.f90 -Os (test for excess errors)
FAIL: libgomp.fortran/appendix-a/a.19.1.f90 -O0 (test for excess errors)
FAIL: libgomp.fortran/appendix-a/a.19.1.f90 -O1 (test for excess errors)
FAIL: libgomp.fortran/appendix-a/a.19.1.f90 -O2 (test for excess errors)
FAIL: libgomp.fortran/appendix-a/a.19.1.f90 -O3 -fomit-frame-pointer (test for excess errors)
FAIL: libgomp.fortran/appendix-a/a.19.1.f90 -O3 -fomit-frame-pointer -funroll-loops (test for excess errors)
FAIL: libgomp.fortran/appendix-a/a.19.1.f90 -O3 -fomit-frame-pointer -funroll-all-loops -finline-functions (test for excess errors)
FAIL: libgomp.fortran/appendix-a/a.19.1.f90 -O3 -g (test for excess errors)
FAIL: libgomp.fortran/appendix-a/a.19.1.f90 -Os (test for excess errors)
FAIL: libgomp.fortran/appendix-a/a.2.1.f90 -O0 (test for excess errors)
FAIL: libgomp.fortran/appendix-a/a.2.1.f90 -O1 (test for excess errors)
FAIL: libgomp.fortran/appendix-a/a.2.1.f90 -O2 (test for excess errors)
FAIL: libgomp.fortran/appendix-a/a.2.1.f90 -O3 -fomit-frame-pointer (test for excess errors)
FAIL: libgomp.fortran/appendix-a/a.2.1.f90 -O3 -fomit-frame-pointer -funroll-loops (test for excess errors)
FAIL: libgomp.fortran/appendix-a/a.2.1.f90 -O3 -fomit-frame-pointer -funroll-all-loops -finline-functions (test for excess errors)
FAIL: libgomp.fortran/appendix-a/a.2.1.f90 -O3 -g (test for excess errors)
FAIL: libgomp.fortran/appendix-a/a.2.1.f90 -Os (test for excess errors)
FAIL: libgomp.fortran/appendix-a/a.21.1.f90 -O (test for excess errors)
FAIL: libgomp.fortran/appendix-a/a.22.7.f90 -O0 (test for excess errors)
FAIL: libgomp.fortran/appendix-a/a.22.7.f90 -O1 (test for excess errors)
FAIL: libgomp.fortran/appendix-a/a.22.7.f90 -O2 (test for excess errors)
FAIL: libgomp.fortran/appendix-a/a.22.7.f90 -O3 -fomit-frame-pointer (test for excess errors)
FAIL: libgomp.fortran/appendix-a/a.22.7.f90 -O3 -fomit-frame-pointer -funroll-loops (test for excess errors)
FAIL: libgomp.fortran/appendix-a/a.22.7.f90 -O3 -fomit-frame-pointer -funroll-all-loops -finline-functions (test for excess errors)
FAIL: libgomp.fortran/appendix-a/a.22.7.f90 -O3 -g (test for excess errors)
FAIL: libgomp.fortran/appendix-a/a.22.7.f90 -Os (test for excess errors)
FAIL: libgomp.fortran/appendix-a/a.22.8.f90 -O0 (test for excess errors)
FAIL: libgomp.fortran/appendix-a/a.22.8.f90 -O1 (test for excess errors)
FAIL: libgomp.fortran/appendix-a/a.22.8.f90 -O2 (test for excess errors)
FAIL: libgomp.fortran/appendix-a/a.22.8.f90 -O3 -fomit-frame-pointer (test for excess errors)
FAIL: libgomp.fortran/appendix-a/a.22.8.f90 -O3 -fomit-frame-pointer -funroll-loops (test for excess errors)
FAIL: libgomp.fortran/appendix-a/a.22.8.f90 -O3 -fomit-frame-pointer -funroll-all-loops -finline-functions (test for excess errors)
FAIL: libgomp.fortran/appendix-a/a.22.8.f90 -O3 -g (test for excess errors)
FAIL: libgomp.fortran/appendix-a/a.22.8.f90 -Os (test for excess errors)
FAIL: libgomp.fortran/appendix-a/a.26.1.f90 -O0 (test for excess errors)
FAIL: libgomp.fortran/appendix-a/a.26.1.f90 -O1 (test for excess errors)
FAIL: libgomp.fortran/appendix-a/a.26.1.f90 -O2 (test for excess errors)
FAIL: libgomp.fortran/appendix-a/a.26.1.f90 -O3 -fomit-frame-pointer (test for excess errors)
FAIL: libgomp.fortran/appendix-a/a.26.1.f90 -O3 -fomit-frame-pointer -funroll-loops (test for excess errors)
FAIL: libgomp.fortran/appendix-a/a.26.1.f90 -O3 -fomit-frame-pointer -funroll-all-loops -finline-functions (test for excess errors)
FAIL: libgomp.fortran/appendix-a/a.26.1.f90 -O3 -g (test for excess errors)
FAIL: libgomp.fortran/appendix-a/a.26.1.f90 -Os (test for excess errors)
FAIL: libgomp.fortran/appendix-a/a.28.1.f90 -O0 (test for excess errors)
FAIL: libgomp.fortran/appendix-a/a.28.1.f90 -O1 (test for excess errors)
FAIL: libgomp.fortran/appendix-a/a.28.1.f90 -O2 (test for excess errors)
FAIL: libgomp.fortran/appendix-a/a.28.1.f90 -O3 -fomit-frame-pointer (test for excess errors)
FAIL: libgomp.fortran/appendix-a/a.28.1.f90 -O3 -fomit-frame-pointer -funroll-loops (test for excess errors)
FAIL: libgomp.fortran/appendix-a/a.28.1.f90 -O3 -fomit-frame-pointer -funroll-all-loops -finline-functions (test for excess errors)
FAIL: libgomp.fortran/appendix-a/a.28.1.f90 -O3 -g (test for excess errors)
FAIL: libgomp.fortran/appendix-a/a.28.1.f90 -Os (test for excess errors)
FAIL: libgomp.fortran/appendix-a/a.28.2.f90 -O0 (test for excess errors)
FAIL: libgomp.fortran/appendix-a/a.28.2.f90 -O1 (test for excess errors)
FAIL: libgomp.fortran/appendix-a/a.28.2.f90 -O2 (test for excess errors)
FAIL: libgomp.fortran/appendix-a/a.28.2.f90 -O3 -fomit-frame-pointer (test for excess errors)
FAIL: libgomp.fortran/appendix-a/a.28.2.f90 -O3 -fomit-frame-pointer -funroll-loops (test for excess errors)
FAIL: libgomp.fortran/appendix-a/a.28.2.f90 -O3 -fomit-frame-pointer -funroll-all-loops -finline-functions (test for excess errors)
FAIL: libgomp.fortran/appendix-a/a.28.2.f90 -O3 -g (test for excess errors)
FAIL: libgomp.fortran/appendix-a/a.28.2.f90 -Os (test for excess errors)
FAIL: libgomp.fortran/appendix-a/a.28.3.f90 -O0 (test for excess errors)
FAIL: libgomp.fortran/appendix-a/a.28.3.f90 -O1 (test for excess errors)
FAIL: libgomp.fortran/appendix-a/a.28.3.f90 -O2 (test for excess errors)
FAIL: libgomp.fortran/appendix-a/a.28.3.f90 -O3 -fomit-frame-pointer (test for excess errors)
FAIL: libgomp.fortran/appendix-a/a.28.3.f90 -O3 -fomit-frame-pointer -funroll-loops (test for excess errors)
FAIL: libgomp.fortran/appendix-a/a.28.3.f90 -O3 -fomit-frame-pointer -funroll-all-loops -finline-functions (test for excess errors)
FAIL: libgomp.fortran/appendix-a/a.28.3.f90 -O3 -g (test for excess errors)
FAIL: libgomp.fortran/appendix-a/a.28.3.f90 -Os (test for excess errors)
FAIL: libgomp.fortran/appendix-a/a.28.4.f90 -O0 (test for excess errors)
FAIL: libgomp.fortran/appendix-a/a.28.4.f90 -O1 (test for excess errors)
FAIL: libgomp.fortran/appendix-a/a.28.4.f90 -O2 (test for excess errors)
FAIL: libgomp.fortran/appendix-a/a.28.4.f90 -O3 -fomit-frame-pointer (test for excess errors)
FAIL: libgomp.fortran/appendix-a/a.28.4.f90 -O3 -fomit-frame-pointer -funroll-loops (test for excess errors)
FAIL: libgomp.fortran/appendix-a/a.28.4.f90 -O3 -fomit-frame-pointer -funroll-all-loops -finline-functions (test for excess errors)
FAIL: libgomp.fortran/appendix-a/a.28.4.f90 -O3 -g (test for excess errors)
FAIL: libgomp.fortran/appendix-a/a.28.4.f90 -Os (test for excess errors)
FAIL: libgomp.fortran/appendix-a/a.3.1.f90 -O0 (test for excess errors)
FAIL: libgomp.fortran/appendix-a/a.3.1.f90 -O1 (test for excess errors)
FAIL: libgomp.fortran/appendix-a/a.3.1.f90 -O2 (test for excess errors)
FAIL: libgomp.fortran/appendix-a/a.3.1.f90 -O3 -fomit-frame-pointer (test for excess errors)
FAIL: libgomp.fortran/appendix-a/a.3.1.f90 -O3 -fomit-frame-pointer -funroll-loops (test for excess errors)
FAIL: libgomp.fortran/appendix-a/a.3.1.f90 -O3 -fomit-frame-pointer -funroll-all-loops -finline-functions (test for excess errors)
FAIL: libgomp.fortran/appendix-a/a.3.1.f90 -O3 -g (test for excess errors)
FAIL: libgomp.fortran/appendix-a/a.3.1.f90 -Os (test for excess errors)
FAIL: libgomp.fortran/appendix-a/a.31.4.f90 -O0 (test for excess errors)
FAIL: libgomp.fortran/appendix-a/a.31.4.f90 -O1 (test for excess errors)
FAIL: libgomp.fortran/appendix-a/a.31.4.f90 -O2 (test for excess errors)
FAIL: libgomp.fortran/appendix-a/a.31.4.f90 -O3 -fomit-frame-pointer (test for excess errors)
FAIL: libgomp.fortran/appendix-a/a.31.4.f90 -O3 -fomit-frame-pointer -funroll-loops (test for excess errors)
FAIL: libgomp.fortran/appendix-a/a.31.4.f90 -O3 -fomit-frame-pointer -funroll-all-loops -finline-functions (test for excess errors)
FAIL: libgomp.fortran/appendix-a/a.31.4.f90 -O3 -g (test for excess errors)
FAIL: libgomp.fortran/appendix-a/a.31.4.f90 -Os (test for excess errors)
FAIL: libgomp.fortran/appendix-a/a.31.5.f90 -O0 (test for excess errors)
FAIL: libgomp.fortran/appendix-a/a.31.5.f90 -O1 (test for excess errors)
FAIL: libgomp.fortran/appendix-a/a.31.5.f90 -O2 (test for excess errors)
FAIL: libgomp.fortran/appendix-a/a.31.5.f90 -O3 -fomit-frame-pointer (test for excess errors)
FAIL: libgomp.fortran/appendix-a/a.31.5.f90 -O3 -fomit-frame-pointer -funroll-loops (test for excess errors)
FAIL: libgomp.fortran/appendix-a/a.31.5.f90 -O3 -fomit-frame-pointer -funroll-all-loops -finline-functions (test for excess errors)
FAIL: libgomp.fortran/appendix-a/a.31.5.f90 -O3 -g (test for excess errors)
FAIL: libgomp.fortran/appendix-a/a.31.5.f90 -Os (test for excess errors)
FAIL: libgomp.fortran/appendix-a/a.33.3.f90 -O (test for excess errors)
FAIL: libgomp.fortran/appendix-a/a.38.1.f90 -O (test for excess errors)
FAIL: libgomp.fortran/appendix-a/a.39.1.f90 -O0 (test for excess errors)
FAIL: libgomp.fortran/appendix-a/a.39.1.f90 -O1 (test for excess errors)
FAIL: libgomp.fortran/appendix-a/a.39.1.f90 -O2 (test for excess errors)
FAIL: libgomp.fortran/appendix-a/a.39.1.f90 -O3 -fomit-frame-pointer (test for excess errors)
FAIL: libgomp.fortran/appendix-a/a.39.1.f90 -O3 -fomit-frame-pointer -funroll-loops (test for excess errors)
FAIL: libgomp.fortran/appendix-a/a.39.1.f90 -O3 -fomit-frame-pointer -funroll-all-loops -finline-functions (test for excess errors)
FAIL: libgomp.fortran/appendix-a/a.39.1.f90 -O3 -g (test for excess errors)
FAIL: libgomp.fortran/appendix-a/a.39.1.f90 -Os (test for excess errors)
FAIL: libgomp.fortran/appendix-a/a.4.1.f90 -O0 (test for excess errors)
FAIL: libgomp.fortran/appendix-a/a.4.1.f90 -O1 (test for excess errors)
FAIL: libgomp.fortran/appendix-a/a.4.1.f90 -O2 (test for excess errors)
FAIL: libgomp.fortran/appendix-a/a.4.1.f90 -O3 -fomit-frame-pointer (test for excess errors)
FAIL: libgomp.fortran/appendix-a/a.4.1.f90 -O3 -fomit-frame-pointer -funroll-loops (test for excess errors)
FAIL: libgomp.fortran/appendix-a/a.4.1.f90 -O3 -fomit-frame-pointer -funroll-all-loops -finline-functions (test for excess errors)
FAIL: libgomp.fortran/appendix-a/a.4.1.f90 -O3 -g (test for excess errors)
FAIL: libgomp.fortran/appendix-a/a.4.1.f90 -Os (test for excess errors)
FAIL: libgomp.fortran/appendix-a/a.40.1.f90 -O (test for excess errors)
FAIL: libgomp.fortran/appendix-a/a.5.1.f90 -O0 (test for excess errors)
FAIL: libgomp.fortran/appendix-a/a.5.1.f90 -O1 (test for excess errors)
FAIL: libgomp.fortran/appendix-a/a.5.1.f90 -O2 (test for excess errors)
FAIL: libgomp.fortran/appendix-a/a.5.1.f90 -O3 -fomit-frame-pointer (test for excess errors)
FAIL: libgomp.fortran/appendix-a/a.5.1.f90 -O3 -fomit-frame-pointer -funroll-loops (test for excess errors)
FAIL: libgomp.fortran/appendix-a/a.5.1.f90 -O3 -fomit-frame-pointer -funroll-all-loops -finline-functions (test for excess errors)
FAIL: libgomp.fortran/appendix-a/a.5.1.f90 -O3 -g (test for excess errors)
FAIL: libgomp.fortran/appendix-a/a.5.1.f90 -Os (test for excess errors)
FAIL: libgomp.fortran/appendix-a/a10.1.f90 -O0 (test for excess errors)
FAIL: libgomp.fortran/appendix-a/a10.1.f90 -O1 (test for excess errors)
FAIL: libgomp.fortran/appendix-a/a10.1.f90 -O2 (test for excess errors)
FAIL: libgomp.fortran/appendix-a/a10.1.f90 -O3 -fomit-frame-pointer (test for excess errors)
FAIL: libgomp.fortran/appendix-a/a10.1.f90 -O3 -fomit-frame-pointer -funroll-loops (test for excess errors)
FAIL: libgomp.fortran/appendix-a/a10.1.f90 -O3 -fomit-frame-pointer -funroll-all-loops -finline-functions (test for excess errors)
FAIL: libgomp.fortran/appendix-a/a10.1.f90 -O3 -g (test for excess errors)
FAIL: libgomp.fortran/appendix-a/a10.1.f90 -Os (test for excess errors)
FAIL: libgomp.fortran/character1.f90 -O0 (test for excess errors)
FAIL: libgomp.fortran/character1.f90 -O1 (test for excess errors)
FAIL: libgomp.fortran/character1.f90 -O2 (test for excess errors)
FAIL: libgomp.fortran/character1.f90 -O3 -fomit-frame-pointer (test for excess errors)
FAIL: libgomp.fortran/character1.f90 -O3 -fomit-frame-pointer -funroll-loops (test for excess errors)
FAIL: libgomp.fortran/character1.f90 -O3 -fomit-frame-pointer -funroll-all-loops -finline-functions (test for excess errors)
FAIL: libgomp.fortran/character1.f90 -O3 -g (test for excess errors)
FAIL: libgomp.fortran/character1.f90 -Os (test for excess errors)
FAIL: libgomp.fortran/character2.f90 -O0 (test for excess errors)
FAIL: libgomp.fortran/character2.f90 -O1 (test for excess errors)
FAIL: libgomp.fortran/character2.f90 -O2 (test for excess errors)
FAIL: libgomp.fortran/character2.f90 -O3 -fomit-frame-pointer (test for excess errors)
FAIL: libgomp.fortran/character2.f90 -O3 -fomit-frame-pointer -funroll-loops (test for excess errors)
FAIL: libgomp.fortran/character2.f90 -O3 -fomit-frame-pointer -funroll-all-loops -finline-functions (test for excess errors)
FAIL: libgomp.fortran/character2.f90 -O3 -g (test for excess errors)
FAIL: libgomp.fortran/character2.f90 -Os (test for excess errors)
FAIL: libgomp.fortran/collapse1.f90 -O0 (test for excess errors)
FAIL: libgomp.fortran/collapse1.f90 -O1 (test for excess errors)
FAIL: libgomp.fortran/collapse1.f90 -O2 (test for excess errors)
FAIL: libgomp.fortran/collapse1.f90 -O3 -fomit-frame-pointer (test for excess errors)
FAIL: libgomp.fortran/collapse1.f90 -O3 -fomit-frame-pointer -funroll-loops (test for excess errors)
FAIL: libgomp.fortran/collapse1.f90 -O3 -fomit-frame-pointer -funroll-all-loops -finline-functions (test for excess errors)
FAIL: libgomp.fortran/collapse1.f90 -O3 -g (test for excess errors)
FAIL: libgomp.fortran/collapse1.f90 -Os (test for excess errors)
FAIL: libgomp.fortran/collapse2.f90 -O0 (test for excess errors)
FAIL: libgomp.fortran/collapse2.f90 -O1 (test for excess errors)
FAIL: libgomp.fortran/collapse2.f90 -O2 (test for excess errors)
FAIL: libgomp.fortran/collapse2.f90 -O3 -fomit-frame-pointer (test for excess errors)
FAIL: libgomp.fortran/collapse2.f90 -O3 -fomit-frame-pointer -funroll-loops (test for excess errors)
FAIL: libgomp.fortran/collapse2.f90 -O3 -fomit-frame-pointer -funroll-all-loops -finline-functions (test for excess errors)
FAIL: libgomp.fortran/collapse2.f90 -O3 -g (test for excess errors)
FAIL: libgomp.fortran/collapse2.f90 -Os (test for excess errors)
FAIL: libgomp.fortran/collapse3.f90 -O0 (test for excess errors)
FAIL: libgomp.fortran/collapse3.f90 -O1 (test for excess errors)
FAIL: libgomp.fortran/collapse3.f90 -O2 (test for excess errors)
FAIL: libgomp.fortran/collapse3.f90 -O3 -fomit-frame-pointer (test for excess errors)
FAIL: libgomp.fortran/collapse3.f90 -O3 -fomit-frame-pointer -funroll-loops (test for excess errors)
FAIL: libgomp.fortran/collapse3.f90 -O3 -fomit-frame-pointer -funroll-all-loops -finline-functions (test for excess errors)
FAIL: libgomp.fortran/collapse3.f90 -O3 -g (test for excess errors)
FAIL: libgomp.fortran/collapse3.f90 -Os (test for excess errors)
FAIL: libgomp.fortran/collapse4.f90 -O0 (test for excess errors)
FAIL: libgomp.fortran/collapse4.f90 -O1 (test for excess errors)
FAIL: libgomp.fortran/collapse4.f90 -O2 (test for excess errors)
FAIL: libgomp.fortran/collapse4.f90 -O3 -fomit-frame-pointer (test for excess errors)
FAIL: libgomp.fortran/collapse4.f90 -O3 -fomit-frame-pointer -funroll-loops (test for excess errors)
FAIL: libgomp.fortran/collapse4.f90 -O3 -fomit-frame-pointer -funroll-all-loops -finline-functions (test for excess errors)
FAIL: libgomp.fortran/collapse4.f90 -O3 -g (test for excess errors)
FAIL: libgomp.fortran/collapse4.f90 -Os (test for excess errors)
FAIL: libgomp.fortran/condinc1.f -O (test for excess errors)
FAIL: libgomp.fortran/condinc2.f -O (test for excess errors)
FAIL: libgomp.fortran/condinc3.f90 -O (test for excess errors)
FAIL: libgomp.fortran/condinc4.f90 -O (test for excess errors)
FAIL: libgomp.fortran/crayptr1.f90 -O0 (test for excess errors)
FAIL: libgomp.fortran/crayptr1.f90 -O1 (test for excess errors)
FAIL: libgomp.fortran/crayptr1.f90 -O2 (test for excess errors)
FAIL: libgomp.fortran/crayptr1.f90 -O3 -fomit-frame-pointer (test for excess errors)
FAIL: libgomp.fortran/crayptr1.f90 -O3 -fomit-frame-pointer -funroll-loops (test for excess errors)
FAIL: libgomp.fortran/crayptr1.f90 -O3 -fomit-frame-pointer -funroll-all-loops -finline-functions (test for excess errors)
FAIL: libgomp.fortran/crayptr1.f90 -O3 -g (test for excess errors)
FAIL: libgomp.fortran/crayptr1.f90 -Os (test for excess errors)
FAIL: libgomp.fortran/crayptr2.f90 -O0 (test for excess errors)
FAIL: libgomp.fortran/crayptr2.f90 -O1 (test for excess errors)
FAIL: libgomp.fortran/crayptr2.f90 -O2 (test for excess errors)
FAIL: libgomp.fortran/crayptr2.f90 -O3 -fomit-frame-pointer (test for excess errors)
FAIL: libgomp.fortran/crayptr2.f90 -O3 -fomit-frame-pointer -funroll-loops (test for excess errors)
FAIL: libgomp.fortran/crayptr2.f90 -O3 -fomit-frame-pointer -funroll-all-loops -finline-functions (test for excess errors)
FAIL: libgomp.fortran/crayptr2.f90 -O3 -g (test for excess errors)
FAIL: libgomp.fortran/crayptr2.f90 -Os (test for excess errors)
FAIL: libgomp.fortran/crayptr3.f90 -O0 (test for excess errors)
FAIL: libgomp.fortran/crayptr3.f90 -O1 (test for excess errors)
FAIL: libgomp.fortran/crayptr3.f90 -O2 (test for excess errors)
FAIL: libgomp.fortran/crayptr3.f90 -O3 -fomit-frame-pointer (test for excess errors)
FAIL: libgomp.fortran/crayptr3.f90 -O3 -fomit-frame-pointer -funroll-loops (test for excess errors)
FAIL: libgomp.fortran/crayptr3.f90 -O3 -fomit-frame-pointer -funroll-all-loops -finline-functions (test for excess errors)
FAIL: libgomp.fortran/crayptr3.f90 -O3 -g (test for excess errors)
FAIL: libgomp.fortran/crayptr3.f90 -Os (test for excess errors)
FAIL: libgomp.fortran/do1.f90 -O0 (test for excess errors)
FAIL: libgomp.fortran/do1.f90 -O1 (test for excess errors)
FAIL: libgomp.fortran/do1.f90 -O2 (test for excess errors)
FAIL: libgomp.fortran/do1.f90 -O3 -fomit-frame-pointer (test for excess errors)
FAIL: libgomp.fortran/do1.f90 -O3 -fomit-frame-pointer -funroll-loops (test for excess errors)
FAIL: libgomp.fortran/do1.f90 -O3 -fomit-frame-pointer -funroll-all-loops -finline-functions (test for excess errors)
FAIL: libgomp.fortran/do1.f90 -O3 -g (test for excess errors)
FAIL: libgomp.fortran/do1.f90 -Os (test for excess errors)
FAIL: libgomp.fortran/do2.f90 -O0 (test for excess errors)
FAIL: libgomp.fortran/do2.f90 -O1 (test for excess errors)
FAIL: libgomp.fortran/do2.f90 -O2 (test for excess errors)
FAIL: libgomp.fortran/do2.f90 -O3 -fomit-frame-pointer (test for excess errors)
FAIL: libgomp.fortran/do2.f90 -O3 -fomit-frame-pointer -funroll-loops (test for excess errors)
FAIL: libgomp.fortran/do2.f90 -O3 -fomit-frame-pointer -funroll-all-loops -finline-functions (test for excess errors)
FAIL: libgomp.fortran/do2.f90 -O3 -g (test for excess errors)
FAIL: libgomp.fortran/do2.f90 -Os (test for excess errors)
FAIL: libgomp.fortran/jacobi.f -O0 (test for excess errors)
FAIL: libgomp.fortran/jacobi.f -O1 (test for excess errors)
FAIL: libgomp.fortran/jacobi.f -O2 (test for excess errors)
FAIL: libgomp.fortran/jacobi.f -O3 -fomit-frame-pointer (test for excess errors)
FAIL: libgomp.fortran/jacobi.f -O3 -fomit-frame-pointer -funroll-loops (test for excess errors)
FAIL: libgomp.fortran/jacobi.f -O3 -fomit-frame-pointer -funroll-all-loops -finline-functions (test for excess errors)
FAIL: libgomp.fortran/jacobi.f -O3 -g (test for excess errors)
FAIL: libgomp.fortran/jacobi.f -Os (test for excess errors)
FAIL: libgomp.fortran/lastprivate1.f90 -O (test for excess errors)
FAIL: libgomp.fortran/lastprivate2.f90 -O (test for excess errors)
FAIL: libgomp.fortran/lib1.f90 -O0 (test for excess errors)
FAIL: libgomp.fortran/lib1.f90 -O1 (test for excess errors)
FAIL: libgomp.fortran/lib1.f90 -O2 (test for excess errors)
FAIL: libgomp.fortran/lib1.f90 -O3 -fomit-frame-pointer (test for excess errors)
FAIL: libgomp.fortran/lib1.f90 -O3 -fomit-frame-pointer -funroll-loops (test for excess errors)
FAIL: libgomp.fortran/lib1.f90 -O3 -fomit-frame-pointer -funroll-all-loops -finline-functions (test for excess errors)
FAIL: libgomp.fortran/lib1.f90 -O3 -g (test for excess errors)
FAIL: libgomp.fortran/lib1.f90 -Os (test for excess errors)
FAIL: libgomp.fortran/lib2.f -O0 (test for excess errors)
FAIL: libgomp.fortran/lib2.f -O1 (test for excess errors)
FAIL: libgomp.fortran/lib2.f -O2 (test for excess errors)
FAIL: libgomp.fortran/lib2.f -O3 -fomit-frame-pointer (test for excess errors)
FAIL: libgomp.fortran/lib2.f -O3 -fomit-frame-pointer -funroll-loops (test for excess errors)
FAIL: libgomp.fortran/lib2.f -O3 -fomit-frame-pointer -funroll-all-loops -finline-functions (test for excess errors)
FAIL: libgomp.fortran/lib2.f -O3 -g (test for excess errors)
FAIL: libgomp.fortran/lib2.f -Os (test for excess errors)
FAIL: libgomp.fortran/lib3.f -O0 (test for excess errors)
FAIL: libgomp.fortran/lib3.f -O1 (test for excess errors)
FAIL: libgomp.fortran/lib3.f -O2 (test for excess errors)
FAIL: libgomp.fortran/lib3.f -O3 -fomit-frame-pointer (test for excess errors)
FAIL: libgomp.fortran/lib3.f -O3 -fomit-frame-pointer -funroll-loops (test for excess errors)
FAIL: libgomp.fortran/lib3.f -O3 -fomit-frame-pointer -funroll-all-loops -finline-functions (test for excess errors)
FAIL: libgomp.fortran/lib3.f -O3 -g (test for excess errors)
FAIL: libgomp.fortran/lib3.f -Os (test for excess errors)
FAIL: libgomp.fortran/lib4.f90 -O0 (test for excess errors)
FAIL: libgomp.fortran/lib4.f90 -O1 (test for excess errors)
FAIL: libgomp.fortran/lib4.f90 -O2 (test for excess errors)
FAIL: libgomp.fortran/lib4.f90 -O3 -fomit-frame-pointer (test for excess errors)
FAIL: libgomp.fortran/lib4.f90 -O3 -fomit-frame-pointer -funroll-loops (test for excess errors)
FAIL: libgomp.fortran/lib4.f90 -O3 -fomit-frame-pointer -funroll-all-loops -finline-functions (test for excess errors)
FAIL: libgomp.fortran/lib4.f90 -O3 -g (test for excess errors)
FAIL: libgomp.fortran/lib4.f90 -Os (test for excess errors)
FAIL: libgomp.fortran/lock-1.f90 -O0 (test for excess errors)
FAIL: libgomp.fortran/lock-1.f90 -O1 (test for excess errors)
FAIL: libgomp.fortran/lock-1.f90 -O2 (test for excess errors)
FAIL: libgomp.fortran/lock-1.f90 -O3 -fomit-frame-pointer (test for excess errors)
FAIL: libgomp.fortran/lock-1.f90 -O3 -fomit-frame-pointer -funroll-loops (test for excess errors)
FAIL: libgomp.fortran/lock-1.f90 -O3 -fomit-frame-pointer -funroll-all-loops -finline-functions (test for excess errors)
FAIL: libgomp.fortran/lock-1.f90 -O3 -g (test for excess errors)
FAIL: libgomp.fortran/lock-1.f90 -Os (test for excess errors)
FAIL: libgomp.fortran/lock-2.f90 -O0 (test for excess errors)
FAIL: libgomp.fortran/lock-2.f90 -O1 (test for excess errors)
FAIL: libgomp.fortran/lock-2.f90 -O2 (test for excess errors)
FAIL: libgomp.fortran/lock-2.f90 -O3 -fomit-frame-pointer (test for excess errors)
FAIL: libgomp.fortran/lock-2.f90 -O3 -fomit-frame-pointer -funroll-loops (test for excess errors)
FAIL: libgomp.fortran/lock-2.f90 -O3 -fomit-frame-pointer -funroll-all-loops -finline-functions (test for excess errors)
FAIL: libgomp.fortran/lock-2.f90 -O3 -g (test for excess errors)
FAIL: libgomp.fortran/lock-2.f90 -Os (test for excess errors)
FAIL: libgomp.fortran/nested1.f90 -O0 (test for excess errors)
FAIL: libgomp.fortran/nested1.f90 -O1 (test for excess errors)
FAIL: libgomp.fortran/nested1.f90 -O2 (test for excess errors)
FAIL: libgomp.fortran/nested1.f90 -O3 -fomit-frame-pointer (test for excess errors)
FAIL: libgomp.fortran/nested1.f90 -O3 -fomit-frame-pointer -funroll-loops (test for excess errors)
FAIL: libgomp.fortran/nested1.f90 -O3 -fomit-frame-pointer -funroll-all-loops -finline-functions (test for excess errors)
FAIL: libgomp.fortran/nested1.f90 -O3 -g (test for excess errors)
FAIL: libgomp.fortran/nested1.f90 -Os (test for excess errors)
FAIL: libgomp.fortran/nestedfn1.f90 -O0 (test for excess errors)
FAIL: libgomp.fortran/nestedfn1.f90 -O1 (test for excess errors)
FAIL: libgomp.fortran/nestedfn1.f90 -O2 (test for excess errors)
FAIL: libgomp.fortran/nestedfn1.f90 -O3 -fomit-frame-pointer (test for excess errors)
FAIL: libgomp.fortran/nestedfn1.f90 -O3 -fomit-frame-pointer -funroll-loops (test for excess errors)
FAIL: libgomp.fortran/nestedfn1.f90 -O3 -fomit-frame-pointer -funroll-all-loops -finline-functions (test for excess errors)
FAIL: libgomp.fortran/nestedfn1.f90 -O3 -g (test for excess errors)
FAIL: libgomp.fortran/nestedfn1.f90 -Os (test for excess errors)
FAIL: libgomp.fortran/nestedfn2.f90 -O0 (test for excess errors)
FAIL: libgomp.fortran/nestedfn2.f90 -O1 (test for excess errors)
FAIL: libgomp.fortran/nestedfn2.f90 -O2 (test for excess errors)
FAIL: libgomp.fortran/nestedfn2.f90 -O3 -fomit-frame-pointer (test for excess errors)
FAIL: libgomp.fortran/nestedfn2.f90 -O3 -fomit-frame-pointer -funroll-loops (test for excess errors)
FAIL: libgomp.fortran/nestedfn2.f90 -O3 -fomit-frame-pointer -funroll-all-loops -finline-functions (test for excess errors)
FAIL: libgomp.fortran/nestedfn2.f90 -O3 -g (test for excess errors)
FAIL: libgomp.fortran/nestedfn2.f90 -Os (test for excess errors)
FAIL: libgomp.fortran/nestedfn3.f90 -O0 (test for excess errors)
FAIL: libgomp.fortran/nestedfn3.f90 -O1 (test for excess errors)
FAIL: libgomp.fortran/nestedfn3.f90 -O2 (test for excess errors)
FAIL: libgomp.fortran/nestedfn3.f90 -O3 -fomit-frame-pointer (test for excess errors)
FAIL: libgomp.fortran/nestedfn3.f90 -O3 -fomit-frame-pointer -funroll-loops (test for excess errors)
FAIL: libgomp.fortran/nestedfn3.f90 -O3 -fomit-frame-pointer -funroll-all-loops -finline-functions (test for excess errors)
FAIL: libgomp.fortran/nestedfn3.f90 -O3 -g (test for excess errors)
FAIL: libgomp.fortran/nestedfn3.f90 -Os (test for excess errors)
FAIL: libgomp.fortran/nestedfn4.f90 -O (test for excess errors)
FAIL: libgomp.fortran/omp_atomic1.f90 -O0 (test for excess errors)
FAIL: libgomp.fortran/omp_atomic1.f90 -O1 (test for excess errors)
FAIL: libgomp.fortran/omp_atomic1.f90 -O2 (test for excess errors)
FAIL: libgomp.fortran/omp_atomic1.f90 -O3 -fomit-frame-pointer (test for excess errors)
FAIL: libgomp.fortran/omp_atomic1.f90 -O3 -fomit-frame-pointer -funroll-loops (test for excess errors)
FAIL: libgomp.fortran/omp_atomic1.f90 -O3 -fomit-frame-pointer -funroll-all-loops -finline-functions (test for excess errors)
FAIL: libgomp.fortran/omp_atomic1.f90 -O3 -g (test for excess errors)
FAIL: libgomp.fortran/omp_atomic1.f90 -Os (test for excess errors)
FAIL: libgomp.fortran/omp_atomic2.f90 -O0 (test for excess errors)
FAIL: libgomp.fortran/omp_atomic2.f90 -O1 (test for excess errors)
FAIL: libgomp.fortran/omp_atomic2.f90 -O2 (test for excess errors)
FAIL: libgomp.fortran/omp_atomic2.f90 -O3 -fomit-frame-pointer (test for excess errors)
FAIL: libgomp.fortran/omp_atomic2.f90 -O3 -fomit-frame-pointer -funroll-loops (test for excess errors)
FAIL: libgomp.fortran/omp_atomic2.f90 -O3 -fomit-frame-pointer -funroll-all-loops -finline-functions (test for excess errors)
FAIL: libgomp.fortran/omp_atomic2.f90 -O3 -g (test for excess errors)
FAIL: libgomp.fortran/omp_atomic2.f90 -Os (test for excess errors)
FAIL: libgomp.fortran/omp_atomic3.f90 -O0 (test for excess errors)
FAIL: libgomp.fortran/omp_atomic3.f90 -O1 (test for excess errors)
FAIL: libgomp.fortran/omp_atomic3.f90 -O2 (test for excess errors)
FAIL: libgomp.fortran/omp_atomic3.f90 -O3 -fomit-frame-pointer (test for excess errors)
FAIL: libgomp.fortran/omp_atomic3.f90 -O3 -fomit-frame-pointer -funroll-loops (test for excess errors)
FAIL: libgomp.fortran/omp_atomic3.f90 -O3 -fomit-frame-pointer -funroll-all-loops -finline-functions (test for excess errors)
FAIL: libgomp.fortran/omp_atomic3.f90 -O3 -g (test for excess errors)
FAIL: libgomp.fortran/omp_atomic3.f90 -Os (test for excess errors)
FAIL: libgomp.fortran/omp_atomic4.f90 -O0 (test for excess errors)
FAIL: libgomp.fortran/omp_atomic4.f90 -O1 (test for excess errors)
FAIL: libgomp.fortran/omp_atomic4.f90 -O2 (test for excess errors)
FAIL: libgomp.fortran/omp_atomic4.f90 -O3 -fomit-frame-pointer (test for excess errors)
FAIL: libgomp.fortran/omp_atomic4.f90 -O3 -fomit-frame-pointer -funroll-loops (test for excess errors)
FAIL: libgomp.fortran/omp_atomic4.f90 -O3 -fomit-frame-pointer -funroll-all-loops -finline-functions (test for excess errors)
FAIL: libgomp.fortran/omp_atomic4.f90 -O3 -g (test for excess errors)
FAIL: libgomp.fortran/omp_atomic4.f90 -Os (test for excess errors)
FAIL: libgomp.fortran/omp_cond1.f -O (test for excess errors)
FAIL: libgomp.fortran/omp_cond2.f -O (test for excess errors)
FAIL: libgomp.fortran/omp_cond3.F90 -O (test for excess errors)
FAIL: libgomp.fortran/omp_cond4.F90 -O (test for excess errors)
FAIL: libgomp.fortran/omp_hello.f -O (test for excess errors)
FAIL: libgomp.fortran/omp_orphan.f -O (test for excess errors)
FAIL: libgomp.fortran/omp_parse1.f90 -O0 (test for excess errors)
FAIL: libgomp.fortran/omp_parse1.f90 -O1 (test for excess errors)
FAIL: libgomp.fortran/omp_parse1.f90 -O2 (test for excess errors)
FAIL: libgomp.fortran/omp_parse1.f90 -O3 -fomit-frame-pointer (test for excess errors)
FAIL: libgomp.fortran/omp_parse1.f90 -O3 -fomit-frame-pointer -funroll-loops (test for excess errors)
FAIL: libgomp.fortran/omp_parse1.f90 -O3 -fomit-frame-pointer -funroll-all-loops -finline-functions (test for excess errors)
FAIL: libgomp.fortran/omp_parse1.f90 -O3 -g (test for excess errors)
FAIL: libgomp.fortran/omp_parse1.f90 -Os (test for excess errors)
FAIL: libgomp.fortran/omp_parse2.f90 -O0 (test for excess errors)
FAIL: libgomp.fortran/omp_parse2.f90 -O1 (test for excess errors)
FAIL: libgomp.fortran/omp_parse2.f90 -O2 (test for excess errors)
FAIL: libgomp.fortran/omp_parse2.f90 -O3 -fomit-frame-pointer (test for excess errors)
FAIL: libgomp.fortran/omp_parse2.f90 -O3 -fomit-frame-pointer -funroll-loops (test for excess errors)
FAIL: libgomp.fortran/omp_parse2.f90 -O3 -fomit-frame-pointer -funroll-all-loops -finline-functions (test for excess errors)
FAIL: libgomp.fortran/omp_parse2.f90 -O3 -g (test for excess errors)
FAIL: libgomp.fortran/omp_parse2.f90 -Os (test for excess errors)
FAIL: libgomp.fortran/omp_parse3.f90 -O0 (test for excess errors)
FAIL: libgomp.fortran/omp_parse3.f90 -O1 (test for excess errors)
FAIL: libgomp.fortran/omp_parse3.f90 -O2 (test for excess errors)
FAIL: libgomp.fortran/omp_parse3.f90 -O3 -fomit-frame-pointer (test for excess errors)
FAIL: libgomp.fortran/omp_parse3.f90 -O3 -fomit-frame-pointer -funroll-loops (test for excess errors)
FAIL: libgomp.fortran/omp_parse3.f90 -O3 -fomit-frame-pointer -funroll-all-loops -finline-functions (test for excess errors)
FAIL: libgomp.fortran/omp_parse3.f90 -O3 -g (test for excess errors)
FAIL: libgomp.fortran/omp_parse3.f90 -Os (test for excess errors)
FAIL: libgomp.fortran/omp_parse4.f90 -O0 (test for excess errors)
FAIL: libgomp.fortran/omp_parse4.f90 -O1 (test for excess errors)
FAIL: libgomp.fortran/omp_parse4.f90 -O2 (test for excess errors)
FAIL: libgomp.fortran/omp_parse4.f90 -O3 -fomit-frame-pointer (test for excess errors)
FAIL: libgomp.fortran/omp_parse4.f90 -O3 -fomit-frame-pointer -funroll-loops (test for excess errors)
FAIL: libgomp.fortran/omp_parse4.f90 -O3 -fomit-frame-pointer -funroll-all-loops -finline-functions (test for excess errors)
FAIL: libgomp.fortran/omp_parse4.f90 -O3 -g (test for excess errors)
FAIL: libgomp.fortran/omp_parse4.f90 -Os (test for excess errors)
FAIL: libgomp.fortran/omp_reduction.f -O (test for excess errors)
FAIL: libgomp.fortran/omp_workshare1.f -O (test for excess errors)
FAIL: libgomp.fortran/omp_workshare2.f -O (test for excess errors)
FAIL: libgomp.fortran/pointer1.f90 -O0 (test for excess errors)
FAIL: libgomp.fortran/pointer1.f90 -O1 (test for excess errors)
FAIL: libgomp.fortran/pointer1.f90 -O2 (test for excess errors)
FAIL: libgomp.fortran/pointer1.f90 -O3 -fomit-frame-pointer (test for excess errors)
FAIL: libgomp.fortran/pointer1.f90 -O3 -fomit-frame-pointer -funroll-loops (test for excess errors)
FAIL: libgomp.fortran/pointer1.f90 -O3 -fomit-frame-pointer -funroll-all-loops -finline-functions (test for excess errors)
FAIL: libgomp.fortran/pointer1.f90 -O3 -g (test for excess errors)
FAIL: libgomp.fortran/pointer1.f90 -Os (test for excess errors)
FAIL: libgomp.fortran/pointer2.f90 -O0 (test for excess errors)
FAIL: libgomp.fortran/pointer2.f90 -O1 (test for excess errors)
FAIL: libgomp.fortran/pointer2.f90 -O2 (test for excess errors)
FAIL: libgomp.fortran/pointer2.f90 -O3 -fomit-frame-pointer (test for excess errors)
FAIL: libgomp.fortran/pointer2.f90 -O3 -fomit-frame-pointer -funroll-loops (test for excess errors)
FAIL: libgomp.fortran/pointer2.f90 -O3 -fomit-frame-pointer -funroll-all-loops -finline-functions (test for excess errors)
FAIL: libgomp.fortran/pointer2.f90 -O3 -g (test for excess errors)
FAIL: libgomp.fortran/pointer2.f90 -Os (test for excess errors)
FAIL: libgomp.fortran/pr25162.f -O0 (test for excess errors)
FAIL: libgomp.fortran/pr25162.f -O1 (test for excess errors)
FAIL: libgomp.fortran/pr25162.f -O2 (test for excess errors)
FAIL: libgomp.fortran/pr25162.f -O3 -fomit-frame-pointer (test for excess errors)
FAIL: libgomp.fortran/pr25162.f -O3 -fomit-frame-pointer -funroll-loops (test for excess errors)
FAIL: libgomp.fortran/pr25162.f -O3 -fomit-frame-pointer -funroll-all-loops -finline-functions (test for excess errors)
FAIL: libgomp.fortran/pr25162.f -O3 -g (test for excess errors)
FAIL: libgomp.fortran/pr25162.f -Os (test for excess errors)
FAIL: libgomp.fortran/pr25219.f90 -O (test for excess errors)
FAIL: libgomp.fortran/pr27395-1.f90 -O0 (test for excess errors)
FAIL: libgomp.fortran/pr27395-1.f90 -O1 (test for excess errors)
FAIL: libgomp.fortran/pr27395-1.f90 -O2 (test for excess errors)
FAIL: libgomp.fortran/pr27395-1.f90 -O3 -fomit-frame-pointer (test for excess errors)
FAIL: libgomp.fortran/pr27395-1.f90 -O3 -fomit-frame-pointer -funroll-loops (test for excess errors)
FAIL: libgomp.fortran/pr27395-1.f90 -O3 -fomit-frame-pointer -funroll-all-loops -finline-functions (test for excess errors)
FAIL: libgomp.fortran/pr27395-1.f90 -O3 -g (test for excess errors)
FAIL: libgomp.fortran/pr27395-1.f90 -Os (test for excess errors)
FAIL: libgomp.fortran/pr27395-2.f90 -O0 (test for excess errors)
FAIL: libgomp.fortran/pr27395-2.f90 -O1 (test for excess errors)
FAIL: libgomp.fortran/pr27395-2.f90 -O2 (test for excess errors)
FAIL: libgomp.fortran/pr27395-2.f90 -O3 -fomit-frame-pointer (test for excess errors)
FAIL: libgomp.fortran/pr27395-2.f90 -O3 -fomit-frame-pointer -funroll-loops (test for excess errors)
FAIL: libgomp.fortran/pr27395-2.f90 -O3 -fomit-frame-pointer -funroll-all-loops -finline-functions (test for excess errors)
FAIL: libgomp.fortran/pr27395-2.f90 -O3 -g (test for excess errors)
FAIL: libgomp.fortran/pr27395-2.f90 -Os (test for excess errors)
FAIL: libgomp.fortran/pr27416-1.f90 -O0 (test for excess errors)
FAIL: libgomp.fortran/pr27416-1.f90 -O1 (test for excess errors)
FAIL: libgomp.fortran/pr27416-1.f90 -O2 (test for excess errors)
FAIL: libgomp.fortran/pr27416-1.f90 -O3 -fomit-frame-pointer (test for excess errors)
FAIL: libgomp.fortran/pr27416-1.f90 -O3 -fomit-frame-pointer -funroll-loops (test for excess errors)
FAIL: libgomp.fortran/pr27416-1.f90 -O3 -fomit-frame-pointer -funroll-all-loops -finline-functions (test for excess errors)
FAIL: libgomp.fortran/pr27416-1.f90 -O3 -g (test for excess errors)
FAIL: libgomp.fortran/pr27416-1.f90 -Os (test for excess errors)
FAIL: libgomp.fortran/pr27916-1.f90 -O0 (test for excess errors)
FAIL: libgomp.fortran/pr27916-1.f90 -O1 (test for excess errors)
FAIL: libgomp.fortran/pr27916-1.f90 -O2 (test for excess errors)
FAIL: libgomp.fortran/pr27916-1.f90 -O3 -fomit-frame-pointer (test for excess errors)
FAIL: libgomp.fortran/pr27916-1.f90 -O3 -fomit-frame-pointer -funroll-loops (test for excess errors)
FAIL: libgomp.fortran/pr27916-1.f90 -O3 -fomit-frame-pointer -funroll-all-loops -finline-functions (test for excess errors)
FAIL: libgomp.fortran/pr27916-1.f90 -O3 -g (test for excess errors)
FAIL: libgomp.fortran/pr27916-1.f90 -Os (test for excess errors)
FAIL: libgomp.fortran/pr27916-2.f90 -O0 (test for excess errors)
FAIL: libgomp.fortran/pr27916-2.f90 -O1 (test for excess errors)
FAIL: libgomp.fortran/pr27916-2.f90 -O2 (test for excess errors)
FAIL: libgomp.fortran/pr27916-2.f90 -O3 -fomit-frame-pointer (test for excess errors)
FAIL: libgomp.fortran/pr27916-2.f90 -O3 -fomit-frame-pointer -funroll-loops (test for excess errors)
FAIL: libgomp.fortran/pr27916-2.f90 -O3 -fomit-frame-pointer -funroll-all-loops -finline-functions (test for excess errors)
FAIL: libgomp.fortran/pr27916-2.f90 -O3 -g (test for excess errors)
FAIL: libgomp.fortran/pr27916-2.f90 -Os (test for excess errors)
FAIL: libgomp.fortran/pr28390.f -O (test for excess errors)
FAIL: libgomp.fortran/pr29629.f90 -O0 (test for excess errors)
FAIL: libgomp.fortran/pr29629.f90 -O1 (test for excess errors)
FAIL: libgomp.fortran/pr29629.f90 -O2 (test for excess errors)
FAIL: libgomp.fortran/pr29629.f90 -O3 -fomit-frame-pointer (test for excess errors)
FAIL: libgomp.fortran/pr29629.f90 -O3 -fomit-frame-pointer -funroll-loops (test for excess errors)
FAIL: libgomp.fortran/pr29629.f90 -O3 -fomit-frame-pointer -funroll-all-loops -finline-functions (test for excess errors)
FAIL: libgomp.fortran/pr29629.f90 -O3 -g (test for excess errors)
FAIL: libgomp.fortran/pr29629.f90 -Os (test for excess errors)
FAIL: libgomp.fortran/pr32359.f90 -O (test for excess errors)
FAIL: libgomp.fortran/pr32550.f90 -O0 (test for excess errors)
FAIL: libgomp.fortran/pr32550.f90 -O1 (test for excess errors)
FAIL: libgomp.fortran/pr32550.f90 -O2 (test for excess errors)
FAIL: libgomp.fortran/pr32550.f90 -O3 -fomit-frame-pointer (test for excess errors)
FAIL: libgomp.fortran/pr32550.f90 -O3 -fomit-frame-pointer -funroll-loops (test for excess errors)
FAIL: libgomp.fortran/pr32550.f90 -O3 -fomit-frame-pointer -funroll-all-loops -finline-functions (test for excess errors)
FAIL: libgomp.fortran/pr32550.f90 -O3 -g (test for excess errors)
FAIL: libgomp.fortran/pr32550.f90 -Os (test for excess errors)
FAIL: libgomp.fortran/pr33880.f90 -O0 (test for excess errors)
FAIL: libgomp.fortran/pr33880.f90 -O1 (test for excess errors)
FAIL: libgomp.fortran/pr33880.f90 -O2 (test for excess errors)
FAIL: libgomp.fortran/pr33880.f90 -O3 -fomit-frame-pointer (test for excess errors)
FAIL: libgomp.fortran/pr33880.f90 -O3 -fomit-frame-pointer -funroll-loops (test for excess errors)
FAIL: libgomp.fortran/pr33880.f90 -O3 -fomit-frame-pointer -funroll-all-loops -finline-functions (test for excess errors)
FAIL: libgomp.fortran/pr33880.f90 -O3 -g (test for excess errors)
FAIL: libgomp.fortran/pr33880.f90 -Os (test for excess errors)
FAIL: libgomp.fortran/pr34020.f90 -O0 (test for excess errors)
FAIL: libgomp.fortran/pr34020.f90 -O1 (test for excess errors)
FAIL: libgomp.fortran/pr34020.f90 -O2 (test for excess errors)
FAIL: libgomp.fortran/pr34020.f90 -O3 -fomit-frame-pointer (test for excess errors)
FAIL: libgomp.fortran/pr34020.f90 -O3 -fomit-frame-pointer -funroll-loops (test for excess errors)
FAIL: libgomp.fortran/pr34020.f90 -O3 -fomit-frame-pointer -funroll-all-loops -finline-functions (test for excess errors)
FAIL: libgomp.fortran/pr34020.f90 -O3 -g (test for excess errors)
FAIL: libgomp.fortran/pr34020.f90 -Os (test for excess errors)
FAIL: libgomp.fortran/pr35130.f90 -O (test for excess errors)
FAIL: libgomp.fortran/pr42162.f90 -O0 (test for excess errors)
FAIL: libgomp.fortran/pr42162.f90 -O1 (test for excess errors)
FAIL: libgomp.fortran/pr42162.f90 -O2 (test for excess errors)
FAIL: libgomp.fortran/pr42162.f90 -O3 -fomit-frame-pointer (test for excess errors)
FAIL: libgomp.fortran/pr42162.f90 -O3 -fomit-frame-pointer -funroll-loops (test for excess errors)
FAIL: libgomp.fortran/pr42162.f90 -O3 -fomit-frame-pointer -funroll-all-loops -finline-functions (test for excess errors)
FAIL: libgomp.fortran/pr42162.f90 -O3 -g (test for excess errors)
FAIL: libgomp.fortran/pr42162.f90 -Os (test for excess errors)
FAIL: libgomp.fortran/pr46753.f90 -O0 (test for excess errors)
FAIL: libgomp.fortran/pr46753.f90 -O1 (test for excess errors)
FAIL: libgomp.fortran/pr46753.f90 -O2 (test for excess errors)
FAIL: libgomp.fortran/pr46753.f90 -O3 -fomit-frame-pointer (test for excess errors)
FAIL: libgomp.fortran/pr46753.f90 -O3 -fomit-frame-pointer -funroll-loops (test for excess errors)
FAIL: libgomp.fortran/pr46753.f90 -O3 -fomit-frame-pointer -funroll-all-loops -finline-functions (test for excess errors)
FAIL: libgomp.fortran/pr46753.f90 -O3 -g (test for excess errors)
FAIL: libgomp.fortran/pr46753.f90 -Os (test for excess errors)
FAIL: libgomp.fortran/pr48894.f90 -O0 (test for excess errors)
FAIL: libgomp.fortran/pr48894.f90 -O1 (test for excess errors)
FAIL: libgomp.fortran/pr48894.f90 -O2 (test for excess errors)
FAIL: libgomp.fortran/pr48894.f90 -O3 -fomit-frame-pointer (test for excess errors)
FAIL: libgomp.fortran/pr48894.f90 -O3 -fomit-frame-pointer -funroll-loops (test for excess errors)
FAIL: libgomp.fortran/pr48894.f90 -O3 -fomit-frame-pointer -funroll-all-loops -finline-functions (test for excess errors)
FAIL: libgomp.fortran/pr48894.f90 -O3 -g (test for excess errors)
FAIL: libgomp.fortran/pr48894.f90 -Os (test for excess errors)
FAIL: libgomp.fortran/pr49792-1.f90 -O0 (test for excess errors)
FAIL: libgomp.fortran/pr49792-1.f90 -O1 (test for excess errors)
FAIL: libgomp.fortran/pr49792-1.f90 -O2 (test for excess errors)
FAIL: libgomp.fortran/pr49792-1.f90 -O3 -fomit-frame-pointer (test for excess errors)
FAIL: libgomp.fortran/pr49792-1.f90 -O3 -fomit-frame-pointer -funroll-loops (test for excess errors)
FAIL: libgomp.fortran/pr49792-1.f90 -O3 -fomit-frame-pointer -funroll-all-loops -finline-functions (test for excess errors)
FAIL: libgomp.fortran/pr49792-1.f90 -O3 -g (test for excess errors)
FAIL: libgomp.fortran/pr49792-1.f90 -Os (test for excess errors)
FAIL: libgomp.fortran/pr49792-2.f90 -O0 (test for excess errors)
FAIL: libgomp.fortran/pr49792-2.f90 -O1 (test for excess errors)
FAIL: libgomp.fortran/pr49792-2.f90 -O2 (test for excess errors)
FAIL: libgomp.fortran/pr49792-2.f90 -O3 -fomit-frame-pointer (test for excess errors)
FAIL: libgomp.fortran/pr49792-2.f90 -O3 -fomit-frame-pointer -funroll-loops (test for excess errors)
FAIL: libgomp.fortran/pr49792-2.f90 -O3 -fomit-frame-pointer -funroll-all-loops -finline-functions (test for excess errors)
FAIL: libgomp.fortran/pr49792-2.f90 -O3 -g (test for excess errors)
FAIL: libgomp.fortran/pr49792-2.f90 -Os (test for excess errors)
FAIL: libgomp.fortran/recursion1.f90 -O0 (test for excess errors)
FAIL: libgomp.fortran/recursion1.f90 -O1 (test for excess errors)
FAIL: libgomp.fortran/recursion1.f90 -O2 (test for excess errors)
FAIL: libgomp.fortran/recursion1.f90 -O3 -fomit-frame-pointer (test for excess errors)
FAIL: libgomp.fortran/recursion1.f90 -O3 -fomit-frame-pointer -funroll-loops (test for excess errors)
FAIL: libgomp.fortran/recursion1.f90 -O3 -fomit-frame-pointer -funroll-all-loops -finline-functions (test for excess errors)
FAIL: libgomp.fortran/recursion1.f90 -O3 -g (test for excess errors)
FAIL: libgomp.fortran/recursion1.f90 -Os (test for excess errors)
FAIL: libgomp.fortran/reduction1.f90 -O0 (test for excess errors)
FAIL: libgomp.fortran/reduction1.f90 -O1 (test for excess errors)
FAIL: libgomp.fortran/reduction1.f90 -O2 (test for excess errors)
FAIL: libgomp.fortran/reduction1.f90 -O3 -fomit-frame-pointer (test for excess errors)
FAIL: libgomp.fortran/reduction1.f90 -O3 -fomit-frame-pointer -funroll-loops (test for excess errors)
FAIL: libgomp.fortran/reduction1.f90 -O3 -fomit-frame-pointer -funroll-all-loops -finline-functions (test for excess errors)
FAIL: libgomp.fortran/reduction1.f90 -O3 -g (test for excess errors)
FAIL: libgomp.fortran/reduction1.f90 -Os (test for excess errors)
FAIL: libgomp.fortran/reduction2.f90 -O0 (test for excess errors)
FAIL: libgomp.fortran/reduction2.f90 -O1 (test for excess errors)
FAIL: libgomp.fortran/reduction2.f90 -O2 (test for excess errors)
FAIL: libgomp.fortran/reduction2.f90 -O3 -fomit-frame-pointer (test for excess errors)
FAIL: libgomp.fortran/reduction2.f90 -O3 -fomit-frame-pointer -funroll-loops (test for excess errors)
FAIL: libgomp.fortran/reduction2.f90 -O3 -fomit-frame-pointer -funroll-all-loops -finline-functions (test for excess errors)
FAIL: libgomp.fortran/reduction2.f90 -O3 -g (test for excess errors)
FAIL: libgomp.fortran/reduction2.f90 -Os (test for excess errors)
FAIL: libgomp.fortran/reduction3.f90 -O0 (test for excess errors)
FAIL: libgomp.fortran/reduction3.f90 -O1 (test for excess errors)
FAIL: libgomp.fortran/reduction3.f90 -O2 (test for excess errors)
FAIL: libgomp.fortran/reduction3.f90 -O3 -fomit-frame-pointer (test for excess errors)
FAIL: libgomp.fortran/reduction3.f90 -O3 -fomit-frame-pointer -funroll-loops (test for excess errors)
FAIL: libgomp.fortran/reduction3.f90 -O3 -fomit-frame-pointer -funroll-all-loops -finline-functions (test for excess errors)
FAIL: libgomp.fortran/reduction3.f90 -O3 -g (test for excess errors)
FAIL: libgomp.fortran/reduction3.f90 -Os (test for excess errors)
FAIL: libgomp.fortran/reduction4.f90 -O0 (test for excess errors)
FAIL: libgomp.fortran/reduction4.f90 -O1 (test for excess errors)
FAIL: libgomp.fortran/reduction4.f90 -O2 (test for excess errors)
FAIL: libgomp.fortran/reduction4.f90 -O3 -fomit-frame-pointer (test for excess errors)
FAIL: libgomp.fortran/reduction4.f90 -O3 -fomit-frame-pointer -funroll-loops (test for excess errors)
FAIL: libgomp.fortran/reduction4.f90 -O3 -fomit-frame-pointer -funroll-all-loops -finline-functions (test for excess errors)
FAIL: libgomp.fortran/reduction4.f90 -O3 -g (test for excess errors)
FAIL: libgomp.fortran/reduction4.f90 -Os (test for excess errors)
FAIL: libgomp.fortran/reduction5.f90 -O0 (test for excess errors)
FAIL: libgomp.fortran/reduction5.f90 -O1 (test for excess errors)
FAIL: libgomp.fortran/reduction5.f90 -O2 (test for excess errors)
FAIL: libgomp.fortran/reduction5.f90 -O3 -fomit-frame-pointer (test for excess errors)
FAIL: libgomp.fortran/reduction5.f90 -O3 -fomit-frame-pointer -funroll-loops (test for excess errors)
FAIL: libgomp.fortran/reduction5.f90 -O3 -fomit-frame-pointer -funroll-all-loops -finline-functions (test for excess errors)
FAIL: libgomp.fortran/reduction5.f90 -O3 -g (test for excess errors)
FAIL: libgomp.fortran/reduction5.f90 -Os (test for excess errors)
FAIL: libgomp.fortran/reduction6.f90 -O0 (test for excess errors)
FAIL: libgomp.fortran/reduction6.f90 -O1 (test for excess errors)
FAIL: libgomp.fortran/reduction6.f90 -O2 (test for excess errors)
FAIL: libgomp.fortran/reduction6.f90 -O3 -fomit-frame-pointer (test for excess errors)
FAIL: libgomp.fortran/reduction6.f90 -O3 -fomit-frame-pointer -funroll-loops (test for excess errors)
FAIL: libgomp.fortran/reduction6.f90 -O3 -fomit-frame-pointer -funroll-all-loops -finline-functions (test for excess errors)
FAIL: libgomp.fortran/reduction6.f90 -O3 -g (test for excess errors)
FAIL: libgomp.fortran/reduction6.f90 -Os (test for excess errors)
FAIL: libgomp.fortran/reference1.f90 -O0 (test for excess errors)
FAIL: libgomp.fortran/reference1.f90 -O1 (test for excess errors)
FAIL: libgomp.fortran/reference1.f90 -O2 (test for excess errors)
FAIL: libgomp.fortran/reference1.f90 -O3 -fomit-frame-pointer (test for excess errors)
FAIL: libgomp.fortran/reference1.f90 -O3 -fomit-frame-pointer -funroll-loops (test for excess errors)
FAIL: libgomp.fortran/reference1.f90 -O3 -fomit-frame-pointer -funroll-all-loops -finline-functions (test for excess errors)
FAIL: libgomp.fortran/reference1.f90 -O3 -g (test for excess errors)
FAIL: libgomp.fortran/reference1.f90 -Os (test for excess errors)
FAIL: libgomp.fortran/reference2.f90 -O0 (test for excess errors)
FAIL: libgomp.fortran/reference2.f90 -O1 (test for excess errors)
FAIL: libgomp.fortran/reference2.f90 -O2 (test for excess errors)
FAIL: libgomp.fortran/reference2.f90 -O3 -fomit-frame-pointer (test for excess errors)
FAIL: libgomp.fortran/reference2.f90 -O3 -fomit-frame-pointer -funroll-loops (test for excess errors)
FAIL: libgomp.fortran/reference2.f90 -O3 -fomit-frame-pointer -funroll-all-loops -finline-functions (test for excess errors)
FAIL: libgomp.fortran/reference2.f90 -O3 -g (test for excess errors)
FAIL: libgomp.fortran/reference2.f90 -Os (test for excess errors)
FAIL: libgomp.fortran/retval1.f90 -O0 (test for excess errors)
FAIL: libgomp.fortran/retval1.f90 -O1 (test for excess errors)
FAIL: libgomp.fortran/retval1.f90 -O2 (test for excess errors)
FAIL: libgomp.fortran/retval1.f90 -O3 -fomit-frame-pointer (test for excess errors)
FAIL: libgomp.fortran/retval1.f90 -O3 -fomit-frame-pointer -funroll-loops (test for excess errors)
FAIL: libgomp.fortran/retval1.f90 -O3 -fomit-frame-pointer -funroll-all-loops -finline-functions (test for excess errors)
FAIL: libgomp.fortran/retval1.f90 -O3 -g (test for excess errors)
FAIL: libgomp.fortran/retval1.f90 -Os (test for excess errors)
FAIL: libgomp.fortran/retval2.f90 -O0 (test for excess errors)
FAIL: libgomp.fortran/retval2.f90 -O1 (test for excess errors)
FAIL: libgomp.fortran/retval2.f90 -O2 (test for excess errors)
FAIL: libgomp.fortran/retval2.f90 -O3 -fomit-frame-pointer (test for excess errors)
FAIL: libgomp.fortran/retval2.f90 -O3 -fomit-frame-pointer -funroll-loops (test for excess errors)
FAIL: libgomp.fortran/retval2.f90 -O3 -fomit-frame-pointer -funroll-all-loops -finline-functions (test for excess errors)
FAIL: libgomp.fortran/retval2.f90 -O3 -g (test for excess errors)
FAIL: libgomp.fortran/retval2.f90 -Os (test for excess errors)
FAIL: libgomp.fortran/sharing1.f90 -O0 (test for excess errors)
FAIL: libgomp.fortran/sharing1.f90 -O1 (test for excess errors)
FAIL: libgomp.fortran/sharing1.f90 -O2 (test for excess errors)
FAIL: libgomp.fortran/sharing1.f90 -O3 -fomit-frame-pointer (test for excess errors)
FAIL: libgomp.fortran/sharing1.f90 -O3 -fomit-frame-pointer -funroll-loops (test for excess errors)
FAIL: libgomp.fortran/sharing1.f90 -O3 -fomit-frame-pointer -funroll-all-loops -finline-functions (test for excess errors)
FAIL: libgomp.fortran/sharing1.f90 -O3 -g (test for excess errors)
FAIL: libgomp.fortran/sharing1.f90 -Os (test for excess errors)
FAIL: libgomp.fortran/sharing2.f90 -O0 (test for excess errors)
FAIL: libgomp.fortran/sharing2.f90 -O1 (test for excess errors)
FAIL: libgomp.fortran/sharing2.f90 -O2 (test for excess errors)
FAIL: libgomp.fortran/sharing2.f90 -O3 -fomit-frame-pointer (test for excess errors)
FAIL: libgomp.fortran/sharing2.f90 -O3 -fomit-frame-pointer -funroll-loops (test for excess errors)
FAIL: libgomp.fortran/sharing2.f90 -O3 -fomit-frame-pointer -funroll-all-loops -finline-functions (test for excess errors)
FAIL: libgomp.fortran/sharing2.f90 -O3 -g (test for excess errors)
FAIL: libgomp.fortran/sharing2.f90 -Os (test for excess errors)
FAIL: libgomp.fortran/stack.f90 -O0 (test for excess errors)
FAIL: libgomp.fortran/stack.f90 -O1 (test for excess errors)
FAIL: libgomp.fortran/stack.f90 -O2 (test for excess errors)
FAIL: libgomp.fortran/stack.f90 -O3 -fomit-frame-pointer (test for excess errors)
FAIL: libgomp.fortran/stack.f90 -O3 -fomit-frame-pointer -funroll-loops (test for excess errors)
FAIL: libgomp.fortran/stack.f90 -O3 -fomit-frame-pointer -funroll-all-loops -finline-functions (test for excess errors)
FAIL: libgomp.fortran/stack.f90 -O3 -g (test for excess errors)
FAIL: libgomp.fortran/stack.f90 -Os (test for excess errors)
FAIL: libgomp.fortran/strassen.f90 -O (test for excess errors)
FAIL: libgomp.fortran/tabs1.f90 -O (test for excess errors)
FAIL: libgomp.fortran/tabs2.f -O (test for excess errors)
FAIL: libgomp.fortran/task1.f90 -O0 (test for excess errors)
FAIL: libgomp.fortran/task1.f90 -O1 (test for excess errors)
FAIL: libgomp.fortran/task1.f90 -O2 (test for excess errors)
FAIL: libgomp.fortran/task1.f90 -O3 -fomit-frame-pointer (test for excess errors)
FAIL: libgomp.fortran/task1.f90 -O3 -fomit-frame-pointer -funroll-loops (test for excess errors)
FAIL: libgomp.fortran/task1.f90 -O3 -fomit-frame-pointer -funroll-all-loops -finline-functions (test for excess errors)
FAIL: libgomp.fortran/task1.f90 -O3 -g (test for excess errors)
FAIL: libgomp.fortran/task1.f90 -Os (test for excess errors)
FAIL: libgomp.fortran/task2.f90 -O (test for excess errors)
FAIL: libgomp.fortran/task3.f90 -O0 (test for excess errors)
FAIL: libgomp.fortran/task3.f90 -O1 (test for excess errors)
FAIL: libgomp.fortran/task3.f90 -O2 (test for excess errors)
FAIL: libgomp.fortran/task3.f90 -O3 -fomit-frame-pointer (test for excess errors)
FAIL: libgomp.fortran/task3.f90 -O3 -fomit-frame-pointer -funroll-loops (test for excess errors)
FAIL: libgomp.fortran/task3.f90 -O3 -fomit-frame-pointer -funroll-all-loops -finline-functions (test for excess errors)
FAIL: libgomp.fortran/task3.f90 -O3 -g (test for excess errors)
FAIL: libgomp.fortran/task3.f90 -Os (test for excess errors)
FAIL: libgomp.fortran/task4.f90 -O0 (test for excess errors)
FAIL: libgomp.fortran/task4.f90 -O1 (test for excess errors)
FAIL: libgomp.fortran/task4.f90 -O2 (test for excess errors)
FAIL: libgomp.fortran/task4.f90 -O3 -fomit-frame-pointer (test for excess errors)
FAIL: libgomp.fortran/task4.f90 -O3 -fomit-frame-pointer -funroll-loops (test for excess errors)
FAIL: libgomp.fortran/task4.f90 -O3 -fomit-frame-pointer -funroll-all-loops -finline-functions (test for excess errors)
FAIL: libgomp.fortran/task4.f90 -O3 -g (test for excess errors)
FAIL: libgomp.fortran/task4.f90 -Os (test for excess errors)
FAIL: libgomp.fortran/threadprivate1.f90 -O0 (test for excess errors)
FAIL: libgomp.fortran/threadprivate1.f90 -O1 (test for excess errors)
FAIL: libgomp.fortran/threadprivate1.f90 -O2 (test for excess errors)
FAIL: libgomp.fortran/threadprivate1.f90 -O3 -fomit-frame-pointer (test for excess errors)
FAIL: libgomp.fortran/threadprivate1.f90 -O3 -fomit-frame-pointer -funroll-loops (test for excess errors)
FAIL: libgomp.fortran/threadprivate1.f90 -O3 -fomit-frame-pointer -funroll-all-loops -finline-functions (test for excess errors)
FAIL: libgomp.fortran/threadprivate1.f90 -O3 -g (test for excess errors)
FAIL: libgomp.fortran/threadprivate1.f90 -Os (test for excess errors)
FAIL: libgomp.fortran/threadprivate2.f90 -O0 (test for excess errors)
FAIL: libgomp.fortran/threadprivate2.f90 -O1 (test for excess errors)
FAIL: libgomp.fortran/threadprivate2.f90 -O2 (test for excess errors)
FAIL: libgomp.fortran/threadprivate2.f90 -O3 -fomit-frame-pointer (test for excess errors)
FAIL: libgomp.fortran/threadprivate2.f90 -O3 -fomit-frame-pointer -funroll-loops (test for excess errors)
FAIL: libgomp.fortran/threadprivate2.f90 -O3 -fomit-frame-pointer -funroll-all-loops -finline-functions (test for excess errors)
FAIL: libgomp.fortran/threadprivate2.f90 -O3 -g (test for excess errors)
FAIL: libgomp.fortran/threadprivate2.f90 -Os (test for excess errors)
FAIL: libgomp.fortran/threadprivate3.f90 -O0 (test for excess errors)
FAIL: libgomp.fortran/threadprivate3.f90 -O1 (test for excess errors)
FAIL: libgomp.fortran/threadprivate3.f90 -O2 (test for excess errors)
FAIL: libgomp.fortran/threadprivate3.f90 -O3 -fomit-frame-pointer (test for excess errors)
FAIL: libgomp.fortran/threadprivate3.f90 -O3 -fomit-frame-pointer -funroll-loops (test for excess errors)
FAIL: libgomp.fortran/threadprivate3.f90 -O3 -fomit-frame-pointer -funroll-all-loops -finline-functions (test for excess errors)
FAIL: libgomp.fortran/threadprivate3.f90 -O3 -g (test for excess errors)
FAIL: libgomp.fortran/threadprivate3.f90 -Os (test for excess errors)
FAIL: libgomp.fortran/threadprivate4.f90 -O0 (test for excess errors)
FAIL: libgomp.fortran/threadprivate4.f90 -O1 (test for excess errors)
FAIL: libgomp.fortran/threadprivate4.f90 -O2 (test for excess errors)
FAIL: libgomp.fortran/threadprivate4.f90 -O3 -fomit-frame-pointer (test for excess errors)
FAIL: libgomp.fortran/threadprivate4.f90 -O3 -fomit-frame-pointer -funroll-loops (test for excess errors)
FAIL: libgomp.fortran/threadprivate4.f90 -O3 -fomit-frame-pointer -funroll-all-loops -finline-functions (test for excess errors)
FAIL: libgomp.fortran/threadprivate4.f90 -O3 -g (test for excess errors)
FAIL: libgomp.fortran/threadprivate4.f90 -Os (test for excess errors)
FAIL: libgomp.fortran/vla1.f90 -O0 (test for excess errors)
FAIL: libgomp.fortran/vla1.f90 -O1 (test for excess errors)
FAIL: libgomp.fortran/vla1.f90 -O2 (test for excess errors)
FAIL: libgomp.fortran/vla1.f90 -O3 -fomit-frame-pointer (test for excess errors)
FAIL: libgomp.fortran/vla1.f90 -O3 -fomit-frame-pointer -funroll-loops (test for excess errors)
FAIL: libgomp.fortran/vla1.f90 -O3 -fomit-frame-pointer -funroll-all-loops -finline-functions (test for excess errors)
FAIL: libgomp.fortran/vla1.f90 -O3 -g (test for excess errors)
FAIL: libgomp.fortran/vla1.f90 -Os (test for excess errors)
FAIL: libgomp.fortran/vla2.f90 -O0 (test for excess errors)
FAIL: libgomp.fortran/vla2.f90 -O1 (test for excess errors)
FAIL: libgomp.fortran/vla2.f90 -O2 (test for excess errors)
FAIL: libgomp.fortran/vla2.f90 -O3 -fomit-frame-pointer (test for excess errors)
FAIL: libgomp.fortran/vla2.f90 -O3 -fomit-frame-pointer -funroll-loops (test for excess errors)
FAIL: libgomp.fortran/vla2.f90 -O3 -fomit-frame-pointer -funroll-all-loops -finline-functions (test for excess errors)
FAIL: libgomp.fortran/vla2.f90 -O3 -g (test for excess errors)
FAIL: libgomp.fortran/vla2.f90 -Os (test for excess errors)
FAIL: libgomp.fortran/vla3.f90 -O0 (test for excess errors)
FAIL: libgomp.fortran/vla3.f90 -O1 (test for excess errors)
FAIL: libgomp.fortran/vla3.f90 -O2 (test for excess errors)
FAIL: libgomp.fortran/vla3.f90 -O3 -fomit-frame-pointer (test for excess errors)
FAIL: libgomp.fortran/vla3.f90 -O3 -fomit-frame-pointer -funroll-loops (test for excess errors)
FAIL: libgomp.fortran/vla3.f90 -O3 -fomit-frame-pointer -funroll-all-loops -finline-functions (test for excess errors)
FAIL: libgomp.fortran/vla3.f90 -O3 -g (test for excess errors)
FAIL: libgomp.fortran/vla3.f90 -Os (test for excess errors)
FAIL: libgomp.fortran/vla4.f90 -O0 (test for excess errors)
FAIL: libgomp.fortran/vla4.f90 -O1 (test for excess errors)
FAIL: libgomp.fortran/vla4.f90 -O2 (test for excess errors)
FAIL: libgomp.fortran/vla4.f90 -O3 -fomit-frame-pointer (test for excess errors)
FAIL: libgomp.fortran/vla4.f90 -O3 -fomit-frame-pointer -funroll-loops (test for excess errors)
FAIL: libgomp.fortran/vla4.f90 -O3 -fomit-frame-pointer -funroll-all-loops -finline-functions (test for excess errors)
FAIL: libgomp.fortran/vla4.f90 -O3 -g (test for excess errors)
FAIL: libgomp.fortran/vla4.f90 -Os (test for excess errors)
FAIL: libgomp.fortran/vla5.f90 -O0 (test for excess errors)
FAIL: libgomp.fortran/vla5.f90 -O1 (test for excess errors)
FAIL: libgomp.fortran/vla5.f90 -O2 (test for excess errors)
FAIL: libgomp.fortran/vla5.f90 -O3 -fomit-frame-pointer (test for excess errors)
FAIL: libgomp.fortran/vla5.f90 -O3 -fomit-frame-pointer -funroll-loops (test for excess errors)
FAIL: libgomp.fortran/vla5.f90 -O3 -fomit-frame-pointer -funroll-all-loops -finline-functions (test for excess errors)
FAIL: libgomp.fortran/vla5.f90 -O3 -g (test for excess errors)
FAIL: libgomp.fortran/vla5.f90 -Os (test for excess errors)
FAIL: libgomp.fortran/vla6.f90 -O0 (test for excess errors)
FAIL: libgomp.fortran/vla6.f90 -O1 (test for excess errors)
FAIL: libgomp.fortran/vla6.f90 -O2 (test for excess errors)
FAIL: libgomp.fortran/vla6.f90 -O3 -fomit-frame-pointer (test for excess errors)
FAIL: libgomp.fortran/vla6.f90 -O3 -fomit-frame-pointer -funroll-loops (test for excess errors)
FAIL: libgomp.fortran/vla6.f90 -O3 -fomit-frame-pointer -funroll-all-loops -finline-functions (test for excess errors)
FAIL: libgomp.fortran/vla6.f90 -O3 -g (test for excess errors)
FAIL: libgomp.fortran/vla6.f90 -Os (test for excess errors)
FAIL: libgomp.fortran/vla8.f90 -O0 (test for excess errors)
FAIL: libgomp.fortran/vla8.f90 -O1 (test for excess errors)
FAIL: libgomp.fortran/vla8.f90 -O2 (test for excess errors)
FAIL: libgomp.fortran/vla8.f90 -O3 -fomit-frame-pointer (test for excess errors)
FAIL: libgomp.fortran/vla8.f90 -O3 -fomit-frame-pointer -funroll-loops (test for excess errors)
FAIL: libgomp.fortran/vla8.f90 -O3 -fomit-frame-pointer -funroll-all-loops -finline-functions (test for excess errors)
FAIL: libgomp.fortran/vla8.f90 -O3 -g (test for excess errors)
FAIL: libgomp.fortran/vla8.f90 -Os (test for excess errors)
FAIL: libgomp.fortran/workshare1.f90 -O (test for excess errors)
FAIL: libgomp.fortran/workshare2.f90 -O (test for excess errors)
=== libgomp Summary ===
# of expected passes 2089
# of unexpected failures 839
# of unsupported tests 1
=== libmudflap tests ===
Running target unix
FAIL: libmudflap.c++/pass55-frag.cxx (-static) execution test
FAIL: libmudflap.c++/pass55-frag.cxx ( -O) execution test
FAIL: libmudflap.c++/pass55-frag.cxx (-O2) execution test
FAIL: libmudflap.c++/pass55-frag.cxx (-O3) execution test
=== libmudflap Summary ===
# of expected passes 1902
# of unexpected failures 4
=== libstdc++ tests ===
Running target unix
FAIL: 20_util/tuple/creation_functions/tie2.cc (test for excess errors)
UNRESOLVED: 20_util/tuple/creation_functions/tie2.cc compilation failed to produce executable
FAIL: 25_algorithms/stable_sort/49559.cc (test for excess errors)
UNRESOLVED: 25_algorithms/stable_sort/49559.cc compilation failed to produce executable
=== libstdc++ Summary ===
# of expected passes 8015
# of unexpected failures 2
# of expected failures 42
# of unresolved testcases 2
# of unsupported tests 523
=== g++ tests ===
Running target unix
=== g++ Summary ===
# of expected passes 47729
# of expected failures 285
# of unsupported tests 678
/scratch/cbuild/slave/slaves/tcpanda03/gcc-4.8~svn190081/gcc/default/build/gcc/testsuite/g++/../../g++ version 4.8.0 20120802 (experimental) [trunk revision 190081] (GCC)
=== gcc tests ===
Running target unix
XPASS: gcc.dg/Wstrict-overflow-18.c (test for bogus messages, line 20)
FAIL: gcc.dg/attr-weakref-1.c (test for excess errors)
UNRESOLVED: gcc.dg/attr-weakref-1.c compilation failed to produce executable
FAIL: gcc.dg/c99-intconst-1.c (test for excess errors)
FAIL: gcc.dg/c99-stdint-1.c (test for excess errors)
FAIL: gcc.dg/c99-stdint-7.c (test for excess errors)
FAIL: gcc.dg/pr48335-5.c (internal compiler error)
FAIL: gcc.dg/pr48335-5.c (test for excess errors)
FAIL: gcc.dg/pr52558-1.c scan-tree-dump-times lim1 "MEM count_lsm.. count_lsm_flag" 1
FAIL: gcc.dg/pr52558-2.c scan-tree-dump-times lim1 "MEM.*g_2_lsm_flag" 1
FAIL: gcc.dg/uninit-13.c unconditional (test for warnings, line 8)
FAIL: gcc.dg/uninit-13.c (test for excess errors)
FAIL: gcc.dg/fixed-point/binary.c execution test
FAIL: gcc.dg/fixed-point/convert.c execution test
XPASS: gcc.dg/guality/example.c -O0 execution test
XPASS: gcc.dg/guality/example.c -O1 execution test
XPASS: gcc.dg/guality/guality.c -O0 execution test
XPASS: gcc.dg/guality/guality.c -O1 execution test
XPASS: gcc.dg/guality/guality.c -O2 execution test
XPASS: gcc.dg/guality/guality.c -O3 -fomit-frame-pointer execution test
XPASS: gcc.dg/guality/guality.c -O3 -g execution test
XPASS: gcc.dg/guality/guality.c -Os execution test
XPASS: gcc.dg/guality/guality.c -O2 -flto -fno-use-linker-plugin -flto-partition=none execution test
XPASS: gcc.dg/guality/guality.c -O2 -flto -fuse-linker-plugin -fno-fat-lto-objects execution test
XPASS: gcc.dg/guality/inline-params.c -O2 execution test
XPASS: gcc.dg/guality/inline-params.c -O3 -fomit-frame-pointer execution test
XPASS: gcc.dg/guality/inline-params.c -O3 -g execution test
XPASS: gcc.dg/guality/inline-params.c -Os execution test
XPASS: gcc.dg/guality/inline-params.c -O2 -flto -fno-use-linker-plugin -flto-partition=none execution test
XPASS: gcc.dg/guality/inline-params.c -O2 -flto -fuse-linker-plugin -fno-fat-lto-objects execution test
FAIL: gcc.dg/guality/nrv-1.c -O2 -flto -fuse-linker-plugin -fno-fat-lto-objects line 20 a2.i[0] == 42
XPASS: gcc.dg/guality/pr41353-1.c -O0 line 28 j == 28 + 37
XPASS: gcc.dg/guality/pr41353-1.c -O1 line 28 j == 28 + 37
XPASS: gcc.dg/guality/pr41353-1.c -O2 line 28 j == 28 + 37
XPASS: gcc.dg/guality/pr41353-1.c -O3 -fomit-frame-pointer line 28 j == 28 + 37
XPASS: gcc.dg/guality/pr41353-1.c -O3 -g line 28 j == 28 + 37
XPASS: gcc.dg/guality/pr41353-1.c -Os line 28 j == 28 + 37
XPASS: gcc.dg/guality/pr41353-1.c -O2 -flto -fno-use-linker-plugin -flto-partition=none line 28 j == 28 + 37
XPASS: gcc.dg/guality/pr41353-1.c -O2 -flto -fuse-linker-plugin -fno-fat-lto-objects line 28 j == 28 + 37
XPASS: gcc.dg/guality/pr41447-1.c -O0 execution test
XPASS: gcc.dg/guality/pr41447-1.c -O1 execution test
XPASS: gcc.dg/guality/pr41447-1.c -O2 execution test
XPASS: gcc.dg/guality/pr41447-1.c -O3 -fomit-frame-pointer execution test
XPASS: gcc.dg/guality/pr41447-1.c -O3 -g execution test
XPASS: gcc.dg/guality/pr41447-1.c -Os execution test
XPASS: gcc.dg/guality/pr41447-1.c -O2 -flto -fuse-linker-plugin -fno-fat-lto-objects execution test
XPASS: gcc.dg/guality/pr41616-1.c -O0 execution test
XPASS: gcc.dg/guality/pr41616-1.c -O1 execution test
XPASS: gcc.dg/guality/pr41616-1.c -O2 execution test
XPASS: gcc.dg/guality/pr41616-1.c -O3 -fomit-frame-pointer execution test
XPASS: gcc.dg/guality/pr41616-1.c -O3 -g execution test
XPASS: gcc.dg/guality/pr41616-1.c -Os execution test
XPASS: gcc.dg/guality/pr41616-1.c -O2 -flto -fno-use-linker-plugin -flto-partition=none execution test
FAIL: gcc.dg/guality/sra-1.c -O2 line 43 a.j == 14
FAIL: gcc.dg/guality/sra-1.c -O3 -fomit-frame-pointer line 43 a.j == 14
FAIL: gcc.dg/guality/sra-1.c -O3 -g line 43 a.j == 14
FAIL: gcc.dg/guality/sra-1.c -Os line 43 a.j == 14
FAIL: gcc.dg/guality/sra-1.c -O2 -flto -fno-use-linker-plugin -flto-partition=none line 43 a.j == 14
FAIL: gcc.dg/guality/sra-1.c -O2 -flto -fuse-linker-plugin -fno-fat-lto-objects line 43 a.j == 14
FAIL: gcc.dg/guality/vla-1.c -O0 line 17 sizeof (a) == 6
FAIL: gcc.dg/guality/vla-1.c -O0 line 24 sizeof (a) == 17 * sizeof (short)
FAIL: gcc.dg/guality/vla-1.c -O1 line 17 sizeof (a) == 6
FAIL: gcc.dg/guality/vla-1.c -O1 line 24 sizeof (a) == 17 * sizeof (short)
FAIL: gcc.dg/guality/vla-1.c -O2 line 17 sizeof (a) == 6
FAIL: gcc.dg/guality/vla-1.c -O2 line 24 sizeof (a) == 17 * sizeof (short)
FAIL: gcc.dg/guality/vla-1.c -O3 -fomit-frame-pointer line 17 sizeof (a) == 6
FAIL: gcc.dg/guality/vla-1.c -O3 -fomit-frame-pointer line 24 sizeof (a) == 17 * sizeof (short)
FAIL: gcc.dg/guality/vla-1.c -O3 -g line 17 sizeof (a) == 6
FAIL: gcc.dg/guality/vla-1.c -O3 -g line 24 sizeof (a) == 17 * sizeof (short)
FAIL: gcc.dg/guality/vla-1.c -Os line 17 sizeof (a) == 6
FAIL: gcc.dg/guality/vla-1.c -Os line 24 sizeof (a) == 17 * sizeof (short)
FAIL: gcc.dg/guality/vla-1.c -O2 -flto -fno-use-linker-plugin -flto-partition=none line 17 sizeof (a) == 6
FAIL: gcc.dg/guality/vla-1.c -O2 -flto -fno-use-linker-plugin -flto-partition=none line 24 sizeof (a) == 17 * sizeof (short)
FAIL: gcc.dg/guality/vla-1.c -O2 -flto -fuse-linker-plugin -fno-fat-lto-objects line 17 sizeof (a) == 6
FAIL: gcc.dg/guality/vla-1.c -O2 -flto -fuse-linker-plugin -fno-fat-lto-objects line 24 sizeof (a) == 17 * sizeof (short)
FAIL: gcc.dg/guality/vla-2.c -O0 line 16 sizeof (a) == 5 * sizeof (int)
FAIL: gcc.dg/guality/vla-2.c -O0 line 25 sizeof (a) == 6 * sizeof (int)
FAIL: gcc.dg/guality/vla-2.c -O1 line 16 sizeof (a) == 5 * sizeof (int)
FAIL: gcc.dg/guality/vla-2.c -O1 line 25 sizeof (a) == 6 * sizeof (int)
FAIL: gcc.dg/guality/vla-2.c -O2 line 16 sizeof (a) == 5 * sizeof (int)
FAIL: gcc.dg/guality/vla-2.c -O2 line 25 sizeof (a) == 6 * sizeof (int)
FAIL: gcc.dg/guality/vla-2.c -O3 -fomit-frame-pointer line 16 sizeof (a) == 5 * sizeof (int)
FAIL: gcc.dg/guality/vla-2.c -O3 -fomit-frame-pointer line 25 sizeof (a) == 6 * sizeof (int)
FAIL: gcc.dg/guality/vla-2.c -O3 -g line 16 sizeof (a) == 5 * sizeof (int)
FAIL: gcc.dg/guality/vla-2.c -O3 -g line 25 sizeof (a) == 6 * sizeof (int)
FAIL: gcc.dg/guality/vla-2.c -Os line 16 sizeof (a) == 5 * sizeof (int)
FAIL: gcc.dg/guality/vla-2.c -Os line 25 sizeof (a) == 6 * sizeof (int)
FAIL: gcc.dg/guality/vla-2.c -O2 -flto -fno-use-linker-plugin -flto-partition=none line 16 sizeof (a) == 5 * sizeof (int)
FAIL: gcc.dg/guality/vla-2.c -O2 -flto -fno-use-linker-plugin -flto-partition=none line 25 sizeof (a) == 6 * sizeof (int)
FAIL: gcc.dg/guality/vla-2.c -O2 -flto -fuse-linker-plugin -fno-fat-lto-objects line 16 sizeof (a) == 5 * sizeof (int)
FAIL: gcc.dg/guality/vla-2.c -O2 -flto -fuse-linker-plugin -fno-fat-lto-objects line 25 sizeof (a) == 6 * sizeof (int)
FAIL: gcc.dg/pch/save-temps-1.c -O0 -g assembly comparison
FAIL: gcc.dg/simulate-thread/atomic-load-longlong.c -O0 -g thread simulation test
FAIL: gcc.dg/simulate-thread/atomic-load-longlong.c -O2 -g thread simulation test
FAIL: gcc.dg/simulate-thread/atomic-load-longlong.c -O3 -g thread simulation test
FAIL: gcc.dg/simulate-thread/atomic-other-int.c -O0 -g thread simulation test
FAIL: gcc.dg/simulate-thread/atomic-other-int.c -O2 -g thread simulation test
FAIL: gcc.dg/simulate-thread/atomic-other-int.c -O3 -g thread simulation test
FAIL: gcc.dg/simulate-thread/atomic-other-longlong.c -O0 -g thread simulation test
FAIL: gcc.dg/simulate-thread/atomic-other-longlong.c -O2 -g thread simulation test
FAIL: gcc.dg/simulate-thread/atomic-other-longlong.c -O3 -g thread simulation test
FAIL: gcc.dg/simulate-thread/atomic-other-short.c -O0 -g thread simulation test
FAIL: gcc.dg/simulate-thread/atomic-other-short.c -O2 -g thread simulation test
FAIL: gcc.dg/simulate-thread/atomic-other-short.c -O3 -g thread simulation test
FAIL: gcc.dg/tm/reg-promotion.c scan-tree-dump-times lim1 "MEM count_lsm.. count_lsm_flag" 1
FAIL: gcc.dg/torture/pr51106-2.c -O0 (internal compiler error)
FAIL: gcc.dg/torture/pr51106-2.c -O0 (test for excess errors)
FAIL: gcc.dg/torture/pr51106-2.c -O1 (internal compiler error)
FAIL: gcc.dg/torture/pr51106-2.c -O1 (test for excess errors)
FAIL: gcc.dg/torture/pr51106-2.c -O2 (internal compiler error)
FAIL: gcc.dg/torture/pr51106-2.c -O2 (test for excess errors)
FAIL: gcc.dg/torture/pr51106-2.c -O3 -fomit-frame-pointer (internal compiler error)
FAIL: gcc.dg/torture/pr51106-2.c -O3 -fomit-frame-pointer (test for excess errors)
FAIL: gcc.dg/torture/pr51106-2.c -O3 -g (internal compiler error)
FAIL: gcc.dg/torture/pr51106-2.c -O3 -g (test for excess errors)
FAIL: gcc.dg/torture/pr51106-2.c -Os (internal compiler error)
FAIL: gcc.dg/torture/pr51106-2.c -Os (test for excess errors)
FAIL: gcc.dg/torture/pr51106-2.c -O2 -flto -fno-use-linker-plugin -flto-partition=none (internal compiler error)
FAIL: gcc.dg/torture/pr51106-2.c -O2 -flto -fno-use-linker-plugin -flto-partition=none (test for excess errors)
FAIL: gcc.dg/torture/stackalign/builtin-apply-4.c -O2 -flto -fuse-linker-plugin -fno-fat-lto-objects execution test
FAIL: gcc.dg/torture/stackalign/builtin-apply-4.c -O2 -flto -fuse-linker-plugin -fno-fat-lto-objects -fpic execution test
FAIL: gcc.dg/tree-ssa/pr37508.c scan-tree-dump-times vrp1 "Folding" 3
FAIL: gcc.dg/tree-ssa/sra-12.c scan-tree-dump-times release_ssa "l;" 0
FAIL: gcc.target/arm/g2.c scan-assembler mla[ \\t].*
FAIL: gcc.target/arm/pr42575.c scan-assembler-not mov
FAIL: gcc.target/arm/scd42-2.c scan-assembler mov[ \\t].*272
FAIL: gcc.target/arm/unsigned-extend-1.c scan-assembler-not uxtb
=== gcc Summary ===
# of expected passes 84452
# of unexpected failures 87
# of unexpected successes 39
# of expected failures 292
# of unresolved testcases 1
# of unsupported tests 1525
/scratch/cbuild/slave/slaves/tcpanda03/gcc-4.8~svn190081/gcc/default/build/gcc/xgcc version 4.8.0 20120802 (experimental) [trunk revision 190081] (GCC)
=== gfortran tests ===
Running target unix
FAIL: gfortran.dg/lto/pr45586-2 f_lto_pr45586-2_0.o-f_lto_pr45586-2_0.o link, -O0 -flto -flto-partition=none -fuse-linker-plugin (internal compiler error)
UNRESOLVED: gfortran.dg/lto/pr45586-2 f_lto_pr45586-2_0.o-f_lto_pr45586-2_0.o execute -O0 -flto -flto-partition=none -fuse-linker-plugin
FAIL: gfortran.dg/lto/pr45586-2 f_lto_pr45586-2_0.o-f_lto_pr45586-2_0.o link, -O0 -flto -flto-partition=1to1 -fno-use-linker-plugin (internal compiler error)
UNRESOLVED: gfortran.dg/lto/pr45586-2 f_lto_pr45586-2_0.o-f_lto_pr45586-2_0.o execute -O0 -flto -flto-partition=1to1 -fno-use-linker-plugin
FAIL: gfortran.dg/lto/pr45586-2 f_lto_pr45586-2_0.o-f_lto_pr45586-2_0.o link, -O0 -flto -fuse-linker-plugin -fno-fat-lto-objects (internal compiler error)
UNRESOLVED: gfortran.dg/lto/pr45586-2 f_lto_pr45586-2_0.o-f_lto_pr45586-2_0.o execute -O0 -flto -fuse-linker-plugin -fno-fat-lto-objects
FAIL: gfortran.dg/lto/pr45586 f_lto_pr45586_0.o-f_lto_pr45586_0.o link, -O0 -flto -flto-partition=none -fuse-linker-plugin (internal compiler error)
UNRESOLVED: gfortran.dg/lto/pr45586 f_lto_pr45586_0.o-f_lto_pr45586_0.o execute -O0 -flto -flto-partition=none -fuse-linker-plugin
FAIL: gfortran.dg/lto/pr45586 f_lto_pr45586_0.o-f_lto_pr45586_0.o link, -O0 -flto -flto-partition=1to1 -fno-use-linker-plugin (internal compiler error)
UNRESOLVED: gfortran.dg/lto/pr45586 f_lto_pr45586_0.o-f_lto_pr45586_0.o execute -O0 -flto -flto-partition=1to1 -fno-use-linker-plugin
FAIL: gfortran.dg/lto/pr45586 f_lto_pr45586_0.o-f_lto_pr45586_0.o link, -O0 -flto -fuse-linker-plugin -fno-fat-lto-objects (internal compiler error)
UNRESOLVED: gfortran.dg/lto/pr45586 f_lto_pr45586_0.o-f_lto_pr45586_0.o execute -O0 -flto -fuse-linker-plugin -fno-fat-lto-objects
FAIL: gfortran.dg/vect/pr32380.f -O scan-tree-dump-times vect "vectorized 6 loops" 1
=== gfortran Summary ===
# of expected passes 40687
# of unexpected failures 7
# of expected failures 43
# of unresolved testcases 6
# of unsupported tests 395
/scratch/cbuild/slave/slaves/tcpanda03/gcc-4.8~svn190081/gcc/default/build/gcc/testsuite/gfortran/../../gfortran version 4.8.0 20120802 (experimental) [trunk revision 190081] (GCC)
=== obj-c++ tests ===
Running target unix
=== obj-c++ Summary ===
# of expected passes 1450
# of expected failures 2
# of unsupported tests 86
/scratch/cbuild/slave/slaves/tcpanda03/gcc-4.8~svn190081/gcc/default/build/gcc/testsuite/obj-c++/../../g++ version 4.8.0 20120802 (experimental) [trunk revision 190081] (GCC)
=== objc tests ===
Running target unix
=== objc Summary ===
# of expected passes 2994
# of unsupported tests 74
/scratch/cbuild/slave/slaves/tcpanda03/gcc-4.8~svn190081/gcc/default/build/gcc/xgcc version 4.8.0 20120802 (experimental) [trunk revision 190081] (GCC)
Compiler version: 4.8.0 20120802 (experimental) [trunk revision 190081] (GCC)
Platform: arm-unknown-linux-gnueabi
configure flags: ' --prefix='/scratch/cbuild/slave/slaves/tcpanda03/gcc-4.8~svn190081/gcc/default/install' --enable-languages=c,c++,objc,obj-c++,fortran,lto --with-mode=thumb --with-arch=armv7-a --with-tune=cortex-a9 --with-fpu=neon --with-float=softfp --build=arm-linux-gnueabi
======
Full results at http://builds.linaro.org/toolchain/gcc-4.8~svn190081/logs/armv7l-natty-cbuild354-tcpanda03-cortexa9r1
make[1]: Entering directory `/scratch/cbuild/slave/slaves/tcpanda03'
date:
2012-08-04 09:22:44+00:00
uname:
Linux tcpanda03 2.6.35.3-cbuild2+ #8 SMP Mon Apr 4 12:46:46 NZST 2011 armv7l armv7l armv7l GNU/Linux
lsb_release:
Distributor ID: Ubuntu
Description: Ubuntu 11.04
Release: 11.04
Codename: natty
/proc/version:
Linux version 2.6.35.3-cbuild2+ (michaelh@crucis) (gcc version 4.5.2 (Ubuntu/Linaro 4.5.2-5ubuntu2~ppa1) ) #8 SMP Mon Apr 4 12:46:46 NZST 2011
gcc:
Version: 4:4.5.2-1ubuntu3
gcc (Ubuntu/Linaro 4.5.2-8ubuntu4) 4.5.2
Copyright (C) 2010 Free Software Foundation, Inc.
This is free software; see the source for copying conditions. There is NO
warranty; not even for MERCHANTABILITY or FITNESS FOR A PARTICULAR PURPOSE.
as:
Version: 2.22-6ubuntu1
GNU assembler (GNU Binutils for Ubuntu) 2.22
Copyright 2011 Free Software Foundation, Inc.
This program is free software; you may redistribute it under the terms of
the GNU General Public License version 3 or later.
This program has absolutely no warranty.
This assembler was configured for a target of `arm-linux-gnueabi'.
ldd:
ldd (Ubuntu EGLIBC 2.13-0ubuntu13) 2.13
Copyright (C) 2011 Free Software Foundation, Inc.
This is free software; see the source for copying conditions. There is NO
warranty; not even for MERCHANTABILITY or FITNESS FOR A PARTICULAR PURPOSE.
Written by Roland McGrath and Ulrich Drepper.
free:
total used free shared buffers cached
Mem: 977472 117536 859936 0 62416 23824
-/+ buffers/cache: 31296 946176
Swap: 2097148 16908 2080240
ulimit:
core file size (blocks, -c) unlimited
data seg size (kbytes, -d) unlimited
scheduling priority (-e) 20
file size (blocks, -f) unlimited
pending signals (-i) 16382
max locked memory (kbytes, -l) 64
max memory size (kbytes, -m) unlimited
open files (-n) 1024
pipe size (512 bytes, -p) 8
POSIX message queues (bytes, -q) 819200
real-time priority (-r) 0
stack size (kbytes, -s) unlimited
cpu time (seconds, -t) unlimited
max user processes (-u) 7620
virtual memory (kbytes, -v) unlimited
file locks (-x) unlimited
cpuinfo:
Processor : ARMv7 Processor rev 2 (v7l)
processor : 0
BogoMIPS : 2013.49
processor : 1
BogoMIPS : 1967.28
Features : swp half thumb fastmult vfp edsp thumbee neon vfpv3
CPU implementer : 0x41
CPU architecture: 7
CPU variant : 0x1
CPU part : 0xc09
CPU revision : 2
Hardware : OMAP4430 Panda Board
Revision : 0020
Serial : 0000000000000000
gdb:
Version: 7.2-1ubuntu11
GNU gdb (Ubuntu/Linaro 7.2-1ubuntu11) 7.2
Copyright (C) 2010 Free Software Foundation, Inc.
License GPLv3+: GNU GPL version 3 or later <http://gnu.org/licenses/gpl.html>
This is free software: you are free to change and redistribute it.
There is NO WARRANTY, to the extent permitted by law. Type "show copying"
and "show warranty" for details.
This GDB was configured as "arm-linux-gnueabi".
For bug reporting instructions, please see:
<http://www.gnu.org/software/gdb/bugs/>.
gcc-binary:
libc6:
Version: 2.13-0ubuntu13
PATH:
/usr/local/sbin:/usr/local/bin:/usr/sbin:/usr/bin:/sbin:/bin:/usr/X11R6/bin
df:
Filesystem Size Used Avail Use% Mounted on
/dev/sda1 15G 2.0G 12G 15% /
/dev/sda1 15G 2.0G 12G 15% /
make[1]: Leaving directory `/scratch/cbuild/slave/slaves/tcpanda03'