This is the mail archive of the
gcc-testresults@gcc.gnu.org
mailing list for the GCC project.
Results for 4.7.2 20120727 (prerelease) [gcc-4_7-branch revision 189906] (GCC) testsuite on i386-pc-solaris2.8
- From: <ro at smtp-relay dot CeBiTec dot Uni-Bielefeld dot DE>
- To: gcc-testresults at gcc dot gnu dot org
- Date: Mon, 30 Jul 2012 14:11:36 +0200 (MEST)
- Subject: Results for 4.7.2 20120727 (prerelease) [gcc-4_7-branch revision 189906] (GCC) testsuite on i386-pc-solaris2.8
LAST_UPDATED: Fri Jul 27 13:37:04 UTC 2012 (revision 189906)
=== acats tests ===
=== acats Summary ===
# of expected passes 2320
# of unexpected failures 0
Native configuration is i386-pc-solaris2.8
=== g++ tests ===
Running target unix
FAIL: g++.dg/init/cleanup3.C -std=c++98 scan-assembler-not _tcf
FAIL: g++.dg/init/cleanup3.C -std=c++11 scan-assembler-not _tcf
FAIL: g++.old-deja/g++.other/init5.C -std=c++98 execution test
FAIL: g++.old-deja/g++.other/init5.C -std=c++11 execution test
=== g++ Summary ===
# of expected passes 47099
# of unexpected failures 4
# of expected failures 288
# of unsupported tests 401
/var/gcc/regression/gcc-4.7-branch/8-gcc-gas-gld/build/gcc/testsuite/g++/../../g++ version 4.7.2 20120727 (prerelease) [gcc-4_7-branch revision 189906] (GCC)
=== gcc tests ===
Running target unix
=== gcc Summary ===
# of expected passes 82513
# of expected failures 258
# of unsupported tests 1276
/var/gcc/regression/gcc-4.7-branch/8-gcc-gas-gld/build/gcc/xgcc version 4.7.2 20120727 (prerelease) [gcc-4_7-branch revision 189906] (GCC)
=== gfortran tests ===
Running target unix
FAIL: gfortran.dg/static_linking_1.f -O0 execution test
FAIL: gfortran.dg/static_linking_1.f -O1 execution test
FAIL: gfortran.dg/static_linking_1.f -O2 execution test
FAIL: gfortran.dg/static_linking_1.f -O3 -fomit-frame-pointer execution test
FAIL: gfortran.dg/static_linking_1.f -O3 -fomit-frame-pointer -funroll-loops execution test
FAIL: gfortran.dg/static_linking_1.f -O3 -fomit-frame-pointer -funroll-all-loops -finline-functions execution test
FAIL: gfortran.dg/static_linking_1.f -O3 -g execution test
FAIL: gfortran.dg/static_linking_1.f -Os execution test
=== gfortran Summary ===
# of expected passes 39778
# of unexpected failures 8
# of expected failures 42
# of unsupported tests 364
/var/gcc/regression/gcc-4.7-branch/8-gcc-gas-gld/build/gcc/testsuite/gfortran/../../gfortran version 4.7.2 20120727 (prerelease) [gcc-4_7-branch revision 189906] (GCC)
=== gnat tests ===
Running target unix
=== gnat Summary ===
# of expected passes 1105
# of expected failures 14
# of unsupported tests 6
/var/gcc/regression/gcc-4.7-branch/8-gcc-gas-gld/build/gcc/gnatmake version 4.7.2 20120727 (prerelease) [gcc-4_7-branch revision 189906]
=== go tests ===
Running target unix
=== go Summary ===
# of expected passes 3292
# of expected failures 4
# of untested testcases 6
/var/gcc/regression/gcc-4.7-branch/8-gcc-gas-gld/build/gcc/testsuite/go/../../gccgo version 4.7.2 20120727 (prerelease) [gcc-4_7-branch revision 189906] (GCC)
=== obj-c++ tests ===
Running target unix
=== obj-c++ Summary ===
# of expected passes 1450
# of expected failures 2
# of unsupported tests 86
/var/gcc/regression/gcc-4.7-branch/8-gcc-gas-gld/build/gcc/testsuite/obj-c++/../../g++ version 4.7.2 20120727 (prerelease) [gcc-4_7-branch revision 189906] (GCC)
=== objc tests ===
Running target unix
=== objc Summary ===
# of expected passes 2988
# of expected failures 6
# of unsupported tests 74
/var/gcc/regression/gcc-4.7-branch/8-gcc-gas-gld/build/gcc/xgcc version 4.7.2 20120727 (prerelease) [gcc-4_7-branch revision 189906] (GCC)
=== boehm-gc tests ===
Running target unix
FAIL: boehm-gc.c/gctest.c -O2 execution test
=== boehm-gc Summary ===
# of expected passes 11
# of unexpected failures 1
# of unsupported tests 1
=== libffi tests ===
Running target unix
=== libffi Summary ===
# of expected passes 1634
# of expected failures 10
# of unsupported tests 55
=== libgo tests ===
Running target unix
FAIL: time
FAIL: runtime/pprof
=== libgo Summary ===
# of expected passes 122
# of unexpected failures 2
=== libgomp tests ===
Running target unix
=== libgomp Summary ===
# of expected passes 2924
# of unsupported tests 3
=== libitm tests ===
Running target unix
=== libitm Summary ===
# of expected passes 26
# of expected failures 3
# of unsupported tests 1
=== libjava tests ===
Running target unix
FAIL: Divide_1 output - source compiled test
FAIL: Divide_1 -findirect-dispatch output - source compiled test
FAIL: Divide_1 -O3 output - source compiled test
FAIL: Divide_1 -O3 -findirect-dispatch output - source compiled test
=== libjava Summary ===
# of expected passes 2570
# of unexpected failures 4
=== libstdc++ tests ===
Running target unix
=== libstdc++ Summary ===
# of expected passes 7331
# of expected failures 44
# of unsupported tests 805
Compiler version: 4.7.2 20120727 (prerelease) [gcc-4_7-branch revision 189906] (GCC)
Platform: i386-pc-solaris2.8
configure flags: --prefix=/vol/gcc --target=i386-pc-solaris2.8 --enable-obsolete --enable-objc-gc --with-host-libstdcxx='-L/vol/gcc-4.4/lib -Wl,-Bstatic -lstdc++ -Wl,-Bdynamic -lm' --with-boot-ldflags='-static-libstdc++ -static-libgcc -L/vol/gcc-4.4/lib' --with-as=/vol/gcc/bin/gas-2.22 --with-gnu-as --with-ld=/vol/gcc/bin/gld-2.22 --with-gnu-ld --with-gmp-include=/vol/gcc/include --with-gmp-lib=/vol/gcc/lib --with-mpfr-include=/vol/gcc/include --with-mpfr-lib=/vol/gcc/lib --with-mpc-include=/vol/gcc/include --with-mpc-lib=/vol/gcc/lib --enable-languages=all,ada,obj-c++,go --without-ppl --without-isl --without-cloog
BOOT_CFLAGS=-g -O2