This is the mail archive of the
gcc-testresults@gcc.gnu.org
mailing list for the GCC project.
Results for 4.8.0 20120710 (experimental) [trunk revision 189401] (GCC) testsuite on sh4-unknown-linux-gnu
- From: Kaz Kojima <kkojima at rr dot iij4u dot or dot jp>
- To: gcc-testresults at gcc dot gnu dot org
- Date: Tue, 10 Jul 2012 22:53:16 +0900
- Subject: Results for 4.8.0 20120710 (experimental) [trunk revision 189401] (GCC) testsuite on sh4-unknown-linux-gnu
Remote host: linux 2.6.22 sh4
GNU C Library version 2.7.90
LAST_UPDATED: Tue Jul 10 00:29:16 UTC 2012 (revision 189401)
Target is sh4-unknown-linux-gnu
Host is i686-pc-linux-gnu
=== g++ tests ===
Running target unix
WARNING: Assuming target board is the local machine (which is probably wrong).
FAIL: g++.dg/debug/dwarf2/pubnames-2.C scan-assembler "\\\\(anonymous namespace\\\\)\\\\\\\\0"+[ \\t]+[#;]+[ \\t]+external name
FAIL: g++.dg/debug/dwarf2/pubnames-2.C scan-assembler "one\\\\\\\\0"+[ \\t]+[#;]+[ \\t]+external name
FAIL: g++.dg/debug/dwarf2/pubnames-2.C scan-assembler "one::G_A\\\\\\\\0"+[ \\t]+[#;]+[ \\t]+external name
FAIL: g++.dg/debug/dwarf2/pubnames-2.C scan-assembler "one::G_B\\\\\\\\0"+[ \\t]+[#;]+[ \\t]+external name
FAIL: g++.dg/debug/dwarf2/pubnames-2.C scan-assembler "one::G_C\\\\\\\\0"+[ \\t]+[#;]+[ \\t]+external name
FAIL: g++.dg/debug/dwarf2/pubnames-2.C scan-assembler "one::\\\\(anonymous namespace\\\\)\\\\\\\\0"+[ \\t]+[#;]+[ \\t]+external name
FAIL: g++.dg/debug/dwarf2/pubnames-2.C scan-assembler "two\\\\\\\\0"+[ \\t]+[#;]+[ \\t]+external name
FAIL: g++.dg/debug/dwarf2/pubnames-2.C scan-assembler "F_A\\\\\\\\0"+[ \\t]+[#;]+[ \\t]+external name
FAIL: g++.dg/debug/dwarf2/pubnames-2.C scan-assembler "F_B\\\\\\\\0"+[ \\t]+[#;]+[ \\t]+external name
FAIL: g++.dg/debug/dwarf2/pubnames-2.C scan-assembler "F_C\\\\\\\\0"+[ \\t]+[#;]+[ \\t]+external name
FAIL: g++.dg/debug/dwarf2/pubnames-2.C scan-assembler "inline_func_1\\\\\\\\0"+[ \\t]+[#;]+[ \\t]+external name
FAIL: g++.dg/debug/dwarf2/pubnames-2.C scan-assembler "one::c1::c1\\\\\\\\0"+[ \\t]+[#;]+[ \\t]+external name
FAIL: g++.dg/debug/dwarf2/pubnames-2.C scan-assembler "one::c1::~c1\\\\\\\\0"+[ \\t]+[#;]+[ \\t]+external name
FAIL: g++.dg/debug/dwarf2/pubnames-2.C scan-assembler "one::c1::val\\\\\\\\0"+[ \\t]+[#;]+[ \\t]+external name
FAIL: g++.dg/debug/dwarf2/pubnames-2.C scan-assembler "check_enum\\\\\\\\0"+[ \\t]+[#;]+[ \\t]+external name
FAIL: g++.dg/debug/dwarf2/pubnames-2.C scan-assembler "main\\\\\\\\0"+[ \\t]+[#;]+[ \\t]+external name
FAIL: g++.dg/debug/dwarf2/pubnames-2.C scan-assembler "two::c2<int>::c2\\\\\\\\0"+[ \\t]+[#;]+[ \\t]+external name
FAIL: g++.dg/debug/dwarf2/pubnames-2.C scan-assembler "two::c2<double>::c2\\\\\\\\0"+[ \\t]+[#;]+[ \\t]+external name
FAIL: g++.dg/debug/dwarf2/pubnames-2.C scan-assembler "two::c2<int const\\\\*>::c2\\\\\\\\0"+[ \\t]+[#;]+[ \\t]+external name
FAIL: g++.dg/debug/dwarf2/pubnames-2.C scan-assembler "check<one::c1>\\\\\\\\0"+[ \\t]+[#;]+[ \\t]+external name
FAIL: g++.dg/debug/dwarf2/pubnames-2.C scan-assembler "check<two::c2<int> \\\\>\\\\\\\\0"+[ \\t]+[#;]+[ \\t]+external name
FAIL: g++.dg/debug/dwarf2/pubnames-2.C scan-assembler "check<two::c2<double> \\\\>\\\\\\\\0"+[ \\t]+[#;]+[ \\t]+external name
FAIL: g++.dg/debug/dwarf2/pubnames-2.C scan-assembler "check<two::c2<int const\\\\*> \\\\>\\\\\\\\0"+[ \\t]+[#;]+[ \\t]+external name
FAIL: g++.dg/debug/dwarf2/pubnames-2.C scan-assembler "two::c2<int>::val\\\\\\\\0"+[ \\t]+[#;]+[ \\t]+external name
FAIL: g++.dg/debug/dwarf2/pubnames-2.C scan-assembler "two::c2<double>::val\\\\\\\\0"+[ \\t]+[#;]+[ \\t]+external name
FAIL: g++.dg/debug/dwarf2/pubnames-2.C scan-assembler "two::c2<int const\\\\*>::val\\\\\\\\0"+[ \\t]+[#;]+[ \\t]+external name
FAIL: g++.dg/debug/dwarf2/pubnames-2.C scan-assembler "__static_initialization_and_destruction_0\\\\\\\\0"+[ \\t]+[#;]+[ \\t]+external name
FAIL: g++.dg/debug/dwarf2/pubnames-2.C scan-assembler "two::c2<int>::~c2\\\\\\\\0"+[ \\t]+[#;]+[ \\t]+external name
FAIL: g++.dg/debug/dwarf2/pubnames-2.C scan-assembler "two::c2<double>::~c2\\\\\\\\0"+[ \\t]+[#;]+[ \\t]+external name
FAIL: g++.dg/debug/dwarf2/pubnames-2.C scan-assembler "two::c2<int const\\\\*>::~c2\\\\\\\\0"+[ \\t]+[#;]+[ \\t]+external name
FAIL: g++.dg/debug/dwarf2/pubnames-2.C scan-assembler "_GLOBAL__sub_I__ZN3one3c1vE\\\\\\\\0"+[ \\t]+[#;]+[ \\t]+external name
FAIL: g++.dg/debug/dwarf2/pubnames-2.C scan-assembler "anonymous_union_var\\\\\\\\0"+[ \\t]+[#;]+[ \\t]+external name
FAIL: g++.dg/debug/dwarf2/pubnames-2.C scan-assembler "two::ci\\\\\\\\0"+[ \\t]+[#;]+[ \\t]+external name
FAIL: g++.dg/debug/dwarf2/pubnames-2.C scan-assembler "two::c2v1\\\\\\\\0"+[ \\t]+[#;]+[ \\t]+external name
FAIL: g++.dg/debug/dwarf2/pubnames-2.C scan-assembler "two::c2v2\\\\\\\\0"+[ \\t]+[#;]+[ \\t]+external name
FAIL: g++.dg/debug/dwarf2/pubnames-2.C scan-assembler "two::c2v3\\\\\\\\0"+[ \\t]+[#;]+[ \\t]+external name
FAIL: g++.dg/debug/dwarf2/pubnames-2.C scan-assembler "one::c1v\\\\\\\\0"+[ \\t]+[#;]+[ \\t]+external name
FAIL: g++.dg/debug/dwarf2/pubnames-2.C scan-assembler "one::\\\\(anonymous namespace\\\\)::one_anonymous_var\\\\\\\\0"+[ \\t]+[#;]+[ \\t]+external name
FAIL: g++.dg/debug/dwarf2/pubnames-2.C scan-assembler "\\\\(anonymous namespace\\\\)::c1_count\\\\\\\\0"+[ \\t]+[#;]+[ \\t]+external name
FAIL: g++.dg/debug/dwarf2/pubnames-2.C scan-assembler "\\\\(anonymous namespace\\\\)::c2_count\\\\\\\\0"+[ \\t]+[#;]+[ \\t]+external name
FAIL: g++.dg/debug/dwarf2/pubnames-2.C scan-assembler "\\\\(anonymous namespace\\\\)::three\\\\\\\\0"+[ \\t]+[#;]+[ \\t]+external name
FAIL: g++.dg/debug/dwarf2/pubnames-2.C scan-assembler "\\\\(anonymous namespace\\\\)::three::anonymous_three_var\\\\\\\\0"+[ \\t]+[#;]+[ \\t]+external name
FAIL: g++.dg/debug/dwarf2/pubnames-2.C scan-assembler "one::G\\\\\\\\0"+[ \\t]+[#;]+[ \\t]+external name
FAIL: g++.dg/debug/dwarf2/pubnames-2.C scan-assembler "one::c1\\\\\\\\0"+[ \\t]+[#;]+[ \\t]+external name
FAIL: g++.dg/debug/dwarf2/pubnames-2.C scan-assembler "int\\\\\\\\0"+[ \\t]+[#;]+[ \\t]+external name
FAIL: g++.dg/debug/dwarf2/pubnames-2.C scan-assembler "one::c1\\\\\\\\0"+[ \\t]+[#;]+[ \\t]+external name
FAIL: g++.dg/debug/dwarf2/pubnames-2.C scan-assembler "two::c2<int>\\\\\\\\0"+[ \\t]+[#;]+[ \\t]+external name
FAIL: g++.dg/debug/dwarf2/pubnames-2.C scan-assembler "two::c2<int>\\\\\\\\0"+[ \\t]+[#;]+[ \\t]+external name
FAIL: g++.dg/debug/dwarf2/pubnames-2.C scan-assembler "two::c2<double>\\\\\\\\0"+[ \\t]+[#;]+[ \\t]+external name
FAIL: g++.dg/debug/dwarf2/pubnames-2.C scan-assembler "double\\\\\\\\0"+[ \\t]+[#;]+[ \\t]+external name
FAIL: g++.dg/debug/dwarf2/pubnames-2.C scan-assembler "two::c2<double>\\\\\\\\0"+[ \\t]+[#;]+[ \\t]+external name
FAIL: g++.dg/debug/dwarf2/pubnames-2.C scan-assembler "two::c2<int const\\\\*>\\\\\\\\0"+[ \\t]+[#;]+[ \\t]+external name
FAIL: g++.dg/debug/dwarf2/pubnames-2.C scan-assembler "two::c2<int const\\\\*>\\\\\\\\0"+[ \\t]+[#;]+[ \\t]+external name
FAIL: g++.dg/debug/dwarf2/pubnames-2.C scan-assembler "F\\\\\\\\0"+[ \\t]+[#;]+[ \\t]+external name
FAIL: g++.dg/debug/dwarf2/pubnames-2.C scan-assembler "anonymous_union_container\\\\\\\\0"+[ \\t]+[#;]+[ \\t]+external name
FAIL: g++.dg/debug/dwarf2/pubnames-2.C scan-assembler "bool\\\\\\\\0"+[ \\t]+[#;]+[ \\t]+external name
FAIL: g++.dg/cpp0x/lambda/lambda-ice2.C (test for warnings, line 12)
FAIL: g++.dg/cpp0x/lambda/lambda-ice2.C candidate explanation (test for errors, line 5)
FAIL: g++.dg/cpp0x/lambda/lambda-ice2.C (test for excess errors)
=== g++ Summary ===
# of expected passes 47002
# of unexpected failures 59
# of expected failures 282
# of unsupported tests 753
/exp/ldroot/dodes/xsh-gcc-orig/gcc/testsuite/g++/../../g++ version 4.8.0 20120710 (experimental) [trunk revision 189401] (GCC)
Host is i686-pc-linux-gnu
=== gcc tests ===
Running target unix
WARNING: Assuming target board is the local machine (which is probably wrong).
XPASS: gcc.dg/Wstrict-overflow-18.c (test for bogus messages, line 20)
FAIL: gcc.dg/attr-weakref-1.c (test for excess errors)
WARNING: gcc.dg/attr-weakref-1.c compilation failed to produce executable
FAIL: gcc.dg/cproj-fails-with-broken-glibc.c execution test
FAIL: gcc.dg/torture/pr51106-2.c -O0 (internal compiler error)
FAIL: gcc.dg/torture/pr51106-2.c -O0 (test for excess errors)
FAIL: gcc.dg/torture/pr51106-2.c -O1 (internal compiler error)
FAIL: gcc.dg/torture/pr51106-2.c -O1 (test for excess errors)
FAIL: gcc.dg/torture/pr51106-2.c -O2 (internal compiler error)
FAIL: gcc.dg/torture/pr51106-2.c -O2 (test for excess errors)
FAIL: gcc.dg/torture/pr51106-2.c -O3 -fomit-frame-pointer (internal compiler error)
FAIL: gcc.dg/torture/pr51106-2.c -O3 -fomit-frame-pointer (test for excess errors)
FAIL: gcc.dg/torture/pr51106-2.c -O3 -g (internal compiler error)
FAIL: gcc.dg/torture/pr51106-2.c -O3 -g (test for excess errors)
FAIL: gcc.dg/torture/pr51106-2.c -Os (internal compiler error)
FAIL: gcc.dg/torture/pr51106-2.c -Os (test for excess errors)
FAIL: gcc.dg/torture/pr51106-2.c -O2 -flto -fno-use-linker-plugin -flto-partition=none (internal compiler error)
FAIL: gcc.dg/torture/pr51106-2.c -O2 -flto -fno-use-linker-plugin -flto-partition=none (test for excess errors)
XPASS: gcc.dg/tree-ssa/20040204-1.c scan-tree-dump-times optimized "link_error" 0
FAIL: gcc.dg/tree-ssa/pr37508.c scan-tree-dump-times vrp1 "Folding" 3
FAIL: gcc.dg/tree-ssa/sra-12.c scan-tree-dump-times release_ssa "l;" 0
=== gcc Summary ===
# of expected passes 73578
# of unexpected failures 18
# of unexpected successes 2
# of expected failures 126
# of unsupported tests 1257
/exp/ldroot/dodes/xsh-gcc-orig/gcc/xgcc version 4.8.0 20120710 (experimental) [trunk revision 189401] (GCC)
Host is i686-pc-linux-gnu
=== gfortran tests ===
Running target unix
WARNING: Assuming target board is the local machine (which is probably wrong).
FAIL: gfortran.dg/class_array_9.f03 -O0 (internal compiler error)
FAIL: gfortran.dg/class_array_9.f03 -O0 (test for excess errors)
WARNING: gfortran.dg/class_array_9.f03 -O0 compilation failed to produce executable
FAIL: gfortran.dg/common_14.f90 -O (test for warnings, line 16)
FAIL: gfortran.dg/common_14.f90 -O (test for warnings, line 22)
FAIL: gfortran.dg/common_14.f90 -O (test for excess errors)
FAIL: gfortran.dg/nearest_1.f90 -O0 execution test
FAIL: gfortran.dg/nearest_1.f90 -O1 execution test
FAIL: gfortran.dg/nearest_1.f90 -O2 execution test
FAIL: gfortran.dg/nearest_1.f90 -O3 -fomit-frame-pointer execution test
FAIL: gfortran.dg/nearest_1.f90 -O3 -fomit-frame-pointer -funroll-loops execution test
FAIL: gfortran.dg/nearest_1.f90 -O3 -fomit-frame-pointer -funroll-all-loops -finline-functions execution test
FAIL: gfortran.dg/nearest_1.f90 -O3 -g execution test
FAIL: gfortran.dg/nearest_1.f90 -Os execution test
FAIL: gfortran.dg/lto/pr45586-2 f_lto_pr45586-2_0.o-f_lto_pr45586-2_0.o link, -O0 -flto -flto-partition=none -fuse-linker-plugin (internal compiler error)
UNRESOLVED: gfortran.dg/lto/pr45586-2 f_lto_pr45586-2_0.o-f_lto_pr45586-2_0.o execute -O0 -flto -flto-partition=none -fuse-linker-plugin
FAIL: gfortran.dg/lto/pr45586-2 f_lto_pr45586-2_0.o-f_lto_pr45586-2_0.o link, -O0 -flto -flto-partition=1to1 -fno-use-linker-plugin (internal compiler error)
UNRESOLVED: gfortran.dg/lto/pr45586-2 f_lto_pr45586-2_0.o-f_lto_pr45586-2_0.o execute -O0 -flto -flto-partition=1to1 -fno-use-linker-plugin
FAIL: gfortran.dg/lto/pr45586-2 f_lto_pr45586-2_0.o-f_lto_pr45586-2_0.o link, -O0 -flto -fuse-linker-plugin -fno-fat-lto-objects (internal compiler error)
UNRESOLVED: gfortran.dg/lto/pr45586-2 f_lto_pr45586-2_0.o-f_lto_pr45586-2_0.o execute -O0 -flto -fuse-linker-plugin -fno-fat-lto-objects
FAIL: gfortran.dg/lto/pr45586 f_lto_pr45586_0.o-f_lto_pr45586_0.o link, -O0 -flto -flto-partition=none -fuse-linker-plugin (internal compiler error)
UNRESOLVED: gfortran.dg/lto/pr45586 f_lto_pr45586_0.o-f_lto_pr45586_0.o execute -O0 -flto -flto-partition=none -fuse-linker-plugin
FAIL: gfortran.dg/lto/pr45586 f_lto_pr45586_0.o-f_lto_pr45586_0.o link, -O0 -flto -flto-partition=1to1 -fno-use-linker-plugin (internal compiler error)
UNRESOLVED: gfortran.dg/lto/pr45586 f_lto_pr45586_0.o-f_lto_pr45586_0.o execute -O0 -flto -flto-partition=1to1 -fno-use-linker-plugin
FAIL: gfortran.dg/lto/pr45586 f_lto_pr45586_0.o-f_lto_pr45586_0.o link, -O0 -flto -fuse-linker-plugin -fno-fat-lto-objects (internal compiler error)
UNRESOLVED: gfortran.dg/lto/pr45586 f_lto_pr45586_0.o-f_lto_pr45586_0.o execute -O0 -flto -fuse-linker-plugin -fno-fat-lto-objects
=== gfortran Summary ===
# of expected passes 40302
# of unexpected failures 19
# of expected failures 42
# of unresolved testcases 6
# of unsupported tests 385
/exp/ldroot/dodes/xsh-gcc-orig/gcc/testsuite/gfortran/../../gfortran version 4.8.0 20120710 (experimental) [trunk revision 189401] (GCC)
Host is i686-pc-linux-gnu
=== objc tests ===
Running target unix
WARNING: Assuming target board is the local machine (which is probably wrong).
=== objc Summary ===
# of expected passes 2994
# of unsupported tests 74
/exp/ldroot/dodes/xsh-gcc-orig/gcc/xgcc version 4.8.0 20120710 (experimental) [trunk revision 189401] (GCC)
Host is sh4-unknown-linux-gnu
=== boehm-gc tests ===
Running target unix
WARNING: Assuming target board is the local machine (which is probably wrong).
=== boehm-gc Summary ===
# of expected passes 12
# of unsupported tests 1
Host is sh4-unknown-linux-gnu
=== libatomic tests ===
Running target unix
WARNING: Assuming target board is the local machine (which is probably wrong).
=== libatomic Summary ===
# of expected passes 4
# of unsupported tests 25
Host is sh4-unknown-linux-gnu
=== libffi tests ===
Running target unix
WARNING: Assuming target board is the local machine (which is probably wrong).
=== libffi Summary ===
# of expected passes 1659
# of unsupported tests 55
Host is sh4-unknown-linux-gnu
=== libgomp tests ===
Running target unix
WARNING: Assuming target board is the local machine (which is probably wrong).
=== libgomp Summary ===
# of expected passes 2914
# of unsupported tests 8
Host is sh4-unknown-linux-gnu
=== libitm tests ===
Running target unix
WARNING: Assuming target board is the local machine (which is probably wrong).
=== libitm Summary ===
# of expected passes 26
# of expected failures 3
# of unsupported tests 1
Host is sh4-unknown-linux-gnu
=== libjava tests ===
Running target unix
WARNING: Assuming target board is the local machine (which is probably wrong).
=== libjava Summary ===
# of expected passes 2405
# of untested testcases 4
Host is sh4-unknown-linux-gnu
=== libmudflap tests ===
Running target unix
WARNING: Assuming target board is the local machine (which is probably wrong).
FAIL: libmudflap.c/fail11-frag.c (-O3) crash test
FAIL: libmudflap.c/fail11-frag.c (-O3) output pattern test
FAIL: libmudflap.c/fail12-frag.c (-O3) crash test
FAIL: libmudflap.c/fail12-frag.c (-O3) output pattern test
FAIL: libmudflap.c++/pass55-frag.cxx execution test
FAIL: libmudflap.c++/pass55-frag.cxx (-static) execution test
FAIL: libmudflap.c++/pass55-frag.cxx ( -O) execution test
FAIL: libmudflap.c++/pass55-frag.cxx (-O2) execution test
FAIL: libmudflap.c++/pass55-frag.cxx (-O3) execution test
=== libmudflap Summary ===
# of expected passes 1897
# of unexpected failures 9
Host is sh4-unknown-linux-gnu
=== libstdc++ tests ===
Running target unix
WARNING: Assuming target board is the local machine (which is probably wrong).
=== libstdc++ Summary ===
# of expected passes 7809
# of expected failures 42
# of unsupported tests 586
Compiler version: 4.8.0 20120710 (experimental) [trunk revision 189401] (GCC)
Platform: sh4-unknown-linux-gnu
configure flags: --host=i686-pc-linux-gnu --target=sh4-unknown-linux-gnu --enable-build-with-cxx --enable-lto --enable-shared --enable-threads=posix --enable-clocale=gnu --enable-libitm --enable-libgcj --with-ld=/usr/local/bin/sh4-unknown-linux-gnu-ld --with-as=/usr/local/bin/sh4-unknown-linux-gnu-as --with-sysroot=/exp/ldroot --with-mpfr=/opt2/i686-pc-linux-gnu --with-mpc=/opt2/i686-pc-linux-gnu --with-libelf=/opt2/i686-pc-linux-gnu --with-ppl=no --enable-languages=c,c++,fortran,java,lto,objc