This is the mail archive of the
gcc-testresults@gcc.gnu.org
mailing list for the GCC project.
Results for 4.6.4 20120628 (prerelease) [gcc-4_6-branch revision 189048] (GCC) testsuite on arm-unknown-linux-gnueabi
- From: Linaro Toolchain Builder <michael dot hope+cbuild at linaro dot org>
- To: gcc-testresults at gcc dot gnu dot org
- Date: Sun, 01 Jul 2012 19:43:35 -0700 (PDT)
- Subject: Results for 4.6.4 20120628 (prerelease) [gcc-4_6-branch revision 189048] (GCC) testsuite on arm-unknown-linux-gnueabi
LAST_UPDATED: Thu Jun 28 13:34:07 UTC 2012 (revision 189048)
Native configuration is arm-unknown-linux-gnueabi
=== libgomp tests ===
Running target unix
WARNING: program timed out.
FAIL: libgomp.fortran/strassen.f90 -O execution test
=== libgomp Summary ===
# of expected passes 2631
# of unexpected failures 1
# of unsupported tests 1
=== libmudflap tests ===
Running target unix
FAIL: libmudflap.c/fail40-frag.c output pattern test
FAIL: libmudflap.c/pass49-frag.c execution test
FAIL: libmudflap.c/pass49-frag.c output pattern test
FAIL: libmudflap.c/pass49-frag.c execution test
FAIL: libmudflap.c/pass49-frag.c output pattern test
FAIL: libmudflap.c/pass51-frag.c execution test
FAIL: libmudflap.c/pass51-frag.c execution test
FAIL: libmudflap.c/fail40-frag.c (-static) output pattern test
FAIL: libmudflap.c/pass49-frag.c (-static) execution test
FAIL: libmudflap.c/pass49-frag.c (-static) output pattern test
FAIL: libmudflap.c/pass49-frag.c (-static) execution test
FAIL: libmudflap.c/pass49-frag.c (-static) output pattern test
FAIL: libmudflap.c/pass51-frag.c (-static) execution test
FAIL: libmudflap.c/pass51-frag.c (-static) execution test
FAIL: libmudflap.c/fail40-frag.c (-O2) output pattern test
FAIL: libmudflap.c/pass49-frag.c (-O2) execution test
FAIL: libmudflap.c/pass49-frag.c (-O2) output pattern test
FAIL: libmudflap.c/pass49-frag.c (-O2) execution test
FAIL: libmudflap.c/pass49-frag.c (-O2) output pattern test
FAIL: libmudflap.c/pass51-frag.c (-O2) execution test
FAIL: libmudflap.c/pass51-frag.c (-O2) execution test
FAIL: libmudflap.c/fail40-frag.c (-O3) output pattern test
FAIL: libmudflap.c/pass49-frag.c (-O3) execution test
FAIL: libmudflap.c/pass49-frag.c (-O3) output pattern test
FAIL: libmudflap.c/pass49-frag.c (-O3) execution test
FAIL: libmudflap.c/pass49-frag.c (-O3) output pattern test
FAIL: libmudflap.c/pass51-frag.c (-O3) execution test
FAIL: libmudflap.c/pass51-frag.c (-O3) execution test
=== libmudflap Summary ===
# of expected passes 1878
# of unexpected failures 28
=== libstdc++ tests ===
Running target unix
=== libstdc++ Summary ===
# of expected passes 7459
# of expected failures 82
# of unsupported tests 451
=== libstdc++ Summary ===
=== g++ tests ===
Running target unix
FAIL: g++.dg/abi/local1.C execution test
ERROR: g++.dg/cpp0x/nullptr28.C: syntax error in target selector "target c++11" for " dg-do 1 run { target c++11 } "
UNRESOLVED: g++.dg/cpp0x/nullptr28.C: syntax error in target selector "target c++11" for " dg-do 1 run { target c++11 } "
XPASS: g++.dg/uninit-pred-3_b.C (test for excess errors)
FAIL: g++.dg/vect/pr36648.cc scan-tree-dump-times vect "vectorized 1 loops" 1
FAIL: g++.dg/vect/pr36648.cc scan-tree-dump-times vect "vectorizing stmts using SLP" 1
=== g++ Summary ===
# of expected passes 26733
# of unexpected failures 3
# of unexpected successes 1
# of expected failures 168
# of unresolved testcases 1
# of unsupported tests 413
/scratch/cbuild/slave/slaves/tcpanda02/gcc-4.6+svn189048/gcc/default/build/gcc/testsuite/g++/../../g++ version 4.6.4 20120628 (prerelease) [gcc-4_6-branch revision 189048] (GCC)
=== gcc tests ===
Running target unix
WARNING: program timed out.
FAIL: gcc.c-torture/compile/limits-fndefn.c -O3 -g (test for excess errors)
FAIL: gcc.dg/c99-stdint-1.c (test for excess errors)
FAIL: gcc.dg/c99-stdint-7.c (test for excess errors)
FAIL: gcc.dg/uninit-13.c unconditional (test for warnings, line 8)
FAIL: gcc.dg/uninit-13.c (test for excess errors)
XPASS: gcc.dg/guality/example.c -O0 execution test
XPASS: gcc.dg/guality/guality.c -O0 execution test
XPASS: gcc.dg/guality/guality.c -O1 execution test
XPASS: gcc.dg/guality/guality.c -O2 execution test
XPASS: gcc.dg/guality/guality.c -O3 -fomit-frame-pointer execution test
XPASS: gcc.dg/guality/guality.c -O3 -g execution test
XPASS: gcc.dg/guality/guality.c -Os execution test
XPASS: gcc.dg/guality/guality.c -O2 -flto -flto-partition=none execution test
XPASS: gcc.dg/guality/guality.c -O2 -flto execution test
XPASS: gcc.dg/guality/inline-params.c -O2 execution test
XPASS: gcc.dg/guality/inline-params.c -O3 -fomit-frame-pointer execution test
XPASS: gcc.dg/guality/inline-params.c -O3 -g execution test
XPASS: gcc.dg/guality/inline-params.c -Os execution test
XPASS: gcc.dg/guality/inline-params.c -O2 -flto -flto-partition=none execution test
XPASS: gcc.dg/guality/inline-params.c -O2 -flto execution test
FAIL: gcc.dg/guality/pr36728-1.c -O1 line 12 arg2 == 2
FAIL: gcc.dg/guality/pr36728-1.c -O1 line 12 arg3 == 3
FAIL: gcc.dg/guality/pr36728-1.c -O1 line 12 arg4 == 4
FAIL: gcc.dg/guality/pr36728-1.c -O1 line 14 arg2 == 2
FAIL: gcc.dg/guality/pr36728-1.c -O1 line 14 arg3 == 3
FAIL: gcc.dg/guality/pr36728-1.c -O1 line 14 arg4 == 4
FAIL: gcc.dg/guality/pr36728-1.c -O2 line 12 arg2 == 2
FAIL: gcc.dg/guality/pr36728-1.c -O2 line 12 arg3 == 3
FAIL: gcc.dg/guality/pr36728-1.c -O2 line 12 arg4 == 4
FAIL: gcc.dg/guality/pr36728-1.c -O2 line 14 arg2 == 2
FAIL: gcc.dg/guality/pr36728-1.c -O2 line 14 arg3 == 3
FAIL: gcc.dg/guality/pr36728-1.c -O2 line 14 arg4 == 4
FAIL: gcc.dg/guality/pr36728-1.c -O3 -fomit-frame-pointer line 12 arg2 == 2
FAIL: gcc.dg/guality/pr36728-1.c -O3 -fomit-frame-pointer line 12 arg3 == 3
FAIL: gcc.dg/guality/pr36728-1.c -O3 -fomit-frame-pointer line 12 arg4 == 4
FAIL: gcc.dg/guality/pr36728-1.c -O3 -fomit-frame-pointer line 14 arg2 == 2
FAIL: gcc.dg/guality/pr36728-1.c -O3 -fomit-frame-pointer line 14 arg3 == 3
FAIL: gcc.dg/guality/pr36728-1.c -O3 -fomit-frame-pointer line 14 arg4 == 4
FAIL: gcc.dg/guality/pr36728-1.c -O3 -g line 12 arg2 == 2
FAIL: gcc.dg/guality/pr36728-1.c -O3 -g line 12 arg3 == 3
FAIL: gcc.dg/guality/pr36728-1.c -O3 -g line 12 arg4 == 4
FAIL: gcc.dg/guality/pr36728-1.c -O3 -g line 14 arg2 == 2
FAIL: gcc.dg/guality/pr36728-1.c -O3 -g line 14 arg3 == 3
FAIL: gcc.dg/guality/pr36728-1.c -O3 -g line 14 arg4 == 4
FAIL: gcc.dg/guality/pr36728-1.c -Os line 12 arg2 == 2
FAIL: gcc.dg/guality/pr36728-1.c -Os line 12 arg3 == 3
FAIL: gcc.dg/guality/pr36728-1.c -Os line 12 arg4 == 4
FAIL: gcc.dg/guality/pr36728-1.c -Os line 14 arg2 == 2
FAIL: gcc.dg/guality/pr36728-1.c -Os line 14 arg3 == 3
FAIL: gcc.dg/guality/pr36728-1.c -Os line 14 arg4 == 4
FAIL: gcc.dg/guality/pr36728-1.c -O2 -flto -flto-partition=none line 12 arg2 == 2
FAIL: gcc.dg/guality/pr36728-1.c -O2 -flto -flto-partition=none line 12 arg3 == 3
FAIL: gcc.dg/guality/pr36728-1.c -O2 -flto -flto-partition=none line 12 arg4 == 4
FAIL: gcc.dg/guality/pr36728-1.c -O2 -flto -flto-partition=none line 14 arg2 == 2
FAIL: gcc.dg/guality/pr36728-1.c -O2 -flto -flto-partition=none line 14 arg3 == 3
FAIL: gcc.dg/guality/pr36728-1.c -O2 -flto -flto-partition=none line 14 arg4 == 4
FAIL: gcc.dg/guality/pr36728-1.c -O2 -flto line 12 arg2 == 2
FAIL: gcc.dg/guality/pr36728-1.c -O2 -flto line 12 arg3 == 3
FAIL: gcc.dg/guality/pr36728-1.c -O2 -flto line 12 arg4 == 4
FAIL: gcc.dg/guality/pr36728-1.c -O2 -flto line 14 arg2 == 2
FAIL: gcc.dg/guality/pr36728-1.c -O2 -flto line 14 arg3 == 3
FAIL: gcc.dg/guality/pr36728-1.c -O2 -flto line 14 arg4 == 4
FAIL: gcc.dg/guality/pr36728-2.c -O1 line 12 arg3 == 3
FAIL: gcc.dg/guality/pr36728-2.c -O1 line 12 arg4 == 4
FAIL: gcc.dg/guality/pr36728-2.c -O1 line 14 arg3 == 3
FAIL: gcc.dg/guality/pr36728-2.c -O1 line 14 arg4 == 4
FAIL: gcc.dg/guality/pr36728-2.c -O2 line 12 arg3 == 3
FAIL: gcc.dg/guality/pr36728-2.c -O2 line 12 arg4 == 4
FAIL: gcc.dg/guality/pr36728-2.c -O2 line 14 arg3 == 3
FAIL: gcc.dg/guality/pr36728-2.c -O2 line 14 arg4 == 4
FAIL: gcc.dg/guality/pr36728-2.c -O3 -fomit-frame-pointer line 12 arg3 == 3
FAIL: gcc.dg/guality/pr36728-2.c -O3 -fomit-frame-pointer line 12 arg4 == 4
FAIL: gcc.dg/guality/pr36728-2.c -O3 -fomit-frame-pointer line 14 arg3 == 3
FAIL: gcc.dg/guality/pr36728-2.c -O3 -fomit-frame-pointer line 14 arg4 == 4
FAIL: gcc.dg/guality/pr36728-2.c -O3 -g line 12 arg3 == 3
FAIL: gcc.dg/guality/pr36728-2.c -O3 -g line 12 arg4 == 4
FAIL: gcc.dg/guality/pr36728-2.c -O3 -g line 14 arg3 == 3
FAIL: gcc.dg/guality/pr36728-2.c -O3 -g line 14 arg4 == 4
FAIL: gcc.dg/guality/pr36728-2.c -Os line 12 arg3 == 3
FAIL: gcc.dg/guality/pr36728-2.c -Os line 12 arg4 == 4
FAIL: gcc.dg/guality/pr36728-2.c -Os line 14 arg3 == 3
FAIL: gcc.dg/guality/pr36728-2.c -Os line 14 arg4 == 4
FAIL: gcc.dg/guality/pr36728-2.c -O2 -flto -flto-partition=none line 12 arg3 == 3
FAIL: gcc.dg/guality/pr36728-2.c -O2 -flto -flto-partition=none line 12 arg4 == 4
FAIL: gcc.dg/guality/pr36728-2.c -O2 -flto -flto-partition=none line 14 arg3 == 3
FAIL: gcc.dg/guality/pr36728-2.c -O2 -flto -flto-partition=none line 14 arg4 == 4
FAIL: gcc.dg/guality/pr36728-2.c -O2 -flto line 12 arg3 == 3
FAIL: gcc.dg/guality/pr36728-2.c -O2 -flto line 12 arg4 == 4
FAIL: gcc.dg/guality/pr36728-2.c -O2 -flto line 14 arg3 == 3
FAIL: gcc.dg/guality/pr36728-2.c -O2 -flto line 14 arg4 == 4
XPASS: gcc.dg/guality/pr41353-1.c -O0 line 28 j == 28 + 37
FAIL: gcc.dg/guality/pr41353-1.c -O1 line 28 i == 37
XPASS: gcc.dg/guality/pr41353-1.c -O1 line 28 j == 28 + 37
FAIL: gcc.dg/guality/pr41353-1.c -O1 line 28 i1 == 2 * 37
FAIL: gcc.dg/guality/pr41353-1.c -O1 line 28 i2 == 3 * 37
FAIL: gcc.dg/guality/pr41353-1.c -O2 line 28 i == 37
XPASS: gcc.dg/guality/pr41353-1.c -O2 line 28 j == 28 + 37
FAIL: gcc.dg/guality/pr41353-1.c -O2 line 28 i1 == 2 * 37
FAIL: gcc.dg/guality/pr41353-1.c -O2 line 28 i2 == 3 * 37
FAIL: gcc.dg/guality/pr41353-1.c -O3 -fomit-frame-pointer line 28 i == 37
XPASS: gcc.dg/guality/pr41353-1.c -O3 -fomit-frame-pointer line 28 j == 28 + 37
FAIL: gcc.dg/guality/pr41353-1.c -O3 -fomit-frame-pointer line 28 i1 == 2 * 37
FAIL: gcc.dg/guality/pr41353-1.c -O3 -fomit-frame-pointer line 28 i2 == 3 * 37
FAIL: gcc.dg/guality/pr41353-1.c -O3 -g line 28 i == 37
XPASS: gcc.dg/guality/pr41353-1.c -O3 -g line 28 j == 28 + 37
FAIL: gcc.dg/guality/pr41353-1.c -O3 -g line 28 i1 == 2 * 37
FAIL: gcc.dg/guality/pr41353-1.c -O3 -g line 28 i2 == 3 * 37
FAIL: gcc.dg/guality/pr41353-1.c -Os line 28 i == 37
XPASS: gcc.dg/guality/pr41353-1.c -Os line 28 j == 28 + 37
FAIL: gcc.dg/guality/pr41353-1.c -Os line 28 i1 == 2 * 37
FAIL: gcc.dg/guality/pr41353-1.c -Os line 28 i2 == 3 * 37
FAIL: gcc.dg/guality/pr41353-1.c -O2 -flto -flto-partition=none line 28 i == 37
XPASS: gcc.dg/guality/pr41353-1.c -O2 -flto -flto-partition=none line 28 j == 28 + 37
FAIL: gcc.dg/guality/pr41353-1.c -O2 -flto -flto-partition=none line 28 i1 == 2 * 37
FAIL: gcc.dg/guality/pr41353-1.c -O2 -flto -flto-partition=none line 28 i2 == 3 * 37
FAIL: gcc.dg/guality/pr41353-1.c -O2 -flto line 28 i == 37
XPASS: gcc.dg/guality/pr41353-1.c -O2 -flto line 28 j == 28 + 37
FAIL: gcc.dg/guality/pr41353-1.c -O2 -flto line 28 i1 == 2 * 37
FAIL: gcc.dg/guality/pr41353-1.c -O2 -flto line 28 i2 == 3 * 37
XPASS: gcc.dg/guality/pr41447-1.c -O0 execution test
XPASS: gcc.dg/guality/pr41447-1.c -O1 execution test
XPASS: gcc.dg/guality/pr41447-1.c -O2 execution test
XPASS: gcc.dg/guality/pr41447-1.c -O3 -fomit-frame-pointer execution test
XPASS: gcc.dg/guality/pr41447-1.c -O3 -g execution test
XPASS: gcc.dg/guality/pr41447-1.c -Os execution test
XPASS: gcc.dg/guality/pr41447-1.c -O2 -flto -flto-partition=none execution test
XPASS: gcc.dg/guality/pr41447-1.c -O2 -flto execution test
XPASS: gcc.dg/guality/pr41616-1.c -O0 execution test
XPASS: gcc.dg/guality/pr41616-1.c -O1 execution test
XPASS: gcc.dg/guality/pr41616-1.c -O2 execution test
XPASS: gcc.dg/guality/pr41616-1.c -O3 -fomit-frame-pointer execution test
XPASS: gcc.dg/guality/pr41616-1.c -O3 -g execution test
XPASS: gcc.dg/guality/pr41616-1.c -Os execution test
FAIL: gcc.dg/guality/pr43051-1.c -O1 line 39 c == &a[0]
FAIL: gcc.dg/guality/sra-1.c -O1 line 43 a.j == 14
FAIL: gcc.dg/guality/sra-1.c -O2 line 43 a.j == 14
FAIL: gcc.dg/guality/sra-1.c -O3 -fomit-frame-pointer line 43 a.j == 14
FAIL: gcc.dg/guality/sra-1.c -O3 -g line 43 a.j == 14
FAIL: gcc.dg/guality/sra-1.c -Os line 43 a.j == 14
FAIL: gcc.dg/guality/sra-1.c -O2 -flto -flto-partition=none line 43 a.j == 14
FAIL: gcc.dg/guality/sra-1.c -O2 -flto line 43 a.j == 14
FAIL: gcc.dg/guality/vla-1.c -O0 line 17 sizeof (a) == 6
FAIL: gcc.dg/guality/vla-1.c -O0 line 24 sizeof (a) == 17 * sizeof (short)
FAIL: gcc.dg/guality/vla-1.c -O1 line 24 sizeof (a) == 17 * sizeof (short)
FAIL: gcc.dg/guality/vla-1.c -O2 line 24 sizeof (a) == 17 * sizeof (short)
FAIL: gcc.dg/guality/vla-1.c -O3 -fomit-frame-pointer line 24 sizeof (a) == 17 * sizeof (short)
FAIL: gcc.dg/guality/vla-1.c -O3 -g line 24 sizeof (a) == 17 * sizeof (short)
FAIL: gcc.dg/guality/vla-1.c -Os line 24 sizeof (a) == 17 * sizeof (short)
FAIL: gcc.dg/guality/vla-1.c -O2 -flto -flto-partition=none line 17 sizeof (a) == 6
FAIL: gcc.dg/guality/vla-1.c -O2 -flto -flto-partition=none line 24 sizeof (a) == 17 * sizeof (short)
FAIL: gcc.dg/guality/vla-1.c -O2 -flto line 17 sizeof (a) == 6
FAIL: gcc.dg/guality/vla-1.c -O2 -flto line 24 sizeof (a) == 17 * sizeof (short)
FAIL: gcc.dg/guality/vla-2.c -O0 line 16 sizeof (a) == 5 * sizeof (int)
FAIL: gcc.dg/guality/vla-2.c -O0 line 25 sizeof (a) == 6 * sizeof (int)
FAIL: gcc.dg/guality/vla-2.c -O1 line 16 sizeof (a) == 5 * sizeof (int)
FAIL: gcc.dg/guality/vla-2.c -O1 line 25 sizeof (a) == 6 * sizeof (int)
FAIL: gcc.dg/guality/vla-2.c -O2 line 16 sizeof (a) == 5 * sizeof (int)
FAIL: gcc.dg/guality/vla-2.c -O2 line 25 sizeof (a) == 6 * sizeof (int)
FAIL: gcc.dg/guality/vla-2.c -O3 -fomit-frame-pointer line 16 sizeof (a) == 5 * sizeof (int)
FAIL: gcc.dg/guality/vla-2.c -O3 -fomit-frame-pointer line 25 sizeof (a) == 6 * sizeof (int)
FAIL: gcc.dg/guality/vla-2.c -O3 -g line 16 sizeof (a) == 5 * sizeof (int)
FAIL: gcc.dg/guality/vla-2.c -O3 -g line 25 sizeof (a) == 6 * sizeof (int)
FAIL: gcc.dg/guality/vla-2.c -Os line 16 sizeof (a) == 5 * sizeof (int)
FAIL: gcc.dg/guality/vla-2.c -Os line 25 sizeof (a) == 6 * sizeof (int)
FAIL: gcc.dg/guality/vla-2.c -O2 -flto -flto-partition=none line 16 sizeof (a) == 5 * sizeof (int)
FAIL: gcc.dg/guality/vla-2.c -O2 -flto -flto-partition=none line 25 sizeof (a) == 6 * sizeof (int)
FAIL: gcc.dg/guality/vla-2.c -O2 -flto line 16 sizeof (a) == 5 * sizeof (int)
FAIL: gcc.dg/guality/vla-2.c -O2 -flto line 25 sizeof (a) == 6 * sizeof (int)
FAIL: gcc.dg/lto/20110201-1 c_lto_20110201-1_0.o-c_lto_20110201-1_0.o link, -O0 -flto
UNRESOLVED: gcc.dg/lto/20110201-1 c_lto_20110201-1_0.o-c_lto_20110201-1_0.o execute -O0 -flto
XPASS: gcc.dg/tree-ssa/20040204-1.c scan-tree-dump-times optimized "link_error" 0
XPASS: gcc.dg/vect/vect-16.c scan-tree-dump-times vect "vectorized 1 loops" 1
FAIL: gcc.dg/vect/vect-72.c scan-tree-dump-times vect "Alignment of access forced using peeling" 0
FAIL: gcc.dg/vect/vect-multitypes-11.c scan-tree-dump-times vect "vectorized 1 loops" 1
FAIL: gcc.dg/vect/vect-multitypes-12.c scan-tree-dump-times vect "vectorized 1 loops" 1
FAIL: gcc.dg/vect/vect-peel-3.c scan-tree-dump-times vect "Vectorizing an unaligned access" 1
FAIL: gcc.dg/vect/vect-peel-4.c scan-tree-dump-times vect "Vectorizing an unaligned access" 1
FAIL: gcc.dg/vect/vect-reduc-dot-s16b.c scan-tree-dump-times vect "vectorized 1 loops" 0
FAIL: gcc.dg/vect/vect-reduc-pattern-1a.c scan-tree-dump-times vect "vectorized 1 loops" 0
FAIL: gcc.dg/vect/vect-reduc-pattern-1b.c scan-tree-dump-times vect "vectorized 1 loops" 0
FAIL: gcc.dg/vect/vect-reduc-pattern-1c.c scan-tree-dump-times vect "vectorized 1 loops" 0
FAIL: gcc.dg/vect/vect-reduc-pattern-2a.c scan-tree-dump-times vect "vectorized 1 loops" 0
FAIL: gcc.dg/vect/vect-reduc-pattern-2b.c scan-tree-dump-times vect "vectorized 1 loops" 0
XPASS: gcc.dg/vect/slp-reduc-3.c scan-tree-dump-times vect "vectorizing stmts using SLP" 1
FAIL: gcc.dg/vect/bb-slp-10.c scan-tree-dump-times slp "unsupported alignment in basic block." 1
FAIL: gcc.dg/vect/wrapv-vect-reduc-pattern-2c.c scan-tree-dump-times vect "vectorized 1 loops" 0
XPASS: gcc.dg/vect/no-scevccp-outer-16.c scan-tree-dump-times vect "OUTER LOOP VECTORIZED." 1
XPASS: gcc.dg/vect/no-scevccp-outer-17.c scan-tree-dump-times vect "OUTER LOOP VECTORIZED." 1
XPASS: gcc.dg/vect/no-scevccp-outer-19.c scan-tree-dump-times vect "OUTER LOOP VECTORIZED." 1
XPASS: gcc.dg/vect/no-scevccp-outer-21.c scan-tree-dump-times vect "OUTER LOOP VECTORIZED." 1
FAIL: gcc.target/arm/g2.c scan-assembler mla[ \\t].*
FAIL: gcc.target/arm/mmx-1.c scan-assembler ldmfd[ \\t]sp!.*ip,[ ]*pc
FAIL: gcc.target/arm/pr42575.c scan-assembler-not mov
FAIL: gcc.target/arm/scd42-2.c scan-assembler mov[ \\t].*272
FAIL: gcc.target/arm/vfp-1.c scan-assembler flds.+ \\\\[r0, #-1020\\\\]
FAIL: gcc.target/arm/vfp-1.c scan-assembler fldd.+ \\\\[r1, #-1016\\\\]
=== gcc Summary ===
# of expected passes 76506
# of unexpected failures 151
# of unexpected successes 44
# of expected failures 210
# of unresolved testcases 1
# of unsupported tests 1004
/scratch/cbuild/slave/slaves/tcpanda02/gcc-4.6+svn189048/gcc/default/build/gcc/xgcc version 4.6.4 20120628 (prerelease) [gcc-4_6-branch revision 189048] (GCC)
=== gfortran tests ===
Running target unix
FAIL: gfortran.dg/pr45636.f90 -O scan-tree-dump-times forwprop2 "memset" 0
FAIL: gfortran.dg/vect/fast-math-pr38968.f90 scan-tree-dump vect "vectorized 1 loops"
=== gfortran Summary ===
# of expected passes 37954
# of unexpected failures 2
# of expected failures 41
# of unsupported tests 385
/scratch/cbuild/slave/slaves/tcpanda02/gcc-4.6+svn189048/gcc/default/build/gcc/testsuite/gfortran/../../gfortran version 4.6.4 20120628 (prerelease) [gcc-4_6-branch revision 189048] (GCC)
=== obj-c++ tests ===
Running target unix
=== obj-c++ Summary ===
# of expected passes 1388
# of expected failures 2
# of unsupported tests 86
/scratch/cbuild/slave/slaves/tcpanda02/gcc-4.6+svn189048/gcc/default/build/gcc/testsuite/obj-c++/../../g++ version 4.6.4 20120628 (prerelease) [gcc-4_6-branch revision 189048] (GCC)
=== objc tests ===
Running target unix
FAIL: objc.dg-struct-layout-encoding-1/t025_main.m execution test
FAIL: objc.dg-struct-layout-encoding-1/t027_main.m execution test
FAIL: objc.dg-struct-layout-encoding-1/t028_main.m execution test
FAIL: objc.dg-struct-layout-encoding-1/t029_main.m execution test
FAIL: objc.dg-struct-layout-encoding-1/t030_main.m execution test
FAIL: objc.dg-struct-layout-encoding-1/t031_main.m execution test
=== objc Summary ===
# of expected passes 2910
# of unexpected failures 6
# of expected failures 10
# of unsupported tests 74
/scratch/cbuild/slave/slaves/tcpanda02/gcc-4.6+svn189048/gcc/default/build/gcc/xgcc version 4.6.4 20120628 (prerelease) [gcc-4_6-branch revision 189048] (GCC)
Compiler version: 4.6.4 20120628 (prerelease) [gcc-4_6-branch revision 189048] (GCC)
Platform: arm-unknown-linux-gnueabi
configure flags: --prefix=/scratch/cbuild/slave/slaves/tcpanda02/gcc-4.6+svn189048/gcc/default/install --enable-languages=c,c++,objc,obj-c++,fortran,lto --with-mode=thumb --with-arch=armv7-a --with-tune=cortex-a9 --with-fpu=neon --with-float= --build=arm-linux-gnueabi
======
Full results at http://builds.linaro.org/toolchain/gcc-4.6+svn189048/logs/armv7l-natty-cbuild339-tcpanda02-cortexa9r1
make[1]: Entering directory `/scratch/cbuild/slave/slaves/tcpanda02'
date:
2012-06-28 13:34:46+00:00
uname:
Linux tcpanda02 2.6.35.3-cbuild2+ #8 SMP Mon Apr 4 12:46:46 NZST 2011 armv7l armv7l armv7l GNU/Linux
lsb_release:
Distributor ID: Ubuntu
Description: Ubuntu 11.04
Release: 11.04
Codename: natty
/proc/version:
Linux version 2.6.35.3-cbuild2+ (michaelh@crucis) (gcc version 4.5.2 (Ubuntu/Linaro 4.5.2-5ubuntu2~ppa1) ) #8 SMP Mon Apr 4 12:46:46 NZST 2011
gcc:
Version: 4:4.5.2-1ubuntu3
gcc (Ubuntu/Linaro 4.5.2-8ubuntu4) 4.5.2
Copyright (C) 2010 Free Software Foundation, Inc.
This is free software; see the source for copying conditions. There is NO
warranty; not even for MERCHANTABILITY or FITNESS FOR A PARTICULAR PURPOSE.
as:
Version: 2.21.0.20110327-2ubuntu2
GNU assembler (GNU Binutils for Ubuntu) 2.21.0.20110327
Copyright 2011 Free Software Foundation, Inc.
This program is free software; you may redistribute it under the terms of
the GNU General Public License version 3 or later.
This program has absolutely no warranty.
This assembler was configured for a target of `arm-linux-gnueabi'.
ldd:
ldd (Ubuntu EGLIBC 2.13-0ubuntu13) 2.13
Copyright (C) 2011 Free Software Foundation, Inc.
This is free software; see the source for copying conditions. There is NO
warranty; not even for MERCHANTABILITY or FITNESS FOR A PARTICULAR PURPOSE.
Written by Roland McGrath and Ulrich Drepper.
free:
total used free shared buffers cached
Mem: 977472 177164 800308 0 60772 22504
-/+ buffers/cache: 93888 883584
Swap: 2097148 79584 2017564
ulimit:
core file size (blocks, -c) unlimited
data seg size (kbytes, -d) unlimited
scheduling priority (-e) 20
file size (blocks, -f) unlimited
pending signals (-i) 16382
max locked memory (kbytes, -l) 64
max memory size (kbytes, -m) unlimited
open files (-n) 1024
pipe size (512 bytes, -p) 8
POSIX message queues (bytes, -q) 819200
real-time priority (-r) 0
stack size (kbytes, -s) unlimited
cpu time (seconds, -t) unlimited
max user processes (-u) 7620
virtual memory (kbytes, -v) unlimited
file locks (-x) unlimited
cpuinfo:
Processor : ARMv7 Processor rev 2 (v7l)
processor : 0
BogoMIPS : 2013.49
processor : 1
BogoMIPS : 1963.08
Features : swp half thumb fastmult vfp edsp thumbee neon vfpv3
CPU implementer : 0x41
CPU architecture: 7
CPU variant : 0x1
CPU part : 0xc09
CPU revision : 2
Hardware : OMAP4430 Panda Board
Revision : 0020
Serial : 0000000000000000
gdb:
Version: 7.2-1ubuntu11
GNU gdb (Ubuntu/Linaro 7.2-1ubuntu11) 7.2
Copyright (C) 2010 Free Software Foundation, Inc.
License GPLv3+: GNU GPL version 3 or later <http://gnu.org/licenses/gpl.html>
This is free software: you are free to change and redistribute it.
There is NO WARRANTY, to the extent permitted by law. Type "show copying"
and "show warranty" for details.
This GDB was configured as "arm-linux-gnueabi".
For bug reporting instructions, please see:
<http://www.gnu.org/software/gdb/bugs/>.
gcc-binary:
libc6:
Version: 2.13-0ubuntu13
PATH:
/usr/local/sbin:/usr/local/bin:/usr/sbin:/usr/bin:/sbin:/bin:/usr/X11R6/bin
df:
Filesystem Size Used Avail Use% Mounted on
/dev/sda1 15G 2.0G 13G 14% /
/dev/sda1 15G 2.0G 13G 14% /
make[1]: Leaving directory `/scratch/cbuild/slave/slaves/tcpanda02'