This is the mail archive of the
gcc-testresults@gcc.gnu.org
mailing list for the GCC project.
Results for 4.8.0 20120626 (experimental) [trunk revision 188998] (GCC) testsuite on hppa2.0w-hp-hpux11.11
- From: John David Anglin <dave at hiauly3 dot hia dot nrc dot ca>
- To: dave at hiauly3 dot hia dot nrc dot ca, gcc-testresults at gcc dot gnu dot org
- Date: Thu, 28 Jun 2012 20:28:31 -0400 (EDT)
- Subject: Results for 4.8.0 20120626 (experimental) [trunk revision 188998] (GCC) testsuite on hppa2.0w-hp-hpux11.11
=== acats tests ===
FAIL: c96005a
FAIL: c96005f
FAIL: c96008a
FAIL: c96008b
=== acats Summary ===
# of expected passes 2316
# of unexpected failures 4
Native configuration is hppa2.0w-hp-hpux11.11
=== g++ tests ===
Running target unix
UNRESOLVED: g++.dg/ext/label13.C -std=gnu++98 compilation failed to produce executable
UNRESOLVED: g++.dg/ext/label13.C -std=gnu++11 compilation failed to produce executable
WARNING: program timed out.
FAIL: ./array-1.H -g (internal compiler error)
FAIL: ./array-1.H -g (test for excess errors)
FAIL: g++.dg/pch/array-1.C -g
FAIL: g++.dg/pch/array-1.C -g assembly comparison
FAIL: ./array-1.H -O2 -g (internal compiler error)
FAIL: ./array-1.H -O2 -g (test for excess errors)
FAIL: g++.dg/pch/array-1.C -O2 -g
FAIL: g++.dg/pch/array-1.C -O2 -g assembly comparison
FAIL: ./externc-1.H -g (internal compiler error)
FAIL: ./externc-1.H -g (test for excess errors)
FAIL: g++.dg/pch/externc-1.C -g
FAIL: g++.dg/pch/externc-1.C -g assembly comparison
FAIL: ./externc-1.H -O2 -g (internal compiler error)
FAIL: ./externc-1.H -O2 -g (test for excess errors)
FAIL: g++.dg/pch/externc-1.C -O2 -g
FAIL: g++.dg/pch/externc-1.C -O2 -g assembly comparison
FAIL: ./static-1.H -g (internal compiler error)
FAIL: ./static-1.H -g (test for excess errors)
FAIL: g++.dg/pch/static-1.C -g
FAIL: g++.dg/pch/static-1.C -g assembly comparison
FAIL: ./static-1.H -O2 -g (internal compiler error)
FAIL: ./static-1.H -O2 -g (test for excess errors)
FAIL: g++.dg/pch/static-1.C -O2 -g
FAIL: g++.dg/pch/static-1.C -O2 -g assembly comparison
FAIL: ./system-1.H -g (internal compiler error)
FAIL: ./system-1.H -g (test for excess errors)
FAIL: g++.dg/pch/system-1.C -g
FAIL: g++.dg/pch/system-1.C -g assembly comparison
FAIL: ./system-1.H -O2 -g (internal compiler error)
FAIL: ./system-1.H -O2 -g (test for excess errors)
FAIL: g++.dg/pch/system-1.C -O2 -g
FAIL: g++.dg/pch/system-1.C -O2 -g assembly comparison
FAIL: ./system-2.H -g (internal compiler error)
FAIL: ./system-2.H -g (test for excess errors)
FAIL: g++.dg/pch/system-2.C -g
FAIL: g++.dg/pch/system-2.C -g assembly comparison
FAIL: ./system-2.H -O2 -g (internal compiler error)
FAIL: ./system-2.H -O2 -g (test for excess errors)
FAIL: g++.dg/pch/system-2.C -O2 -g
FAIL: g++.dg/pch/system-2.C -O2 -g assembly comparison
FAIL: ./uninst.H -g (internal compiler error)
FAIL: ./uninst.H -g (test for excess errors)
FAIL: g++.dg/pch/uninst.C -g
FAIL: g++.dg/pch/uninst.C -g assembly comparison
FAIL: ./uninst.H -O2 -g (internal compiler error)
FAIL: ./uninst.H -O2 -g (test for excess errors)
FAIL: g++.dg/pch/uninst.C -O2 -g
FAIL: g++.dg/pch/uninst.C -O2 -g assembly comparison
FAIL: ./wchar-1.H -g (internal compiler error)
FAIL: ./wchar-1.H -g (test for excess errors)
FAIL: g++.dg/pch/wchar-1.C -g
FAIL: g++.dg/pch/wchar-1.C -g assembly comparison
FAIL: ./wchar-1.H -O2 -g (internal compiler error)
FAIL: ./wchar-1.H -O2 -g (test for excess errors)
FAIL: g++.dg/pch/wchar-1.C -O2 -g
FAIL: g++.dg/pch/wchar-1.C -O2 -g assembly comparison
FAIL: c-c++-common/simulate-thread/bitfields-2.c -Os -g thread simulation test
=== g++ Summary ===
# of expected passes 42887
# of unexpected failures 57
# of expected failures 288
# of unresolved testcases 2
# of unsupported tests 974
/test/gnu/gcc/objdir/gcc/testsuite/g++/../../g++ version 4.8.0 20120626 (experimental) [trunk revision 188998] (GCC)
=== gcc tests ===
Running target unix
FAIL: gcc.c-torture/execute/930921-1.c execution, -O0
FAIL: gcc.c-torture/execute/930921-1.c execution, -O1
FAIL: gcc.c-torture/execute/pr51581-1.c execution, -O0
FAIL: gcc.c-torture/execute/pr51581-1.c execution, -O1
FAIL: gcc.c-torture/execute/pr51581-2.c execution, -O0
FAIL: gcc.c-torture/execute/pr51581-2.c execution, -O1
XPASS: gcc.dg/Wstrict-overflow-18.c (test for bogus messages, line 20)
FAIL: gcc.dg/lower-subreg-1.c scan-rtl-dump subreg1 "Splitting reg"
WARNING: program timed out.
FAIL: ./decl-3.h -O0 -g (internal compiler error)
FAIL: ./decl-3.h -O0 -g (test for excess errors)
FAIL: gcc.dg/pch/decl-3.c -O0 -g
FAIL: gcc.dg/pch/decl-3.c -O0 -g assembly comparison
FAIL: ./decl-3.h -O3 -g (internal compiler error)
FAIL: ./decl-3.h -O3 -g (test for excess errors)
FAIL: gcc.dg/pch/decl-3.c -O3 -g
FAIL: gcc.dg/pch/decl-3.c -O3 -g assembly comparison
FAIL: ./decl-4.h -O0 -g (internal compiler error)
FAIL: ./decl-4.h -O0 -g (test for excess errors)
FAIL: gcc.dg/pch/decl-4.c -O0 -g
FAIL: gcc.dg/pch/decl-4.c -O0 -g assembly comparison
FAIL: ./decl-4.h -O3 -g (internal compiler error)
FAIL: ./decl-4.h -O3 -g (test for excess errors)
FAIL: gcc.dg/pch/decl-4.c -O3 -g
FAIL: gcc.dg/pch/decl-4.c -O3 -g assembly comparison
FAIL: ./struct-1.h -O0 -g (internal compiler error)
FAIL: ./struct-1.h -O0 -g (test for excess errors)
FAIL: gcc.dg/pch/struct-1.c -O0 -g
FAIL: gcc.dg/pch/struct-1.c -O0 -g assembly comparison
FAIL: ./struct-1.h -O3 -g (internal compiler error)
FAIL: ./struct-1.h -O3 -g (test for excess errors)
FAIL: gcc.dg/pch/struct-1.c -O3 -g
FAIL: gcc.dg/pch/struct-1.c -O3 -g assembly comparison
FAIL: ./system-1.h -O0 -g (internal compiler error)
FAIL: ./system-1.h -O0 -g (test for excess errors)
FAIL: gcc.dg/pch/system-1.c -O0 -g
FAIL: gcc.dg/pch/system-1.c -O0 -g assembly comparison
FAIL: ./system-1.h -O3 -g (internal compiler error)
FAIL: ./system-1.h -O3 -g (test for excess errors)
FAIL: gcc.dg/pch/system-1.c -O3 -g
FAIL: gcc.dg/pch/system-1.c -O3 -g assembly comparison
FAIL: ./warn-1.h -O0 -g (internal compiler error)
FAIL: ./warn-1.h -O0 -g (test for excess errors)
FAIL: gcc.dg/pch/warn-1.c -O0 -g
FAIL: ./warn-1.h -O3 -g (internal compiler error)
FAIL: ./warn-1.h -O3 -g (test for excess errors)
FAIL: gcc.dg/pch/warn-1.c -O3 -g
FAIL: gcc.dg/torture/pr37731-1.c -O1 execution test
FAIL: gcc.dg/torture/pr37731-1.c -O2 execution test
FAIL: gcc.dg/torture/pr37731-1.c -O3 -fomit-frame-pointer execution test
FAIL: gcc.dg/torture/pr37731-1.c -O3 -g execution test
FAIL: gcc.dg/torture/pr37731-1.c -Os execution test
FAIL: gcc.dg/torture/pr37731-2.c -O1 execution test
FAIL: gcc.dg/torture/pr37731-2.c -O2 execution test
FAIL: gcc.dg/torture/pr37731-2.c -O3 -fomit-frame-pointer execution test
FAIL: gcc.dg/torture/pr37731-2.c -O3 -g execution test
FAIL: gcc.dg/torture/pr37731-2.c -Os execution test
FAIL: gcc.dg/torture/pr51106-2.c -O0 (internal compiler error)
FAIL: gcc.dg/torture/pr51106-2.c -O0 (test for excess errors)
FAIL: gcc.dg/torture/pr51106-2.c -O1 (internal compiler error)
FAIL: gcc.dg/torture/pr51106-2.c -O1 (test for excess errors)
FAIL: gcc.dg/torture/pr51106-2.c -O2 (internal compiler error)
FAIL: gcc.dg/torture/pr51106-2.c -O2 (test for excess errors)
FAIL: gcc.dg/torture/pr51106-2.c -O3 -fomit-frame-pointer (internal compiler error)
FAIL: gcc.dg/torture/pr51106-2.c -O3 -fomit-frame-pointer (test for excess errors)
FAIL: gcc.dg/torture/pr51106-2.c -O3 -g (internal compiler error)
FAIL: gcc.dg/torture/pr51106-2.c -O3 -g (test for excess errors)
FAIL: gcc.dg/torture/pr51106-2.c -Os (internal compiler error)
FAIL: gcc.dg/torture/pr51106-2.c -Os (test for excess errors)
XPASS: gcc.dg/torture/pr52402.c -O0 execution test
XPASS: gcc.dg/torture/pr52402.c -O1 execution test
XPASS: gcc.dg/torture/pr52402.c -O2 execution test
XPASS: gcc.dg/torture/pr52402.c -O3 -fomit-frame-pointer execution test
XPASS: gcc.dg/torture/pr52402.c -O3 -g execution test
XPASS: gcc.dg/torture/pr52402.c -Os execution test
FAIL: gcc.dg/tree-ssa/vector-4.c scan-tree-dump-times gimple "VEC_PERM_EXPR <a, b, { 0, 4, 1, 5 }>;" 1
=== gcc Summary ===
# of expected passes 59764
# of unexpected failures 68
# of unexpected successes 7
# of expected failures 113
# of unsupported tests 1392
/test/gnu/gcc/objdir/gcc/xgcc version 4.8.0 20120626 (experimental) [trunk revision 188998] (GCC)
=== gfortran tests ===
Running target unix
FAIL: gfortran.dg/pr45636.f90 -O scan-tree-dump-times forwprop2 "memset" 0
=== gfortran Summary ===
# of expected passes 40025
# of unexpected failures 1
# of expected failures 42
# of unsupported tests 397
/test/gnu/gcc/objdir/gcc/testsuite/gfortran/../../gfortran version 4.8.0 20120626 (experimental) [trunk revision 188998] (GCC)
=== gnat tests ===
Running target unix
FAIL: gnat.dg/array11.adb (test for warnings, line 12)
FAIL: gnat.dg/deep_old.adb (test for excess errors)
FAIL: gnat.dg/lto15.adb (test for excess errors)
FAIL: gnat.dg/object_overflow.adb (test for warnings, line 8)
FAIL: gnat.dg/old_errors.adb (test for errors, line 7)
FAIL: gnat.dg/old_errors.adb (test for errors, line 16)
FAIL: gnat.dg/old_errors.adb (test for errors, line 28)
FAIL: gnat.dg/old_errors.adb (test for errors, line 34)
FAIL: gnat.dg/old_errors.adb (test for errors, line 38)
FAIL: gnat.dg/old_errors.adb (test for warnings, line 40)
FAIL: gnat.dg/old_errors.adb (test for errors, line 44)
FAIL: gnat.dg/old_errors.adb (test for excess errors)
=== gnat Summary ===
# of expected passes 1088
# of unexpected failures 12
# of expected failures 17
# of unsupported tests 11
/test/gnu/gcc/objdir/gcc/gnatmake version 4.8.0 20120626 (experimental) [trunk revision 188998]
=== obj-c++ tests ===
Running target unix
=== obj-c++ Summary ===
# of expected passes 1408
# of expected failures 2
# of unsupported tests 69
/test/gnu/gcc/objdir/gcc/testsuite/obj-c++/../../g++ version 4.8.0 20120626 (experimental) [trunk revision 188998] (GCC)
=== objc tests ===
Running target unix
FAIL: ./interface-1.h -fgnu-runtime -O0 -g (internal compiler error)
FAIL: ./interface-1.h -fgnu-runtime -O0 -g (test for excess errors)
FAIL: objc.dg/pch/interface-1.m -O0 -g
FAIL: objc.dg/pch/interface-1.m -O0 -g assembly comparison
FAIL: ./interface-1.h -fgnu-runtime -O3 -g (internal compiler error)
FAIL: ./interface-1.h -fgnu-runtime -O3 -g (test for excess errors)
FAIL: objc.dg/pch/interface-1.m -O3 -g
FAIL: objc.dg/pch/interface-1.m -O3 -g assembly comparison
=== objc Summary ===
# of expected passes 2912
# of unexpected failures 8
# of unsupported tests 65
/test/gnu/gcc/objdir/gcc/xgcc version 4.8.0 20120626 (experimental) [trunk revision 188998] (GCC)
=== boehm-gc tests ===
Running target unix
=== boehm-gc Summary ===
# of expected passes 12
# of unsupported tests 1
=== libatomic tests ===
Running target unix
=== libatomic Summary ===
# of expected passes 4
# of unsupported tests 25
=== libffi tests ===
Running target unix
=== libffi Summary ===
# of expected passes 1659
# of unsupported tests 55
=== libgomp tests ===
Running target unix
FAIL: libgomp.c/loop-12.c execution test
FAIL: libgomp.c/loop-6.c execution test
FAIL: libgomp.c++/loop-12.C -O0 execution test
FAIL: libgomp.c++/loop-12.C -O1 execution test
FAIL: libgomp.c++/loop-12.C -O2 execution test
FAIL: libgomp.c++/loop-12.C -O3 -fomit-frame-pointer execution test
FAIL: libgomp.c++/loop-12.C -O3 -fomit-frame-pointer -funroll-loops execution test
FAIL: libgomp.c++/loop-12.C -O3 -fomit-frame-pointer -funroll-all-loops -finline-functions execution test
FAIL: libgomp.c++/loop-12.C -O3 -g execution test
FAIL: libgomp.c++/loop-12.C -Os execution test
WARNING: program timed out.
FAIL: libgomp.c++/loop-9.C -O0 execution test
FAIL: libgomp.c++/loop-9.C -O1 execution test
FAIL: libgomp.c++/loop-9.C -O2 execution test
FAIL: libgomp.c++/loop-9.C -O3 -fomit-frame-pointer execution test
FAIL: libgomp.c++/loop-9.C -O3 -fomit-frame-pointer -funroll-loops execution test
FAIL: libgomp.c++/loop-9.C -O3 -fomit-frame-pointer -funroll-all-loops -finline-functions execution test
FAIL: libgomp.c++/loop-9.C -O3 -g execution test
FAIL: libgomp.c++/loop-9.C -Os execution test
=== libgomp Summary ===
# of expected passes 2892
# of unexpected failures 18
# of unsupported tests 10
=== libjava tests ===
Running target unix
FAIL: LargeFile execution - source compiled test
FAIL: LargeFile -findirect-dispatch execution - source compiled test
FAIL: LargeFile -O3 execution - source compiled test
FAIL: LargeFile -O3 -findirect-dispatch execution - source compiled test
=== libjava Summary ===
# of expected passes 2566
# of unexpected failures 4
# of untested testcases 4
=== libstdc++ tests ===
Running target unix
FAIL: 20_util/tuple/creation_functions/tuple_cat.cc (test for excess errors)
UNRESOLVED: 20_util/tuple/creation_functions/tuple_cat.cc compilation failed to produce executable
FAIL: 26_numerics/random/mt19937_64.cc execution test
=== libstdc++ Summary ===
# of expected passes 7341
# of unexpected failures 2
# of expected failures 42
# of unresolved testcases 1
# of unsupported tests 830
Compiler version: 4.8.0 20120626 (experimental) [trunk revision 188998] (GCC)
Platform: hppa2.0w-hp-hpux11.11
configure flags:Test Run By dave on Wed Jun 27 10:06:55 EDT 2012