This is the mail archive of the
gcc-testresults@gcc.gnu.org
mailing list for the GCC project.
Results for 4.7.2 20120619 (prerelease) [gcc-4_7-branch revision 188767] (GCC) testsuite on arm-unknown-linux-gnueabi
- From: Linaro Toolchain Builder <michael dot hope+cbuild at linaro dot org>
- To: gcc-testresults at gcc dot gnu dot org
- Date: Sun, 24 Jun 2012 14:22:32 -0700 (PDT)
- Subject: Results for 4.7.2 20120619 (prerelease) [gcc-4_7-branch revision 188767] (GCC) testsuite on arm-unknown-linux-gnueabi
LAST_UPDATED: Tue Jun 19 06:17:20 UTC 2012 (revision 188767)
Native configuration is arm-unknown-linux-gnueabi
=== libgomp tests ===
Running target unix
=== libgomp Summary ===
# of expected passes 2928
# of unsupported tests 1
=== libmudflap tests ===
Running target unix
FAIL: libmudflap.c++/pass55-frag.cxx ( -O) execution test
=== libmudflap Summary ===
# of expected passes 1905
# of unexpected failures 1
=== libstdc++ tests ===
Running target unix
=== libstdc++ Summary ===
# of expected passes 7972
# of expected failures 43
# of unsupported tests 492
=== libstdc++ Summary ===
=== g++ tests ===
Running target unix
=== g++ Summary ===
# of expected passes 46852
# of expected failures 287
# of unsupported tests 642
/scratch/cbuild/slave/slaves/tcpanda03/gcc-4.7+svn188767/gcc/default/build/gcc/testsuite/g++/../../g++ version 4.7.2 20120619 (prerelease) [gcc-4_7-branch revision 188767] (GCC)
=== gcc tests ===
Running target unix
FAIL: gcc.dg/c99-stdint-1.c (test for excess errors)
FAIL: gcc.dg/c99-stdint-7.c (test for excess errors)
FAIL: gcc.dg/pr48335-5.c (internal compiler error)
FAIL: gcc.dg/pr48335-5.c (test for excess errors)
FAIL: gcc.dg/uninit-13.c unconditional (test for warnings, line 8)
FAIL: gcc.dg/uninit-13.c (test for excess errors)
XPASS: gcc.dg/guality/example.c -O0 execution test
XPASS: gcc.dg/guality/example.c -O1 execution test
XPASS: gcc.dg/guality/guality.c -O0 execution test
XPASS: gcc.dg/guality/guality.c -O1 execution test
XPASS: gcc.dg/guality/guality.c -O2 execution test
XPASS: gcc.dg/guality/guality.c -O3 -fomit-frame-pointer execution test
XPASS: gcc.dg/guality/guality.c -O3 -g execution test
XPASS: gcc.dg/guality/guality.c -Os execution test
XPASS: gcc.dg/guality/guality.c -O2 -flto -fno-use-linker-plugin -flto-partition=none execution test
XPASS: gcc.dg/guality/guality.c -O2 -flto -fuse-linker-plugin -fno-fat-lto-objects execution test
XPASS: gcc.dg/guality/inline-params.c -O2 execution test
XPASS: gcc.dg/guality/inline-params.c -O3 -fomit-frame-pointer execution test
XPASS: gcc.dg/guality/inline-params.c -O3 -g execution test
XPASS: gcc.dg/guality/inline-params.c -Os execution test
XPASS: gcc.dg/guality/inline-params.c -O2 -flto -fno-use-linker-plugin -flto-partition=none execution test
XPASS: gcc.dg/guality/inline-params.c -O2 -flto -fuse-linker-plugin -fno-fat-lto-objects execution test
XPASS: gcc.dg/guality/pr41353-1.c -O0 line 28 j == 28 + 37
XPASS: gcc.dg/guality/pr41353-1.c -O1 line 28 j == 28 + 37
XPASS: gcc.dg/guality/pr41353-1.c -O2 line 28 j == 28 + 37
XPASS: gcc.dg/guality/pr41353-1.c -O3 -fomit-frame-pointer line 28 j == 28 + 37
XPASS: gcc.dg/guality/pr41353-1.c -O3 -g line 28 j == 28 + 37
XPASS: gcc.dg/guality/pr41353-1.c -Os line 28 j == 28 + 37
XPASS: gcc.dg/guality/pr41353-1.c -O2 -flto -fno-use-linker-plugin -flto-partition=none line 28 j == 28 + 37
XPASS: gcc.dg/guality/pr41353-1.c -O2 -flto -fuse-linker-plugin -fno-fat-lto-objects line 28 j == 28 + 37
XPASS: gcc.dg/guality/pr41447-1.c -O0 execution test
XPASS: gcc.dg/guality/pr41447-1.c -O1 execution test
XPASS: gcc.dg/guality/pr41447-1.c -O2 execution test
XPASS: gcc.dg/guality/pr41447-1.c -O3 -fomit-frame-pointer execution test
XPASS: gcc.dg/guality/pr41447-1.c -O3 -g execution test
XPASS: gcc.dg/guality/pr41447-1.c -Os execution test
XPASS: gcc.dg/guality/pr41447-1.c -O2 -flto -fuse-linker-plugin -fno-fat-lto-objects execution test
XPASS: gcc.dg/guality/pr41616-1.c -O0 execution test
XPASS: gcc.dg/guality/pr41616-1.c -O1 execution test
XPASS: gcc.dg/guality/pr41616-1.c -O2 execution test
XPASS: gcc.dg/guality/pr41616-1.c -O3 -fomit-frame-pointer execution test
XPASS: gcc.dg/guality/pr41616-1.c -O3 -g execution test
XPASS: gcc.dg/guality/pr41616-1.c -Os execution test
XPASS: gcc.dg/guality/pr41616-1.c -O2 -flto -fno-use-linker-plugin -flto-partition=none execution test
FAIL: gcc.dg/guality/sra-1.c -O1 line 43 a.j == 14
FAIL: gcc.dg/guality/sra-1.c -O2 line 43 a.j == 14
FAIL: gcc.dg/guality/sra-1.c -O3 -fomit-frame-pointer line 43 a.j == 14
FAIL: gcc.dg/guality/sra-1.c -O3 -g line 43 a.j == 14
FAIL: gcc.dg/guality/sra-1.c -Os line 43 a.j == 14
FAIL: gcc.dg/guality/sra-1.c -O2 -flto -fno-use-linker-plugin -flto-partition=none line 43 a.j == 14
FAIL: gcc.dg/guality/sra-1.c -O2 -flto -fuse-linker-plugin -fno-fat-lto-objects line 43 a.j == 14
FAIL: gcc.dg/guality/vla-1.c -O0 line 17 sizeof (a) == 6
FAIL: gcc.dg/guality/vla-1.c -O0 line 24 sizeof (a) == 17 * sizeof (short)
FAIL: gcc.dg/guality/vla-1.c -O1 line 17 sizeof (a) == 6
FAIL: gcc.dg/guality/vla-1.c -O1 line 24 sizeof (a) == 17 * sizeof (short)
FAIL: gcc.dg/guality/vla-1.c -O2 line 17 sizeof (a) == 6
FAIL: gcc.dg/guality/vla-1.c -O2 line 24 sizeof (a) == 17 * sizeof (short)
FAIL: gcc.dg/guality/vla-1.c -O3 -fomit-frame-pointer line 17 sizeof (a) == 6
FAIL: gcc.dg/guality/vla-1.c -O3 -fomit-frame-pointer line 24 sizeof (a) == 17 * sizeof (short)
FAIL: gcc.dg/guality/vla-1.c -O3 -g line 17 sizeof (a) == 6
FAIL: gcc.dg/guality/vla-1.c -O3 -g line 24 sizeof (a) == 17 * sizeof (short)
FAIL: gcc.dg/guality/vla-1.c -Os line 17 sizeof (a) == 6
FAIL: gcc.dg/guality/vla-1.c -Os line 24 sizeof (a) == 17 * sizeof (short)
FAIL: gcc.dg/guality/vla-1.c -O2 -flto -fno-use-linker-plugin -flto-partition=none line 17 sizeof (a) == 6
FAIL: gcc.dg/guality/vla-1.c -O2 -flto -fno-use-linker-plugin -flto-partition=none line 24 sizeof (a) == 17 * sizeof (short)
FAIL: gcc.dg/guality/vla-1.c -O2 -flto -fuse-linker-plugin -fno-fat-lto-objects line 17 sizeof (a) == 6
FAIL: gcc.dg/guality/vla-1.c -O2 -flto -fuse-linker-plugin -fno-fat-lto-objects line 24 sizeof (a) == 17 * sizeof (short)
FAIL: gcc.dg/guality/vla-2.c -O0 line 16 sizeof (a) == 5 * sizeof (int)
FAIL: gcc.dg/guality/vla-2.c -O0 line 25 sizeof (a) == 6 * sizeof (int)
FAIL: gcc.dg/guality/vla-2.c -O1 line 16 sizeof (a) == 5 * sizeof (int)
FAIL: gcc.dg/guality/vla-2.c -O1 line 25 sizeof (a) == 6 * sizeof (int)
FAIL: gcc.dg/guality/vla-2.c -O2 line 16 sizeof (a) == 5 * sizeof (int)
FAIL: gcc.dg/guality/vla-2.c -O2 line 25 sizeof (a) == 6 * sizeof (int)
FAIL: gcc.dg/guality/vla-2.c -O3 -fomit-frame-pointer line 16 sizeof (a) == 5 * sizeof (int)
FAIL: gcc.dg/guality/vla-2.c -O3 -fomit-frame-pointer line 25 sizeof (a) == 6 * sizeof (int)
FAIL: gcc.dg/guality/vla-2.c -O3 -g line 16 sizeof (a) == 5 * sizeof (int)
FAIL: gcc.dg/guality/vla-2.c -O3 -g line 25 sizeof (a) == 6 * sizeof (int)
FAIL: gcc.dg/guality/vla-2.c -Os line 16 sizeof (a) == 5 * sizeof (int)
FAIL: gcc.dg/guality/vla-2.c -Os line 25 sizeof (a) == 6 * sizeof (int)
FAIL: gcc.dg/guality/vla-2.c -O2 -flto -fno-use-linker-plugin -flto-partition=none line 16 sizeof (a) == 5 * sizeof (int)
FAIL: gcc.dg/guality/vla-2.c -O2 -flto -fno-use-linker-plugin -flto-partition=none line 25 sizeof (a) == 6 * sizeof (int)
FAIL: gcc.dg/guality/vla-2.c -O2 -flto -fuse-linker-plugin -fno-fat-lto-objects line 16 sizeof (a) == 5 * sizeof (int)
FAIL: gcc.dg/guality/vla-2.c -O2 -flto -fuse-linker-plugin -fno-fat-lto-objects line 25 sizeof (a) == 6 * sizeof (int)
FAIL: gcc.dg/simulate-thread/atomic-load-longlong.c -O0 -g thread simulation test
FAIL: gcc.dg/simulate-thread/atomic-load-longlong.c -O2 -g thread simulation test
FAIL: gcc.dg/simulate-thread/atomic-load-longlong.c -O3 -g thread simulation test
FAIL: gcc.dg/simulate-thread/atomic-other-int.c -O0 -g thread simulation test
FAIL: gcc.dg/simulate-thread/atomic-other-int.c -O2 -g thread simulation test
FAIL: gcc.dg/simulate-thread/atomic-other-int.c -O3 -g thread simulation test
FAIL: gcc.dg/simulate-thread/atomic-other-longlong.c -O0 -g thread simulation test
FAIL: gcc.dg/simulate-thread/atomic-other-longlong.c -O2 -g thread simulation test
FAIL: gcc.dg/simulate-thread/atomic-other-longlong.c -O3 -g thread simulation test
FAIL: gcc.dg/simulate-thread/atomic-other-short.c -O0 -g thread simulation test
FAIL: gcc.dg/simulate-thread/atomic-other-short.c -O2 -g thread simulation test
FAIL: gcc.dg/simulate-thread/atomic-other-short.c -O3 -g thread simulation test
FAIL: gcc.dg/torture/stackalign/builtin-apply-4.c -O2 -flto -fuse-linker-plugin -fno-fat-lto-objects execution test
FAIL: gcc.dg/torture/stackalign/builtin-apply-4.c -O2 -flto -fuse-linker-plugin -fno-fat-lto-objects execution test
FAIL: gcc.dg/torture/tls/run-le.c -O0 -pie -fpie (test for excess errors)
FAIL: gcc.dg/torture/tls/run-le.c -O0 -pie -fpie execution test
FAIL: gcc.dg/torture/tls/run-le.c -O1 -pie -fpie (test for excess errors)
FAIL: gcc.dg/torture/tls/run-le.c -O1 -pie -fpie execution test
FAIL: gcc.dg/torture/tls/run-le.c -O2 -pie -fpie (test for excess errors)
FAIL: gcc.dg/torture/tls/run-le.c -O2 -pie -fpie execution test
FAIL: gcc.dg/torture/tls/run-le.c -O3 -fomit-frame-pointer -pie -fpie (test for excess errors)
FAIL: gcc.dg/torture/tls/run-le.c -O3 -fomit-frame-pointer -pie -fpie execution test
FAIL: gcc.dg/torture/tls/run-le.c -O3 -g -pie -fpie (test for excess errors)
FAIL: gcc.dg/torture/tls/run-le.c -O3 -g -pie -fpie execution test
FAIL: gcc.dg/torture/tls/run-le.c -Os -pie -fpie (test for excess errors)
FAIL: gcc.dg/torture/tls/run-le.c -Os -pie -fpie execution test
FAIL: gcc.dg/torture/tls/run-le.c -O0 -pie -fPIE (test for excess errors)
FAIL: gcc.dg/torture/tls/run-le.c -O0 -pie -fPIE execution test
FAIL: gcc.dg/torture/tls/run-le.c -O1 -pie -fPIE (test for excess errors)
FAIL: gcc.dg/torture/tls/run-le.c -O1 -pie -fPIE execution test
FAIL: gcc.dg/torture/tls/run-le.c -O2 -pie -fPIE (test for excess errors)
FAIL: gcc.dg/torture/tls/run-le.c -O2 -pie -fPIE execution test
FAIL: gcc.dg/torture/tls/run-le.c -O3 -fomit-frame-pointer -pie -fPIE (test for excess errors)
FAIL: gcc.dg/torture/tls/run-le.c -O3 -fomit-frame-pointer -pie -fPIE execution test
FAIL: gcc.dg/torture/tls/run-le.c -O3 -g -pie -fPIE (test for excess errors)
FAIL: gcc.dg/torture/tls/run-le.c -O3 -g -pie -fPIE execution test
FAIL: gcc.dg/torture/tls/run-le.c -Os -pie -fPIE (test for excess errors)
FAIL: gcc.dg/torture/tls/run-le.c -Os -pie -fPIE execution test
FAIL: gcc.dg/torture/tls/thr-init-1.c -O0 -pie -fpie (test for excess errors)
FAIL: gcc.dg/torture/tls/thr-init-1.c -O0 -pie -fpie execution test
FAIL: gcc.dg/torture/tls/thr-init-1.c -O1 -pie -fpie (test for excess errors)
FAIL: gcc.dg/torture/tls/thr-init-1.c -O1 -pie -fpie execution test
FAIL: gcc.dg/torture/tls/thr-init-1.c -O2 -pie -fpie (test for excess errors)
FAIL: gcc.dg/torture/tls/thr-init-1.c -O2 -pie -fpie execution test
FAIL: gcc.dg/torture/tls/thr-init-1.c -O3 -fomit-frame-pointer -pie -fpie (test for excess errors)
FAIL: gcc.dg/torture/tls/thr-init-1.c -O3 -fomit-frame-pointer -pie -fpie execution test
FAIL: gcc.dg/torture/tls/thr-init-1.c -O3 -g -pie -fpie (test for excess errors)
FAIL: gcc.dg/torture/tls/thr-init-1.c -O3 -g -pie -fpie execution test
FAIL: gcc.dg/torture/tls/thr-init-1.c -Os -pie -fpie (test for excess errors)
FAIL: gcc.dg/torture/tls/thr-init-1.c -Os -pie -fpie execution test
FAIL: gcc.dg/torture/tls/thr-init-1.c -O0 -pie -fPIE (test for excess errors)
FAIL: gcc.dg/torture/tls/thr-init-1.c -O0 -pie -fPIE execution test
FAIL: gcc.dg/torture/tls/thr-init-1.c -O1 -pie -fPIE (test for excess errors)
FAIL: gcc.dg/torture/tls/thr-init-1.c -O1 -pie -fPIE execution test
FAIL: gcc.dg/torture/tls/thr-init-1.c -O2 -pie -fPIE (test for excess errors)
FAIL: gcc.dg/torture/tls/thr-init-1.c -O2 -pie -fPIE execution test
FAIL: gcc.dg/torture/tls/thr-init-1.c -O3 -fomit-frame-pointer -pie -fPIE (test for excess errors)
FAIL: gcc.dg/torture/tls/thr-init-1.c -O3 -fomit-frame-pointer -pie -fPIE execution test
FAIL: gcc.dg/torture/tls/thr-init-1.c -O3 -g -pie -fPIE (test for excess errors)
FAIL: gcc.dg/torture/tls/thr-init-1.c -O3 -g -pie -fPIE execution test
FAIL: gcc.dg/torture/tls/thr-init-1.c -Os -pie -fPIE (test for excess errors)
FAIL: gcc.dg/torture/tls/thr-init-1.c -Os -pie -fPIE execution test
FAIL: gcc.dg/torture/tls/thr-init-2.c -O0 -pie -fpie (test for excess errors)
FAIL: gcc.dg/torture/tls/thr-init-2.c -O0 -pie -fpie execution test
FAIL: gcc.dg/torture/tls/thr-init-2.c -O1 -pie -fpie (test for excess errors)
FAIL: gcc.dg/torture/tls/thr-init-2.c -O1 -pie -fpie execution test
FAIL: gcc.dg/torture/tls/thr-init-2.c -O2 -pie -fpie (test for excess errors)
FAIL: gcc.dg/torture/tls/thr-init-2.c -O2 -pie -fpie execution test
FAIL: gcc.dg/torture/tls/thr-init-2.c -O3 -fomit-frame-pointer -pie -fpie (test for excess errors)
FAIL: gcc.dg/torture/tls/thr-init-2.c -O3 -fomit-frame-pointer -pie -fpie execution test
FAIL: gcc.dg/torture/tls/thr-init-2.c -O3 -g -pie -fpie (test for excess errors)
FAIL: gcc.dg/torture/tls/thr-init-2.c -O3 -g -pie -fpie execution test
FAIL: gcc.dg/torture/tls/thr-init-2.c -Os -pie -fpie (test for excess errors)
FAIL: gcc.dg/torture/tls/thr-init-2.c -Os -pie -fpie execution test
FAIL: gcc.dg/torture/tls/thr-init-2.c -O0 -pie -fPIE (test for excess errors)
FAIL: gcc.dg/torture/tls/thr-init-2.c -O0 -pie -fPIE execution test
FAIL: gcc.dg/torture/tls/thr-init-2.c -O1 -pie -fPIE (test for excess errors)
FAIL: gcc.dg/torture/tls/thr-init-2.c -O1 -pie -fPIE execution test
FAIL: gcc.dg/torture/tls/thr-init-2.c -O2 -pie -fPIE (test for excess errors)
FAIL: gcc.dg/torture/tls/thr-init-2.c -O2 -pie -fPIE execution test
FAIL: gcc.dg/torture/tls/thr-init-2.c -O3 -fomit-frame-pointer -pie -fPIE (test for excess errors)
FAIL: gcc.dg/torture/tls/thr-init-2.c -O3 -fomit-frame-pointer -pie -fPIE execution test
FAIL: gcc.dg/torture/tls/thr-init-2.c -O3 -g -pie -fPIE (test for excess errors)
FAIL: gcc.dg/torture/tls/thr-init-2.c -O3 -g -pie -fPIE execution test
FAIL: gcc.dg/torture/tls/thr-init-2.c -Os -pie -fPIE (test for excess errors)
FAIL: gcc.dg/torture/tls/thr-init-2.c -Os -pie -fPIE execution test
FAIL: gcc.dg/torture/tls/tls-test.c -O0 -pie -fpie (test for excess errors)
FAIL: gcc.dg/torture/tls/tls-test.c -O0 -pie -fpie execution test
FAIL: gcc.dg/torture/tls/tls-test.c -O1 -pie -fpie (test for excess errors)
FAIL: gcc.dg/torture/tls/tls-test.c -O1 -pie -fpie execution test
FAIL: gcc.dg/torture/tls/tls-test.c -O2 -pie -fpie (test for excess errors)
FAIL: gcc.dg/torture/tls/tls-test.c -O2 -pie -fpie execution test
FAIL: gcc.dg/torture/tls/tls-test.c -O3 -fomit-frame-pointer -pie -fpie (test for excess errors)
FAIL: gcc.dg/torture/tls/tls-test.c -O3 -fomit-frame-pointer -pie -fpie execution test
FAIL: gcc.dg/torture/tls/tls-test.c -O3 -g -pie -fpie (test for excess errors)
FAIL: gcc.dg/torture/tls/tls-test.c -O3 -g -pie -fpie execution test
FAIL: gcc.dg/torture/tls/tls-test.c -Os -pie -fpie (test for excess errors)
FAIL: gcc.dg/torture/tls/tls-test.c -Os -pie -fpie execution test
FAIL: gcc.dg/torture/tls/tls-test.c -O0 -pie -fPIE (test for excess errors)
FAIL: gcc.dg/torture/tls/tls-test.c -O0 -pie -fPIE execution test
FAIL: gcc.dg/torture/tls/tls-test.c -O1 -pie -fPIE (test for excess errors)
FAIL: gcc.dg/torture/tls/tls-test.c -O1 -pie -fPIE execution test
FAIL: gcc.dg/torture/tls/tls-test.c -O2 -pie -fPIE (test for excess errors)
FAIL: gcc.dg/torture/tls/tls-test.c -O2 -pie -fPIE execution test
FAIL: gcc.dg/torture/tls/tls-test.c -O3 -fomit-frame-pointer -pie -fPIE (test for excess errors)
FAIL: gcc.dg/torture/tls/tls-test.c -O3 -fomit-frame-pointer -pie -fPIE execution test
FAIL: gcc.dg/torture/tls/tls-test.c -O3 -g -pie -fPIE (test for excess errors)
FAIL: gcc.dg/torture/tls/tls-test.c -O3 -g -pie -fPIE execution test
FAIL: gcc.dg/torture/tls/tls-test.c -Os -pie -fPIE (test for excess errors)
FAIL: gcc.dg/torture/tls/tls-test.c -Os -pie -fPIE execution test
FAIL: gcc.dg/tree-ssa/sra-12.c scan-tree-dump-times release_ssa "l;" 0
FAIL: gcc.dg/vect/slp-perm-8.c scan-tree-dump-times vect "vectorized 1 loops" 2
FAIL: gcc.dg/vect/slp-perm-8.c -flto scan-tree-dump-times vect "vectorized 1 loops" 2
FAIL: gcc.target/arm/combine-movs.c scan-assembler movs\\tr[0-9]
FAIL: gcc.target/arm/g2.c scan-assembler mla[ \\t].*
FAIL: gcc.target/arm/pr40457-1.c scan-assembler ldm
FAIL: gcc.target/arm/pr42575.c scan-assembler-not mov
FAIL: gcc.target/arm/scd42-2.c scan-assembler mov[ \\t].*272
FAIL: gcc.target/arm/tlscall.c (test for excess errors)
FAIL: gcc.target/arm/unsigned-extend-1.c scan-assembler-not uxtb
=== gcc Summary ===
# of expected passes 83419
# of unexpected failures 165
# of unexpected successes 38
# of expected failures 290
# of unsupported tests 1509
/scratch/cbuild/slave/slaves/tcpanda03/gcc-4.7+svn188767/gcc/default/build/gcc/xgcc version 4.7.2 20120619 (prerelease) [gcc-4_7-branch revision 188767] (GCC)
=== gfortran tests ===
Running target unix
FAIL: gfortran.dg/intrinsic_ifunction_1.f90 -O3 -fomit-frame-pointer -funroll-loops execution test
FAIL: gfortran.dg/intrinsic_ifunction_1.f90 -O3 -fomit-frame-pointer -funroll-all-loops -finline-functions execution test
FAIL: gfortran.dg/vect/pr32380.f -O scan-tree-dump-times vect "vectorized 7 loops" 1
=== gfortran Summary ===
# of expected passes 39729
# of unexpected failures 3
# of expected failures 43
# of unsupported tests 391
/scratch/cbuild/slave/slaves/tcpanda03/gcc-4.7+svn188767/gcc/default/build/gcc/testsuite/gfortran/../../gfortran version 4.7.2 20120619 (prerelease) [gcc-4_7-branch revision 188767] (GCC)
=== obj-c++ tests ===
Running target unix
=== obj-c++ Summary ===
# of expected passes 1450
# of expected failures 2
# of unsupported tests 86
/scratch/cbuild/slave/slaves/tcpanda03/gcc-4.7+svn188767/gcc/default/build/gcc/testsuite/obj-c++/../../g++ version 4.7.2 20120619 (prerelease) [gcc-4_7-branch revision 188767] (GCC)
=== objc tests ===
Running target unix
FAIL: objc.dg-struct-layout-encoding-1/t025_main.m execution test
FAIL: objc.dg-struct-layout-encoding-1/t027_main.m execution test
FAIL: objc.dg-struct-layout-encoding-1/t028_main.m execution test
FAIL: objc.dg-struct-layout-encoding-1/t029_main.m execution test
FAIL: objc.dg-struct-layout-encoding-1/t030_main.m execution test
FAIL: objc.dg-struct-layout-encoding-1/t031_main.m execution test
=== objc Summary ===
# of expected passes 2988
# of unexpected failures 6
# of unsupported tests 74
/scratch/cbuild/slave/slaves/tcpanda03/gcc-4.7+svn188767/gcc/default/build/gcc/xgcc version 4.7.2 20120619 (prerelease) [gcc-4_7-branch revision 188767] (GCC)
Compiler version: 4.7.2 20120619 (prerelease) [gcc-4_7-branch revision 188767] (GCC)
Platform: arm-unknown-linux-gnueabi
configure flags: --prefix=/scratch/cbuild/slave/slaves/tcpanda03/gcc-4.7+svn188767/gcc/default/install --enable-languages=c,c++,objc,obj-c++,fortran,lto --with-mode=thumb --with-arch=armv7-a --with-tune=cortex-a9 --with-fpu=neon --with-float=softfp --build=arm-linux-gnueabi
======
Full results at http://builds.linaro.org/toolchain/gcc-4.7+svn188767/logs/armv7l-natty-cbuild331-tcpanda03-cortexa9r1
make[1]: Entering directory `/scratch/cbuild/slave/slaves/tcpanda03'
date:
2012-06-23 01:43:55+00:00
uname:
Linux tcpanda03 2.6.35.3-cbuild2+ #8 SMP Mon Apr 4 12:46:46 NZST 2011 armv7l armv7l armv7l GNU/Linux
lsb_release:
Distributor ID: Ubuntu
Description: Ubuntu 11.04
Release: 11.04
Codename: natty
/proc/version:
Linux version 2.6.35.3-cbuild2+ (michaelh@crucis) (gcc version 4.5.2 (Ubuntu/Linaro 4.5.2-5ubuntu2~ppa1) ) #8 SMP Mon Apr 4 12:46:46 NZST 2011
gcc:
Version: 4:4.5.2-1ubuntu3
gcc (Ubuntu/Linaro 4.5.2-8ubuntu4) 4.5.2
Copyright (C) 2010 Free Software Foundation, Inc.
This is free software; see the source for copying conditions. There is NO
warranty; not even for MERCHANTABILITY or FITNESS FOR A PARTICULAR PURPOSE.
as:
Version: 2.21.0.20110327-2ubuntu2
GNU assembler (GNU Binutils for Ubuntu) 2.21.0.20110327
Copyright 2011 Free Software Foundation, Inc.
This program is free software; you may redistribute it under the terms of
the GNU General Public License version 3 or later.
This program has absolutely no warranty.
This assembler was configured for a target of `arm-linux-gnueabi'.
ldd:
ldd (Ubuntu EGLIBC 2.13-0ubuntu13) 2.13
Copyright (C) 2011 Free Software Foundation, Inc.
This is free software; see the source for copying conditions. There is NO
warranty; not even for MERCHANTABILITY or FITNESS FOR A PARTICULAR PURPOSE.
Written by Roland McGrath and Ulrich Drepper.
free:
total used free shared buffers cached
Mem: 977472 174484 802988 0 51848 22640
-/+ buffers/cache: 99996 877476
Swap: 2097148 85360 2011788
ulimit:
core file size (blocks, -c) unlimited
data seg size (kbytes, -d) unlimited
scheduling priority (-e) 20
file size (blocks, -f) unlimited
pending signals (-i) 16382
max locked memory (kbytes, -l) 64
max memory size (kbytes, -m) unlimited
open files (-n) 1024
pipe size (512 bytes, -p) 8
POSIX message queues (bytes, -q) 819200
real-time priority (-r) 0
stack size (kbytes, -s) unlimited
cpu time (seconds, -t) unlimited
max user processes (-u) 7620
virtual memory (kbytes, -v) unlimited
file locks (-x) unlimited
cpuinfo:
Processor : ARMv7 Processor rev 2 (v7l)
processor : 0
BogoMIPS : 2013.49
processor : 1
BogoMIPS : 1967.28
Features : swp half thumb fastmult vfp edsp thumbee neon vfpv3
CPU implementer : 0x41
CPU architecture: 7
CPU variant : 0x1
CPU part : 0xc09
CPU revision : 2
Hardware : OMAP4430 Panda Board
Revision : 0020
Serial : 0000000000000000
gdb:
Version: 7.2-1ubuntu11
GNU gdb (Ubuntu/Linaro 7.2-1ubuntu11) 7.2
Copyright (C) 2010 Free Software Foundation, Inc.
License GPLv3+: GNU GPL version 3 or later <http://gnu.org/licenses/gpl.html>
This is free software: you are free to change and redistribute it.
There is NO WARRANTY, to the extent permitted by law. Type "show copying"
and "show warranty" for details.
This GDB was configured as "arm-linux-gnueabi".
For bug reporting instructions, please see:
<http://www.gnu.org/software/gdb/bugs/>.
gcc-binary:
libc6:
Version: 2.13-0ubuntu13
PATH:
/usr/local/sbin:/usr/local/bin:/usr/sbin:/usr/bin:/sbin:/bin:/usr/X11R6/bin
df:
Filesystem Size Used Avail Use% Mounted on
/dev/sda1 15G 2.0G 13G 14% /
/dev/sda1 15G 2.0G 13G 14% /
make[1]: Leaving directory `/scratch/cbuild/slave/slaves/tcpanda03'