This is the mail archive of the
gcc-testresults@gcc.gnu.org
mailing list for the GCC project.
Results for 4.7.1 (Blastwave.org Inc. Tue Jun 19 04:21:42 GMT 2012) testsuite on x86_64-unknown-linux-gnu
- From: Dennis Clarke <dclarke at blastwave dot org>
- To: gcc-testresults at gcc dot gnu dot org
- Date: Tue, 19 Jun 2012 13:46:51 -0400 (EDT)
- Subject: Results for 4.7.1 (Blastwave.org Inc. Tue Jun 19 04:21:42 GMT 2012) testsuite on x86_64-unknown-linux-gnu
- Reply-to: dclarke at blastwave dot org
# date
Tue Jun 19 13:44:42 EDT 2012
#
# uname -a
Linux testy 2.6.32-5-amd64 #1 SMP Thu Mar 22 17:26:33 UTC 2012 x86_64 GNU/Linux
#
# cat /etc/debian_version
6.0.4
#
# which gcc
/usr/local/bin/gcc
# gcc --version
gcc (Blastwave.org Inc. Mon Apr 23 22:45:08 UTC 2012) 4.6.3
Copyright (C) 2011 Free Software Foundation, Inc.
This is free software; see the source for copying conditions. There is NO
warranty; not even for MERCHANTABILITY or FITNESS FOR A PARTICULAR PURPOSE.
#
# which as
/usr/bin/as
# as --version
GNU assembler (GNU Binutils for Debian) 2.20.1-system.20100303
Copyright 2009 Free Software Foundation, Inc.
This program is free software; you may redistribute it under the terms of
the GNU General Public License version 3 or later.
This program has absolutely no warranty.
This assembler was configured for a target of `x86_64-linux-gnu'.
#
# ../gcc-4.7.1/contrib/test_summary
cat <<'EOF' |
LAST_UPDATED: Obtained from SVN: tags/gcc_4_7_1_release revision 188597
Native configuration is x86_64-unknown-linux-gnu
=== g++ tests ===
Running target unix
FAIL: g++.dg/charset/asm1.c -std=c++98 (test for excess errors)
UNRESOLVED: g++.dg/charset/asm1.c scan-assembler .ascii bar
UNRESOLVED: g++.dg/charset/asm1.c scan-assembler .ascii foo
FAIL: g++.dg/charset/asm1.c -std=c++11 (test for excess errors)
UNRESOLVED: g++.dg/charset/asm1.c scan-assembler .ascii bar
UNRESOLVED: g++.dg/charset/asm1.c scan-assembler .ascii foo
FAIL: g++.dg/charset/asm2.c -std=c++98 (test for excess errors)
UNRESOLVED: g++.dg/charset/asm2.c scan-assembler std
UNRESOLVED: g++.dg/charset/asm2.c scan-assembler cld
UNRESOLVED: g++.dg/charset/asm2.c scan-assembler rep
UNRESOLVED: g++.dg/charset/asm2.c scan-assembler movsb
FAIL: g++.dg/charset/asm2.c -std=c++11 (test for excess errors)
UNRESOLVED: g++.dg/charset/asm2.c scan-assembler std
UNRESOLVED: g++.dg/charset/asm2.c scan-assembler cld
UNRESOLVED: g++.dg/charset/asm2.c scan-assembler rep
UNRESOLVED: g++.dg/charset/asm2.c scan-assembler movsb
FAIL: g++.dg/charset/asm3.c -std=c++98 (test for excess errors)
UNRESOLVED: g++.dg/charset/asm3.c scan-assembler foo
FAIL: g++.dg/charset/asm3.c -std=c++11 (test for excess errors)
UNRESOLVED: g++.dg/charset/asm3.c scan-assembler foo
FAIL: g++.dg/charset/asm4.c -std=c++98 (test for excess errors)
UNRESOLVED: g++.dg/charset/asm4.c scan-assembler-not translate
FAIL: g++.dg/charset/asm4.c -std=c++11 (test for excess errors)
UNRESOLVED: g++.dg/charset/asm4.c scan-assembler-not translate
FAIL: g++.dg/charset/asm5.c -std=c++98 (test for excess errors)
UNRESOLVED: g++.dg/charset/asm5.c scan-assembler foo
FAIL: g++.dg/charset/asm5.c -std=c++11 (test for excess errors)
UNRESOLVED: g++.dg/charset/asm5.c scan-assembler foo
FAIL: g++.dg/charset/attribute1.c -std=c++98 (test for excess errors)
UNRESOLVED: g++.dg/charset/attribute1.c scan-assembler foo
FAIL: g++.dg/charset/attribute1.c -std=c++11 (test for excess errors)
UNRESOLVED: g++.dg/charset/attribute1.c scan-assembler foo
FAIL: g++.dg/charset/attribute2.c -std=c++98 (test for excess errors)
FAIL: g++.dg/charset/attribute2.c -std=c++11 (test for excess errors)
FAIL: g++.dg/charset/extern1.cc -std=c++98 (test for excess errors)
FAIL: g++.dg/charset/extern1.cc -std=c++11 (test for excess errors)
FAIL: g++.dg/charset/extern2.cc -std=c++98 (test for excess errors)
UNRESOLVED: g++.dg/charset/extern2.cc scan-assembler-not foobar
FAIL: g++.dg/charset/extern2.cc -std=c++11 (test for excess errors)
UNRESOLVED: g++.dg/charset/extern2.cc scan-assembler-not foobar
FAIL: g++.dg/charset/extern3.cc -std=c++98 (test for excess errors)
UNRESOLVED: g++.dg/charset/extern3.cc scan-assembler-not
abcdefghijklmnopqrstuvwxyz
FAIL: g++.dg/charset/extern3.cc -std=c++11 (test for excess errors)
UNRESOLVED: g++.dg/charset/extern3.cc scan-assembler-not
abcdefghijklmnopqrstuvwxyz
FAIL: g++.dg/charset/function.cc -std=c++98 (test for excess errors)
UNRESOLVED: g++.dg/charset/function.cc scan-assembler-not "foobar"
FAIL: g++.dg/charset/function.cc -std=c++11 (test for excess errors)
UNRESOLVED: g++.dg/charset/function.cc scan-assembler-not "foobar"
FAIL: g++.dg/charset/string.c -std=c++98 (test for excess errors)
UNRESOLVED: g++.dg/charset/string.c scan-assembler-not string foobar
FAIL: g++.dg/charset/string.c -std=c++11 (test for excess errors)
UNRESOLVED: g++.dg/charset/string.c scan-assembler-not string foobar
=== g++ Summary ===
# of expected passes 48514
# of unexpected failures 24
# of expected failures 286
# of unresolved testcases 28
# of unsupported tests 540
/build/dclarke/gcc-4.7.1-build-pass1/gcc/testsuite/g++/../../g++ version
4.7.1 (Blastwave.org Inc. Tue Jun 19 04:21:42 GMT 2012)
=== gcc tests ===
Running target unix
FAIL: gcc.dg/charset/asm1.c (test for excess errors)
UNRESOLVED: gcc.dg/charset/asm1.c scan-assembler .ascii bar
UNRESOLVED: gcc.dg/charset/asm1.c scan-assembler .ascii foo
FAIL: gcc.dg/charset/asm2.c (test for excess errors)
FAIL: gcc.dg/charset/asm4.c (test for excess errors)
UNRESOLVED: gcc.dg/charset/asm4.c scan-assembler foo
FAIL: gcc.dg/charset/asm5.c (test for excess errors)
UNRESOLVED: gcc.dg/charset/asm5.c scan-assembler-not translate
FAIL: gcc.dg/charset/asm6.c (test for excess errors)
UNRESOLVED: gcc.dg/charset/asm6.c scan-assembler foo
FAIL: gcc.dg/charset/attribute1.c (test for excess errors)
UNRESOLVED: gcc.dg/charset/attribute1.c scan-assembler foo
FAIL: gcc.dg/charset/attribute2.c (test for excess errors)
FAIL: gcc.dg/charset/builtin1.c (test for excess errors)
UNRESOLVED: gcc.dg/charset/builtin1.c compilation failed to produce executable
FAIL: gcc.dg/charset/builtin2.c (test for excess errors)
UNRESOLVED: gcc.dg/charset/builtin2.c scan-assembler-not printf
UNRESOLVED: gcc.dg/charset/builtin2.c scan-assembler-not fprintf
UNRESOLVED: gcc.dg/charset/builtin2.c scan-assembler-not sprintf
FAIL: gcc.dg/charset/extern.c (test for excess errors)
UNRESOLVED: gcc.dg/charset/extern.c scan-assembler-not abcdefghijklmnopqrstuvwxyz
FAIL: gcc.dg/charset/function.c (test for excess errors)
UNRESOLVED: gcc.dg/charset/function.c scan-assembler-not "foobar"
FAIL: gcc.dg/charset/string.c (test for excess errors)
UNRESOLVED: gcc.dg/charset/string.c scan-assembler-not string foobar
FAIL: gcc.dg/cproj-fails-with-broken-glibc.c execution test
XPASS: gcc.dg/inline_3.c (test for excess errors)
XPASS: gcc.dg/inline_4.c (test for excess errors)
XPASS: gcc.dg/unroll_2.c (test for excess errors)
XPASS: gcc.dg/unroll_3.c (test for excess errors)
XPASS: gcc.dg/unroll_4.c (test for excess errors)
FAIL: gcc.target/i386/avx256-unaligned-load-4.c scan-assembler avx_movups256/1
FAIL: gcc.target/i386/builtin-assume-aligned-1.c scan-assembler-not movlpd
=== gcc Summary ===
# of expected passes 85118
# of unexpected failures 15
# of unexpected successes 5
# of expected failures 256
# of unresolved testcases 13
# of unsupported tests 1487
/build/dclarke/gcc-4.7.1-build-pass1/gcc/xgcc version 4.7.1 (Blastwave.org
Inc. Tue Jun 19 04:21:42 GMT 2012)
=== gfortran tests ===
Running target unix
FAIL: gfortran.dg/allocate_zerosize_1.f90 -O3 -fomit-frame-pointer execution
test
FAIL: gfortran.dg/allocate_zerosize_1.f90 -O3 -fomit-frame-pointer
-funroll-loops execution test
FAIL: gfortran.dg/allocate_zerosize_1.f90 -O3 -fomit-frame-pointer
-funroll-all-loops -finline-functions execution test
FAIL: gfortran.dg/allocate_zerosize_1.f90 -O3 -g execution test
=== gfortran Summary ===
# of expected passes 40880
# of unexpected failures 4
# of expected failures 42
# of unsupported tests 76
/build/dclarke/gcc-4.7.1-build-pass1/gcc/testsuite/gfortran/../../gfortran
version 4.7.1 (Blastwave.org Inc. Tue Jun 19 04:21:42 GMT 2012)
=== go tests ===
Running target unix
=== go Summary ===
# of expected passes 3296
# of expected failures 4
# of untested testcases 4
/build/dclarke/gcc-4.7.1-build-pass1/gcc/testsuite/go/../../gccgo version
4.7.1 (Blastwave.org Inc. Tue Jun 19 04:21:42 GMT 2012)
=== objc tests ===
Running target unix
=== objc Summary ===
# of expected passes 2988
# of expected failures 6
# of unsupported tests 74
/build/dclarke/gcc-4.7.1-build-pass1/gcc/xgcc version 4.7.1 (Blastwave.org
Inc. Tue Jun 19 04:21:42 GMT 2012)
=== libffi tests ===
Running target unix
=== libffi Summary ===
# of expected passes 1634
# of expected failures 10
# of unsupported tests 55
=== libgo tests ===
Running target unix
=== libgo Summary ===
# of expected passes 113
/build/dclarke/gcc-4.7.1-build-pass1/./gcc/gccgo version 4.7.1 (Blastwave.org
Inc. Tue Jun 19 04:21:42 GMT 2012)
=== libgomp tests ===
Running target unix
=== libgomp Summary ===
# of expected passes 2952
=== libitm tests ===
Running target unix
=== libitm Summary ===
# of expected passes 26
# of expected failures 3
# of unsupported tests 1
=== libmudflap tests ===
Running target unix
FAIL: libmudflap.c++/pass55-frag.cxx ( -O) execution test
=== libmudflap Summary ===
# of expected passes 1435
# of unexpected failures 1
=== libstdc++ tests ===
Running target unix
=== libstdc++ Summary ===
# of expected passes 8201
# of expected failures 43
# of unsupported tests 474
Compiler version: 4.7.1 (Blastwave.org Inc. Tue Jun 19 04:21:42 GMT 2012)
Platform: x86_64-unknown-linux-gnu
configure flags: --host=x86_64-unknown-linux-gnu
--build=x86_64-unknown-linux-gnu --with-cpu=k8 --enable-__cxa_atexit
--enable-stage1-languages=c --enable-libssp
--enable-targets=x86_64-unknown-linux-gnu --with-gc=page --disable-multilib
--enable-nls --enable-threads=posix --prefix=/usr/local --enable-shared
--libdir=/usr/local/lib --with-system-zlib
--with-gmp-include=/usr/local/include --with-gmp-lib=/usr/local/lib
--with-mpfr-include=/usr/local/include --with-mpfr-lib=/usr/local/lib
--with-mpc-include=/usr/local/include --with-mpc-lib=/usr/local/lib
--libexecdir=/usr/local/libexec --with-local-prefix=/usr/local/include
--with-gxx-include-dir=/usr/local/include --with-pkgversion='Blastwave.org
Inc. Tue Jun 19 04:21:42 GMT 2012'
--with-bugurl=http://www.blastwave.org/support
--enable-languages=c,c++,objc,fortran,go --enable-bootstrap
EOF
--
--
http://pgp.mit.edu:11371/pks/lookup?op=vindex&search=0x1D936C72FA35B44B
+-------------------------+-----------------------------------+
| Dennis Clarke | Solaris and Linux and Open Source |
| dclarke@blastwave.org | Respect for open standards. |
+-------------------------+-----------------------------------+