This is the mail archive of the
gcc-testresults@gcc.gnu.org
mailing list for the GCC project.
Results for 4.7.0 (Krejzi 4.7.0) testsuite on i686-pc-linux-gnu
- From: "Armin K." <krejzi at email dot com>
- To: gcc-testresults at gcc dot gnu dot org
- Date: Tue, 22 May 2012 11:52:29 +0200
- Subject: Results for 4.7.0 (Krejzi 4.7.0) testsuite on i686-pc-linux-gnu
LAST_UPDATED: Obtained from SVN: tags/gcc_4_7_0_release revision 185675
=== acats tests ===
=== acats Summary ===
# of expected passes 2320
# of unexpected failures 0
Native configuration is i686-pc-linux-gnu
=== g++ tests ===
Running target unix
=== g++ Summary ===
# of expected passes 47632
# of expected failures 286
# of unsupported tests 292
/sources/gcc/build/gcc/testsuite/g++/../../g++ version 4.7.0 (Krejzi
4.7.0)
=== gcc tests ===
Running target unix
XPASS: gcc.dg/inline_3.c (test for excess errors)
XPASS: gcc.dg/inline_4.c (test for excess errors)
XPASS: gcc.dg/unroll_2.c (test for excess errors)
XPASS: gcc.dg/unroll_3.c (test for excess errors)
XPASS: gcc.dg/unroll_4.c (test for excess errors)
=== gcc Summary ===
# of expected passes 84967
# of unexpected successes 5
# of expected failures 260
# of unsupported tests 905
/sources/gcc/build/gcc/xgcc version 4.7.0 (Krejzi 4.7.0)
=== gfortran tests ===
Running target unix
=== gfortran Summary ===
# of expected passes 40622
# of expected failures 56
# of unsupported tests 220
/sources/gcc/build/gcc/testsuite/gfortran/../../gfortran version 4.7.0
(Krejzi 4.7.0)
=== gnat tests ===
Running target unix
=== gnat Summary ===
# of expected passes 1084
# of expected failures 13
# of unsupported tests 2
/sources/gcc/build/gcc/gnatmake version 4.7.0
=== go tests ===
Running target unix
=== go Summary ===
# of expected passes 3296
# of expected failures 4
# of untested testcases 4
/sources/gcc/build/gcc/testsuite/go/../../gccgo version 4.7.0 (Krejzi
4.7.0)
=== obj-c++ tests ===
Running target unix
=== obj-c++ Summary ===
# of expected passes 1450
# of expected failures 2
# of unsupported tests 86
/sources/gcc/build/gcc/testsuite/obj-c++/../../g++ version 4.7.0
(Krejzi 4.7.0)
=== objc tests ===
Running target unix
=== objc Summary ===
# of expected passes 2988
# of expected failures 6
# of unsupported tests 74
/sources/gcc/build/gcc/xgcc version 4.7.0 (Krejzi 4.7.0)
=== boehm-gc tests ===
Running target unix
=== boehm-gc Summary ===
# of expected passes 12
# of unsupported tests 1
=== libffi tests ===
Running target unix
=== libffi Summary ===
# of expected passes 1634
# of expected failures 10
# of unsupported tests 55
=== libgo tests ===
Running target unix
FAIL: net
FAIL: os
=== libgo Summary ===
# of expected passes 121
# of unexpected failures 2
/sources/gcc/build/./gcc/gccgo version 4.7.0 (Krejzi 4.7.0)
=== libgomp tests ===
Running target unix
=== libgomp Summary ===
# of expected passes 2996
=== libitm tests ===
Running target unix
=== libitm Summary ===
# of expected passes 26
# of expected failures 3
# of unsupported tests 1
=== libmudflap tests ===
Running target unix
=== libmudflap Summary ===
# of expected passes 1436
=== libstdc++ tests ===
Running target unix
=== libstdc++ Summary ===
# of expected passes 8270
# of expected failures 43
# of unsupported tests 429
Compiler version: 4.7.0 (Krejzi 4.7.0)
Platform: i686-pc-linux-gnu
configure flags: --prefix=/usr --libexecdir=/usr/lib
--with-pkgversion='Krejzi 4.7.0'
--enable-languages=c,c++,ada,fortran,go,lto,objc,obj-c++ --enable-shared
--enable-threads=posix --with-system-zlib --enable-nls --enable-objc-gc
--enable-clocale=gnu --enable-gnu-unique-object --enable-plugin
--enable-linker-build-id --with-ppl --enable-cloog-backend=isl
--enable-lto --enable-checking=release --enable-targets=all
--disable-libssp --disable-multilib