This is the mail archive of the
gcc-testresults@gcc.gnu.org
mailing list for the GCC project.
Results for 4.8.0 20120511 (experimental) [trunk revision 187391] (GCC) testsuite on x86_64-apple-darwin10.8.0
- From: sean at seanmcgovern dot ca (Sean McGovern)
- To: gcc-testresults at gcc dot gnu dot org
- Date: Fri, 11 May 2012 20:54:26 -0400 (EDT)
- Subject: Results for 4.8.0 20120511 (experimental) [trunk revision 187391] (GCC) testsuite on x86_64-apple-darwin10.8.0
LAST_UPDATED: Fri May 11 17:59:58 UTC 2012 (revision 187391)
Native configuration is x86_64-apple-darwin10.8.0
=== g++ tests ===
Running target unix/-m32
UNRESOLVED: g++.dg/ext/label13.C -std=gnu++98 compilation failed to produce executable
UNRESOLVED: g++.dg/ext/label13.C -std=gnu++11 compilation failed to produce executable
FAIL: g++.dg/other/darwin-cfstring1.C -std=gnu++98 (internal compiler error)
FAIL: g++.dg/other/darwin-cfstring1.C -std=gnu++98 (test for errors, line 21)
FAIL: g++.dg/other/darwin-cfstring1.C -std=gnu++98 (test for errors, line 22)
FAIL: g++.dg/other/darwin-cfstring1.C -std=gnu++98 (test for excess errors)
FAIL: g++.dg/other/darwin-cfstring1.C -std=gnu++11 (internal compiler error)
FAIL: g++.dg/other/darwin-cfstring1.C -std=gnu++11 (test for errors, line 21)
FAIL: g++.dg/other/darwin-cfstring1.C -std=gnu++11 (test for errors, line 22)
FAIL: g++.dg/other/darwin-cfstring1.C -std=gnu++11 (test for excess errors)
FAIL: g++.dg/parse/crash40.C -std=c++98 (test for errors, line 23)
FAIL: g++.dg/parse/crash40.C -std=c++98 (test for errors, line 41)
FAIL: g++.dg/torture/darwin-cfstring-3.C -O0 (internal compiler error)
FAIL: g++.dg/torture/darwin-cfstring-3.C -O0 (test for excess errors)
UNRESOLVED: g++.dg/torture/darwin-cfstring-3.C scan-assembler \\\\.long[ \\\\t]+___CFConstantStringClassReference\\n[ \\\\t]*\\\\.long[ \\\\t]+1992\\n[ \\\\t]*\\\\.long[ \\\\t]+LC.*\\n[ \\\\t]*\\\\.long[ \\\\t]+4\\n
UNRESOLVED: g++.dg/torture/darwin-cfstring-3.C scan-assembler \\\\.long[ \\\\t]+___CFConstantStringClassReference\\n[ \\\\t]*\\\\.long[ \\\\t]+1992\\n[ \\\\t]*\\\\.long[ \\\\t]+LC.*\\n[ \\\\t]*\\\\.long[ \\\\t]+10\\n
FAIL: g++.dg/torture/darwin-cfstring-3.C -O1 (internal compiler error)
FAIL: g++.dg/torture/darwin-cfstring-3.C -O1 (test for excess errors)
UNRESOLVED: g++.dg/torture/darwin-cfstring-3.C scan-assembler \\\\.long[ \\\\t]+___CFConstantStringClassReference\\n[ \\\\t]*\\\\.long[ \\\\t]+1992\\n[ \\\\t]*\\\\.long[ \\\\t]+LC.*\\n[ \\\\t]*\\\\.long[ \\\\t]+4\\n
UNRESOLVED: g++.dg/torture/darwin-cfstring-3.C scan-assembler \\\\.long[ \\\\t]+___CFConstantStringClassReference\\n[ \\\\t]*\\\\.long[ \\\\t]+1992\\n[ \\\\t]*\\\\.long[ \\\\t]+LC.*\\n[ \\\\t]*\\\\.long[ \\\\t]+10\\n
FAIL: g++.dg/torture/darwin-cfstring-3.C -O2 (internal compiler error)
FAIL: g++.dg/torture/darwin-cfstring-3.C -O2 (test for excess errors)
UNRESOLVED: g++.dg/torture/darwin-cfstring-3.C scan-assembler \\\\.long[ \\\\t]+___CFConstantStringClassReference\\n[ \\\\t]*\\\\.long[ \\\\t]+1992\\n[ \\\\t]*\\\\.long[ \\\\t]+LC.*\\n[ \\\\t]*\\\\.long[ \\\\t]+4\\n
UNRESOLVED: g++.dg/torture/darwin-cfstring-3.C scan-assembler \\\\.long[ \\\\t]+___CFConstantStringClassReference\\n[ \\\\t]*\\\\.long[ \\\\t]+1992\\n[ \\\\t]*\\\\.long[ \\\\t]+LC.*\\n[ \\\\t]*\\\\.long[ \\\\t]+10\\n
FAIL: g++.dg/torture/darwin-cfstring-3.C -O3 -fomit-frame-pointer (internal compiler error)
FAIL: g++.dg/torture/darwin-cfstring-3.C -O3 -fomit-frame-pointer (test for excess errors)
UNRESOLVED: g++.dg/torture/darwin-cfstring-3.C scan-assembler \\\\.long[ \\\\t]+___CFConstantStringClassReference\\n[ \\\\t]*\\\\.long[ \\\\t]+1992\\n[ \\\\t]*\\\\.long[ \\\\t]+LC.*\\n[ \\\\t]*\\\\.long[ \\\\t]+4\\n
UNRESOLVED: g++.dg/torture/darwin-cfstring-3.C scan-assembler \\\\.long[ \\\\t]+___CFConstantStringClassReference\\n[ \\\\t]*\\\\.long[ \\\\t]+1992\\n[ \\\\t]*\\\\.long[ \\\\t]+LC.*\\n[ \\\\t]*\\\\.long[ \\\\t]+10\\n
FAIL: g++.dg/torture/darwin-cfstring-3.C -O3 -g (internal compiler error)
FAIL: g++.dg/torture/darwin-cfstring-3.C -O3 -g (test for excess errors)
UNRESOLVED: g++.dg/torture/darwin-cfstring-3.C scan-assembler \\\\.long[ \\\\t]+___CFConstantStringClassReference\\n[ \\\\t]*\\\\.long[ \\\\t]+1992\\n[ \\\\t]*\\\\.long[ \\\\t]+LC.*\\n[ \\\\t]*\\\\.long[ \\\\t]+4\\n
UNRESOLVED: g++.dg/torture/darwin-cfstring-3.C scan-assembler \\\\.long[ \\\\t]+___CFConstantStringClassReference\\n[ \\\\t]*\\\\.long[ \\\\t]+1992\\n[ \\\\t]*\\\\.long[ \\\\t]+LC.*\\n[ \\\\t]*\\\\.long[ \\\\t]+10\\n
FAIL: g++.dg/torture/darwin-cfstring-3.C -Os (internal compiler error)
FAIL: g++.dg/torture/darwin-cfstring-3.C -Os (test for excess errors)
UNRESOLVED: g++.dg/torture/darwin-cfstring-3.C scan-assembler \\\\.long[ \\\\t]+___CFConstantStringClassReference\\n[ \\\\t]*\\\\.long[ \\\\t]+1992\\n[ \\\\t]*\\\\.long[ \\\\t]+LC.*\\n[ \\\\t]*\\\\.long[ \\\\t]+4\\n
UNRESOLVED: g++.dg/torture/darwin-cfstring-3.C scan-assembler \\\\.long[ \\\\t]+___CFConstantStringClassReference\\n[ \\\\t]*\\\\.long[ \\\\t]+1992\\n[ \\\\t]*\\\\.long[ \\\\t]+LC.*\\n[ \\\\t]*\\\\.long[ \\\\t]+10\\n
FAIL: g++.dg/torture/darwin-cfstring-3.C -O2 -flto -flto-partition=none (internal compiler error)
FAIL: g++.dg/torture/darwin-cfstring-3.C -O2 -flto -flto-partition=none (test for excess errors)
UNRESOLVED: g++.dg/torture/darwin-cfstring-3.C scan-assembler \\\\.long[ \\\\t]+___CFConstantStringClassReference\\n[ \\\\t]*\\\\.long[ \\\\t]+1992\\n[ \\\\t]*\\\\.long[ \\\\t]+LC.*\\n[ \\\\t]*\\\\.long[ \\\\t]+4\\n
UNRESOLVED: g++.dg/torture/darwin-cfstring-3.C scan-assembler \\\\.long[ \\\\t]+___CFConstantStringClassReference\\n[ \\\\t]*\\\\.long[ \\\\t]+1992\\n[ \\\\t]*\\\\.long[ \\\\t]+LC.*\\n[ \\\\t]*\\\\.long[ \\\\t]+10\\n
FAIL: g++.dg/torture/darwin-cfstring-3.C -O2 -flto (internal compiler error)
FAIL: g++.dg/torture/darwin-cfstring-3.C -O2 -flto (test for excess errors)
UNRESOLVED: g++.dg/torture/darwin-cfstring-3.C scan-assembler \\\\.long[ \\\\t]+___CFConstantStringClassReference\\n[ \\\\t]*\\\\.long[ \\\\t]+1992\\n[ \\\\t]*\\\\.long[ \\\\t]+LC.*\\n[ \\\\t]*\\\\.long[ \\\\t]+4\\n
UNRESOLVED: g++.dg/torture/darwin-cfstring-3.C scan-assembler \\\\.long[ \\\\t]+___CFConstantStringClassReference\\n[ \\\\t]*\\\\.long[ \\\\t]+1992\\n[ \\\\t]*\\\\.long[ \\\\t]+LC.*\\n[ \\\\t]*\\\\.long[ \\\\t]+10\\n
=== g++ Summary for unix/-m32 ===
# of expected passes 47445
# of unexpected failures 26
# of expected failures 286
# of unresolved testcases 18
# of unsupported tests 389
Running target unix/-m64
UNRESOLVED: g++.dg/ext/label13.C -std=gnu++98 compilation failed to produce executable
UNRESOLVED: g++.dg/ext/label13.C -std=gnu++11 compilation failed to produce executable
FAIL: g++.dg/other/darwin-cfstring1.C -std=gnu++98 (internal compiler error)
FAIL: g++.dg/other/darwin-cfstring1.C -std=gnu++98 (test for errors, line 21)
FAIL: g++.dg/other/darwin-cfstring1.C -std=gnu++98 (test for errors, line 22)
FAIL: g++.dg/other/darwin-cfstring1.C -std=gnu++98 (test for excess errors)
FAIL: g++.dg/other/darwin-cfstring1.C -std=gnu++11 (internal compiler error)
FAIL: g++.dg/other/darwin-cfstring1.C -std=gnu++11 (test for errors, line 21)
FAIL: g++.dg/other/darwin-cfstring1.C -std=gnu++11 (test for errors, line 22)
FAIL: g++.dg/other/darwin-cfstring1.C -std=gnu++11 (test for excess errors)
FAIL: g++.dg/torture/darwin-cfstring-3.C -O0 (internal compiler error)
FAIL: g++.dg/torture/darwin-cfstring-3.C -O0 (test for excess errors)
UNRESOLVED: g++.dg/torture/darwin-cfstring-3.C scan-assembler .quad\\t___CFConstantStringClassReference\\n\\t.long\\t1992\\n\\t.space 4\\n\\t.quad\\t.*\\n\\t.quad\\t4\\n
UNRESOLVED: g++.dg/torture/darwin-cfstring-3.C scan-assembler .quad\\t___CFConstantStringClassReference\\n\\t.long\\t1992\\n\\t.space 4\\n\\t.quad\\t.*\\n\\t.quad\\t10\\n
FAIL: g++.dg/torture/darwin-cfstring-3.C -O1 (internal compiler error)
FAIL: g++.dg/torture/darwin-cfstring-3.C -O1 (test for excess errors)
UNRESOLVED: g++.dg/torture/darwin-cfstring-3.C scan-assembler .quad\\t___CFConstantStringClassReference\\n\\t.long\\t1992\\n\\t.space 4\\n\\t.quad\\t.*\\n\\t.quad\\t4\\n
UNRESOLVED: g++.dg/torture/darwin-cfstring-3.C scan-assembler .quad\\t___CFConstantStringClassReference\\n\\t.long\\t1992\\n\\t.space 4\\n\\t.quad\\t.*\\n\\t.quad\\t10\\n
FAIL: g++.dg/torture/darwin-cfstring-3.C -O2 (internal compiler error)
FAIL: g++.dg/torture/darwin-cfstring-3.C -O2 (test for excess errors)
UNRESOLVED: g++.dg/torture/darwin-cfstring-3.C scan-assembler .quad\\t___CFConstantStringClassReference\\n\\t.long\\t1992\\n\\t.space 4\\n\\t.quad\\t.*\\n\\t.quad\\t4\\n
UNRESOLVED: g++.dg/torture/darwin-cfstring-3.C scan-assembler .quad\\t___CFConstantStringClassReference\\n\\t.long\\t1992\\n\\t.space 4\\n\\t.quad\\t.*\\n\\t.quad\\t10\\n
FAIL: g++.dg/torture/darwin-cfstring-3.C -O3 -fomit-frame-pointer (internal compiler error)
FAIL: g++.dg/torture/darwin-cfstring-3.C -O3 -fomit-frame-pointer (test for excess errors)
UNRESOLVED: g++.dg/torture/darwin-cfstring-3.C scan-assembler .quad\\t___CFConstantStringClassReference\\n\\t.long\\t1992\\n\\t.space 4\\n\\t.quad\\t.*\\n\\t.quad\\t4\\n
UNRESOLVED: g++.dg/torture/darwin-cfstring-3.C scan-assembler .quad\\t___CFConstantStringClassReference\\n\\t.long\\t1992\\n\\t.space 4\\n\\t.quad\\t.*\\n\\t.quad\\t10\\n
FAIL: g++.dg/torture/darwin-cfstring-3.C -O3 -g (internal compiler error)
FAIL: g++.dg/torture/darwin-cfstring-3.C -O3 -g (test for excess errors)
UNRESOLVED: g++.dg/torture/darwin-cfstring-3.C scan-assembler .quad\\t___CFConstantStringClassReference\\n\\t.long\\t1992\\n\\t.space 4\\n\\t.quad\\t.*\\n\\t.quad\\t4\\n
UNRESOLVED: g++.dg/torture/darwin-cfstring-3.C scan-assembler .quad\\t___CFConstantStringClassReference\\n\\t.long\\t1992\\n\\t.space 4\\n\\t.quad\\t.*\\n\\t.quad\\t10\\n
FAIL: g++.dg/torture/darwin-cfstring-3.C -Os (internal compiler error)
FAIL: g++.dg/torture/darwin-cfstring-3.C -Os (test for excess errors)
UNRESOLVED: g++.dg/torture/darwin-cfstring-3.C scan-assembler .quad\\t___CFConstantStringClassReference\\n\\t.long\\t1992\\n\\t.space 4\\n\\t.quad\\t.*\\n\\t.quad\\t4\\n
UNRESOLVED: g++.dg/torture/darwin-cfstring-3.C scan-assembler .quad\\t___CFConstantStringClassReference\\n\\t.long\\t1992\\n\\t.space 4\\n\\t.quad\\t.*\\n\\t.quad\\t10\\n
FAIL: g++.dg/torture/darwin-cfstring-3.C -O2 -flto -flto-partition=none (internal compiler error)
FAIL: g++.dg/torture/darwin-cfstring-3.C -O2 -flto -flto-partition=none (test for excess errors)
UNRESOLVED: g++.dg/torture/darwin-cfstring-3.C scan-assembler .quad\\t___CFConstantStringClassReference\\n\\t.long\\t1992\\n\\t.space 4\\n\\t.quad\\t.*\\n\\t.quad\\t4\\n
UNRESOLVED: g++.dg/torture/darwin-cfstring-3.C scan-assembler .quad\\t___CFConstantStringClassReference\\n\\t.long\\t1992\\n\\t.space 4\\n\\t.quad\\t.*\\n\\t.quad\\t10\\n
FAIL: g++.dg/torture/darwin-cfstring-3.C -O2 -flto (internal compiler error)
FAIL: g++.dg/torture/darwin-cfstring-3.C -O2 -flto (test for excess errors)
UNRESOLVED: g++.dg/torture/darwin-cfstring-3.C scan-assembler .quad\\t___CFConstantStringClassReference\\n\\t.long\\t1992\\n\\t.space 4\\n\\t.quad\\t.*\\n\\t.quad\\t4\\n
UNRESOLVED: g++.dg/torture/darwin-cfstring-3.C scan-assembler .quad\\t___CFConstantStringClassReference\\n\\t.long\\t1992\\n\\t.space 4\\n\\t.quad\\t.*\\n\\t.quad\\t10\\n
=== g++ Summary for unix/-m64 ===
# of expected passes 48244
# of unexpected failures 24
# of expected failures 286
# of unresolved testcases 18
# of unsupported tests 615
=== g++ Summary ===
# of expected passes 95689
# of unexpected failures 50
# of expected failures 572
# of unresolved testcases 36
# of unsupported tests 1004
/BUILD/gcc/obj-187391/gcc/testsuite/g++/../../g++ version 4.8.0 20120511 (experimental) [trunk revision 187391] (GCC)
=== gcc tests ===
Running target unix/-m32
XPASS: gcc.dg/Wstrict-overflow-18.c (test for bogus messages, line 20)
FAIL: gcc.dg/darwin-cfstring-1.c (test for errors, line 24)
FAIL: gcc.dg/darwin-cfstring-1.c (test for errors, line 25)
FAIL: gcc.dg/darwin-cfstring-1.c (test for excess errors)
FAIL: gcc.dg/darwin-cfstring-2.c built-in function .* requires .* flag (test for errors, line 11)
FAIL: gcc.dg/darwin-cfstring-2.c (test for excess errors)
FAIL: gcc.dg/lto/pr52634 c_lto_pr52634_1.o assemble, -O0 -flto -flto-partition=none
UNRESOLVED: gcc.dg/lto/pr52634 c_lto_pr52634_0.o-c_lto_pr52634_1.o link -O0 -flto -flto-partition=none
UNRESOLVED: gcc.dg/lto/pr52634 c_lto_pr52634_0.o-c_lto_pr52634_1.o execute -O0 -flto -flto-partition=none
FAIL: gcc.dg/lto/pr52634 c_lto_pr52634_1.o assemble, -O2 -flto -flto-partition=none
UNRESOLVED: gcc.dg/lto/pr52634 c_lto_pr52634_0.o-c_lto_pr52634_1.o link -O2 -flto -flto-partition=none
UNRESOLVED: gcc.dg/lto/pr52634 c_lto_pr52634_0.o-c_lto_pr52634_1.o execute -O2 -flto -flto-partition=none
FAIL: gcc.dg/lto/pr52634 c_lto_pr52634_1.o assemble, -O0 -flto -flto-partition=1to1
UNRESOLVED: gcc.dg/lto/pr52634 c_lto_pr52634_0.o-c_lto_pr52634_1.o link -O0 -flto -flto-partition=1to1
UNRESOLVED: gcc.dg/lto/pr52634 c_lto_pr52634_0.o-c_lto_pr52634_1.o execute -O0 -flto -flto-partition=1to1
FAIL: gcc.dg/lto/pr52634 c_lto_pr52634_1.o assemble, -O2 -flto -flto-partition=1to1
UNRESOLVED: gcc.dg/lto/pr52634 c_lto_pr52634_0.o-c_lto_pr52634_1.o link -O2 -flto -flto-partition=1to1
UNRESOLVED: gcc.dg/lto/pr52634 c_lto_pr52634_0.o-c_lto_pr52634_1.o execute -O2 -flto -flto-partition=1to1
FAIL: gcc.dg/lto/pr52634 c_lto_pr52634_1.o assemble, -O0 -flto
UNRESOLVED: gcc.dg/lto/pr52634 c_lto_pr52634_0.o-c_lto_pr52634_1.o link -O0 -flto
UNRESOLVED: gcc.dg/lto/pr52634 c_lto_pr52634_0.o-c_lto_pr52634_1.o execute -O0 -flto
FAIL: gcc.dg/lto/pr52634 c_lto_pr52634_1.o assemble, -O2 -flto
UNRESOLVED: gcc.dg/lto/pr52634 c_lto_pr52634_0.o-c_lto_pr52634_1.o link -O2 -flto
UNRESOLVED: gcc.dg/lto/pr52634 c_lto_pr52634_0.o-c_lto_pr52634_1.o execute -O2 -flto
FAIL: gcc.dg/torture/darwin-cfstring-3.c -O0 (test for excess errors)
UNRESOLVED: gcc.dg/torture/darwin-cfstring-3.c scan-assembler \\\\.long[ \\\\t]+___CFConstantStringClassReference\\n[ \\\\t]*\\\\.long[ \\\\t]+1992\\n[ \\\\t]*\\\\.long[ \\\\t]+LC.*\\n[ \\\\t]*\\\\.long[ \\\\t]+4\\n
UNRESOLVED: gcc.dg/torture/darwin-cfstring-3.c scan-assembler \\\\.long[ \\\\t]+___CFConstantStringClassReference\\n[ \\\\t]*\\\\.long[ \\\\t]+1992\\n[ \\\\t]*\\\\.long[ \\\\t]+LC.*\\n[ \\\\t]*\\\\.long[ \\\\t]+10\\n
FAIL: gcc.dg/torture/darwin-cfstring-3.c -O1 (test for excess errors)
UNRESOLVED: gcc.dg/torture/darwin-cfstring-3.c scan-assembler \\\\.long[ \\\\t]+___CFConstantStringClassReference\\n[ \\\\t]*\\\\.long[ \\\\t]+1992\\n[ \\\\t]*\\\\.long[ \\\\t]+LC.*\\n[ \\\\t]*\\\\.long[ \\\\t]+4\\n
UNRESOLVED: gcc.dg/torture/darwin-cfstring-3.c scan-assembler \\\\.long[ \\\\t]+___CFConstantStringClassReference\\n[ \\\\t]*\\\\.long[ \\\\t]+1992\\n[ \\\\t]*\\\\.long[ \\\\t]+LC.*\\n[ \\\\t]*\\\\.long[ \\\\t]+10\\n
FAIL: gcc.dg/torture/darwin-cfstring-3.c -O2 (test for excess errors)
UNRESOLVED: gcc.dg/torture/darwin-cfstring-3.c scan-assembler \\\\.long[ \\\\t]+___CFConstantStringClassReference\\n[ \\\\t]*\\\\.long[ \\\\t]+1992\\n[ \\\\t]*\\\\.long[ \\\\t]+LC.*\\n[ \\\\t]*\\\\.long[ \\\\t]+4\\n
UNRESOLVED: gcc.dg/torture/darwin-cfstring-3.c scan-assembler \\\\.long[ \\\\t]+___CFConstantStringClassReference\\n[ \\\\t]*\\\\.long[ \\\\t]+1992\\n[ \\\\t]*\\\\.long[ \\\\t]+LC.*\\n[ \\\\t]*\\\\.long[ \\\\t]+10\\n
FAIL: gcc.dg/torture/darwin-cfstring-3.c -O3 -fomit-frame-pointer (test for excess errors)
UNRESOLVED: gcc.dg/torture/darwin-cfstring-3.c scan-assembler \\\\.long[ \\\\t]+___CFConstantStringClassReference\\n[ \\\\t]*\\\\.long[ \\\\t]+1992\\n[ \\\\t]*\\\\.long[ \\\\t]+LC.*\\n[ \\\\t]*\\\\.long[ \\\\t]+4\\n
UNRESOLVED: gcc.dg/torture/darwin-cfstring-3.c scan-assembler \\\\.long[ \\\\t]+___CFConstantStringClassReference\\n[ \\\\t]*\\\\.long[ \\\\t]+1992\\n[ \\\\t]*\\\\.long[ \\\\t]+LC.*\\n[ \\\\t]*\\\\.long[ \\\\t]+10\\n
FAIL: gcc.dg/torture/darwin-cfstring-3.c -O3 -g (test for excess errors)
UNRESOLVED: gcc.dg/torture/darwin-cfstring-3.c scan-assembler \\\\.long[ \\\\t]+___CFConstantStringClassReference\\n[ \\\\t]*\\\\.long[ \\\\t]+1992\\n[ \\\\t]*\\\\.long[ \\\\t]+LC.*\\n[ \\\\t]*\\\\.long[ \\\\t]+4\\n
UNRESOLVED: gcc.dg/torture/darwin-cfstring-3.c scan-assembler \\\\.long[ \\\\t]+___CFConstantStringClassReference\\n[ \\\\t]*\\\\.long[ \\\\t]+1992\\n[ \\\\t]*\\\\.long[ \\\\t]+LC.*\\n[ \\\\t]*\\\\.long[ \\\\t]+10\\n
FAIL: gcc.dg/torture/darwin-cfstring-3.c -Os (test for excess errors)
UNRESOLVED: gcc.dg/torture/darwin-cfstring-3.c scan-assembler \\\\.long[ \\\\t]+___CFConstantStringClassReference\\n[ \\\\t]*\\\\.long[ \\\\t]+1992\\n[ \\\\t]*\\\\.long[ \\\\t]+LC.*\\n[ \\\\t]*\\\\.long[ \\\\t]+4\\n
UNRESOLVED: gcc.dg/torture/darwin-cfstring-3.c scan-assembler \\\\.long[ \\\\t]+___CFConstantStringClassReference\\n[ \\\\t]*\\\\.long[ \\\\t]+1992\\n[ \\\\t]*\\\\.long[ \\\\t]+LC.*\\n[ \\\\t]*\\\\.long[ \\\\t]+10\\n
FAIL: gcc.dg/torture/darwin-cfstring-3.c -O2 -flto -flto-partition=none (test for excess errors)
UNRESOLVED: gcc.dg/torture/darwin-cfstring-3.c scan-assembler \\\\.long[ \\\\t]+___CFConstantStringClassReference\\n[ \\\\t]*\\\\.long[ \\\\t]+1992\\n[ \\\\t]*\\\\.long[ \\\\t]+LC.*\\n[ \\\\t]*\\\\.long[ \\\\t]+4\\n
UNRESOLVED: gcc.dg/torture/darwin-cfstring-3.c scan-assembler \\\\.long[ \\\\t]+___CFConstantStringClassReference\\n[ \\\\t]*\\\\.long[ \\\\t]+1992\\n[ \\\\t]*\\\\.long[ \\\\t]+LC.*\\n[ \\\\t]*\\\\.long[ \\\\t]+10\\n
FAIL: gcc.dg/torture/darwin-cfstring-3.c -O2 -flto (test for excess errors)
UNRESOLVED: gcc.dg/torture/darwin-cfstring-3.c scan-assembler \\\\.long[ \\\\t]+___CFConstantStringClassReference\\n[ \\\\t]*\\\\.long[ \\\\t]+1992\\n[ \\\\t]*\\\\.long[ \\\\t]+LC.*\\n[ \\\\t]*\\\\.long[ \\\\t]+4\\n
UNRESOLVED: gcc.dg/torture/darwin-cfstring-3.c scan-assembler \\\\.long[ \\\\t]+___CFConstantStringClassReference\\n[ \\\\t]*\\\\.long[ \\\\t]+1992\\n[ \\\\t]*\\\\.long[ \\\\t]+LC.*\\n[ \\\\t]*\\\\.long[ \\\\t]+10\\n
FAIL: gcc.dg/torture/pr51106-2.c -O0 (internal compiler error)
FAIL: gcc.dg/torture/pr51106-2.c -O0 (test for excess errors)
FAIL: gcc.dg/torture/pr51106-2.c -O1 (internal compiler error)
FAIL: gcc.dg/torture/pr51106-2.c -O1 (test for excess errors)
FAIL: gcc.dg/torture/pr51106-2.c -O2 (internal compiler error)
FAIL: gcc.dg/torture/pr51106-2.c -O2 (test for excess errors)
FAIL: gcc.dg/torture/pr51106-2.c -O3 -fomit-frame-pointer (internal compiler error)
FAIL: gcc.dg/torture/pr51106-2.c -O3 -fomit-frame-pointer (test for excess errors)
FAIL: gcc.dg/torture/pr51106-2.c -O3 -g (internal compiler error)
FAIL: gcc.dg/torture/pr51106-2.c -O3 -g (test for excess errors)
FAIL: gcc.dg/torture/pr51106-2.c -Os (internal compiler error)
FAIL: gcc.dg/torture/pr51106-2.c -Os (test for excess errors)
FAIL: gcc.dg/torture/pr51106-2.c -O2 -flto -flto-partition=none (internal compiler error)
FAIL: gcc.dg/torture/pr51106-2.c -O2 -flto -flto-partition=none (test for excess errors)
FAIL: gcc.dg/torture/pr51106-2.c -O2 -flto (internal compiler error)
FAIL: gcc.dg/torture/pr51106-2.c -O2 -flto (test for excess errors)
=== gcc Summary for unix/-m32 ===
# of expected passes 82494
# of unexpected failures 35
# of unexpected successes 1
# of expected failures 253
# of unresolved testcases 28
# of unsupported tests 1925
Running target unix/-m64
XPASS: gcc.dg/Wstrict-overflow-18.c (test for bogus messages, line 20)
FAIL: gcc.dg/darwin-cfstring-1.c (test for errors, line 24)
FAIL: gcc.dg/darwin-cfstring-1.c (test for errors, line 25)
FAIL: gcc.dg/darwin-cfstring-1.c (test for excess errors)
FAIL: gcc.dg/darwin-cfstring-2.c built-in function .* requires .* flag (test for errors, line 11)
FAIL: gcc.dg/darwin-cfstring-2.c (test for excess errors)
FAIL: gcc.dg/lto/pr52634 c_lto_pr52634_1.o assemble, -O0 -flto -flto-partition=none
UNRESOLVED: gcc.dg/lto/pr52634 c_lto_pr52634_0.o-c_lto_pr52634_1.o link -O0 -flto -flto-partition=none
UNRESOLVED: gcc.dg/lto/pr52634 c_lto_pr52634_0.o-c_lto_pr52634_1.o execute -O0 -flto -flto-partition=none
FAIL: gcc.dg/lto/pr52634 c_lto_pr52634_1.o assemble, -O2 -flto -flto-partition=none
UNRESOLVED: gcc.dg/lto/pr52634 c_lto_pr52634_0.o-c_lto_pr52634_1.o link -O2 -flto -flto-partition=none
UNRESOLVED: gcc.dg/lto/pr52634 c_lto_pr52634_0.o-c_lto_pr52634_1.o execute -O2 -flto -flto-partition=none
FAIL: gcc.dg/lto/pr52634 c_lto_pr52634_1.o assemble, -O0 -flto -flto-partition=1to1
UNRESOLVED: gcc.dg/lto/pr52634 c_lto_pr52634_0.o-c_lto_pr52634_1.o link -O0 -flto -flto-partition=1to1
UNRESOLVED: gcc.dg/lto/pr52634 c_lto_pr52634_0.o-c_lto_pr52634_1.o execute -O0 -flto -flto-partition=1to1
FAIL: gcc.dg/lto/pr52634 c_lto_pr52634_1.o assemble, -O2 -flto -flto-partition=1to1
UNRESOLVED: gcc.dg/lto/pr52634 c_lto_pr52634_0.o-c_lto_pr52634_1.o link -O2 -flto -flto-partition=1to1
UNRESOLVED: gcc.dg/lto/pr52634 c_lto_pr52634_0.o-c_lto_pr52634_1.o execute -O2 -flto -flto-partition=1to1
FAIL: gcc.dg/lto/pr52634 c_lto_pr52634_1.o assemble, -O0 -flto
UNRESOLVED: gcc.dg/lto/pr52634 c_lto_pr52634_0.o-c_lto_pr52634_1.o link -O0 -flto
UNRESOLVED: gcc.dg/lto/pr52634 c_lto_pr52634_0.o-c_lto_pr52634_1.o execute -O0 -flto
FAIL: gcc.dg/lto/pr52634 c_lto_pr52634_1.o assemble, -O2 -flto
UNRESOLVED: gcc.dg/lto/pr52634 c_lto_pr52634_0.o-c_lto_pr52634_1.o link -O2 -flto
UNRESOLVED: gcc.dg/lto/pr52634 c_lto_pr52634_0.o-c_lto_pr52634_1.o execute -O2 -flto
FAIL: gcc.dg/matrix/transpose-3.c execution, -fprofile-use -fipa-matrix-reorg -fdump-ipa-matrix-reorg -O3 -fwhole-program -fno-tree-fre
FAIL: gcc.dg/torture/darwin-cfstring-3.c -O0 (test for excess errors)
UNRESOLVED: gcc.dg/torture/darwin-cfstring-3.c scan-assembler .quad\\t___CFConstantStringClassReference\\n\\t.long\\t1992\\n\\t.space 4\\n\\t.quad\\t.*\\n\\t.quad\\t4\\n
UNRESOLVED: gcc.dg/torture/darwin-cfstring-3.c scan-assembler .quad\\t___CFConstantStringClassReference\\n\\t.long\\t1992\\n\\t.space 4\\n\\t.quad\\t.*\\n\\t.quad\\t10\\n
FAIL: gcc.dg/torture/darwin-cfstring-3.c -O1 (test for excess errors)
UNRESOLVED: gcc.dg/torture/darwin-cfstring-3.c scan-assembler .quad\\t___CFConstantStringClassReference\\n\\t.long\\t1992\\n\\t.space 4\\n\\t.quad\\t.*\\n\\t.quad\\t4\\n
UNRESOLVED: gcc.dg/torture/darwin-cfstring-3.c scan-assembler .quad\\t___CFConstantStringClassReference\\n\\t.long\\t1992\\n\\t.space 4\\n\\t.quad\\t.*\\n\\t.quad\\t10\\n
FAIL: gcc.dg/torture/darwin-cfstring-3.c -O2 (test for excess errors)
UNRESOLVED: gcc.dg/torture/darwin-cfstring-3.c scan-assembler .quad\\t___CFConstantStringClassReference\\n\\t.long\\t1992\\n\\t.space 4\\n\\t.quad\\t.*\\n\\t.quad\\t4\\n
UNRESOLVED: gcc.dg/torture/darwin-cfstring-3.c scan-assembler .quad\\t___CFConstantStringClassReference\\n\\t.long\\t1992\\n\\t.space 4\\n\\t.quad\\t.*\\n\\t.quad\\t10\\n
FAIL: gcc.dg/torture/darwin-cfstring-3.c -O3 -fomit-frame-pointer (test for excess errors)
UNRESOLVED: gcc.dg/torture/darwin-cfstring-3.c scan-assembler .quad\\t___CFConstantStringClassReference\\n\\t.long\\t1992\\n\\t.space 4\\n\\t.quad\\t.*\\n\\t.quad\\t4\\n
UNRESOLVED: gcc.dg/torture/darwin-cfstring-3.c scan-assembler .quad\\t___CFConstantStringClassReference\\n\\t.long\\t1992\\n\\t.space 4\\n\\t.quad\\t.*\\n\\t.quad\\t10\\n
FAIL: gcc.dg/torture/darwin-cfstring-3.c -O3 -g (test for excess errors)
UNRESOLVED: gcc.dg/torture/darwin-cfstring-3.c scan-assembler .quad\\t___CFConstantStringClassReference\\n\\t.long\\t1992\\n\\t.space 4\\n\\t.quad\\t.*\\n\\t.quad\\t4\\n
UNRESOLVED: gcc.dg/torture/darwin-cfstring-3.c scan-assembler .quad\\t___CFConstantStringClassReference\\n\\t.long\\t1992\\n\\t.space 4\\n\\t.quad\\t.*\\n\\t.quad\\t10\\n
FAIL: gcc.dg/torture/darwin-cfstring-3.c -Os (test for excess errors)
UNRESOLVED: gcc.dg/torture/darwin-cfstring-3.c scan-assembler .quad\\t___CFConstantStringClassReference\\n\\t.long\\t1992\\n\\t.space 4\\n\\t.quad\\t.*\\n\\t.quad\\t4\\n
UNRESOLVED: gcc.dg/torture/darwin-cfstring-3.c scan-assembler .quad\\t___CFConstantStringClassReference\\n\\t.long\\t1992\\n\\t.space 4\\n\\t.quad\\t.*\\n\\t.quad\\t10\\n
FAIL: gcc.dg/torture/darwin-cfstring-3.c -O2 -flto -flto-partition=none (test for excess errors)
UNRESOLVED: gcc.dg/torture/darwin-cfstring-3.c scan-assembler .quad\\t___CFConstantStringClassReference\\n\\t.long\\t1992\\n\\t.space 4\\n\\t.quad\\t.*\\n\\t.quad\\t4\\n
UNRESOLVED: gcc.dg/torture/darwin-cfstring-3.c scan-assembler .quad\\t___CFConstantStringClassReference\\n\\t.long\\t1992\\n\\t.space 4\\n\\t.quad\\t.*\\n\\t.quad\\t10\\n
FAIL: gcc.dg/torture/darwin-cfstring-3.c -O2 -flto (test for excess errors)
UNRESOLVED: gcc.dg/torture/darwin-cfstring-3.c scan-assembler .quad\\t___CFConstantStringClassReference\\n\\t.long\\t1992\\n\\t.space 4\\n\\t.quad\\t.*\\n\\t.quad\\t4\\n
UNRESOLVED: gcc.dg/torture/darwin-cfstring-3.c scan-assembler .quad\\t___CFConstantStringClassReference\\n\\t.long\\t1992\\n\\t.space 4\\n\\t.quad\\t.*\\n\\t.quad\\t10\\n
FAIL: gcc.dg/torture/pr51106-2.c -O0 (internal compiler error)
FAIL: gcc.dg/torture/pr51106-2.c -O0 (test for excess errors)
FAIL: gcc.dg/torture/pr51106-2.c -O1 (internal compiler error)
FAIL: gcc.dg/torture/pr51106-2.c -O1 (test for excess errors)
FAIL: gcc.dg/torture/pr51106-2.c -O2 (internal compiler error)
FAIL: gcc.dg/torture/pr51106-2.c -O2 (test for excess errors)
FAIL: gcc.dg/torture/pr51106-2.c -O3 -fomit-frame-pointer (internal compiler error)
FAIL: gcc.dg/torture/pr51106-2.c -O3 -fomit-frame-pointer (test for excess errors)
FAIL: gcc.dg/torture/pr51106-2.c -O3 -g (internal compiler error)
FAIL: gcc.dg/torture/pr51106-2.c -O3 -g (test for excess errors)
FAIL: gcc.dg/torture/pr51106-2.c -Os (internal compiler error)
FAIL: gcc.dg/torture/pr51106-2.c -Os (test for excess errors)
FAIL: gcc.dg/torture/pr51106-2.c -O2 -flto -flto-partition=none (internal compiler error)
FAIL: gcc.dg/torture/pr51106-2.c -O2 -flto -flto-partition=none (test for excess errors)
FAIL: gcc.dg/torture/pr51106-2.c -O2 -flto (internal compiler error)
FAIL: gcc.dg/torture/pr51106-2.c -O2 -flto (test for excess errors)
FAIL: gcc.target/i386/pr49866.c (test for excess errors)
FAIL: gcc.target/i386/pr53249.c (test for excess errors)
=== gcc Summary for unix/-m64 ===
# of expected passes 82725
# of unexpected failures 38
# of unexpected successes 1
# of expected failures 256
# of unresolved testcases 28
# of unsupported tests 2255
=== gcc Summary ===
# of expected passes 165219
# of unexpected failures 73
# of unexpected successes 2
# of expected failures 509
# of unresolved testcases 56
# of unsupported tests 4180
/BUILD/gcc/obj-187391/gcc/xgcc version 4.8.0 20120511 (experimental) [trunk revision 187391] (GCC)
=== libatomic tests ===
Running target unix/-m64
=== libatomic Summary for unix/-m64 ===
# of expected passes 54
Running target unix/-m32
=== libatomic Summary for unix/-m32 ===
# of expected passes 44
# of unsupported tests 5
=== libatomic Summary ===
# of expected passes 98
# of unsupported tests 5
=== libgomp tests ===
Running target unix/-m64
=== libgomp Summary for unix/-m64 ===
# of expected passes 1241
# of unsupported tests 3
Running target unix/-m32
=== libgomp Summary for unix/-m32 ===
# of expected passes 1241
# of unsupported tests 3
=== libgomp Summary ===
# of expected passes 2482
# of unsupported tests 6
=== libitm tests ===
Running target unix/-m64
=== libitm Summary for unix/-m64 ===
# of expected passes 26
# of expected failures 3
# of unsupported tests 1
Running target unix/-m32
=== libitm Summary for unix/-m32 ===
# of expected passes 26
# of expected failures 3
# of unsupported tests 1
=== libitm Summary ===
# of expected passes 52
# of expected failures 6
# of unsupported tests 2
=== libstdc++ tests ===
Running target unix/-m32
FAIL: 20_util/function/cons/callable.cc (test for excess errors)
=== libstdc++ Summary for unix/-m32 ===
# of expected passes 7772
# of unexpected failures 1
# of expected failures 43
# of unsupported tests 599
Running target unix/-m64
FAIL: 20_util/function/cons/callable.cc (test for excess errors)
FAIL: 20_util/function/null_pointer_comparisons.cc (test for excess errors)
FAIL: ext/vstring/requirements/citerators.cc (test for excess errors)
UNRESOLVED: ext/vstring/requirements/citerators.cc compilation failed to produce executable
=== libstdc++ Summary for unix/-m64 ===
# of expected passes 7767
# of unexpected failures 3
# of expected failures 43
# of unresolved testcases 1
# of unsupported tests 600
=== libstdc++ Summary ===
# of expected passes 15539
# of unexpected failures 4
# of expected failures 86
# of unresolved testcases 1
# of unsupported tests 1199
Compiler version: 4.8.0 20120511 (experimental) [trunk revision 187391] (GCC)
Platform: x86_64-apple-darwin10.8.0
configure flags: --prefix=/BUILD/gcc/187391 --target=x86_64-apple-darwin10.8.0 --host=x86_64-apple-darwin10.8.0 --build=x86_64-apple-darwin10.8.0 --with-tune=core2 --with-gmp=/opt/gnu --with-mpfr=/opt/gnu --with-mpc=/opt/gnu --without-ppl --without-cloog --enable-languages=c,c++,lto --program-suffix=-trunk
BOOT_CFLAGS=-g -O2