This is the mail archive of the
gcc-testresults@gcc.gnu.org
mailing list for the GCC project.
Results for 4.8.0 20120504 (experimental) [trunk revision 187165] (GCC) testsuite on sparc-sun-solaris2.11
- From: Rainer Orth <ro at CeBiTec dot Uni-Bielefeld dot DE>
- To: gcc-testresults at gcc dot gnu dot org
- Date: Mon, 7 May 2012 10:55:35 +0200 (MEST)
- Subject: Results for 4.8.0 20120504 (experimental) [trunk revision 187165] (GCC) testsuite on sparc-sun-solaris2.11
LAST_UPDATED: Fri May 4 15:22:10 UTC 2012 (revision 187165)
=== acats tests ===
FAIL: c52102a
FAIL: c52102c
=== acats Summary ===
# of expected passes 2318
# of unexpected failures 2
Native configuration is sparc-sun-solaris2.11
=== g++ tests ===
Running target unix
FAIL: g++.dg/debug/dwarf2/nested-3.C scan-assembler [^\\n\\r]*\\\\(DIE \\\\(0x([0-9a-f]+)\\\\) DW_TAG_namespace\\\\)[\\n\\r]+[^\\n\\r]*"thread[^\\n\\r]+[\\n\\r]+([^\\n\\r]*[\\n\\r]+)+[^\\n\\r]*\\\\(DIE \\\\(0x([0-9a-f]+)\\\\) DW_TAG_class_type\\\\)([\\n\\r]+[^\\n\\r]*)+"Executor[^\\n\\r]+[\\n\\r]+[^\\n\\r]*DW_AT_declaration[\\n\\r]+[^\\n\\r]*DW_AT_signature[^#]*# \\\\(DIE[^\\n\\r]*DW_TAG_subprogram\\\\)[\\n\\r]+([^\\n\\r]*[\\n\\r]+)+[^\\n\\r]*"CurrentExecutor[^\\n\\r]+[\\n\\r]+([^\\n\\r]*[\\n\\r]+)+([^\\n\\r]*[\\n\\r]+)+[^\\n\\r]*end of children of DIE 0x\\\\3[\\n\\r]+[^\\n\\r]*end of children of DIE 0x\\\\1[\\n\\r]+
FAIL: g++.dg/debug/dwarf2/nested-3.C scan-assembler [^\\n\\r]*\\\\(DIE \\\\(0x([0-9a-f]+)\\\\) DW_TAG_namespace\\\\)[\\n\\r]+[^\\n\\r]*"thread[^\\n\\r]+[\\n\\r]+([^\\n\\r]*[\\n\\r]+)+[^\\n\\r]*\\\\(DIE \\\\(0x([0-9a-f]+)\\\\) DW_TAG_class_type\\\\)([\\n\\r]+[^\\n\\r]*)+"Executor[^\\n\\r]+[\\n\\r]+[^\\n\\r]*DW_AT_declaration[\\n\\r]+[^\\n\\r]*DW_AT_signature[^#]*# \\\\(DIE[^\\n\\r]*DW_TAG_subprogram\\\\)[\\n\\r]+([^\\n\\r]*[\\n\\r]+)+[^\\n\\r]*"CurrentExecutor[^\\n\\r]+[\\n\\r]+([^\\n\\r]*[\\n\\r]+)+([^\\n\\r]*[\\n\\r]+)+[^\\n\\r]*end of children of DIE 0x\\\\3[\\n\\r]+[^\\n\\r]*end of children of DIE 0x\\\\1[\\n\\r]+
=== g++ Summary for unix ===
# of expected passes 46819
# of unexpected failures 2
# of expected failures 286
# of unsupported tests 714
Running target unix/-m64
FAIL: g++.dg/debug/dwarf2/nested-3.C scan-assembler [^\\n\\r]*\\\\(DIE \\\\(0x([0-9a-f]+)\\\\) DW_TAG_namespace\\\\)[\\n\\r]+[^\\n\\r]*"thread[^\\n\\r]+[\\n\\r]+([^\\n\\r]*[\\n\\r]+)+[^\\n\\r]*\\\\(DIE \\\\(0x([0-9a-f]+)\\\\) DW_TAG_class_type\\\\)([\\n\\r]+[^\\n\\r]*)+"Executor[^\\n\\r]+[\\n\\r]+[^\\n\\r]*DW_AT_declaration[\\n\\r]+[^\\n\\r]*DW_AT_signature[^#]*# \\\\(DIE[^\\n\\r]*DW_TAG_subprogram\\\\)[\\n\\r]+([^\\n\\r]*[\\n\\r]+)+[^\\n\\r]*"CurrentExecutor[^\\n\\r]+[\\n\\r]+([^\\n\\r]*[\\n\\r]+)+([^\\n\\r]*[\\n\\r]+)+[^\\n\\r]*end of children of DIE 0x\\\\3[\\n\\r]+[^\\n\\r]*end of children of DIE 0x\\\\1[\\n\\r]+
FAIL: g++.dg/debug/dwarf2/nested-3.C scan-assembler [^\\n\\r]*\\\\(DIE \\\\(0x([0-9a-f]+)\\\\) DW_TAG_namespace\\\\)[\\n\\r]+[^\\n\\r]*"thread[^\\n\\r]+[\\n\\r]+([^\\n\\r]*[\\n\\r]+)+[^\\n\\r]*\\\\(DIE \\\\(0x([0-9a-f]+)\\\\) DW_TAG_class_type\\\\)([\\n\\r]+[^\\n\\r]*)+"Executor[^\\n\\r]+[\\n\\r]+[^\\n\\r]*DW_AT_declaration[\\n\\r]+[^\\n\\r]*DW_AT_signature[^#]*# \\\\(DIE[^\\n\\r]*DW_TAG_subprogram\\\\)[\\n\\r]+([^\\n\\r]*[\\n\\r]+)+[^\\n\\r]*"CurrentExecutor[^\\n\\r]+[\\n\\r]+([^\\n\\r]*[\\n\\r]+)+([^\\n\\r]*[\\n\\r]+)+[^\\n\\r]*end of children of DIE 0x\\\\3[\\n\\r]+[^\\n\\r]*end of children of DIE 0x\\\\1[\\n\\r]+
=== g++ Summary for unix/-m64 ===
# of expected passes 48056
# of unexpected failures 2
# of expected failures 286
# of unsupported tests 707
=== g++ Summary ===
# of expected passes 94875
# of unexpected failures 4
# of expected failures 572
# of unsupported tests 1421
/var/gcc/regression/trunk/11-gcc-gas/build/gcc/testsuite/g++/../../g++ version 4.8.0 20120504 (experimental) [trunk revision 187165] (GCC)
=== gcc tests ===
Running target unix
XPASS: gcc.dg/Wstrict-overflow-18.c (test for bogus messages, line 20)
FAIL: gcc.dg/lower-subreg-1.c scan-rtl-dump subreg1 "Splitting reg"
FAIL: gcc.dg/simulate-thread/atomic-other-int.c -O2 -g thread simulation test
FAIL: gcc.dg/simulate-thread/atomic-other-int.c -O3 -g thread simulation test
FAIL: gcc.dg/simulate-thread/atomic-other-short.c -O2 -g thread simulation test
FAIL: gcc.dg/simulate-thread/speculative-store.c -O0 -g thread simulation test
FAIL: gcc.dg/torture/20090618-1.c -O1 execution test
FAIL: gcc.dg/torture/pr39074-3.c -O1 execution test
FAIL: gcc.dg/torture/pr39074-3.c -O2 execution test
FAIL: gcc.dg/torture/pr39074-3.c -O3 -fomit-frame-pointer execution test
FAIL: gcc.dg/torture/pr39074-3.c -O3 -g execution test
FAIL: gcc.dg/torture/pr39074-3.c -Os execution test
FAIL: gcc.dg/torture/pr39074-3.c -O2 -flto -flto-partition=none execution test
FAIL: gcc.dg/torture/pr39074-3.c -O2 -flto execution test
FAIL: gcc.dg/torture/pr45967-3.c -O2 execution test
FAIL: gcc.dg/torture/pr45967-3.c -O3 -fomit-frame-pointer execution test
FAIL: gcc.dg/torture/pr45967-3.c -O3 -fomit-frame-pointer -funroll-loops execution test
FAIL: gcc.dg/torture/pr45967-3.c -O3 -fomit-frame-pointer -funroll-all-loops -finline-functions execution test
FAIL: gcc.dg/torture/pr45967-3.c -O3 -g execution test
FAIL: gcc.dg/torture/pr45967-3.c -O2 -flto -flto-partition=none execution test
FAIL: gcc.dg/torture/pr45967-3.c -O2 -flto execution test
FAIL: gcc.dg/torture/pr51106-2.c -O0 (internal compiler error)
FAIL: gcc.dg/torture/pr51106-2.c -O0 (test for excess errors)
FAIL: gcc.dg/torture/pr51106-2.c -O1 (internal compiler error)
FAIL: gcc.dg/torture/pr51106-2.c -O1 (test for excess errors)
FAIL: gcc.dg/torture/pr51106-2.c -O2 (internal compiler error)
FAIL: gcc.dg/torture/pr51106-2.c -O2 (test for excess errors)
FAIL: gcc.dg/torture/pr51106-2.c -O3 -fomit-frame-pointer (internal compiler error)
FAIL: gcc.dg/torture/pr51106-2.c -O3 -fomit-frame-pointer (test for excess errors)
FAIL: gcc.dg/torture/pr51106-2.c -O3 -g (internal compiler error)
FAIL: gcc.dg/torture/pr51106-2.c -O3 -g (test for excess errors)
FAIL: gcc.dg/torture/pr51106-2.c -Os (internal compiler error)
FAIL: gcc.dg/torture/pr51106-2.c -Os (test for excess errors)
FAIL: gcc.dg/torture/pr51106-2.c -O2 -flto -flto-partition=none (internal compiler error)
FAIL: gcc.dg/torture/pr51106-2.c -O2 -flto -flto-partition=none (test for excess errors)
FAIL: gcc.dg/torture/pr51106-2.c -O2 -flto (internal compiler error)
FAIL: gcc.dg/torture/pr51106-2.c -O2 -flto (test for excess errors)
FAIL: gcc.dg/torture/pta-ptrarith-2.c -O1 execution test
=== gcc Summary for unix ===
# of expected passes 75872
# of unexpected failures 37
# of unexpected successes 1
# of expected failures 320
# of unsupported tests 1582
Running target unix/-m64
XPASS: gcc.dg/Wstrict-overflow-18.c (test for bogus messages, line 20)
FAIL: gcc.dg/pr44194-1.c scan-rtl-dump dse1 "global deletions = 2"
FAIL: gcc.dg/torture/20090618-1.c -O1 execution test
FAIL: gcc.dg/torture/pr39074-3.c -O1 execution test
FAIL: gcc.dg/torture/pr39074-3.c -O2 execution test
FAIL: gcc.dg/torture/pr39074-3.c -O3 -fomit-frame-pointer execution test
FAIL: gcc.dg/torture/pr39074-3.c -O3 -g execution test
FAIL: gcc.dg/torture/pr39074-3.c -Os execution test
FAIL: gcc.dg/torture/pr39074-3.c -O2 -flto -flto-partition=none execution test
FAIL: gcc.dg/torture/pr39074-3.c -O2 -flto execution test
FAIL: gcc.dg/torture/pr51106-2.c -O0 (internal compiler error)
FAIL: gcc.dg/torture/pr51106-2.c -O0 (test for excess errors)
FAIL: gcc.dg/torture/pr51106-2.c -O1 (internal compiler error)
FAIL: gcc.dg/torture/pr51106-2.c -O1 (test for excess errors)
FAIL: gcc.dg/torture/pr51106-2.c -O2 (internal compiler error)
FAIL: gcc.dg/torture/pr51106-2.c -O2 (test for excess errors)
FAIL: gcc.dg/torture/pr51106-2.c -O3 -fomit-frame-pointer (internal compiler error)
FAIL: gcc.dg/torture/pr51106-2.c -O3 -fomit-frame-pointer (test for excess errors)
FAIL: gcc.dg/torture/pr51106-2.c -O3 -g (internal compiler error)
FAIL: gcc.dg/torture/pr51106-2.c -O3 -g (test for excess errors)
FAIL: gcc.dg/torture/pr51106-2.c -Os (internal compiler error)
FAIL: gcc.dg/torture/pr51106-2.c -Os (test for excess errors)
FAIL: gcc.dg/torture/pr51106-2.c -O2 -flto -flto-partition=none (internal compiler error)
FAIL: gcc.dg/torture/pr51106-2.c -O2 -flto -flto-partition=none (test for excess errors)
FAIL: gcc.dg/torture/pr51106-2.c -O2 -flto (internal compiler error)
FAIL: gcc.dg/torture/pr51106-2.c -O2 -flto (test for excess errors)
FAIL: gcc.dg/torture/pta-ptrarith-2.c -O1 execution test
=== gcc Summary for unix/-m64 ===
# of expected passes 76555
# of unexpected failures 26
# of unexpected successes 1
# of expected failures 309
# of unsupported tests 1567
=== gcc Summary ===
# of expected passes 152427
# of unexpected failures 63
# of unexpected successes 2
# of expected failures 629
# of unsupported tests 3149
/var/gcc/regression/trunk/11-gcc-gas/build/gcc/xgcc version 4.8.0 20120504 (experimental) [trunk revision 187165] (GCC)
=== gfortran tests ===
Running target unix
FAIL: gfortran.dg/lto/pr45586-2 f_lto_pr45586-2_0.o-f_lto_pr45586-2_0.o link, -O0 -flto -flto-partition=none
UNRESOLVED: gfortran.dg/lto/pr45586-2 f_lto_pr45586-2_0.o-f_lto_pr45586-2_0.o execute -O0 -flto -flto-partition=none
FAIL: gfortran.dg/lto/pr45586-2 f_lto_pr45586-2_0.o-f_lto_pr45586-2_0.o link, -O0 -flto -flto-partition=1to1
UNRESOLVED: gfortran.dg/lto/pr45586-2 f_lto_pr45586-2_0.o-f_lto_pr45586-2_0.o execute -O0 -flto -flto-partition=1to1
FAIL: gfortran.dg/lto/pr45586-2 f_lto_pr45586-2_0.o-f_lto_pr45586-2_0.o link, -O0 -flto
UNRESOLVED: gfortran.dg/lto/pr45586-2 f_lto_pr45586-2_0.o-f_lto_pr45586-2_0.o execute -O0 -flto
FAIL: gfortran.dg/lto/pr45586 f_lto_pr45586_0.o-f_lto_pr45586_0.o link, -O0 -flto -flto-partition=none
UNRESOLVED: gfortran.dg/lto/pr45586 f_lto_pr45586_0.o-f_lto_pr45586_0.o execute -O0 -flto -flto-partition=none
FAIL: gfortran.dg/lto/pr45586 f_lto_pr45586_0.o-f_lto_pr45586_0.o link, -O0 -flto -flto-partition=1to1
UNRESOLVED: gfortran.dg/lto/pr45586 f_lto_pr45586_0.o-f_lto_pr45586_0.o execute -O0 -flto -flto-partition=1to1
FAIL: gfortran.dg/lto/pr45586 f_lto_pr45586_0.o-f_lto_pr45586_0.o link, -O0 -flto
UNRESOLVED: gfortran.dg/lto/pr45586 f_lto_pr45586_0.o-f_lto_pr45586_0.o execute -O0 -flto
=== gfortran Summary for unix ===
# of expected passes 40982
# of unexpected failures 6
# of expected failures 58
# of unresolved testcases 6
# of unsupported tests 260
Running target unix/-m64
FAIL: gfortran.dg/lto/pr45586-2 f_lto_pr45586-2_0.o-f_lto_pr45586-2_0.o link, -O0 -flto -flto-partition=none
UNRESOLVED: gfortran.dg/lto/pr45586-2 f_lto_pr45586-2_0.o-f_lto_pr45586-2_0.o execute -O0 -flto -flto-partition=none
FAIL: gfortran.dg/lto/pr45586-2 f_lto_pr45586-2_0.o-f_lto_pr45586-2_0.o link, -O0 -flto -flto-partition=1to1
UNRESOLVED: gfortran.dg/lto/pr45586-2 f_lto_pr45586-2_0.o-f_lto_pr45586-2_0.o execute -O0 -flto -flto-partition=1to1
FAIL: gfortran.dg/lto/pr45586-2 f_lto_pr45586-2_0.o-f_lto_pr45586-2_0.o link, -O0 -flto
UNRESOLVED: gfortran.dg/lto/pr45586-2 f_lto_pr45586-2_0.o-f_lto_pr45586-2_0.o execute -O0 -flto
FAIL: gfortran.dg/lto/pr45586 f_lto_pr45586_0.o-f_lto_pr45586_0.o link, -O0 -flto -flto-partition=none
UNRESOLVED: gfortran.dg/lto/pr45586 f_lto_pr45586_0.o-f_lto_pr45586_0.o execute -O0 -flto -flto-partition=none
FAIL: gfortran.dg/lto/pr45586 f_lto_pr45586_0.o-f_lto_pr45586_0.o link, -O0 -flto -flto-partition=1to1
UNRESOLVED: gfortran.dg/lto/pr45586 f_lto_pr45586_0.o-f_lto_pr45586_0.o execute -O0 -flto -flto-partition=1to1
FAIL: gfortran.dg/lto/pr45586 f_lto_pr45586_0.o-f_lto_pr45586_0.o link, -O0 -flto
UNRESOLVED: gfortran.dg/lto/pr45586 f_lto_pr45586_0.o-f_lto_pr45586_0.o execute -O0 -flto
=== gfortran Summary for unix/-m64 ===
# of expected passes 41308
# of unexpected failures 6
# of expected failures 58
# of unresolved testcases 6
# of unsupported tests 100
=== gfortran Summary ===
# of expected passes 82290
# of unexpected failures 12
# of expected failures 116
# of unresolved testcases 12
# of unsupported tests 360
/var/gcc/regression/trunk/11-gcc-gas/build/gcc/testsuite/gfortran/../../gfortran version 4.8.0 20120504 (experimental) [trunk revision 187165] (GCC)
=== gnat tests ===
Running target unix
FAIL: gnat.dg/array11.adb (test for warnings, line 12)
FAIL: gnat.dg/object_overflow.adb (test for warnings, line 8)
FAIL: gnat.dg/renaming5.adb scan-tree-dump-times optimized "goto" 2
=== gnat Summary for unix ===
# of expected passes 1075
# of unexpected failures 3
# of expected failures 13
# of unsupported tests 12
Running target unix/-m64
FAIL: gnat.dg/array11.adb (test for warnings, line 12)
FAIL: gnat.dg/object_overflow.adb (test for warnings, line 8)
FAIL: gnat.dg/renaming5.adb scan-tree-dump-times optimized "goto" 2
=== gnat Summary for unix/-m64 ===
# of expected passes 1075
# of unexpected failures 3
# of expected failures 13
# of unsupported tests 12
=== gnat Summary ===
# of expected passes 2150
# of unexpected failures 6
# of expected failures 26
# of unsupported tests 24
/var/gcc/regression/trunk/11-gcc-gas/build/gcc/gnatmake version 4.8.0 20120504 (experimental) [trunk revision 187165]
=== go tests ===
Running target unix
=== go Summary for unix ===
# of expected passes 3290
# of expected failures 4
# of untested testcases 7
Running target unix/-m64
=== go Summary for unix/-m64 ===
# of expected passes 3290
# of expected failures 4
# of untested testcases 7
=== go Summary ===
# of expected passes 6580
# of expected failures 8
# of untested testcases 14
/var/gcc/regression/trunk/11-gcc-gas/build/gcc/testsuite/go/../../gccgo version 4.8.0 20120504 (experimental) [trunk revision 187165] (GCC)
=== obj-c++ tests ===
Running target unix
=== obj-c++ Summary for unix ===
# of expected passes 1450
# of expected failures 2
# of unsupported tests 86
Running target unix/-m64
=== obj-c++ Summary for unix/-m64 ===
# of expected passes 1442
# of expected failures 10
# of unsupported tests 86
=== obj-c++ Summary ===
# of expected passes 2892
# of expected failures 12
# of unsupported tests 172
/var/gcc/regression/trunk/11-gcc-gas/build/gcc/testsuite/obj-c++/../../g++ version 4.8.0 20120504 (experimental) [trunk revision 187165] (GCC)
=== objc tests ===
Running target unix
=== objc Summary for unix ===
# of expected passes 2994
# of unsupported tests 74
Running target unix/-m64
=== objc Summary for unix/-m64 ===
# of expected passes 2994
# of unsupported tests 74
=== objc Summary ===
# of expected passes 5988
# of unsupported tests 148
/var/gcc/regression/trunk/11-gcc-gas/build/gcc/xgcc version 4.8.0 20120504 (experimental) [trunk revision 187165] (GCC)
=== boehm-gc tests ===
Running target unix
=== boehm-gc Summary for unix ===
# of expected passes 12
# of unsupported tests 1
Running target unix/-m64
=== boehm-gc Summary for unix/-m64 ===
# of expected passes 12
# of unsupported tests 1
=== boehm-gc Summary ===
# of expected passes 24
# of unsupported tests 2
=== libatomic tests ===
Running target unix
FAIL: libatomic.c/atomic-compare-exchange-1.c (test for excess errors)
WARNING: libatomic.c/atomic-compare-exchange-1.c compilation failed to produce executable
FAIL: libatomic.c/atomic-compare-exchange-2.c (test for excess errors)
WARNING: libatomic.c/atomic-compare-exchange-2.c compilation failed to produce executable
FAIL: libatomic.c/atomic-compare-exchange-3.c (test for excess errors)
WARNING: libatomic.c/atomic-compare-exchange-3.c compilation failed to produce executable
FAIL: libatomic.c/atomic-exchange-1.c (test for excess errors)
WARNING: libatomic.c/atomic-exchange-1.c compilation failed to produce executable
FAIL: libatomic.c/atomic-exchange-2.c (test for excess errors)
WARNING: libatomic.c/atomic-exchange-2.c compilation failed to produce executable
FAIL: libatomic.c/atomic-exchange-3.c (test for excess errors)
WARNING: libatomic.c/atomic-exchange-3.c compilation failed to produce executable
FAIL: libatomic.c/atomic-load-1.c (test for excess errors)
WARNING: libatomic.c/atomic-load-1.c compilation failed to produce executable
FAIL: libatomic.c/atomic-load-2.c (test for excess errors)
WARNING: libatomic.c/atomic-load-2.c compilation failed to produce executable
FAIL: libatomic.c/atomic-load-3.c (test for excess errors)
WARNING: libatomic.c/atomic-load-3.c compilation failed to produce executable
FAIL: libatomic.c/atomic-op-1.c (test for excess errors)
WARNING: libatomic.c/atomic-op-1.c compilation failed to produce executable
FAIL: libatomic.c/atomic-op-2.c (test for excess errors)
WARNING: libatomic.c/atomic-op-2.c compilation failed to produce executable
FAIL: libatomic.c/atomic-op-3.c (test for excess errors)
WARNING: libatomic.c/atomic-op-3.c compilation failed to produce executable
FAIL: libatomic.c/atomic-store-1.c (test for excess errors)
WARNING: libatomic.c/atomic-store-1.c compilation failed to produce executable
FAIL: libatomic.c/atomic-store-2.c (test for excess errors)
WARNING: libatomic.c/atomic-store-2.c compilation failed to produce executable
FAIL: libatomic.c/atomic-store-3.c (test for excess errors)
WARNING: libatomic.c/atomic-store-3.c compilation failed to produce executable
=== libatomic Summary for unix ===
# of expected passes 4
# of unexpected failures 15
# of unsupported tests 10
Running target unix/-m64
FAIL: libatomic.c/atomic-compare-exchange-1.c (test for excess errors)
WARNING: libatomic.c/atomic-compare-exchange-1.c compilation failed to produce executable
FAIL: libatomic.c/atomic-compare-exchange-2.c (test for excess errors)
WARNING: libatomic.c/atomic-compare-exchange-2.c compilation failed to produce executable
FAIL: libatomic.c/atomic-compare-exchange-3.c (test for excess errors)
WARNING: libatomic.c/atomic-compare-exchange-3.c compilation failed to produce executable
FAIL: libatomic.c/atomic-compare-exchange-4.c (test for excess errors)
WARNING: libatomic.c/atomic-compare-exchange-4.c compilation failed to produce executable
FAIL: libatomic.c/atomic-exchange-1.c (test for excess errors)
WARNING: libatomic.c/atomic-exchange-1.c compilation failed to produce executable
FAIL: libatomic.c/atomic-exchange-2.c (test for excess errors)
WARNING: libatomic.c/atomic-exchange-2.c compilation failed to produce executable
FAIL: libatomic.c/atomic-exchange-3.c (test for excess errors)
WARNING: libatomic.c/atomic-exchange-3.c compilation failed to produce executable
FAIL: libatomic.c/atomic-exchange-4.c (test for excess errors)
WARNING: libatomic.c/atomic-exchange-4.c compilation failed to produce executable
FAIL: libatomic.c/atomic-load-1.c (test for excess errors)
WARNING: libatomic.c/atomic-load-1.c compilation failed to produce executable
FAIL: libatomic.c/atomic-load-2.c (test for excess errors)
WARNING: libatomic.c/atomic-load-2.c compilation failed to produce executable
FAIL: libatomic.c/atomic-load-3.c (test for excess errors)
WARNING: libatomic.c/atomic-load-3.c compilation failed to produce executable
FAIL: libatomic.c/atomic-load-4.c (test for excess errors)
WARNING: libatomic.c/atomic-load-4.c compilation failed to produce executable
FAIL: libatomic.c/atomic-op-1.c (test for excess errors)
WARNING: libatomic.c/atomic-op-1.c compilation failed to produce executable
FAIL: libatomic.c/atomic-op-2.c (test for excess errors)
WARNING: libatomic.c/atomic-op-2.c compilation failed to produce executable
FAIL: libatomic.c/atomic-op-3.c (test for excess errors)
WARNING: libatomic.c/atomic-op-3.c compilation failed to produce executable
FAIL: libatomic.c/atomic-op-4.c (test for excess errors)
WARNING: libatomic.c/atomic-op-4.c compilation failed to produce executable
FAIL: libatomic.c/atomic-store-1.c (test for excess errors)
WARNING: libatomic.c/atomic-store-1.c compilation failed to produce executable
FAIL: libatomic.c/atomic-store-2.c (test for excess errors)
WARNING: libatomic.c/atomic-store-2.c compilation failed to produce executable
FAIL: libatomic.c/atomic-store-3.c (test for excess errors)
WARNING: libatomic.c/atomic-store-3.c compilation failed to produce executable
FAIL: libatomic.c/atomic-store-4.c (test for excess errors)
WARNING: libatomic.c/atomic-store-4.c compilation failed to produce executable
=== libatomic Summary for unix/-m64 ===
# of expected passes 4
# of unexpected failures 20
# of unsupported tests 5
=== libatomic Summary ===
# of expected passes 8
# of unexpected failures 35
# of unsupported tests 15
=== libffi tests ===
Running target unix
=== libffi Summary for unix ===
# of expected passes 1659
# of unsupported tests 55
Running target unix/-m64
=== libffi Summary for unix/-m64 ===
# of expected passes 1659
# of unsupported tests 55
=== libffi Summary ===
# of expected passes 3318
# of unsupported tests 110
=== libgo tests ===
Running target unix
FAIL: text/template
FAIL: testing/quick
=== libgo Summary for unix ===
# of expected passes 121
# of unexpected failures 2
Running target unix/-m64
=== libgo Summary for unix/-m64 ===
# of expected passes 123
=== libgo Summary ===
# of expected passes 244
# of unexpected failures 2
/var/gcc/regression/trunk/11-gcc-gas/build/./gcc/gccgo version 4.8.0 20120504 (experimental) [trunk revision 187165] (GCC)
=== libgomp tests ===
Running target unix
=== libgomp Summary for unix ===
# of expected passes 2992
# of unsupported tests 3
Running target unix/-m64
=== libgomp Summary for unix/-m64 ===
# of expected passes 2992
# of unsupported tests 3
=== libgomp Summary ===
# of expected passes 5984
# of unsupported tests 6
=== libitm tests ===
Running target unix
=== libitm Summary for unix ===
# of expected passes 26
# of expected failures 3
# of unsupported tests 1
Running target unix/-m64
=== libitm Summary for unix/-m64 ===
# of expected passes 26
# of expected failures 3
# of unsupported tests 1
=== libitm Summary ===
# of expected passes 52
# of expected failures 6
# of unsupported tests 2
=== libjava tests ===
Running target unix
=== libjava Summary for unix ===
# of expected passes 2574
Running target unix/-m64
=== libjava Summary for unix/-m64 ===
# of expected passes 2574
=== libjava Summary ===
# of expected passes 5148
=== libmudflap tests ===
Running target unix
=== libmudflap Summary for unix ===
# of expected passes 1442
Running target unix/-m64
FAIL: libmudflap.c++/pass55-frag.cxx execution test
FAIL: libmudflap.c++/pass55-frag.cxx ( -O) execution test
FAIL: libmudflap.c++/pass55-frag.cxx (-O2) execution test
FAIL: libmudflap.c++/pass55-frag.cxx (-O3) execution test
=== libmudflap Summary for unix/-m64 ===
# of expected passes 1438
# of unexpected failures 4
=== libmudflap Summary ===
# of expected passes 2880
# of unexpected failures 4
=== libstdc++ tests ===
Running target unix
FAIL: 20_util/function/2.cc (test for excess errors)
WARNING: 20_util/function/2.cc compilation failed to produce executable
FAIL: 20_util/function/3.cc (test for excess errors)
WARNING: 20_util/function/3.cc compilation failed to produce executable
FAIL: 20_util/function/4.cc (test for excess errors)
WARNING: 20_util/function/4.cc compilation failed to produce executable
=== libstdc++ Summary for unix ===
# of expected passes 7965
# of unexpected failures 3
# of expected failures 43
# of unsupported tests 533
Running target unix/-m64
=== libstdc++ Summary for unix/-m64 ===
# of expected passes 7971
# of expected failures 43
# of unsupported tests 533
=== libstdc++ Summary ===
# of expected passes 15936
# of unexpected failures 3
# of expected failures 86
# of unsupported tests 1066
Compiler version: 4.8.0 20120504 (experimental) [trunk revision 187165] (GCC)
Platform: sparc-sun-solaris2.11
configure flags: --prefix=/vol/gcc --target=sparc-sun-solaris2.11 --enable-objc-gc --enable-libmudflap --with-host-libstdcxx='-L/vol/gcc-4.4/lib -Wl,-Bstatic -lstdc++ -Wl,-Bdynamic -lm' --with-boot-ldflags='-static-libstdc++ -static-libgcc -L/vol/gcc-4.4/lib' --with-as=/vol/gcc/bin/gas-2.22 --with-gnu-as --with-gmp-include=/vol/gcc/include --with-gmp-lib=/vol/gcc/lib --with-mpfr-include=/vol/gcc/include --with-mpfr-lib=/vol/gcc/lib --with-mpc-include=/vol/gcc/include --with-mpc-lib=/vol/gcc/lib --enable-languages=all,ada,obj-c++,go --with-ppl-include=/vol/gcc/include --with-ppl-lib=/vol/gcc/lib --with-cloog-include=/vol/gcc/include --with-cloog-lib=/vol/gcc/lib --enable-cloog-backend=ppl
BOOT_CFLAGS=-g -O2