This is the mail archive of the
gcc-testresults@gcc.gnu.org
mailing list for the GCC project.
Results for 4.8.0 20120429 (experimental) [trunk revision 186947] (GCC) testsuite on hppa2.0w-hp-hpux11.11
- From: John David Anglin <dave at hiauly3 dot hia dot nrc dot ca>
- To: dave at hiauly3 dot hia dot nrc dot ca, gcc-testresults at gcc dot gnu dot org
- Date: Thu, 3 May 2012 13:57:58 -0400 (EDT)
- Subject: Results for 4.8.0 20120429 (experimental) [trunk revision 186947] (GCC) testsuite on hppa2.0w-hp-hpux11.11
=== acats tests ===
=== acats Summary ===
# of expected passes 2320
# of unexpected failures 0
Native configuration is hppa2.0w-hp-hpux11.11
=== g++ tests ===
Running target unix
UNRESOLVED: g++.dg/ext/label13.C -std=gnu++98 compilation failed to produce executable
UNRESOLVED: g++.dg/ext/label13.C -std=gnu++11 compilation failed to produce executable
FAIL: g++.dg/ipa/iinline-2.C -std=gnu++98 scan-ipa-dump inline "String::funcOne[^\\n]*inline copy in int main"
FAIL: g++.dg/ipa/iinline-2.C -std=gnu++11 scan-ipa-dump inline "String::funcOne[^\\n]*inline copy in int main"
WARNING: program timed out.
FAIL: c-c++-common/simulate-thread/bitfields-2.c -Os -g thread simulation test
=== g++ Summary ===
# of expected passes 42608
# of unexpected failures 3
# of expected failures 286
# of unresolved testcases 2
# of unsupported tests 957
/test/gnu/gcc/objdir/gcc/testsuite/g++/../../g++ version 4.8.0 20120429 (experimental) [trunk revision 186947] (GCC)
=== gcc tests ===
Running target unix
WARNING: program timed out.
FAIL: gcc.c-torture/execute/vector-compare-1.c compilation, -O3 -fomit-frame-pointer
UNRESOLVED: gcc.c-torture/execute/vector-compare-1.c execution, -O3 -fomit-frame-pointer
WARNING: program timed out.
FAIL: gcc.c-torture/execute/vector-compare-1.c compilation, -O3 -fomit-frame-pointer -funroll-loops
UNRESOLVED: gcc.c-torture/execute/vector-compare-1.c execution, -O3 -fomit-frame-pointer -funroll-loops
WARNING: program timed out.
FAIL: gcc.c-torture/execute/vector-compare-1.c compilation, -O3 -fomit-frame-pointer -funroll-all-loops -finline-functions
UNRESOLVED: gcc.c-torture/execute/vector-compare-1.c execution, -O3 -fomit-frame-pointer -funroll-all-loops -finline-functions
WARNING: program timed out.
FAIL: gcc.c-torture/execute/vector-compare-1.c compilation, -O3 -g
UNRESOLVED: gcc.c-torture/execute/vector-compare-1.c execution, -O3 -g
XPASS: gcc.dg/Wstrict-overflow-18.c (test for bogus messages, line 20)
FAIL: gcc.dg/pr52283.c (test for excess errors)
WARNING: program timed out.
FAIL: gcc.dg/torture/pr51106-2.c -O0 (internal compiler error)
FAIL: gcc.dg/torture/pr51106-2.c -O0 (test for excess errors)
FAIL: gcc.dg/torture/pr51106-2.c -O1 (internal compiler error)
FAIL: gcc.dg/torture/pr51106-2.c -O1 (test for excess errors)
FAIL: gcc.dg/torture/pr51106-2.c -O2 (internal compiler error)
FAIL: gcc.dg/torture/pr51106-2.c -O2 (test for excess errors)
FAIL: gcc.dg/torture/pr51106-2.c -O3 -fomit-frame-pointer (internal compiler error)
FAIL: gcc.dg/torture/pr51106-2.c -O3 -fomit-frame-pointer (test for excess errors)
FAIL: gcc.dg/torture/pr51106-2.c -O3 -g (internal compiler error)
FAIL: gcc.dg/torture/pr51106-2.c -O3 -g (test for excess errors)
FAIL: gcc.dg/torture/pr51106-2.c -Os (internal compiler error)
FAIL: gcc.dg/torture/pr51106-2.c -Os (test for excess errors)
XPASS: gcc.dg/torture/pr52402.c -O0 execution test
XPASS: gcc.dg/torture/pr52402.c -O1 execution test
XPASS: gcc.dg/torture/pr52402.c -O2 execution test
XPASS: gcc.dg/torture/pr52402.c -O3 -fomit-frame-pointer execution test
XPASS: gcc.dg/torture/pr52402.c -O3 -g execution test
XPASS: gcc.dg/torture/pr52402.c -Os execution test
=== gcc Summary ===
# of expected passes 59368
# of unexpected failures 17
# of unexpected successes 7
# of expected failures 113
# of unresolved testcases 4
# of unsupported tests 1390
/test/gnu/gcc/objdir/gcc/xgcc version 4.8.0 20120429 (experimental) [trunk revision 186947] (GCC)
=== gfortran tests ===
Running target unix
FAIL: gfortran.dg/pr45636.f90 -O scan-tree-dump-times forwprop2 "memset" 0
FAIL: gfortran.dg/pr52621.f90 -O (test for excess errors)
=== gfortran Summary ===
# of expected passes 39719
# of unexpected failures 2
# of expected failures 42
# of unsupported tests 397
/test/gnu/gcc/objdir/gcc/testsuite/gfortran/../../gfortran version 4.8.0 20120429 (experimental) [trunk revision 186947] (GCC)
=== gnat tests ===
Running target unix
FAIL: gnat.dg/renaming5.adb scan-tree-dump-times optimized "goto" 2
=== gnat Summary ===
# of expected passes 1078
# of unexpected failures 1
# of expected failures 13
# of unsupported tests 11
/test/gnu/gcc/objdir/gcc/gnatmake version 4.8.0 20120429 (experimental) [trunk revision 186947]
=== obj-c++ tests ===
Running target unix
=== obj-c++ Summary ===
# of expected passes 1408
# of expected failures 2
# of unsupported tests 69
/test/gnu/gcc/objdir/gcc/testsuite/obj-c++/../../g++ version 4.8.0 20120429 (experimental) [trunk revision 186947] (GCC)
=== objc tests ===
Running target unix
=== objc Summary ===
# of expected passes 2920
# of unsupported tests 65
/test/gnu/gcc/objdir/gcc/xgcc version 4.8.0 20120429 (experimental) [trunk revision 186947] (GCC)
=== boehm-gc tests ===
Running target unix
=== boehm-gc Summary ===
# of expected passes 12
# of unsupported tests 1
=== libffi tests ===
Running target unix
=== libffi Summary ===
# of expected passes 1659
# of unsupported tests 55
=== libgomp tests ===
Running target unix
=== libgomp Summary ===
# of expected passes 2932
# of unsupported tests 10
=== libjava tests ===
Running target unix
FAIL: LargeFile execution - source compiled test
FAIL: LargeFile -findirect-dispatch execution - source compiled test
FAIL: LargeFile -O3 execution - source compiled test
FAIL: LargeFile -O3 -findirect-dispatch execution - source compiled test
=== libjava Summary ===
# of expected passes 2566
# of unexpected failures 4
# of untested testcases 4
=== libstdc++ tests ===
Running target unix
FAIL: 20_util/function/cons/callable.cc (test for excess errors)
FAIL: 23_containers/array/requirements/citerators.cc (test for excess errors)
UNRESOLVED: 23_containers/array/requirements/citerators.cc compilation failed to produce executable
=== libstdc++ Summary ===
# of expected passes 7327
# of unexpected failures 2
# of expected failures 43
# of unresolved testcases 1
# of unsupported tests 830
Compiler version: 4.8.0 20120429 (experimental) [trunk revision 186947] (GCC)
Platform: hppa2.0w-hp-hpux11.11
configure flags:Test Run By dave on Mon Apr 30 12:48:10 EDT 2012