This is the mail archive of the
gcc-testresults@gcc.gnu.org
mailing list for the GCC project.
Results for 4.8.0 20120501 (experimental) [trunk revision 187013] (Debian 20120501-1) testsuite on i486-pc-linux-gnu
- From: Matthias Klose <doko at debian dot org>
- To: gcc-testresults at gcc dot gnu dot org
- Cc: debian-gcc at lists dot debian dot org
- Date: Wed, 02 May 2012 17:54:58 +0000
- Subject: Results for 4.8.0 20120501 (experimental) [trunk revision 187013] (Debian 20120501-1) testsuite on i486-pc-linux-gnu
- Reply-to: Matthias Klose <doko at debian dot org>
LAST_UPDATED: Tue May 1 14:14:41 UTC 2012 (revision 187013)
Target: i486-linux-gnu
gcc version 4.8.0 20120501 (experimental) [trunk revision 187013] (Debian 20120501-1)
=== acats tests ===
=== acats Summary ===
# of expected passes 2320
# of unexpected failures 0
Native configuration is i486-pc-linux-gnu
=== g++ tests ===
Running target unix
FAIL: g++.dg/plugin/attribute_plugin.c compilation
FAIL: g++.dg/plugin/pragma_plugin.c compilation
FAIL: g++.dg/plugin/selfassign.c compilation
FAIL: g++.dg/plugin/dumb_plugin.c compilation
FAIL: g++.dg/plugin/header_plugin.c compilation
FAIL: g++.dg/plugin/decl_plugin.c compilation
=== g++ Summary for unix ===
# of expected passes 47936
# of unexpected failures 6
# of expected failures 282
# of unsupported tests 307
Running target unix/-m64
FAIL: g++.dg/plugin/attribute_plugin.c compilation
FAIL: g++.dg/plugin/pragma_plugin.c compilation
FAIL: g++.dg/plugin/selfassign.c compilation
FAIL: g++.dg/plugin/dumb_plugin.c compilation
FAIL: g++.dg/plugin/header_plugin.c compilation
FAIL: g++.dg/plugin/decl_plugin.c compilation
=== g++ Summary for unix/-m64 ===
# of expected passes 48683
# of unexpected failures 6
# of expected failures 282
# of unsupported tests 561
=== g++ Summary ===
# of expected passes 96619
# of unexpected failures 12
# of expected failures 564
# of unsupported tests 868
/build/buildd-gcc-snapshot_20120501-1-i386-47bd70/gcc-snapshot-20120501/build/gcc/testsuite/g++/../../g++ version 4.8.0 20120501 (experimental) [trunk revision 187013] (Debian 20120501-1)
=== gcc tests ===
Running target unix
FAIL: gcc.c-torture/execute/vector-compare-1.c compilation, -O3 -fomit-frame-pointer
UNRESOLVED: gcc.c-torture/execute/vector-compare-1.c execution, -O3 -fomit-frame-pointer
FAIL: gcc.c-torture/execute/vector-compare-1.c compilation, -O3 -fomit-frame-pointer -funroll-loops
UNRESOLVED: gcc.c-torture/execute/vector-compare-1.c execution, -O3 -fomit-frame-pointer -funroll-loops
FAIL: gcc.c-torture/execute/vector-compare-1.c compilation, -O3 -fomit-frame-pointer -funroll-all-loops -finline-functions
UNRESOLVED: gcc.c-torture/execute/vector-compare-1.c execution, -O3 -fomit-frame-pointer -funroll-all-loops -finline-functions
FAIL: gcc.c-torture/execute/vector-compare-1.c compilation, -O3 -g
UNRESOLVED: gcc.c-torture/execute/vector-compare-1.c execution, -O3 -g
WARNING: program timed out.
WARNING: program timed out.
WARNING: program timed out.
WARNING: program timed out.
XPASS: gcc.dg/Wstrict-overflow-18.c (test for bogus messages, line 20)
XPASS: gcc.dg/inline_3.c (test for excess errors)
XPASS: gcc.dg/inline_4.c (test for excess errors)
XPASS: gcc.dg/unroll_2.c (test for excess errors)
XPASS: gcc.dg/unroll_3.c (test for excess errors)
XPASS: gcc.dg/unroll_4.c (test for excess errors)
FAIL: gcc.dg/pch/save-temps-1.c -O0 -g assembly comparison
FAIL: gcc.dg/pch/save-temps-1.c -O3 -g assembly comparison
FAIL: gcc.dg/plugin/selfassign.c compilation
FAIL: gcc.dg/plugin/ggcplug.c compilation
FAIL: gcc.dg/plugin/one_time_plugin.c compilation
FAIL: gcc.dg/plugin/start_unit_plugin.c compilation
FAIL: gcc.dg/plugin/finish_unit_plugin.c compilation
FAIL: gcc.dg/torture/pr51106-2.c -O0 (internal compiler error)
FAIL: gcc.dg/torture/pr51106-2.c -O0 (test for excess errors)
FAIL: gcc.dg/torture/pr51106-2.c -O1 (internal compiler error)
FAIL: gcc.dg/torture/pr51106-2.c -O1 (test for excess errors)
FAIL: gcc.dg/torture/pr51106-2.c -O2 (internal compiler error)
FAIL: gcc.dg/torture/pr51106-2.c -O2 (test for excess errors)
FAIL: gcc.dg/torture/pr51106-2.c -O3 -fomit-frame-pointer (internal compiler error)
FAIL: gcc.dg/torture/pr51106-2.c -O3 -fomit-frame-pointer (test for excess errors)
FAIL: gcc.dg/torture/pr51106-2.c -O3 -g (internal compiler error)
FAIL: gcc.dg/torture/pr51106-2.c -O3 -g (test for excess errors)
FAIL: gcc.dg/torture/pr51106-2.c -Os (internal compiler error)
FAIL: gcc.dg/torture/pr51106-2.c -Os (test for excess errors)
FAIL: gcc.dg/torture/pr51106-2.c -O2 -flto -fno-use-linker-plugin -flto-partition=none (internal compiler error)
FAIL: gcc.dg/torture/pr51106-2.c -O2 -flto -fno-use-linker-plugin -flto-partition=none (test for excess errors)
=== gcc Summary for unix ===
# of expected passes 85543
# of unexpected failures 25
# of unexpected successes 6
# of expected failures 259
# of unresolved testcases 4
# of unsupported tests 907
Running target unix/-m64
FAIL: gcc.c-torture/execute/vector-compare-1.c compilation, -O3 -fomit-frame-pointer
UNRESOLVED: gcc.c-torture/execute/vector-compare-1.c execution, -O3 -fomit-frame-pointer
FAIL: gcc.c-torture/execute/vector-compare-1.c compilation, -O3 -fomit-frame-pointer -funroll-loops
UNRESOLVED: gcc.c-torture/execute/vector-compare-1.c execution, -O3 -fomit-frame-pointer -funroll-loops
FAIL: gcc.c-torture/execute/vector-compare-1.c compilation, -O3 -fomit-frame-pointer -funroll-all-loops -finline-functions
UNRESOLVED: gcc.c-torture/execute/vector-compare-1.c execution, -O3 -fomit-frame-pointer -funroll-all-loops -finline-functions
FAIL: gcc.c-torture/execute/vector-compare-1.c compilation, -O3 -g
UNRESOLVED: gcc.c-torture/execute/vector-compare-1.c execution, -O3 -g
WARNING: program timed out.
WARNING: program timed out.
WARNING: program timed out.
WARNING: program timed out.
XPASS: gcc.dg/Wstrict-overflow-18.c (test for bogus messages, line 20)
XPASS: gcc.dg/inline_3.c (test for excess errors)
XPASS: gcc.dg/inline_4.c (test for excess errors)
XPASS: gcc.dg/unroll_2.c (test for excess errors)
XPASS: gcc.dg/unroll_3.c (test for excess errors)
XPASS: gcc.dg/unroll_4.c (test for excess errors)
FAIL: gcc.dg/plugin/selfassign.c compilation
FAIL: gcc.dg/plugin/ggcplug.c compilation
FAIL: gcc.dg/plugin/one_time_plugin.c compilation
FAIL: gcc.dg/plugin/start_unit_plugin.c compilation
FAIL: gcc.dg/plugin/finish_unit_plugin.c compilation
FAIL: gcc.dg/torture/pr51106-2.c -O0 (internal compiler error)
FAIL: gcc.dg/torture/pr51106-2.c -O0 (test for excess errors)
FAIL: gcc.dg/torture/pr51106-2.c -O1 (internal compiler error)
FAIL: gcc.dg/torture/pr51106-2.c -O1 (test for excess errors)
FAIL: gcc.dg/torture/pr51106-2.c -O2 (internal compiler error)
FAIL: gcc.dg/torture/pr51106-2.c -O2 (test for excess errors)
FAIL: gcc.dg/torture/pr51106-2.c -O3 -fomit-frame-pointer (internal compiler error)
FAIL: gcc.dg/torture/pr51106-2.c -O3 -fomit-frame-pointer (test for excess errors)
FAIL: gcc.dg/torture/pr51106-2.c -O3 -g (internal compiler error)
FAIL: gcc.dg/torture/pr51106-2.c -O3 -g (test for excess errors)
FAIL: gcc.dg/torture/pr51106-2.c -Os (internal compiler error)
FAIL: gcc.dg/torture/pr51106-2.c -Os (test for excess errors)
FAIL: gcc.dg/torture/pr51106-2.c -O2 -flto -fno-use-linker-plugin -flto-partition=none (internal compiler error)
FAIL: gcc.dg/torture/pr51106-2.c -O2 -flto -fno-use-linker-plugin -flto-partition=none (test for excess errors)
=== gcc Summary for unix/-m64 ===
# of expected passes 85786
# of unexpected failures 23
# of unexpected successes 6
# of expected failures 261
# of unresolved testcases 4
# of unsupported tests 1267
=== gcc Summary ===
# of expected passes 171329
# of unexpected failures 48
# of unexpected successes 12
# of expected failures 520
# of unresolved testcases 8
# of unsupported tests 2174
/build/buildd-gcc-snapshot_20120501-1-i386-47bd70/gcc-snapshot-20120501/build/gcc/xgcc version 4.8.0 20120501 (experimental) [trunk revision 187013] (Debian 20120501-1)
=== gfortran tests ===
Running target unix
FAIL: gfortran.dg/pr52621.f90 -O (test for excess errors)
FAIL: gfortran.dg/lto/pr45586-2 f_lto_pr45586-2_0.o-f_lto_pr45586-2_0.o link, -O0 -flto -flto-partition=none -fuse-linker-plugin (internal compiler error)
UNRESOLVED: gfortran.dg/lto/pr45586-2 f_lto_pr45586-2_0.o-f_lto_pr45586-2_0.o execute -O0 -flto -flto-partition=none -fuse-linker-plugin
FAIL: gfortran.dg/lto/pr45586-2 f_lto_pr45586-2_0.o-f_lto_pr45586-2_0.o link, -O0 -flto -flto-partition=1to1 -fno-use-linker-plugin (internal compiler error)
UNRESOLVED: gfortran.dg/lto/pr45586-2 f_lto_pr45586-2_0.o-f_lto_pr45586-2_0.o execute -O0 -flto -flto-partition=1to1 -fno-use-linker-plugin
FAIL: gfortran.dg/lto/pr45586-2 f_lto_pr45586-2_0.o-f_lto_pr45586-2_0.o link, -O0 -flto -fuse-linker-plugin -fno-fat-lto-objects (internal compiler error)
UNRESOLVED: gfortran.dg/lto/pr45586-2 f_lto_pr45586-2_0.o-f_lto_pr45586-2_0.o execute -O0 -flto -fuse-linker-plugin -fno-fat-lto-objects
FAIL: gfortran.dg/lto/pr45586 f_lto_pr45586_0.o-f_lto_pr45586_0.o link, -O0 -flto -flto-partition=none -fuse-linker-plugin (internal compiler error)
UNRESOLVED: gfortran.dg/lto/pr45586 f_lto_pr45586_0.o-f_lto_pr45586_0.o execute -O0 -flto -flto-partition=none -fuse-linker-plugin
FAIL: gfortran.dg/lto/pr45586 f_lto_pr45586_0.o-f_lto_pr45586_0.o link, -O0 -flto -flto-partition=1to1 -fno-use-linker-plugin (internal compiler error)
UNRESOLVED: gfortran.dg/lto/pr45586 f_lto_pr45586_0.o-f_lto_pr45586_0.o execute -O0 -flto -flto-partition=1to1 -fno-use-linker-plugin
FAIL: gfortran.dg/lto/pr45586 f_lto_pr45586_0.o-f_lto_pr45586_0.o link, -O0 -flto -fuse-linker-plugin -fno-fat-lto-objects (internal compiler error)
UNRESOLVED: gfortran.dg/lto/pr45586 f_lto_pr45586_0.o-f_lto_pr45586_0.o execute -O0 -flto -fuse-linker-plugin -fno-fat-lto-objects
=== gfortran Summary for unix ===
# of expected passes 41054
# of unexpected failures 7
# of expected failures 56
# of unresolved testcases 6
# of unsupported tests 229
Running target unix/-m64
FAIL: gfortran.dg/lto/pr45586-2 f_lto_pr45586-2_0.o-f_lto_pr45586-2_0.o link, -O0 -flto -flto-partition=none -fuse-linker-plugin (internal compiler error)
UNRESOLVED: gfortran.dg/lto/pr45586-2 f_lto_pr45586-2_0.o-f_lto_pr45586-2_0.o execute -O0 -flto -flto-partition=none -fuse-linker-plugin
FAIL: gfortran.dg/lto/pr45586-2 f_lto_pr45586-2_0.o-f_lto_pr45586-2_0.o link, -O0 -flto -flto-partition=1to1 -fno-use-linker-plugin (internal compiler error)
UNRESOLVED: gfortran.dg/lto/pr45586-2 f_lto_pr45586-2_0.o-f_lto_pr45586-2_0.o execute -O0 -flto -flto-partition=1to1 -fno-use-linker-plugin
FAIL: gfortran.dg/lto/pr45586-2 f_lto_pr45586-2_0.o-f_lto_pr45586-2_0.o link, -O0 -flto -fuse-linker-plugin -fno-fat-lto-objects (internal compiler error)
UNRESOLVED: gfortran.dg/lto/pr45586-2 f_lto_pr45586-2_0.o-f_lto_pr45586-2_0.o execute -O0 -flto -fuse-linker-plugin -fno-fat-lto-objects
FAIL: gfortran.dg/lto/pr45586 f_lto_pr45586_0.o-f_lto_pr45586_0.o link, -O0 -flto -flto-partition=none -fuse-linker-plugin (internal compiler error)
UNRESOLVED: gfortran.dg/lto/pr45586 f_lto_pr45586_0.o-f_lto_pr45586_0.o execute -O0 -flto -flto-partition=none -fuse-linker-plugin
FAIL: gfortran.dg/lto/pr45586 f_lto_pr45586_0.o-f_lto_pr45586_0.o link, -O0 -flto -flto-partition=1to1 -fno-use-linker-plugin (internal compiler error)
UNRESOLVED: gfortran.dg/lto/pr45586 f_lto_pr45586_0.o-f_lto_pr45586_0.o execute -O0 -flto -flto-partition=1to1 -fno-use-linker-plugin
FAIL: gfortran.dg/lto/pr45586 f_lto_pr45586_0.o-f_lto_pr45586_0.o link, -O0 -flto -fuse-linker-plugin -fno-fat-lto-objects (internal compiler error)
UNRESOLVED: gfortran.dg/lto/pr45586 f_lto_pr45586_0.o-f_lto_pr45586_0.o execute -O0 -flto -fuse-linker-plugin -fno-fat-lto-objects
=== gfortran Summary for unix/-m64 ===
# of expected passes 41358
# of unexpected failures 6
# of expected failures 56
# of unresolved testcases 6
# of unsupported tests 83
=== gfortran Summary ===
# of expected passes 82412
# of unexpected failures 13
# of expected failures 112
# of unresolved testcases 12
# of unsupported tests 312
/build/buildd-gcc-snapshot_20120501-1-i386-47bd70/gcc-snapshot-20120501/build/gcc/testsuite/gfortran/../../gfortran version 4.8.0 20120501 (experimental) [trunk revision 187013] (Debian 20120501-1)
=== gnat tests ===
Running target unix
FAIL: gnat.dg/lto8.adb (test for excess errors)
UNRESOLVED: gnat.dg/lto8.adb compilation failed to produce executable
FAIL: gnat.dg/renaming5.adb scan-tree-dump-times optimized "goto" 2
FAIL: gnat.dg/return3.adb scan-assembler loc 1 6
=== gnat Summary for unix ===
# of expected passes 1094
# of unexpected failures 3
# of expected failures 13
# of unresolved testcases 1
# of unsupported tests 2
Running target unix/-m64
UNRESOLVED: gnat.dg/abstract_with_anonymous_result.adb compilation failed to produce executable
UNRESOLVED: gnat.dg/access4.adb compilation failed to produce executable
UNRESOLVED: gnat.dg/access_discr2.adb compilation failed to produce executable
UNRESOLVED: gnat.dg/access_test.adb compilation failed to produce executable
UNRESOLVED: gnat.dg/addr2.adb compilation failed to produce executable
UNRESOLVED: gnat.dg/address_conversion.adb compilation failed to produce executable
UNRESOLVED: gnat.dg/aggr1.adb compilation failed to produce executable
UNRESOLVED: gnat.dg/aggr12.adb scan-tree-dump-not original "{.i1=0, .i2=2}"
UNRESOLVED: gnat.dg/aggr13.adb scan-tree-dump-not gimple "= {}"
UNRESOLVED: gnat.dg/aggr14.adb compilation failed to produce executable
UNRESOLVED: gnat.dg/aggr19.adb compilation failed to produce executable
UNRESOLVED: gnat.dg/aggr3.adb compilation failed to produce executable
UNRESOLVED: gnat.dg/aliased_prefix_accessibility.adb compilation failed to produce executable
UNRESOLVED: gnat.dg/aliasing1.adb scan-tree-dump-not optimized "__gnat_rcheck"
UNRESOLVED: gnat.dg/aliasing2.adb scan-tree-dump-not optimized "gnat_rcheck"
UNRESOLVED: gnat.dg/aliasing3.adb compilation failed to produce executable
UNRESOLVED: gnat.dg/align_check.adb compilation failed to produce executable
UNRESOLVED: gnat.dg/align_max.adb compilation failed to produce executable
UNRESOLVED: gnat.dg/aligned_vla.adb compilation failed to produce executable
UNRESOLVED: gnat.dg/alignment1.adb compilation failed to produce executable
UNRESOLVED: gnat.dg/alignment2.adb compilation failed to produce executable
UNRESOLVED: gnat.dg/alignment4.adb scan-tree-dump-not gimple ".F"
UNRESOLVED: gnat.dg/alignment5.adb scan-tree-dump-not gimple ".F"
UNRESOLVED: gnat.dg/alignment6.adb scan-tree-dump-not gimple "VIEW_CONVERT_EXPR"
UNRESOLVED: gnat.dg/alignment7.adb compilation failed to produce executable
UNRESOLVED: gnat.dg/alignment8.adb compilation failed to produce executable
UNRESOLVED: gnat.dg/alignment9.adb compilation failed to produce executable
UNRESOLVED: gnat.dg/allocator_maxalign1.adb compilation failed to produce executable
FAIL: gnat.dg/ancestor_type.adb (test for errors, line 8)
UNRESOLVED: gnat.dg/array10.adb compilation failed to produce executable
FAIL: gnat.dg/array11.adb (test for warnings, line 8)
FAIL: gnat.dg/array11.adb (test for warnings, line 9)
FAIL: gnat.dg/array11.adb (test for warnings, line 12)
UNRESOLVED: gnat.dg/array12.adb compilation failed to produce executable
UNRESOLVED: gnat.dg/array3.adb compilation failed to produce executable
UNRESOLVED: gnat.dg/array4.adb compilation failed to produce executable
UNRESOLVED: gnat.dg/array5.adb compilation failed to produce executable
UNRESOLVED: gnat.dg/array6.adb compilation failed to produce executable
UNRESOLVED: gnat.dg/array7.adb scan-tree-dump-not optimized "MAX_EXPR"
UNRESOLVED: gnat.dg/array9.adb compilation failed to produce executable
UNRESOLVED: gnat.dg/array_bounds_test.adb compilation failed to produce executable
UNRESOLVED: gnat.dg/assert1.adb compilation failed to produce executable
UNRESOLVED: gnat.dg/assign_from_packed.adb compilation failed to produce executable
UNRESOLVED: gnat.dg/atomic1.adb scan-tree-dump-times gimple "v_16" 1
UNRESOLVED: gnat.dg/atomic1.adb scan-tree-dump-times gimple "v_32" 1
FAIL: gnat.dg/atomic2.adb (test for warnings, line 7)
UNRESOLVED: gnat.dg/atomic6_1.adb scan-tree-dump-times gimple "atomic_load[^
UNRESOLVED: gnat.dg/atomic6_1.adb scan-tree-dump-times gimple "atomic_load[^
UNRESOLVED: gnat.dg/atomic6_1.adb scan-tree-dump-times gimple "atomic_load[^
UNRESOLVED: gnat.dg/atomic6_1.adb scan-tree-dump-times gimple "atomic_load[^
UNRESOLVED: gnat.dg/atomic6_1.adb scan-tree-dump-times gimple "atomic_load[^
UNRESOLVED: gnat.dg/atomic6_1.adb scan-tree-dump-times gimple "atomic_load[^
UNRESOLVED: gnat.dg/atomic6_1.adb scan-tree-dump-times gimple "atomic_store[^
UNRESOLVED: gnat.dg/atomic6_1.adb scan-tree-dump-times gimple "atomic_store[^
UNRESOLVED: gnat.dg/atomic6_1.adb scan-tree-dump-times gimple "atomic_store[^
UNRESOLVED: gnat.dg/atomic6_1.adb scan-tree-dump-times gimple "atomic_store[^
UNRESOLVED: gnat.dg/atomic6_1.adb scan-tree-dump-times gimple "atomic_store[^
UNRESOLVED: gnat.dg/atomic6_1.adb scan-tree-dump-times gimple "atomic_store[^
UNRESOLVED: gnat.dg/atomic6_2.adb scan-tree-dump-times gimple "atomic_load[^
UNRESOLVED: gnat.dg/atomic6_2.adb scan-tree-dump-times gimple "atomic_load[^
UNRESOLVED: gnat.dg/atomic6_2.adb scan-tree-dump-times gimple "atomic_load[^
UNRESOLVED: gnat.dg/atomic6_2.adb scan-tree-dump-times gimple "atomic_load[^
UNRESOLVED: gnat.dg/atomic6_2.adb scan-tree-dump-times gimple "atomic_load[^
UNRESOLVED: gnat.dg/atomic6_2.adb scan-tree-dump-times gimple "atomic_load[^
UNRESOLVED: gnat.dg/atomic6_2.adb scan-tree-dump-times gimple "atomic_store[^
UNRESOLVED: gnat.dg/atomic6_2.adb scan-tree-dump-times gimple "atomic_store[^
UNRESOLVED: gnat.dg/atomic6_2.adb scan-tree-dump-times gimple "atomic_store[^
UNRESOLVED: gnat.dg/atomic6_2.adb scan-tree-dump-times gimple "atomic_store[^
UNRESOLVED: gnat.dg/atomic6_2.adb scan-tree-dump-times gimple "atomic_store[^
UNRESOLVED: gnat.dg/atomic6_2.adb scan-tree-dump-times gimple "atomic_store[^
UNRESOLVED: gnat.dg/atomic6_3.adb scan-tree-dump-times gimple "atomic_load[^
UNRESOLVED: gnat.dg/atomic6_3.adb scan-tree-dump-times gimple "atomic_load[^
UNRESOLVED: gnat.dg/atomic6_3.adb scan-tree-dump-times gimple "atomic_load[^
UNRESOLVED: gnat.dg/atomic6_3.adb scan-tree-dump-times gimple "atomic_load[^
UNRESOLVED: gnat.dg/atomic6_3.adb scan-tree-dump-times gimple "atomic_load[^
UNRESOLVED: gnat.dg/atomic6_3.adb scan-tree-dump-times gimple "atomic_load[^
UNRESOLVED: gnat.dg/atomic6_3.adb scan-tree-dump-times gimple "atomic_store[^
UNRESOLVED: gnat.dg/atomic6_3.adb scan-tree-dump-times gimple "atomic_store[^
UNRESOLVED: gnat.dg/atomic6_3.adb scan-tree-dump-times gimple "atomic_store[^
UNRESOLVED: gnat.dg/atomic6_3.adb scan-tree-dump-times gimple "atomic_store[^
UNRESOLVED: gnat.dg/atomic6_3.adb scan-tree-dump-times gimple "atomic_store[^
UNRESOLVED: gnat.dg/atomic6_3.adb scan-tree-dump-times gimple "atomic_store[^
UNRESOLVED: gnat.dg/atomic6_4.adb scan-tree-dump-times gimple "atomic_load[^
UNRESOLVED: gnat.dg/atomic6_4.adb scan-tree-dump-times gimple "atomic_load[^
UNRESOLVED: gnat.dg/atomic6_4.adb scan-tree-dump-times gimple "atomic_load[^
UNRESOLVED: gnat.dg/atomic6_4.adb scan-tree-dump-times gimple "atomic_load[^
UNRESOLVED: gnat.dg/atomic6_4.adb scan-tree-dump-times gimple "atomic_load[^
UNRESOLVED: gnat.dg/atomic6_4.adb scan-tree-dump-times gimple "atomic_load[^
UNRESOLVED: gnat.dg/atomic6_4.adb scan-tree-dump-times gimple "atomic_store[^
UNRESOLVED: gnat.dg/atomic6_4.adb scan-tree-dump-times gimple "atomic_store[^
UNRESOLVED: gnat.dg/atomic6_4.adb scan-tree-dump-times gimple "atomic_store[^
UNRESOLVED: gnat.dg/atomic6_4.adb scan-tree-dump-times gimple "atomic_store[^
UNRESOLVED: gnat.dg/atomic6_4.adb scan-tree-dump-times gimple "atomic_store[^
UNRESOLVED: gnat.dg/atomic6_4.adb scan-tree-dump-times gimple "atomic_store[^
UNRESOLVED: gnat.dg/atomic6_5.adb scan-tree-dump-times gimple "atomic_load[^
UNRESOLVED: gnat.dg/atomic6_5.adb scan-tree-dump-times gimple "atomic_load[^
UNRESOLVED: gnat.dg/atomic6_5.adb scan-tree-dump-times gimple "atomic_load[^
UNRESOLVED: gnat.dg/atomic6_5.adb scan-tree-dump-times gimple "atomic_load[^
UNRESOLVED: gnat.dg/atomic6_5.adb scan-tree-dump-times gimple "atomic_load[^
UNRESOLVED: gnat.dg/atomic6_5.adb scan-tree-dump-times gimple "atomic_load[^
UNRESOLVED: gnat.dg/atomic6_5.adb scan-tree-dump-times gimple "atomic_store[^
UNRESOLVED: gnat.dg/atomic6_5.adb scan-tree-dump-times gimple "atomic_store[^
UNRESOLVED: gnat.dg/atomic6_5.adb scan-tree-dump-times gimple "atomic_store[^
UNRESOLVED: gnat.dg/atomic6_5.adb scan-tree-dump-times gimple "atomic_store[^
UNRESOLVED: gnat.dg/atomic6_5.adb scan-tree-dump-times gimple "atomic_store[^
UNRESOLVED: gnat.dg/atomic6_5.adb scan-tree-dump-times gimple "atomic_store[^
UNRESOLVED: gnat.dg/atomic6_6.adb scan-tree-dump-times gimple "atomic_load[^
UNRESOLVED: gnat.dg/atomic6_6.adb scan-tree-dump-times gimple "atomic_load[^
UNRESOLVED: gnat.dg/atomic6_6.adb scan-tree-dump-times gimple "atomic_load[^
UNRESOLVED: gnat.dg/atomic6_6.adb scan-tree-dump-times gimple "atomic_load[^
UNRESOLVED: gnat.dg/atomic6_6.adb scan-tree-dump-times gimple "atomic_load[^
UNRESOLVED: gnat.dg/atomic6_6.adb scan-tree-dump-times gimple "atomic_load[^
UNRESOLVED: gnat.dg/atomic6_6.adb scan-tree-dump-times gimple "atomic_store[^
UNRESOLVED: gnat.dg/atomic6_6.adb scan-tree-dump-times gimple "atomic_store[^
UNRESOLVED: gnat.dg/atomic6_6.adb scan-tree-dump-times gimple "atomic_store[^
UNRESOLVED: gnat.dg/atomic6_6.adb scan-tree-dump-times gimple "atomic_store[^
UNRESOLVED: gnat.dg/atomic6_6.adb scan-tree-dump-times gimple "atomic_store[^
UNRESOLVED: gnat.dg/atomic6_6.adb scan-tree-dump-times gimple "atomic_store[^
UNRESOLVED: gnat.dg/atomic6_7.adb scan-tree-dump-times gimple "atomic_load[^
UNRESOLVED: gnat.dg/atomic6_7.adb scan-tree-dump-times gimple "atomic_load[^
UNRESOLVED: gnat.dg/atomic6_7.adb scan-tree-dump-times gimple "atomic_load[^
UNRESOLVED: gnat.dg/atomic6_7.adb scan-tree-dump-times gimple "atomic_load[^
UNRESOLVED: gnat.dg/atomic6_7.adb scan-tree-dump-times gimple "atomic_load[^
UNRESOLVED: gnat.dg/atomic6_7.adb scan-tree-dump-times gimple "atomic_load[^
UNRESOLVED: gnat.dg/atomic6_7.adb scan-tree-dump-times gimple "atomic_store[^
UNRESOLVED: gnat.dg/atomic6_7.adb scan-tree-dump-times gimple "atomic_store[^
UNRESOLVED: gnat.dg/atomic6_7.adb scan-tree-dump-times gimple "atomic_store[^
UNRESOLVED: gnat.dg/atomic6_7.adb scan-tree-dump-times gimple "atomic_store[^
UNRESOLVED: gnat.dg/atomic6_7.adb scan-tree-dump-times gimple "atomic_store[^
UNRESOLVED: gnat.dg/atomic6_7.adb scan-tree-dump-times gimple "atomic_store[^
UNRESOLVED: gnat.dg/atomic6_8.adb scan-tree-dump-times gimple "atomic_load[^
UNRESOLVED: gnat.dg/atomic6_8.adb scan-tree-dump-times gimple "atomic_load[^
UNRESOLVED: gnat.dg/atomic6_8.adb scan-tree-dump-times gimple "atomic_load[^
UNRESOLVED: gnat.dg/atomic6_8.adb scan-tree-dump-times gimple "atomic_load[^
UNRESOLVED: gnat.dg/atomic6_8.adb scan-tree-dump-times gimple "atomic_load[^
UNRESOLVED: gnat.dg/atomic6_8.adb scan-tree-dump-times gimple "atomic_load[^
UNRESOLVED: gnat.dg/atomic6_8.adb scan-tree-dump-times gimple "atomic_store[^
UNRESOLVED: gnat.dg/atomic6_8.adb scan-tree-dump-times gimple "atomic_store[^
UNRESOLVED: gnat.dg/atomic6_8.adb scan-tree-dump-times gimple "atomic_store[^
UNRESOLVED: gnat.dg/atomic6_8.adb scan-tree-dump-times gimple "atomic_store[^
UNRESOLVED: gnat.dg/atomic6_8.adb scan-tree-dump-times gimple "atomic_store[^
UNRESOLVED: gnat.dg/atomic6_8.adb scan-tree-dump-times gimple "atomic_store[^
UNRESOLVED: gnat.dg/biased_uc.adb compilation failed to produce executable
UNRESOLVED: gnat.dg/bip_aggregate_bug.adb compilation failed to produce executable
UNRESOLVED: gnat.dg/bit_packed_array3.adb compilation failed to produce executable
UNRESOLVED: gnat.dg/blkextract_from_reg.adb compilation failed to produce executable
UNRESOLVED: gnat.dg/bltins.adb compilation failed to produce executable
UNRESOLVED: gnat.dg/boolean_bitfield.adb compilation failed to produce executable
UNRESOLVED: gnat.dg/boolean_conv.adb compilation failed to produce executable
UNRESOLVED: gnat.dg/boolean_expr2.adb compilation failed to produce executable
UNRESOLVED: gnat.dg/capture_value.adb compilation failed to produce executable
UNRESOLVED: gnat.dg/case_optimization2.adb compilation failed to produce executable
UNRESOLVED: gnat.dg/check_displace_generation.adb compilation failed to produce executable
UNRESOLVED: gnat.dg/check_elaboration_code.adb compilation failed to produce executable
UNRESOLVED: gnat.dg/compose.adb compilation failed to produce executable
UNRESOLVED: gnat.dg/concat1.adb compilation failed to produce executable
UNRESOLVED: gnat.dg/concat_length.adb compilation failed to produce executable
UNRESOLVED: gnat.dg/constant2.adb compilation failed to produce executable
UNRESOLVED: gnat.dg/controlled5.adb compilation failed to produce executable
UNRESOLVED: gnat.dg/conv_bug.adb compilation failed to produce executable
UNRESOLVED: gnat.dg/conv_decimal.adb compilation failed to produce executable
UNRESOLVED: gnat.dg/conv_real.adb compilation failed to produce executable
UNRESOLVED: gnat.dg/curr_task.adb compilation failed to produce executable
FAIL: gnat.dg/deferred_const1.adb (test for warnings, line 8)
UNRESOLVED: gnat.dg/deferred_const2.adb compilation failed to produce executable
UNRESOLVED: gnat.dg/deferred_const3.adb compilation failed to produce executable
UNRESOLVED: gnat.dg/derived_aggregate.adb compilation failed to produce executable
UNRESOLVED: gnat.dg/derived_type1.adb scan-tree-dump-not original "VIEW_CONVERT_EXPR<struct derived_type1__root>"
UNRESOLVED: gnat.dg/derived_type1.adb scan-tree-dump-not original "VIEW_CONVERT_EXPR<struct derived_type1__derived1>"
UNRESOLVED: gnat.dg/derived_type2.adb compilation failed to produce executable
UNRESOLVED: gnat.dg/discr24.adb compilation failed to produce executable
UNRESOLVED: gnat.dg/discr32.adb compilation failed to produce executable
UNRESOLVED: gnat.dg/discr33.adb compilation failed to produce executable
UNRESOLVED: gnat.dg/discr4.adb compilation failed to produce executable
UNRESOLVED: gnat.dg/dispatch1.adb compilation failed to produce executable
UNRESOLVED: gnat.dg/dispatch2.adb compilation failed to produce executable
UNRESOLVED: gnat.dg/elim2.adb compilation failed to produce executable
UNRESOLVED: gnat.dg/empty_vector_length.adb compilation failed to produce executable
UNRESOLVED: gnat.dg/entry_queues.adb compilation failed to produce executable
UNRESOLVED: gnat.dg/enum1.adb compilation failed to produce executable
UNRESOLVED: gnat.dg/enum2.adb compilation failed to produce executable
UNRESOLVED: gnat.dg/exp0_eval.adb compilation failed to produce executable
UNRESOLVED: gnat.dg/expect1.adb compilation failed to produce executable
UNRESOLVED: gnat.dg/fixce.adb compilation failed to produce executable
UNRESOLVED: gnat.dg/fixedpnt.adb compilation failed to produce executable
FAIL: gnat.dg/frame_overflow.adb (test for errors, line 5)
FAIL: gnat.dg/frame_overflow.adb (test for errors, line 14)
UNRESOLVED: gnat.dg/generic_dispatch.adb compilation failed to produce executable
UNRESOLVED: gnat.dg/gnat_malloc.adb compilation failed to produce executable
UNRESOLVED: gnat.dg/handle_and_return.adb compilation failed to produce executable
UNRESOLVED: gnat.dg/handle_raise_from_pure.adb compilation failed to produce executable
UNRESOLVED: gnat.dg/hyper_flat.adb compilation failed to produce executable
UNRESOLVED: gnat.dg/in_out_parameter.adb compilation failed to produce executable
UNRESOLVED: gnat.dg/in_out_parameter2.adb compilation failed to produce executable
UNRESOLVED: gnat.dg/in_out_parameter3.adb compilation failed to produce executable
FAIL: gnat.dg/include.adb (test for errors, line )
XPASS: gnat.dg/incomplete2.adb (test for excess errors)
UNRESOLVED: gnat.dg/init_scalar1.adb compilation failed to produce executable
UNRESOLVED: gnat.dg/inline_tagged.adb compilation failed to produce executable
UNRESOLVED: gnat.dg/interface1.adb compilation failed to produce executable
UNRESOLVED: gnat.dg/interface2.adb compilation failed to produce executable
UNRESOLVED: gnat.dg/interface3.adb compilation failed to produce executable
UNRESOLVED: gnat.dg/interface_conv.adb compilation failed to produce executable
UNRESOLVED: gnat.dg/invalid1.adb compilation failed to produce executable
UNRESOLVED: gnat.dg/iprot_test.adb compilation failed to produce executable
UNRESOLVED: gnat.dg/kill_value.adb compilation failed to produce executable
UNRESOLVED: gnat.dg/lhs_view_convert.adb compilation failed to produce executable
UNRESOLVED: gnat.dg/loop_boolean.adb compilation failed to produce executable
UNRESOLVED: gnat.dg/loop_optimization3.adb compilation failed to produce executable
UNRESOLVED: gnat.dg/loop_optimization4.adb compilation failed to produce executable
UNRESOLVED: gnat.dg/loop_optimization6.adb scan-tree-dump-not optimized "goto"
UNRESOLVED: gnat.dg/loop_optimization8.adb compilation failed to produce executable
UNRESOLVED: gnat.dg/lto1.adb compilation failed to produce executable
UNRESOLVED: gnat.dg/lto10.adb compilation failed to produce executable
UNRESOLVED: gnat.dg/lto5.adb compilation failed to produce executable
UNRESOLVED: gnat.dg/lto6.adb compilation failed to produce executable
UNRESOLVED: gnat.dg/lto7.adb compilation failed to produce executable
UNRESOLVED: gnat.dg/lto8.adb compilation failed to produce executable
UNRESOLVED: gnat.dg/lto9.adb compilation failed to produce executable
UNRESOLVED: gnat.dg/md5_test.adb compilation failed to produce executable
UNRESOLVED: gnat.dg/memtrap.adb scan-assembler __gnat_begin_handler|__gnat_raise_nodefer
UNRESOLVED: gnat.dg/misaligned_nest.adb compilation failed to produce executable
UNRESOLVED: gnat.dg/misaligned_param.adb compilation failed to produce executable
UNRESOLVED: gnat.dg/missing_acc_check.adb compilation failed to produce executable
UNRESOLVED: gnat.dg/modular1.adb compilation failed to produce executable
UNRESOLVED: gnat.dg/modular2.adb compilation failed to produce executable
UNRESOLVED: gnat.dg/modular3.adb compilation failed to produce executable
UNRESOLVED: gnat.dg/mutable1.adb compilation failed to produce executable
UNRESOLVED: gnat.dg/named_test.adb compilation failed to produce executable
UNRESOLVED: gnat.dg/nat1r.adb compilation failed to produce executable
UNRESOLVED: gnat.dg/nested_controlled_alloc.adb compilation failed to produce executable
UNRESOLVED: gnat.dg/nested_proc1.adb compilation failed to produce executable
UNRESOLVED: gnat.dg/nested_return_test.adb compilation failed to produce executable
UNRESOLVED: gnat.dg/no_final.adb compilation failed to produce executable
UNRESOLVED: gnat.dg/not_null.adb compilation failed to produce executable
FAIL: gnat.dg/notnot.adb (test for warnings, line 6)
UNRESOLVED: gnat.dg/null_pointer_deref1.adb compilation failed to produce executable
UNRESOLVED: gnat.dg/null_pointer_deref2.adb compilation failed to produce executable
FAIL: gnat.dg/object_overflow.adb (test for warnings, line 8)
UNRESOLVED: gnat.dg/oconst1.adb scan-assembler-not elabs
UNRESOLVED: gnat.dg/oconst2.adb scan-assembler-not elabs
UNRESOLVED: gnat.dg/oconst3.adb scan-assembler-not elabs
UNRESOLVED: gnat.dg/oconst4.adb scan-assembler-not elabs
UNRESOLVED: gnat.dg/oconst5.adb scan-assembler-not elabs
FAIL: gnat.dg/old_errors.adb (test for errors, line 7)
FAIL: gnat.dg/old_errors.adb (test for errors, line 16)
FAIL: gnat.dg/old_errors.adb (test for errors, line 28)
FAIL: gnat.dg/old_errors.adb (test for errors, line 34)
FAIL: gnat.dg/old_errors.adb (test for errors, line 38)
FAIL: gnat.dg/old_errors.adb (test for warnings, line 40)
FAIL: gnat.dg/old_errors.adb (test for errors, line 44)
UNRESOLVED: gnat.dg/opt12.adb compilation failed to produce executable
UNRESOLVED: gnat.dg/opt13.adb compilation failed to produce executable
UNRESOLVED: gnat.dg/opt14.adb compilation failed to produce executable
UNRESOLVED: gnat.dg/opt15.adb scan-tree-dump-not optimized "trace_inlined"
UNRESOLVED: gnat.dg/opt2.adb compilation failed to produce executable
UNRESOLVED: gnat.dg/opt21.adb compilation failed to produce executable
UNRESOLVED: gnat.dg/opt22.adb compilation failed to produce executable
UNRESOLVED: gnat.dg/opt4.adb compilation failed to produce executable
UNRESOLVED: gnat.dg/opt5.adb compilation failed to produce executable
UNRESOLVED: gnat.dg/outer_agg_bitfield_constructor.adb compilation failed to produce executable
UNRESOLVED: gnat.dg/overflow_sum.adb compilation failed to produce executable
UNRESOLVED: gnat.dg/pack10.adb compilation failed to produce executable
UNRESOLVED: gnat.dg/pack11.adb compilation failed to produce executable
UNRESOLVED: gnat.dg/pack12.adb compilation failed to produce executable
UNRESOLVED: gnat.dg/pack17.adb compilation failed to produce executable
UNRESOLVED: gnat.dg/pack18.adb compilation failed to produce executable
UNRESOLVED: gnat.dg/pack3.adb compilation failed to produce executable
UNRESOLVED: gnat.dg/pack4.adb compilation failed to produce executable
FAIL: gnat.dg/pack8.adb (test for errors, line 19)
UNRESOLVED: gnat.dg/pack9.adb scan-tree-dump-not optimized "gnat_rcheck"
UNRESOLVED: gnat.dg/packed_subtype.adb compilation failed to produce executable
UNRESOLVED: gnat.dg/pointer_conversion.adb compilation failed to produce executable
UNRESOLVED: gnat.dg/prot_def.adb compilation failed to produce executable
UNRESOLVED: gnat.dg/protected_self_ref1.adb compilation failed to produce executable
FAIL: gnat.dg/protected_self_ref2.adb (test for errors, line 12)
UNRESOLVED: gnat.dg/quote.adb compilation failed to produce executable
UNRESOLVED: gnat.dg/range_check.adb compilation failed to produce executable
UNRESOLVED: gnat.dg/regpat1.adb compilation failed to produce executable
UNRESOLVED: gnat.dg/release_unc_maxalign.adb compilation failed to produce executable
UNRESOLVED: gnat.dg/renaming2.adb compilation failed to produce executable
UNRESOLVED: gnat.dg/renaming3.adb compilation failed to produce executable
UNRESOLVED: gnat.dg/renaming5.adb scan-tree-dump-times optimized "goto" 2
UNRESOLVED: gnat.dg/rep_clause4.adb compilation failed to produce executable
UNRESOLVED: gnat.dg/requeue1.adb compilation failed to produce executable
UNRESOLVED: gnat.dg/return3.adb scan-assembler loc 1 6
UNRESOLVED: gnat.dg/scalar_mode_agg_compare.adb compilation failed to produce executable
UNRESOLVED: gnat.dg/self_aggregate_with_array.adb compilation failed to produce executable
UNRESOLVED: gnat.dg/self_aggregate_with_call.adb compilation failed to produce executable
UNRESOLVED: gnat.dg/self_aggregate_with_pointer.adb compilation failed to produce executable
UNRESOLVED: gnat.dg/self_aggregate_with_zeros.adb compilation failed to produce executable
UNRESOLVED: gnat.dg/sizetype1.adb compilation failed to produce executable
UNRESOLVED: gnat.dg/sizetype2.adb compilation failed to produce executable
UNRESOLVED: gnat.dg/sizetype4.adb compilation failed to produce executable
UNRESOLVED: gnat.dg/slice3.adb compilation failed to produce executable
UNRESOLVED: gnat.dg/slice4.adb compilation failed to produce executable
FAIL: gnat.dg/slice5.adb (test for warnings, line 15)
FAIL: gnat.dg/slice5.adb (test for warnings, line 21)
UNRESOLVED: gnat.dg/small_alignment.adb compilation failed to produce executable
UNRESOLVED: gnat.dg/socket1.adb compilation failed to produce executable
UNRESOLVED: gnat.dg/sort2.adb compilation failed to produce executable
UNRESOLVED: gnat.dg/spipaterr.adb compilation failed to produce executable
UNRESOLVED: gnat.dg/sse_nolib.adb compilation failed to produce executable
UNRESOLVED: gnat.dg/stack_check1.adb compilation failed to produce executable
UNRESOLVED: gnat.dg/stack_check2.adb compilation failed to produce executable
UNRESOLVED: gnat.dg/stack_usage1.adb scan-file \\t[0-9][0-9]\\t
UNRESOLVED: gnat.dg/string_slice.adb compilation failed to produce executable
FAIL: gnat.dg/subp_elim_errors.adb (test for errors, line 25)
FAIL: gnat.dg/subp_elim_errors.adb (test for errors, line 27)
FAIL: gnat.dg/subp_elim_errors.adb (test for errors, line 29)
FAIL: gnat.dg/subp_elim_errors.adb (test for errors, line 31)
UNRESOLVED: gnat.dg/taft_type1.adb compilation failed to produce executable
UNRESOLVED: gnat.dg/tag1.adb compilation failed to produce executable
UNRESOLVED: gnat.dg/tagged_alloc_free.adb compilation failed to produce executable
UNRESOLVED: gnat.dg/tail_call.adb compilation failed to produce executable
UNRESOLVED: gnat.dg/task_stack_align.adb compilation failed to produce executable
UNRESOLVED: gnat.dg/test_8bitlong_overflow.adb compilation failed to produce executable
UNRESOLVED: gnat.dg/test_address_null_init.adb compilation failed to produce executable
UNRESOLVED: gnat.dg/test_allocator_maxalign2.adb compilation failed to produce executable
UNRESOLVED: gnat.dg/test_bounded.adb compilation failed to produce executable
UNRESOLVED: gnat.dg/test_delay.adb compilation failed to produce executable
UNRESOLVED: gnat.dg/test_direct_io.adb compilation failed to produce executable
UNRESOLVED: gnat.dg/test_enum_io.adb compilation failed to produce executable
UNRESOLVED: gnat.dg/test_fixed_io.adb compilation failed to produce executable
UNRESOLVED: gnat.dg/test_iface_aggr.adb compilation failed to produce executable
UNRESOLVED: gnat.dg/test_ifaces.adb compilation failed to produce executable
UNRESOLVED: gnat.dg/test_image.adb compilation failed to produce executable
UNRESOLVED: gnat.dg/test_nested_subtype_byref.adb compilation failed to produce executable
UNRESOLVED: gnat.dg/test_oalign.adb compilation failed to produce executable
UNRESOLVED: gnat.dg/test_oconst.adb compilation failed to produce executable
UNRESOLVED: gnat.dg/test_prefix1.adb compilation failed to produce executable
UNRESOLVED: gnat.dg/test_prio.adb compilation failed to produce executable
UNRESOLVED: gnat.dg/test_raise_from_pure.adb compilation failed to produce executable
UNRESOLVED: gnat.dg/test_self.adb compilation failed to produce executable
UNRESOLVED: gnat.dg/test_self_ref.adb compilation failed to produce executable
UNRESOLVED: gnat.dg/test_table1.adb compilation failed to produce executable
UNRESOLVED: gnat.dg/test_time_stamp.adb compilation failed to produce executable
UNRESOLVED: gnat.dg/test_version.adb compilation failed to produce executable
UNRESOLVED: gnat.dg/testint.adb compilation failed to produce executable
UNRESOLVED: gnat.dg/tfren.adb compilation failed to produce executable
UNRESOLVED: gnat.dg/thin_pointer2.adb compilation failed to produce executable
UNRESOLVED: gnat.dg/timer_cancel.adb compilation failed to produce executable
UNRESOLVED: gnat.dg/timing_events.adb compilation failed to produce executable
UNRESOLVED: gnat.dg/trampoline1.adb scan-assembler-not GNU-stack.*x
UNRESOLVED: gnat.dg/trampoline2.adb compilation failed to produce executable
UNRESOLVED: gnat.dg/tree_static_use.adb compilation failed to produce executable
UNRESOLVED: gnat.dg/unc_memfree.adb compilation failed to produce executable
UNRESOLVED: gnat.dg/unchecked_convert1.adb compilation failed to produce executable
UNRESOLVED: gnat.dg/unchecked_convert2.adb compilation failed to produce executable
UNRESOLVED: gnat.dg/unchecked_convert3.adb compilation failed to produce executable
FAIL: gnat.dg/unchecked_convert5b.adb (test for warnings, line 9)
UNRESOLVED: gnat.dg/unchecked_convert5b.adb compilation failed to produce executable
FAIL: gnat.dg/unchecked_convert6b.adb (test for warnings, line 9)
UNRESOLVED: gnat.dg/unchecked_convert6b.adb compilation failed to produce executable
UNRESOLVED: gnat.dg/unchecked_union1.adb compilation failed to produce executable
FAIL: gnat.dg/uninit_func.adb (test for warnings, line 12)
UNRESOLVED: gnat.dg/valid1.adb compilation failed to produce executable
UNRESOLVED: gnat.dg/vect1.adb scan-tree-dump-times vect "vectorized 1 loops" 15
UNRESOLVED: gnat.dg/vect2.adb scan-tree-dump-times vect "vectorized 1 loops" 15
UNRESOLVED: gnat.dg/vect3.adb scan-tree-dump-times vect "vectorized 1 loops" 15
UNRESOLVED: gnat.dg/vect4.adb scan-tree-dump-times vect "vectorized 1 loops" 15
UNRESOLVED: gnat.dg/vect5.adb scan-tree-dump-times vect "vectorized 1 loops" 15
UNRESOLVED: gnat.dg/vect6.adb scan-tree-dump-times vect "vectorized 1 loops" 15
UNRESOLVED: gnat.dg/view_conversion1.adb compilation failed to produce executable
UNRESOLVED: gnat.dg/volatile3.adb scan-assembler __gnat_rcheck
UNRESOLVED: gnat.dg/volatile4.adb compilation failed to produce executable
UNRESOLVED: gnat.dg/volatile6.adb scan-tree-dump optimized "goto"
UNRESOLVED: gnat.dg/volatile7.adb scan-tree-dump optimized "goto"
UNRESOLVED: gnat.dg/volatile8.adb scan-tree-dump optimized "goto"
UNRESOLVED: gnat.dg/volatile9.adb scan-tree-dump optimized "goto"
UNRESOLVED: gnat.dg/warn1.adb compilation failed to produce executable
FAIL: gnat.dg/warn4.adb (test for warnings, line 14)
FAIL: gnat.dg/warn4.adb (test for warnings, line 14)
UNRESOLVED: gnat.dg/wide_boolean.adb compilation failed to produce executable
UNRESOLVED: gnat.dg/wide_test.adb compilation failed to produce executable
FAIL: gnat.dg/specs/abstract_private.ads (test for errors, line 12)
FAIL: gnat.dg/specs/access_constant.ads (test for errors, line 10)
FAIL: gnat.dg/specs/access_constant_decl.ads (test for errors, line 9)
FAIL: gnat.dg/specs/addr1.ads (test for warnings, line 30)
XPASS: gnat.dg/specs/aggr4_pkg.ads (test for excess errors)
FAIL: gnat.dg/specs/alignment2.ads (test for warnings, line 12)
FAIL: gnat.dg/specs/alignment2.ads (test for warnings, line 18)
FAIL: gnat.dg/specs/alignment2.ads (test for warnings, line 36)
FAIL: gnat.dg/specs/alignment2.ads (test for warnings, line 40)
FAIL: gnat.dg/specs/atomic1.ads (test for errors, line 9)
FAIL: gnat.dg/specs/atomic1.ads (test for errors, line 13)
XPASS: gnat.dg/specs/controlled1_pkg.ads (test for excess errors)
UNRESOLVED: gnat.dg/specs/debug1.ads scan-assembler-times DW_AT_artificial 8
XPASS: gnat.dg/specs/elab2_pkg.ads (test for excess errors)
XPASS: gnat.dg/specs/fe_inlining_helper.ads (test for excess errors)
FAIL: gnat.dg/specs/import_abstract.ads (test for errors, line 5)
FAIL: gnat.dg/specs/integer_value.ads (test for errors, line 4)
FAIL: gnat.dg/specs/linker_section.ads (test for errors, line 6)
FAIL: gnat.dg/specs/linker_section.ads (test for errors, line 10)
XPASS: gnat.dg/specs/loop_optimization1_pkg.ads (test for excess errors)
XPASS: gnat.dg/specs/lto3_pkg1.ads (test for excess errors)
XPASS: gnat.dg/specs/lto3_pkg2.ads (test for excess errors)
FAIL: gnat.dg/specs/oversize.ads (test for errors, line 18)
FAIL: gnat.dg/specs/oversize.ads (test for errors, line 25)
FAIL: gnat.dg/specs/oversize.ads (test for errors, line 33)
FAIL: gnat.dg/specs/oversize.ads (test for errors, line 44)
XPASS: gnat.dg/specs/pack3_pkg.ads (test for excess errors)
FAIL: gnat.dg/specs/renamings.ads (test for errors, line 9)
FAIL: gnat.dg/specs/renamings.ads (test for errors, line 13)
XPASS: gnat.dg/specs/size_attribute1_pkg1.ads (test for excess errors)
XPASS: gnat.dg/specs/size_attribute1_pkg2.ads (test for excess errors)
FAIL: gnat.dg/specs/size_clause2.ads (test for errors, line 40)
FAIL: gnat.dg/specs/size_clause3.ads (test for errors, line 17)
FAIL: gnat.dg/specs/size_clause3.ads (test for errors, line 47)
UNRESOLVED: gnat.dg/specs/static_initializer.ads scan-assembler-not elabs
UNRESOLVED: gnat.dg/specs/static_initializer2.ads scan-assembler-not elabs
FAIL: gnat.dg/specs/storage.ads (test for errors, line 6)
FAIL: gnat.dg/specs/tag2.ads (test for errors, line 11)
FAIL: gnat.dg/specs/tag2.ads (test for errors, line 12)
FAIL: gnat.dg/specs/tag2.ads (test for errors, line 13)
FAIL: gnat.dg/specs/variant_part.ads (test for errors, line 4)
XPASS: gnat.dg/specs/varsize_return_pkg1.ads (test for excess errors)
XPASS: gnat.dg/specs/varsize_return_pkg2.ads (test for excess errors)
=== gnat Summary for unix/-m64 ===
# of expected passes 693
# of unexpected failures 59
# of unexpected successes 13
# of unresolved testcases 346
# of unsupported tests 2
=== gnat Summary ===
# of expected passes 1787
# of unexpected failures 62
# of unexpected successes 13
# of expected failures 13
# of unresolved testcases 347
# of unsupported tests 4
/build/buildd-gcc-snapshot_20120501-1-i386-47bd70/gcc-snapshot-20120501/build/gcc/gnatmake version 4.8.0 20120501 (experimental) [trunk revision 187013]
=== go tests ===
Running target unix
=== go Summary for unix ===
# of expected passes 3296
# of expected failures 4
# of untested testcases 4
Running target unix/-m64
FAIL: go.test/test/stack.go execution, -O2 -g
=== go Summary for unix/-m64 ===
# of expected passes 3295
# of unexpected failures 1
# of expected failures 4
# of untested testcases 4
=== go Summary ===
# of expected passes 6591
# of unexpected failures 1
# of expected failures 8
# of untested testcases 8
/build/buildd-gcc-snapshot_20120501-1-i386-47bd70/gcc-snapshot-20120501/build/gcc/testsuite/go/../../gccgo version 4.8.0 20120501 (experimental) [trunk revision 187013] (Debian 20120501-1)
=== obj-c++ tests ===
Running target unix
=== obj-c++ Summary for unix ===
# of expected passes 1450
# of expected failures 2
# of unsupported tests 86
Running target unix/-m64
=== obj-c++ Summary for unix/-m64 ===
# of expected passes 1442
# of expected failures 10
# of unsupported tests 86
=== obj-c++ Summary ===
# of expected passes 2892
# of expected failures 12
# of unsupported tests 172
/build/buildd-gcc-snapshot_20120501-1-i386-47bd70/gcc-snapshot-20120501/build/gcc/testsuite/obj-c++/../../g++ version 4.8.0 20120501 (experimental) [trunk revision 187013] (Debian 20120501-1)
=== objc tests ===
Running target unix
=== objc Summary for unix ===
# of expected passes 2988
# of expected failures 6
# of unsupported tests 74
Running target unix/-m64
=== objc Summary for unix/-m64 ===
# of expected passes 2988
# of expected failures 6
# of unsupported tests 74
=== objc Summary ===
# of expected passes 5976
# of expected failures 12
# of unsupported tests 148
/build/buildd-gcc-snapshot_20120501-1-i386-47bd70/gcc-snapshot-20120501/build/gcc/xgcc version 4.8.0 20120501 (experimental) [trunk revision 187013] (Debian 20120501-1)
=== boehm-gc tests ===
Running target unix
=== boehm-gc Summary for unix ===
# of expected passes 12
# of unsupported tests 1
Running target unix/-m64
=== boehm-gc Summary for unix/-m64 ===
# of expected passes 12
# of unsupported tests 1
=== boehm-gc Summary ===
# of expected passes 24
# of unsupported tests 2
=== libffi tests ===
Running target unix
=== libffi Summary for unix ===
# of expected passes 1659
# of unsupported tests 55
Running target unix/-m64
=== libffi Summary for unix/-m64 ===
# of expected passes 1659
# of unsupported tests 55
=== libffi Summary ===
# of expected passes 3318
# of unsupported tests 110
=== libgo tests ===
Running target unix
FAIL: net
FAIL: os/user
=== libgo Summary for unix ===
# of expected passes 121
# of unexpected failures 2
Running target unix/-m64
FAIL: net
FAIL: os/user
=== libgo Summary for unix/-m64 ===
# of expected passes 121
# of unexpected failures 2
=== libgo Summary ===
# of expected passes 242
# of unexpected failures 4
/build/buildd-gcc-snapshot_20120501-1-i386-47bd70/gcc-snapshot-20120501/build/./gcc/gccgo version 4.8.0 20120501 (experimental) [trunk revision 187013] (Debian 20120501-1)
=== libgomp tests ===
Running target unix
WARNING: program timed out.
FAIL: libgomp.graphite/force-parallel-6.c execution test
=== libgomp Summary for unix ===
# of expected passes 2997
# of unexpected failures 1
Running target unix/-m64
WARNING: program timed out.
FAIL: libgomp.graphite/force-parallel-6.c execution test
=== libgomp Summary for unix/-m64 ===
# of expected passes 2997
# of unexpected failures 1
=== libgomp Summary ===
# of expected passes 5994
# of unexpected failures 2
=== libitm tests ===
Running target unix
=== libitm Summary for unix ===
# of expected passes 26
# of expected failures 3
# of unsupported tests 1
Running target unix/-m64
=== libitm Summary for unix/-m64 ===
# of expected passes 26
# of expected failures 3
# of unsupported tests 1
=== libitm Summary ===
# of expected passes 52
# of expected failures 6
# of unsupported tests 2
=== libjava tests ===
Running target unix
=== libjava Summary ===
# of expected passes 2574
=== libmudflap tests ===
Running target unix
=== libmudflap Summary for unix ===
# of expected passes 1906
Running target unix/-m64
FAIL: libmudflap.c++/pass55-frag.cxx execution test
FAIL: libmudflap.c++/pass55-frag.cxx ( -O) execution test
FAIL: libmudflap.c++/pass55-frag.cxx (-O2) execution test
FAIL: libmudflap.c++/pass55-frag.cxx (-O3) execution test
=== libmudflap Summary for unix/-m64 ===
# of expected passes 1432
# of unexpected failures 4
=== libmudflap Summary ===
# of expected passes 3338
# of unexpected failures 4
=== libstdc++ tests ===
Running target unix
FAIL: 20_util/function/cons/callable.cc (test for excess errors)
FAIL: 22_locale/time_get/get_date/wchar_t/4.cc execution test
=== libstdc++ Summary for unix ===
# of expected passes 8885
# of unexpected failures 2
# of expected failures 43
# of unsupported tests 173
Running target unix/-m64
FAIL: libstdc++-abi/abi_check
FAIL: 22_locale/time_get/get_date/wchar_t/4.cc execution test
=== libstdc++ Summary for unix/-m64 ===
# of expected passes 8885
# of unexpected failures 2
# of expected failures 43
# of unsupported tests 173
=== libstdc++ Summary ===
# of expected passes 17770
# of unexpected failures 4
# of expected failures 86
# of unsupported tests 346
Compiler version: 4.8.0 20120501 (experimental) [trunk revision 187013] (Debian 20120501-1)
Platform: i486-pc-linux-gnu
configure flags: -v --with-pkgversion='Debian 20120501-1' --with-bugurl=file:///usr/share/doc/gcc-snapshot/README.Bugs --enable-languages=c,ada,c++,java,go,fortran,objc,obj-c++ --prefix=/usr/lib/gcc-snapshot --enable-shared --enable-linker-build-id --with-system-zlib --disable-nls --with-sysroot=/ --enable-clocale=gnu --enable-libstdcxx-debug --enable-libstdcxx-time=yes --enable-gnu-unique-object --enable-plugin --disable-browser-plugin --enable-java-awt=gtk --enable-gtk-cairo --with-java-home=/usr/lib/jvm/java-1.5.0-gcj-4.8-snap/jre --enable-java-home --with-jvm-root-dir=/usr/lib/jvm/java-1.5.0-gcj-4.8-snap --with-jvm-jar-dir=/usr/lib/jvm-exports/java-1.5.0-gcj-4.8-snap --with-arch-directory=i386 --with-ecj-jar=/usr/share/java/eclipse-ecj.jar --enable-objc-gc --enable-targets=all --with-arch-32=i586 --with-tune=generic --disable-werror --enable-checking=yes --build=i486-linux-gnu --host=i486-linux-gnu --target=i486-linux-gnu
BOOT_CFLAGS=
Build Dependencies:
Desired=Unknown/Install/Remove/Purge/Hold
| Status=Not/Inst/Conf-files/Unpacked/halF-conf/Half-inst/trig-aWait/Trig-pend
|/ Err?=(none)/Reinst-required (Status,Err: uppercase=bad)
||/ Name Version Description
+++-=================================-=====================-========================================================================
ii binutils 2.22-6 GNU assembler, linker and binary utilities
ii g++-4.6 4.6.3-5 GNU C++ compiler
ii g++-4.6-multilib 4.6.3-5 GNU C++ compiler (multilib files)
ii g++-multilib 4:4.6.3-4 GNU C++ compiler (multilib files)
ii libc6:i386 2.13-31 Embedded GNU C Library: Shared libraries
ii libcloog-ppl-dev:i386 0.15.11-4 Chunky Loop Generator (development files)
ii libgmp-dev 2:5.0.4+dfsg-1 Multiprecision arithmetic library developers tools
ii libmpc-dev:i386 0.9-4 multiple precision complex floating-point library development package
ii libmpfr-dev:i386 3.1.0-4 multiple precision floating-point computation developers tools
ii libppl0.11-dev:i386 0.11.2-6 Parma Polyhedra Library (development)
gcc-sysroot:
libgo-mksysinfo:
libgo: Fix TIOCNOTTY and TIOCSCTTY definitions
arm-multilib-soft:
ARM hard/soft float multilib support
arm-multilib-defaults:
Set MULTILIB_DEFAULTS for ARM multilib builds
gcc-ice-hack:
Retry the build on an ice, save the calling options and preprocessed
source when the ice is reproducible.
gcc-ice-apport:
Report an ICE to apport (if apport is available
and the environment variable GCC_NOAPPORT is not set)
libjava-fixed-symlinks:
Remove unneed '..' elements from symlinks in JAVA_HOME
libstdc++-arm-wno-abi:
Temporary work around:
On arm-linux-gnueabi run the libstdc++v3 testsuite with -Wno-abi
ada-mips:
Improve support for mips.
libffi-ro-eh_frame_sect:
PR libffi/47248, force a read only eh frame section.
gcc-multiarch-trunk:
Add multiarch support to GCC.
Convert the multilib option to a target triplet,
add multiarch include directories and libraries path:
/usr/local/include/<arch>-linux-gnu
/usr/include/<arch>-linux-gnu
/usr/lib/<arch>-linux-gnu
to the system paths.
libjava-nobiarch-check:
For biarch builds, disable the testsuite for the non-default architecture
for runtime libraries, which are not built by default (libjava).
config-ml:
disable some biarch libraries for biarch builds
gcc-powerpc-nof:
Don't build nof multlib on powerpc.
gcc-powerpc-undef:
Undefine LINK_EH_SPEC before redefining it
http://gcc.gnu.org/ml/gcc-patches/2011-02/msg01082.html
gcc-no-add-needed:
On linux targets pass --no-add-needed to the linker.
mips-fix-loongson2f-nop:
On mips, pass -mfix-loongson2f-nop to as, if -mno-fix-loongson2f-nop
is not passed.
libgomp-kfreebsd-testsuite:
Disable lock-2.c test on kfreebsd-*
armhf-triplet:
add support for arm-linux-*eabi* triplets; useful for armhf
Counting all warnings,
there are 0 warnings in stage3 of this bootstrap.
Number of warnings per file:
Number of warning types: