This is the mail archive of the gcc-testresults@gcc.gnu.org mailing list for the GCC project.


Index Nav: [Date Index] [Subject Index] [Author Index] [Thread Index]
Message Nav: [Date Prev] [Date Next] [Thread Prev] [Thread Next]
Other format: [Raw text]

Results for 4.6.3 (GCC) testsuite on i386-pc-solaris2.10


\$ uname -a
SunOS tsukimi 5.10 Generic_147441-01 i86pc i386 i86pc

\$ cat /etc/release
                    Oracle Solaris 10 8/11 s10x_u10wos_17b X86
  Copyright (c) 1983, 2011, Oracle and/or its affiliates. All rights reserved.
                            Assembled 23 August 2011

\$ /usr/local/bin/as --version
GNU assembler (GNU Binutils) 2.21.1

\$ /usr/ccs/bin/ld -V
ld: Software Generation Utilities - Solaris Link Editors: 5.10-1.1505

\$ /usr/sbin/psrinfo -pv
The physical processor has 1 virtual processor (0)
  x86 (chipid 0x0 GenuineIntel family 6 model 23 step 10 clock 2389 MHz)
        Intel(r) Core(tm)2 Duo CPU     P8600  @ 2.40GHz
The physical processor has 1 virtual processor (1)
  x86 (chipid 0x1 GenuineIntel family 6 model 23 step 10 clock 2389 MHz)
        Intel(r) Core(tm)2 Duo CPU     P8600  @ 2.40GHz

Bootstrapped with :

\$ i386-pc-solaris2.10-gcc-4.6 -v
Using built-in specs.
COLLECT_GCC=i386-pc-solaris2.10-gcc-4.6
COLLECT_LTO_WRAPPER=/opt/gnu/gcc/libexec/gcc/i386-pc-solaris2.10/4.6.3/lto-wrapper
Target: i386-pc-solaris2.10
Configured with: /SOURCES/gcc-4.6.3/configure --prefix=/opt/gnu/gcc --target=i386-pc-solaris2.10 --with-gnu-as --with-as=/usr/local/bin/as --with-gmp=/opt/gnu --with-mpfr=/opt/gnu --with-mpc=/opt/gnu --without-ppl --without-cloog --disable-libmudflap --disable-libssp --enable-languages=all --program-suffix=-4.6
Thread model: posix
gcc version 4.6.3 (GCC)

********
LAST_UPDATED: Obtained from SVN: tags/gcc_4_6_3_release revision 184738

Native configuration is i386-pc-solaris2.10

		=== g++ tests ===


Running target unix/-m32
XPASS: g++.dg/uninit-pred-3_b.C (test for excess errors)

		=== g++ Summary for unix/-m32 ===

# of expected passes		27098
# of unexpected successes	1
# of expected failures		169
# of unsupported tests		191

Running target unix/-m64
XPASS: g++.dg/uninit-pred-3_b.C (test for excess errors)

		=== g++ Summary for unix/-m64 ===

# of expected passes		27322
# of unexpected successes	1
# of expected failures		169
# of unsupported tests		398

		=== g++ Summary ===

# of expected passes		54420
# of unexpected successes	2
# of expected failures		338
# of unsupported tests		589
/BUILD/gcc/obj-4.6.3/gcc/testsuite/g++/../../g++  version 4.6.3 (GCC) 

		=== gcc tests ===


Running target unix/-m32
WARNING: program timed out.
FAIL: gcc.c-torture/compile/limits-structnest.c  -O2  (test for excess errors)
WARNING: program timed out.
FAIL: gcc.c-torture/compile/limits-structnest.c  -O3 -fomit-frame-pointer  (test for excess errors)
FAIL: gcc.dg/lto/20110201-1 c_lto_20110201-1_0.o-c_lto_20110201-1_0.o link,  -O0 -flto 
UNRESOLVED: gcc.dg/lto/20110201-1 c_lto_20110201-1_0.o-c_lto_20110201-1_0.o execute  -O0 -flto 

		=== gcc Summary for unix/-m32 ===

# of expected passes		77141
# of unexpected failures	3
# of expected failures		217
# of unresolved testcases	1
# of unsupported tests		801

Running target unix/-m64

		=== gcc Summary for unix/-m64 ===

# of expected passes		77236
# of expected failures		216
# of unsupported tests		1209

		=== gcc Summary ===

# of expected passes		154377
# of unexpected failures	3
# of expected failures		433
# of unresolved testcases	1
# of unsupported tests		2010
/BUILD/gcc/obj-4.6.3/gcc/xgcc  version 4.6.3 (GCC) 

		=== gfortran tests ===


Running target unix/-m32

		=== gfortran Summary for unix/-m32 ===

# of expected passes		38861
# of expected failures		53
# of unsupported tests		236

Running target unix/-m64

		=== gfortran Summary for unix/-m64 ===

# of expected passes		39164
# of expected failures		53
# of unsupported tests		90

		=== gfortran Summary ===

# of expected passes		78025
# of expected failures		106
# of unsupported tests		326
/BUILD/gcc/obj-4.6.3/gcc/testsuite/gfortran/../../gfortran  version 4.6.3 (GCC) 

		=== objc tests ===


Running target unix/-m32

		=== objc Summary for unix/-m32 ===

# of expected passes		2920
# of expected failures		6
# of unsupported tests		74

Running target unix/-m64

		=== objc Summary for unix/-m64 ===

# of expected passes		2910
# of expected failures		16
# of unsupported tests		74

		=== objc Summary ===

# of expected passes		5830
# of expected failures		22
# of unsupported tests		148
/BUILD/gcc/obj-4.6.3/gcc/xgcc  version 4.6.3 (GCC) 

		=== libffi tests ===


Running target unix/-m64

		=== libffi Summary for unix/-m64 ===

# of expected passes		1634
# of expected failures		10
# of unsupported tests		15

Running target unix/-m32

		=== libffi Summary for unix/-m32 ===

# of expected passes		1634
# of expected failures		10
# of unsupported tests		15

		=== libffi Summary ===

# of expected passes		3268
# of expected failures		20
# of unsupported tests		30
		=== libgomp tests ===


Running target unix/-m64
FAIL: libgomp.graphite/force-parallel-1.c execution test

		=== libgomp Summary for unix/-m64 ===

# of expected passes		2673
# of unexpected failures	1
# of unsupported tests		3

Running target unix/-m32
FAIL: libgomp.graphite/force-parallel-1.c execution test

		=== libgomp Summary for unix/-m32 ===

# of expected passes		2673
# of unexpected failures	1
# of unsupported tests		3

		=== libgomp Summary ===

# of expected passes		5346
# of unexpected failures	2
# of unsupported tests		6
		=== libjava tests ===


Running target unix/-m64

		=== libjava Summary for unix/-m64 ===

# of expected passes		2574

Running target unix/-m32

		=== libjava Summary for unix/-m32 ===

# of expected passes		2574

		=== libjava Summary ===

# of expected passes		5148
		=== libstdc++ tests ===


Running target unix/-m32
XPASS: 22_locale/num_put/put/char/14220.cc execution test
XPASS: 22_locale/num_put/put/wchar_t/14220.cc execution test

		=== libstdc++ Summary for unix/-m32 ===

# of expected passes		7410
# of unexpected successes	2
# of expected failures		82
# of unsupported tests		469

Running target unix/-m64

		=== libstdc++ Summary for unix/-m64 ===

# of expected passes		7412
# of expected failures		82
# of unsupported tests		469

		=== libstdc++ Summary ===

# of expected passes		14822
# of unexpected successes	2
# of expected failures		164
# of unsupported tests		938

Compiler version: 4.6.3 (GCC) 
Platform: i386-pc-solaris2.10
configure flags: --prefix=/opt/gnu/gcc --target=i386-pc-solaris2.10 --with-gnu-as --with-as=/usr/local/bin/as --with-gmp=/opt/gnu --with-mpfr=/opt/gnu --with-mpc=/opt/gnu --with-ppl=/opt/gnu --with-cloog=/opt/gnu --enable-cloog-backend=isl --enable-languages=all --program-suffix=-4.6
BOOT_CFLAGS=-g -O2


Index Nav: [Date Index] [Subject Index] [Author Index] [Thread Index]
Message Nav: [Date Prev] [Date Next] [Thread Prev] [Thread Next]